000
CDUS44 KLUB 250126
CLICDS


CLIMATE REPORT
NATIONAL WEATHER SERVICE LUBBOCK, TX
826 PM CDT WED MAY 24 2017


...................................

...THE CHILDRESS CLIMATE SUMMARY FOR MAY 24 2017...
VALID TODAY AS OF 0800 PM LOCAL TIME.

CLIMATE NORMAL PERIOD 1981 TO 2010
CLIMATE RECORD PERIOD 1893 TO 2017


WEATHER ITEM   OBSERVED TIME   RECORD YEAR NORMAL DEPARTURE LAST
                VALUE   (LST)  VALUE       VALUE  FROM      YEAR
                                                  NORMAL
..................................................................
TEMPERATURE (F)
 TODAY
  MAXIMUM         89    535 PM 111    2000  86      3       88
  MINIMUM         49    602 AM  48    1935  61    -12       72
                                      1894
  AVERAGE         69                        74     -5       80

PRECIPITATION (IN)
  TODAY            0.00          2.48 1991   0.12  -0.12     0.00
  MONTH TO DATE    1.03                      2.26  -1.23     6.65
  SINCE MAR 1      5.05                      5.91  -0.86     9.42
  SINCE JAN 1      9.27                      7.69   1.58    10.67

SNOWFALL (IN)
  TODAY            0.0          MM      MM   0.0    0.0      0.0
  MONTH TO DATE    0.0                       0.0    0.0      0.0
  SINCE MAR 1      0.0                       0.6   -0.6      0.0
  SINCE JUL 1      1.5                       7.0   -5.5      7.0
  SNOW DEPTH       0

DEGREE DAYS
 HEATING
  TODAY            0                         0      0        0
  MONTH TO DATE   21                        27     -6       62
  SINCE MAR 1    380                       555   -175      387
  SINCE JUL 1   2328                      3115   -787     2555

 COOLING
  TODAY            4                         9     -5       15
  MONTH TO DATE  116                       152    -36      123
  SINCE MAR 1    251                       242      9      184
  SINCE JAN 1    266                       243     23      186
..................................................................


WIND (MPH)
  RESULTANT WIND SPEED   5   RESULTANT WIND DIRECTION   W (280)
  HIGHEST WIND SPEED    21   HIGHEST WIND DIRECTION     W (270)
  HIGHEST GUST SPEED    26   HIGHEST GUST DIRECTION     W (270)
  AVERAGE WIND SPEED     6.4


SKY COVER
  AVERAGE SKY COVER 0.0


WEATHER CONDITIONS
 THE FOLLOWING WEATHER WAS RECORDED TODAY.
  NO SIGNIFICANT WEATHER WAS OBSERVED.


RELATIVE HUMIDITY (PERCENT)
 HIGHEST    68           100 AM
 LOWEST     13           600 PM
 AVERAGE    41

..........................................................


THE CHILDRESS CLIMATE NORMALS FOR TOMORROW
                         NORMAL    RECORD    YEAR
 MAXIMUM TEMPERATURE (F)   86       105      1990
 MINIMUM TEMPERATURE (F)   61        46      1907


SUNRISE AND SUNSET
MAY 24 2017...........SUNRISE   633 AM CDT   SUNSET   843 PM CDT
MAY 25 2017...........SUNRISE   632 AM CDT   SUNSET   844 PM CDT


-  INDICATES NEGATIVE NUMBERS.
R  INDICATES RECORD WAS SET OR TIED.
MM INDICATES DATA IS MISSING.
T  INDICATES TRACE AMOUNT.




$$
