000
CDUS44 KLUB 210632
CLICDS


CLIMATE REPORT
NATIONAL WEATHER SERVICE LUBBOCK, TX
132 AM CDT SAT OCT 21 2017


...................................

...THE CHILDRESS CLIMATE SUMMARY FOR OCTOBER 20 2017...

CLIMATE NORMAL PERIOD 1981 TO 2010
CLIMATE RECORD PERIOD 1893 TO 2017


WEATHER ITEM   OBSERVED TIME   RECORD YEAR NORMAL DEPARTURE LAST
                VALUE   (LST)  VALUE       VALUE  FROM      YEAR
                                                  NORMAL
..................................................................
TEMPERATURE (F)
 YESTERDAY
  MAXIMUM         84    344 PM  95    2007  75      9       73
  MINIMUM         57    212 AM  29    1976  49      8       48
  AVERAGE         71                        62      9       61

PRECIPITATION (IN)
  YESTERDAY        T             5.32 1983   0.08  -0.08     0.00
  MONTH TO DATE    1.14                      1.52  -0.38     0.38
  SINCE SEP 1      5.68                      3.94   1.74     3.79
  SINCE JAN 1     23.36                     21.03   2.33    26.57

SNOWFALL (IN)
  YESTERDAY        0.0          MM      MM   0.1   -0.1      0.0
  MONTH TO DATE    0.0                       0.1   -0.1      0.0
  SINCE SEP 1      0.0                       0.1   -0.1      0.0
  SINCE JUL 1      0.0                       0.1   -0.1      0.0
  SNOW DEPTH       0

DEGREE DAYS
 HEATING
  YESTERDAY        0                         5     -5        4
  MONTH TO DATE   41                        65    -24       28
  SINCE SEP 1     47                        82    -35       30
  SINCE JUL 1     47                        82    -35       30

 COOLING
  YESTERDAY        6                         2      4        0
  MONTH TO DATE  103                        63     40      113
  SINCE SEP 1    397                       356     41      432
  SINCE JAN 1   2291                      2187    104     2305
..................................................................


WIND (MPH)
  RESULTANT WIND SPEED  13   RESULTANT WIND DIRECTION   S (180)
  HIGHEST WIND SPEED    24   HIGHEST WIND DIRECTION     S (180)
  HIGHEST GUST SPEED    31   HIGHEST GUST DIRECTION     S (190)
  AVERAGE WIND SPEED    13.8


SKY COVER
  AVERAGE SKY COVER 0.2


WEATHER CONDITIONS
 THE FOLLOWING WEATHER WAS RECORDED YESTERDAY.
  LIGHT RAIN


RELATIVE HUMIDITY (PERCENT)
 HIGHEST    84           600 AM
 LOWEST     43           400 PM
 AVERAGE    64

..........................................................


THE CHILDRESS CLIMATE NORMALS FOR TODAY
                         NORMAL    RECORD    YEAR
 MAXIMUM TEMPERATURE (F)   75        95      2012
 MINIMUM TEMPERATURE (F)   48        33      1982


SUNRISE AND SUNSET
OCTOBER 21 2017.......SUNRISE   752 AM CDT   SUNSET   659 PM CDT
OCTOBER 22 2017.......SUNRISE   753 AM CDT   SUNSET   658 PM CDT


-  INDICATES NEGATIVE NUMBERS.
R  INDICATES RECORD WAS SET OR TIED.
MM INDICATES DATA IS MISSING.
T  INDICATES TRACE AMOUNT.




$$
