000
CDUS44 KLUB 180228
CLICDS


CLIMATE REPORT
NATIONAL WEATHER SERVICE LUBBOCK, TX
828 PM CST SUN DEC 17 2017


...................................

...THE CHILDRESS CLIMATE SUMMARY FOR DECEMBER 17 2017...
VALID TODAY AS OF 0800 PM LOCAL TIME.

CLIMATE NORMAL PERIOD 1981 TO 2010
CLIMATE RECORD PERIOD 1893 TO 2017


WEATHER ITEM   OBSERVED TIME   RECORD YEAR NORMAL DEPARTURE LAST
                VALUE   (LST)  VALUE       VALUE  FROM      YEAR
                                                  NORMAL
..................................................................
TEMPERATURE (F)
 TODAY
  MAXIMUM         54    428 PM  82    1980  54      0       66
  MINIMUM         38    223 AM   5    1932  29      9       10
  AVERAGE         46                        41      5       38

PRECIPITATION (IN)
  TODAY            0.00          0.80 1931   0.03  -0.03      T
  MONTH TO DATE    T                         0.55  -0.55     1.14
  SINCE DEC 1      T                         0.55  -0.55     1.14
  SINCE JAN 1     23.51                     23.56  -0.05    29.89

SNOWFALL (IN)
  TODAY            0.0          MM      MM   0.1   -0.1       T
  MONTH TO DATE    0.0                       0.9   -0.9       T
  SINCE DEC 1      0.0                       0.9   -0.9       T
  SINCE JUL 1      0.0                       1.8   -1.8       T
  SNOW DEPTH       0

DEGREE DAYS
 HEATING
  TODAY           19                        24     -5       27
  MONTH TO DATE  281                       375    -94      400
  SINCE DEC 1    281                       375    -94      400
  SINCE JUL 1    718                       935   -217      667

 COOLING
  TODAY            0                         0      0        0
  MONTH TO DATE    0                         0      0        0
  SINCE DEC 1      0                         0      0        0
  SINCE JAN 1   2307                      2207    100     2370
..................................................................


WIND (MPH)
  RESULTANT WIND SPEED   0   RESULTANT WIND DIRECTION   S (190)
  HIGHEST WIND SPEED    16   HIGHEST WIND DIRECTION     S (160)
  HIGHEST GUST SPEED    19   HIGHEST GUST DIRECTION     S (170)
  AVERAGE WIND SPEED     7.4


SKY COVER
  AVERAGE SKY COVER 0.5


WEATHER CONDITIONS
 THE FOLLOWING WEATHER WAS RECORDED TODAY.
  NO SIGNIFICANT WEATHER WAS OBSERVED.


RELATIVE HUMIDITY (PERCENT)
 HIGHEST    92           100 AM
 LOWEST     35           400 PM
 AVERAGE    64

..........................................................


THE CHILDRESS CLIMATE NORMALS FOR TOMORROW
                         NORMAL    RECORD    YEAR
 MAXIMUM TEMPERATURE (F)   54        77      1982
                                             1978
                                             1973
 MINIMUM TEMPERATURE (F)   29         7      2016
                                             1983


SUNRISE AND SUNSET
DECEMBER 17 2017......SUNRISE   742 AM CST   SUNSET   533 PM CST
DECEMBER 18 2017......SUNRISE   742 AM CST   SUNSET   534 PM CST


-  INDICATES NEGATIVE NUMBERS.
R  INDICATES RECORD WAS SET OR TIED.
MM INDICATES DATA IS MISSING.
T  INDICATES TRACE AMOUNT.




$$
