000
CDUS46 KEKA 270025
CLICEC


CLIMATE REPORT
NATIONAL WEATHER SERVICE EUREKA CA
422 PM PST SUN FEB 26 2017


...................................

...THE CRESCENT CITY CA CLIMATE SUMMARY FOR FEBRUARY 26 2017...
VALID TODAY AS OF 0400 PM LOCAL TIME.

CLIMATE NORMAL PERIOD 1981 TO 2010
CLIMATE RECORD PERIOD 1894 TO 2017


WEATHER ITEM   OBSERVED TIME   RECORD YEAR NORMAL DEPARTURE LAST
                VALUE   (LST)  VALUE       VALUE  FROM      YEAR
                                                  NORMAL
..................................................................
TEMPERATURE (F)
 TODAY
  MAXIMUM         50    250 PM  76    1986  54     -4       58
  MINIMUM         36    315 AM  26    1996  42     -6       49
  AVERAGE         43                        48     -5       54

PRECIPITATION (IN)
  TODAY            0.20          3.40 2000   0.30  -0.10     0.35
  MONTH TO DATE   13.33                      8.27   5.06     3.51
  SINCE OCT 1     70.65                     43.90  26.75    52.62
  SINCE JAN 1     25.55                     18.66   6.89    17.94

SNOWFALL (IN)
  TODAY           MM            MM      MM  MM     MM       MM
  MONTH TO DATE    0.0                      MM     MM        0.0
  SINCE DEC 1      0.0                      MM     MM        0.0
  SINCE JUL 1      0.0                      MM     MM        0.0
  SNOW DEPTH       0

..................................................................


WIND (MPH)
  HIGHEST WIND SPEED    24   HIGHEST WIND DIRECTION     W (280)
  HIGHEST GUST SPEED    33   HIGHEST GUST DIRECTION     S (200)
  AVERAGE WIND SPEED     8.0


SKY COVER
  AVERAGE SKY COVER 0.8


WEATHER CONDITIONS
 THE FOLLOWING WEATHER WAS RECORDED TODAY.
  RAIN
  LIGHT RAIN
  FOG


RELATIVE HUMIDITY (PERCENT)
 HIGHEST    92
 LOWEST     71
 AVERAGE    82

..........................................................


THE CRESCENT CITY CA CLIMATE NORMALS FOR TOMORROW
                         NORMAL    RECORD    YEAR
 MAXIMUM TEMPERATURE (F)   54        72      1970
 MINIMUM TEMPERATURE (F)   42        28      1962


SUNRISE AND SUNSET
FEBRUARY 26 2017......SUNRISE   656 AM PST   SUNSET   604 PM PST
FEBRUARY 27 2017......SUNRISE   654 AM PST   SUNSET   605 PM PST


-  INDICATES NEGATIVE NUMBERS.
R  INDICATES RECORD WAS SET OR TIED.
MM INDICATES DATA IS MISSING.
T  INDICATES TRACE AMOUNT.




$$
