000
CDUS46 KEKA 191209
CLICEC


CLIMATE REPORT
NATIONAL WEATHER SERVICE EUREKA CA
409 AM PST SUN NOV 19 2017


...................................

...THE CRESCENT CITY CA CLIMATE SUMMARY FOR NOVEMBER 18 2017...

CLIMATE NORMAL PERIOD 1981 TO 2010
CLIMATE RECORD PERIOD 1894 TO 2017


WEATHER ITEM   OBSERVED TIME   RECORD YEAR NORMAL DEPARTURE LAST
                VALUE   (LST)  VALUE       VALUE  FROM      YEAR
                                                  NORMAL
..................................................................
TEMPERATURE (F)
 YESTERDAY
  MAXIMUM         53    256 PM  73    1949  55     -2       60
  MINIMUM         38   1158 PM  30    2000  44     -6       42
  AVERAGE         46                        50     -4       51

PRECIPITATION (IN)
  YESTERDAY        0.00          3.05 1996   0.33  -0.33     0.21
  MONTH TO DATE    5.06                      5.73  -0.67     4.74
  SINCE OCT 1      7.09                      9.97  -2.88    23.42
  SINCE JAN 1     57.57                     48.76   8.81    56.20

SNOWFALL (IN)
  YESTERDAY        0.0          MM      MM  MM     MM       MM
  MONTH TO DATE    0.0                      MM     MM        0.0
  SINCE SEP 1      0.0                      MM     MM        0.0
  SINCE JUL 1      0.0                      MM     MM        0.0
  SNOW DEPTH       0

DEGREE DAYS
 HEATING
  YESTERDAY       19                        16      3       14
  MONTH TO DATE  264                       256      8      172
  SINCE SEP 1    836                       900    -64      668
  SINCE JUL 1   1334                      1420    -86     1166

 COOLING
  YESTERDAY        0                         0      0        0
  MONTH TO DATE    0                         0      0        0
  SINCE SEP 1      6                         0      6        0
  SINCE JAN 1      6                         0      6        0
..................................................................


WIND (MPH)
  HIGHEST WIND SPEED     9   HIGHEST WIND DIRECTION     E (80)
  HIGHEST GUST SPEED    12   HIGHEST GUST DIRECTION     E (80)
  AVERAGE WIND SPEED     4.9


SKY COVER
  AVERAGE SKY COVER 0.0


WEATHER CONDITIONS
 THE FOLLOWING WEATHER WAS RECORDED YESTERDAY.
  NO SIGNIFICANT WEATHER WAS OBSERVED.


RELATIVE HUMIDITY (PERCENT)
 HIGHEST    93
 LOWEST     59
 AVERAGE    76

..........................................................


THE CRESCENT CITY CA CLIMATE NORMALS FOR TODAY
                         NORMAL    RECORD    YEAR
 MAXIMUM TEMPERATURE (F)   55        72      1989
 MINIMUM TEMPERATURE (F)   43        32      2000


SUNRISE AND SUNSET
NOVEMBER 19 2017......SUNRISE   712 AM PST   SUNSET   453 PM PST
NOVEMBER 20 2017......SUNRISE   713 AM PST   SUNSET   452 PM PST


-  INDICATES NEGATIVE NUMBERS.
R  INDICATES RECORD WAS SET OR TIED.
MM INDICATES DATA IS MISSING.
T  INDICATES TRACE AMOUNT.




$$
