000
CDUS46 KEKA 281210
CLICEC


CLIMATE REPORT
NATIONAL WEATHER SERVICE EUREKA CA
510 AM PDT SUN MAY 28 2017


...................................

...THE CRESCENT CITY CA CLIMATE SUMMARY FOR MAY 27 2017...

CLIMATE NORMAL PERIOD 1981 TO 2010
CLIMATE RECORD PERIOD 1894 TO 2017


WEATHER ITEM   OBSERVED TIME   RECORD YEAR NORMAL DEPARTURE LAST
                VALUE   (LST)  VALUE       VALUE  FROM      YEAR
                                                  NORMAL
..................................................................
TEMPERATURE (F)
 YESTERDAY
  MAXIMUM         57    319 PM  74    1975  59     -2       58
  MINIMUM         51   1159 PM  39    1955  48      3       46
  AVERAGE         54                        53      1       52

PRECIPITATION (IN)
  YESTERDAY        0.00          1.49 2000   0.07  -0.07     0.00
  MONTH TO DATE    1.80                      2.62  -0.82     0.38
  SINCE OCT 1     92.65                     60.19  32.46    66.15
  SINCE JAN 1     47.55                     34.95  12.60    31.47

SNOWFALL (IN)
  YESTERDAY        0.0          MM      MM  MM     MM        0.0
  MONTH TO DATE    0.0                      MM     MM        0.0
  SINCE MAR 1      0.0                      MM     MM        0.0
  SINCE JUL 1      0.0                      MM     MM        0.0
  SNOW DEPTH       0

DEGREE DAYS
 HEATING
  YESTERDAY       11                        12     -1       13
  MONTH TO DATE  347                       349     -2      295
  SINCE MAR 1   1213                      1333   -120     1044
  SINCE JUL 1   4144                      4506   -362     3522

 COOLING
  YESTERDAY        0                         0      0        0
  MONTH TO DATE    0                         0      0        0
  SINCE MAR 1      0                         0      0        0
  SINCE JAN 1      0                         0      0        0
..................................................................


WIND (MPH)
  HIGHEST WIND SPEED    10   HIGHEST WIND DIRECTION     S (200)
  HIGHEST GUST SPEED    13   HIGHEST GUST DIRECTION     S (190)
  AVERAGE WIND SPEED     5.6


SKY COVER
  AVERAGE SKY COVER 1.0


WEATHER CONDITIONS
 THE FOLLOWING WEATHER WAS RECORDED YESTERDAY.
  FOG


RELATIVE HUMIDITY (PERCENT)
 HIGHEST   100
 LOWEST     80
 AVERAGE    90

..........................................................


THE CRESCENT CITY CA CLIMATE NORMALS FOR TODAY
                         NORMAL    RECORD    YEAR
 MAXIMUM TEMPERATURE (F)   59        76      1984
 MINIMUM TEMPERATURE (F)   48        37      1976


SUNRISE AND SUNSET
MAY 28 2017...........SUNRISE   446 AM PST   SUNSET   742 PM PST
MAY 29 2017...........SUNRISE   446 AM PST   SUNSET   743 PM PST


-  INDICATES NEGATIVE NUMBERS.
R  INDICATES RECORD WAS SET OR TIED.
MM INDICATES DATA IS MISSING.
T  INDICATES TRACE AMOUNT.




$$
