000
CDUS46 KEKA 231214
CLICEC


CLIMATE REPORT
NATIONAL WEATHER SERVICE EUREKA CA
514 AM PDT WED APR 23 2014


...................................

...THE CRESCENT CITY CA CLIMATE SUMMARY FOR APRIL 22 2014...

CLIMATE NORMAL PERIOD 1981 TO 2010
CLIMATE RECORD PERIOD 1894 TO 2014


WEATHER ITEM   OBSERVED TIME   RECORD YEAR NORMAL DEPARTURE LAST
                VALUE   (LST)  VALUE       VALUE  FROM      YEAR
                                                  NORMAL
..................................................................
TEMPERATURE (F)
 YESTERDAY
  MAXIMUM         55    235 PM  73    1982  55      0       65
  MINIMUM         41    626 AM  35    1960  45     -4       42
  AVERAGE         48                        50     -2       54

PRECIPITATION (IN)
  YESTERDAY        0.33          1.95 1990   0.13   0.20     0.00
  MONTH TO DATE    0.94                      4.18  -3.24     3.05
  SINCE JUL 1     28.88                     58.41 -29.53    50.01
  SINCE JAN 1     19.89                     31.31 -11.42    16.31

SNOWFALL (IN)
  YESTERDAY       MM            MM      MM  MM     MM        0.0
  MONTH TO DATE    0.0                      MM     MM        0.0
  SINCE MAR 1      0.0                      MM     MM        0.0
  SINCE JUL 1      0.0                      MM     MM        0.0
  SNOW DEPTH       0

DEGREE DAYS
 HEATING
  YESTERDAY       17                        15      2       11
  MONTH TO DATE  320                       350    -30      346
  SINCE MAR 1    751                       863   -112      866
  SINCE JUL 1   3917                      4036   -119     4099

 COOLING
  YESTERDAY        0                         0      0        0
  MONTH TO DATE    0                         0      0        0
  SINCE MAR 1      0                         0      0        0
  SINCE JAN 1      0                         0      0        0
..................................................................


WIND (MPH)
  HIGHEST WIND SPEED    18   HIGHEST WIND DIRECTION     S (160)
  HIGHEST GUST SPEED    23   HIGHEST GUST DIRECTION     S (160)
  AVERAGE WIND SPEED     9.0


SKY COVER
  AVERAGE SKY COVER 0.7


WEATHER CONDITIONS
 THE FOLLOWING WEATHER WAS RECORDED YESTERDAY.
  HEAVY RAIN
  LIGHT RAIN
  FOG


RELATIVE HUMIDITY (PERCENT)
 HIGHEST   100
 LOWEST     68
 AVERAGE    84

..........................................................


THE CRESCENT CITY CA CLIMATE NORMALS FOR TODAY
                         NORMAL    RECORD    YEAR
 MAXIMUM TEMPERATURE (F)   55        71      1995
 MINIMUM TEMPERATURE (F)   45        33      1961


SUNRISE AND SUNSET
APRIL 23 2014.........SUNRISE   624 AM PDT   SUNSET   807 PM PDT
APRIL 24 2014.........SUNRISE   623 AM PDT   SUNSET   808 PM PDT


-  INDICATES NEGATIVE NUMBERS.
R  INDICATES RECORD WAS SET OR TIED.
MM INDICATES DATA IS MISSING.
T  INDICATES TRACE AMOUNT.




$$
