000
CDUS46 KEKA 310014
CLICEC


CLIMATE REPORT
NATIONAL WEATHER SERVICE EUREKA CA
510 PM PDT THU JUL 30 2015


...................................

...THE CRESCENT CITY CA CLIMATE SUMMARY FOR JULY 30 2015...
VALID TODAY AS OF 0500 PM LOCAL TIME.

CLIMATE NORMAL PERIOD 1981 TO 2010
CLIMATE RECORD PERIOD 1894 TO 2015


WEATHER ITEM   OBSERVED TIME   RECORD YEAR NORMAL DEPARTURE LAST
                VALUE   (LST)  VALUE       VALUE  FROM      YEAR
                                                  NORMAL
..................................................................
TEMPERATURE (F)
 TODAY
  MAXIMUM         67    831 AM  74    1991  62      5       59
  MINIMUM         53    448 AM  42    1963  52      1       53
  AVERAGE         60                        57      3       56

PRECIPITATION (IN)
  TODAY            0.00          0.28 2001   0.00   0.00     0.00
  MONTH TO DATE    0.07                      0.40  -0.33     0.20
  SINCE OCT 1     41.84                     62.57 -20.73    28.73
  SINCE JAN 1     21.01                     37.33 -16.32    24.79

SNOWFALL (IN)
  TODAY            0.0          MM      MM  MM     MM        0.0
  MONTH TO DATE    0.0                      MM     MM        0.0
  SINCE JUN 1      0.0                      MM     MM        0.0
  SINCE JUL 1      0.0                      MM     MM        0.0
  SNOW DEPTH       0

..................................................................


WIND (MPH)
  HIGHEST WIND SPEED    12   HIGHEST WIND DIRECTION     S (180)
  HIGHEST GUST SPEED    15   HIGHEST GUST DIRECTION     S (200)
  AVERAGE WIND SPEED     5.9


SKY COVER
  AVERAGE SKY COVER 0.2


WEATHER CONDITIONS
 THE FOLLOWING WEATHER WAS RECORDED TODAY.
  FOG
  HAZE


RELATIVE HUMIDITY (PERCENT)
 HIGHEST    93
 LOWEST     67
 AVERAGE    80

..........................................................


THE CRESCENT CITY CA CLIMATE NORMALS FOR TOMORROW
                         NORMAL    RECORD    YEAR
 MAXIMUM TEMPERATURE (F)   62        81      1995
 MINIMUM TEMPERATURE (F)   52        44      2008
                                             1975


SUNRISE AND SUNSET
JULY 30 2015..........SUNRISE   609 AM PDT   SUNSET   837 PM PDT
JULY 31 2015..........SUNRISE   610 AM PDT   SUNSET   836 PM PDT


-  INDICATES NEGATIVE NUMBERS.
R  INDICATES RECORD WAS SET OR TIED.
MM INDICATES DATA IS MISSING.
T  INDICATES TRACE AMOUNT.




$$
