000
CDUS46 KEKA 230014
CLICEC


CLIMATE REPORT
NATIONAL WEATHER SERVICE EUREKA CA
513 PM PDT SAT APR 22 2017


...................................

...THE CRESCENT CITY CA CLIMATE SUMMARY FOR APRIL 22 2017...
VALID TODAY AS OF 0500 PM LOCAL TIME.

CLIMATE NORMAL PERIOD 1981 TO 2010
CLIMATE RECORD PERIOD 1894 TO 2017


WEATHER ITEM   OBSERVED TIME   RECORD YEAR NORMAL DEPARTURE LAST
                VALUE   (LST)  VALUE       VALUE  FROM      YEAR
                                                  NORMAL
..................................................................
TEMPERATURE (F)
 TODAY
  MAXIMUM         59   1229 PM  73    1982  55      4       57
  MINIMUM         48    418 AM  35    1960  45      3       50
  AVERAGE         54                        50      4       54

PRECIPITATION (IN)
  TODAY            0.14          1.95 1990   0.13   0.01     0.34
  MONTH TO DATE    6.68                      4.18   2.50     2.12
  SINCE OCT 1     88.77                     56.55  32.22    65.15
  SINCE JAN 1     43.67                     31.31  12.36    30.47

SNOWFALL (IN)
  TODAY           MM            MM      MM  MM     MM        0.0
  MONTH TO DATE    0.0                      MM     MM        0.0
  SINCE MAR 1      0.0                      MM     MM        0.0
  SINCE JUL 1      0.0                      MM     MM        0.0
  SNOW DEPTH       0

..................................................................


WIND (MPH)
  HIGHEST WIND SPEED    31   HIGHEST WIND DIRECTION     S (180)
  HIGHEST GUST SPEED    41   HIGHEST GUST DIRECTION    SW (210)
  AVERAGE WIND SPEED    13.2


SKY COVER
  AVERAGE SKY COVER 0.7


WEATHER CONDITIONS
 THE FOLLOWING WEATHER WAS RECORDED TODAY.
  RAIN
  LIGHT RAIN
  FOG


RELATIVE HUMIDITY (PERCENT)
 HIGHEST    89
 LOWEST     72
 AVERAGE    81

..........................................................


THE CRESCENT CITY CA CLIMATE NORMALS FOR TOMORROW
                         NORMAL    RECORD    YEAR
 MAXIMUM TEMPERATURE (F)   55        71      1995
 MINIMUM TEMPERATURE (F)   45        33      1961


SUNRISE AND SUNSET
APRIL 22 2017.........SUNRISE   525 AM PST   SUNSET   706 PM PST
APRIL 23 2017.........SUNRISE   524 AM PST   SUNSET   707 PM PST


-  INDICATES NEGATIVE NUMBERS.
R  INDICATES RECORD WAS SET OR TIED.
MM INDICATES DATA IS MISSING.
T  INDICATES TRACE AMOUNT.




$$
