000
CDUS46 KEKA 191213
CLICEC


CLIMATE REPORT
NATIONAL WEATHER SERVICE EUREKA CA
413 AM PST FRI JAN 19 2018


...................................

...THE CRESCENT CITY CA CLIMATE SUMMARY FOR JANUARY 18 2018...

CLIMATE NORMAL PERIOD 1981 TO 2010
CLIMATE RECORD PERIOD 1894 TO 2018


WEATHER ITEM   OBSERVED TIME   RECORD YEAR NORMAL DEPARTURE LAST
                VALUE   (LST)  VALUE       VALUE  FROM      YEAR
                                                  NORMAL
..................................................................
TEMPERATURE (F)
 YESTERDAY
  MAXIMUM         55   1052 AM  72    1981  55      0       58
  MINIMUM         47   1113 PM  28    1963  41      6       49
  AVERAGE         51                        48      3       54

PRECIPITATION (IN)
  YESTERDAY        0.46          4.73 1953   0.29   0.17     1.73
  MONTH TO DATE    4.81                      6.90  -2.09     9.29
  SINCE OCT 1     18.83                     32.14 -13.31    54.39
  SINCE JAN 1      4.81                      6.90  -2.09     9.29

SNOWFALL (IN)
  YESTERDAY       MM            MM      MM  MM     MM       MM
  MONTH TO DATE    0.0                      MM     MM        0.0
  SINCE DEC 1      0.0                      MM     MM        0.0
  SINCE JUL 1      0.0                      MM     MM        0.0
  SNOW DEPTH       0

DEGREE DAYS
 HEATING
  YESTERDAY       14                        17     -3       11
  MONTH TO DATE  202                       306   -104      359
  SINCE DEC 1    674                       845   -171      951
  SINCE JUL 1   2164                      2462   -298     2284

 COOLING
  YESTERDAY        0                         0      0        0
  MONTH TO DATE    0                         0      0        0
  SINCE DEC 1      0                         0      0        0
  SINCE JAN 1      0                         0      0        0
..................................................................


WIND (MPH)
  HIGHEST WIND SPEED    25   HIGHEST WIND DIRECTION     S (180)
  HIGHEST GUST SPEED    34   HIGHEST GUST DIRECTION     S (180)
  AVERAGE WIND SPEED    11.6


SKY COVER
  AVERAGE SKY COVER 1.0


WEATHER CONDITIONS
 THE FOLLOWING WEATHER WAS RECORDED YESTERDAY.
  THUNDERSTORM
  HEAVY RAIN
  RAIN
  LIGHT RAIN
  FOG
  HAZE


RELATIVE HUMIDITY (PERCENT)
 HIGHEST    93
 LOWEST     77
 AVERAGE    85

..........................................................


THE CRESCENT CITY CA CLIMATE NORMALS FOR TODAY
                         NORMAL    RECORD    YEAR
 MAXIMUM TEMPERATURE (F)   55        72      1981
 MINIMUM TEMPERATURE (F)   41        31      2013


SUNRISE AND SUNSET
JANUARY 19 2018.......SUNRISE   740 AM PST   SUNSET   516 PM PST
JANUARY 20 2018.......SUNRISE   739 AM PST   SUNSET   517 PM PST


-  INDICATES NEGATIVE NUMBERS.
R  INDICATES RECORD WAS SET OR TIED.
MM INDICATES DATA IS MISSING.
T  INDICATES TRACE AMOUNT.




$$
