000
CDUS46 KEKA 221241
CLICEC


CLIMATE REPORT
NATIONAL WEATHER SERVICE EUREKA CA
541 AM PDT SAT JUL 22 2017


...................................

...THE CRESCENT CITY CA CLIMATE SUMMARY FOR JULY 21 2017...

CLIMATE NORMAL PERIOD 1981 TO 2010
CLIMATE RECORD PERIOD 1894 TO 2017


WEATHER ITEM   OBSERVED TIME   RECORD YEAR NORMAL DEPARTURE LAST
                VALUE   (LST)  VALUE       VALUE  FROM      YEAR
                                                  NORMAL
..................................................................
TEMPERATURE (F)
 YESTERDAY
  MAXIMUM         63    128 PM  83    1978  61      2       62
  MINIMUM         50    527 AM  45    1976  52     -2       54
  AVERAGE         57                        56      1       58

PRECIPITATION (IN)
  YESTERDAY        0.00          0.07 1964   0.01  -0.01      T
                                      1964
                                      2007
  MONTH TO DATE    0.00                      0.34  -0.34     1.03
  SINCE OCT 1     94.29                     62.51  31.78    67.46
  SINCE JAN 1     49.19                     37.27  11.92    32.78

SNOWFALL (IN)
  YESTERDAY        0.0          MM      MM  MM     MM        0.0
  MONTH TO DATE    0.0                      MM     MM        0.0
  SINCE JUN 1      0.0                      MM     MM        0.0
  SINCE JUL 1      0.0                      MM     MM        0.0
  SNOW DEPTH       0

DEGREE DAYS
 HEATING
  YESTERDAY        8                         9     -1        7
  MONTH TO DATE  196                       189      7      161
  SINCE JUN 1    479                       498    -19      418
  SINCE JUL 1    196                       189      7      161

 COOLING
  YESTERDAY        0                         0      0        0
  MONTH TO DATE    0                         0      0        0
  SINCE JUN 1      0                         0      0        0
  SINCE JAN 1      0                         0      0        0
..................................................................


WIND (MPH)
  HIGHEST WIND SPEED    15   HIGHEST WIND DIRECTION    NW (320)
  HIGHEST GUST SPEED    18   HIGHEST GUST DIRECTION    NW (320)
  AVERAGE WIND SPEED     6.1


SKY COVER
  AVERAGE SKY COVER 0.3


WEATHER CONDITIONS
 THE FOLLOWING WEATHER WAS RECORDED YESTERDAY.
  FOG
  FOG W/VISIBILITY <= 1/4 MILE


RELATIVE HUMIDITY (PERCENT)
 HIGHEST   100
 LOWEST     78
 AVERAGE    89

..........................................................


THE CRESCENT CITY CA CLIMATE NORMALS FOR TODAY
                         NORMAL    RECORD    YEAR
 MAXIMUM TEMPERATURE (F)   61        78      1954
 MINIMUM TEMPERATURE (F)   52        45      1966


SUNRISE AND SUNSET
JULY 22 2017..........SUNRISE   602 AM PDT   SUNSET   845 PM PDT
JULY 23 2017..........SUNRISE   603 AM PDT   SUNSET   844 PM PDT


-  INDICATES NEGATIVE NUMBERS.
R  INDICATES RECORD WAS SET OR TIED.
MM INDICATES DATA IS MISSING.
T  INDICATES TRACE AMOUNT.




$$
