000
CDUS45 KGJT 290825
CLICEZ


CLIMATE REPORT
NATIONAL WEATHER SERVICE GRAND JUNCTION CO
1230 AM MST THU JAN 29 2015


...................................

...THE CORTEZ CO CLIMATE SUMMARY FOR JANUARY 28 2015...

CLIMATE NORMAL PERIOD 1981 TO 2010
CLIMATE RECORD PERIOD 9999 TO 9999


WEATHER ITEM   OBSERVED TIME   RECORD YEAR NORMAL DEPARTURE LAST
                VALUE   (LST)  VALUE       VALUE  FROM      YEAR
                                                  NORMAL
..................................................................
TEMPERATURE (F)
 YESTERDAY
  MAXIMUM         54    115 PM  MM      MM  42     12       47
  MINIMUM         24    637 AM  MM      MM  16      8       13
  AVERAGE         39                        29     10       30

PRECIPITATION (IN)
  YESTERDAY        0.00         MM      MM   0.03  -0.03     0.00
  MONTH TO DATE    0.64                      0.88  -0.24      T
  SINCE DEC 1      1.36                      1.75  -0.39     0.20
  SINCE JAN 1      0.64                      0.88  -0.24      T

SNOWFALL (IN)
  YESTERDAY       MM            MM      MM  MM     MM       MM
  MONTH TO DATE   MM                        MM     MM       MM
  SINCE DEC 1     MM                        MM     MM       MM
  SINCE JUL 1     MM                        MM     MM       MM
  SNOW DEPTH      MM

DEGREE DAYS
 HEATING
  YESTERDAY       26                        36    -10       35
  MONTH TO DATE  957                      1040    -83      996
  SINCE DEC 1   1971                      2173   -202     2203
  SINCE JUL 1   3236                      3698   -462     3675

 COOLING
  YESTERDAY        0                         0      0        0
  MONTH TO DATE    0                         0      0        0
  SINCE DEC 1      0                         0      0        0
  SINCE JAN 1      0                         0      0        0
..................................................................


WIND (MPH)
  HIGHEST WIND SPEED    14   HIGHEST WIND DIRECTION     W (290)
  HIGHEST GUST SPEED    25   HIGHEST GUST DIRECTION    SE (150)
  AVERAGE WIND SPEED     5.8


SKY COVER
  POSSIBLE SUNSHINE  MM
  AVERAGE SKY COVER 0.2


WEATHER CONDITIONS
 THE FOLLOWING WEATHER WAS RECORDED YESTERDAY.
  HAZE


RELATIVE HUMIDITY (PERCENT)
 HIGHEST    92           200 AM
 LOWEST     35           100 PM
 AVERAGE    64

..........................................................


THE CORTEZ CO CLIMATE NORMALS FOR TODAY
                         NORMAL    RECORD    YEAR
 MAXIMUM TEMPERATURE (F)   42        MM        MM
 MINIMUM TEMPERATURE (F)   16        MM        MM


SUNRISE AND SUNSET
JANUARY 29 2015.......SUNRISE   720 AM MST   SUNSET   536 PM MST
JANUARY 30 2015.......SUNRISE   719 AM MST   SUNSET   537 PM MST


-  INDICATES NEGATIVE NUMBERS.
R  INDICATES RECORD WAS SET OR TIED.
MM INDICATES DATA IS MISSING.
T  INDICATES TRACE AMOUNT.




$$
