000
CDUS43 KPAH 232130
CLICGI


CLIMATE REPORT
NATIONAL WEATHER SERVICE PADUCAH KY
428 PM CDT WED AUG 23 2017


...................................

...THE CAPE GIRARDEAU MO CLIMATE SUMMARY FOR AUGUST 23 2017...
VALID TODAY AS OF 0400 PM LOCAL TIME.

CLIMATE NORMAL PERIOD 1981 TO 2010
CLIMATE RECORD PERIOD 1960 TO 2017


WEATHER ITEM   OBSERVED TIME   RECORD YEAR NORMAL DEPARTURE LAST
                VALUE   (LST)  VALUE       VALUE  FROM      YEAR
                                                  NORMAL
..................................................................
TEMPERATURE (F)
 TODAY
  MAXIMUM         82    227 PM  99    2007  88     -6       84
  MINIMUM         60    556 AM  52    2009  65     -5       62
  AVERAGE         71                        76     -5

PRECIPITATION (IN)
  TODAY            0.00          2.37 2004   0.10  -0.10     0.00
  MONTH TO DATE    2.21                      2.21   0.00     6.26
  SINCE JUN 1      6.53                      9.14  -2.61    13.42
  SINCE JAN 1     25.75                     30.24  -4.49    36.70

DEGREE DAYS
 HEATING
  TODAY            0                         0      0        0
  MONTH TO DATE    0                         0      0        0
  SINCE JUN 1      0                         4     -4        0
  SINCE JUL 1      0                         0      0        0

 COOLING
  TODAY            6                        11     -5        8
  MONTH TO DATE  219                       290    -71      306
  SINCE JUN 1    968                      1024    -56     1193
  SINCE JAN 1   1143                      1176    -33     1314
..................................................................


WIND (MPH)
  HIGHEST WIND SPEED    14   HIGHEST WIND DIRECTION    NE (40)
  HIGHEST GUST SPEED    19   HIGHEST GUST DIRECTION     E (80)
  AVERAGE WIND SPEED     3.8


SKY COVER
  AVERAGE SKY COVER 0.1


WEATHER CONDITIONS
 THE FOLLOWING WEATHER WAS RECORDED TODAY.
  NO SIGNIFICANT WEATHER WAS OBSERVED.


RELATIVE HUMIDITY (PERCENT)
 HIGHEST    93
 LOWEST     42
 AVERAGE    68

..........................................................


THE CAPE GIRARDEAU MO CLIMATE NORMALS FOR TOMORROW
                         NORMAL
 MAXIMUM TEMPERATURE (F)   88
 MINIMUM TEMPERATURE (F)   64


SUNRISE AND SUNSET
AUGUST 23 2017........SUNRISE   622 AM CDT   SUNSET   739 PM CDT
AUGUST 24 2017........SUNRISE   622 AM CDT   SUNSET   738 PM CDT


-  INDICATES NEGATIVE NUMBERS.
R  INDICATES RECORD WAS SET OR TIED.
MM INDICATES DATA IS MISSING.
T  INDICATES TRACE AMOUNT.




$$
