000
CDUS43 KPAH 232132
CLICGI


CLIMATE REPORT
NATIONAL WEATHER SERVICE PADUCAH KY
430 PM CDT TUE SEP 23 2014


...................................

...THE CAPE GIRARDEAU MO CLIMATE SUMMARY FOR SEPTEMBER 23 2014...
VALID TODAY AS OF 0400 PM LOCAL TIME.

CLIMATE NORMAL PERIOD 1981 TO 2010
CLIMATE RECORD PERIOD 1960 TO 2014


WEATHER ITEM   OBSERVED TIME   RECORD YEAR NORMAL DEPARTURE LAST
                VALUE   (LST)  VALUE       VALUE  FROM      YEAR
                                                  NORMAL
..................................................................
TEMPERATURE (F)
 TODAY
  MAXIMUM         76    300 PM  92    2010  78     -2       80
  MINIMUM         42        MM  37    1999  53    -11       45
  AVERAGE         59                        66     -7

PRECIPITATION (IN)
  TODAY            0.00          3.38 1993   0.11  -0.11     0.00
  MONTH TO DATE    2.05                      2.53  -0.48     0.44
  SINCE SEP 1      2.05                      2.53  -0.48     0.44
  SINCE JAN 1     34.35                     33.58   0.77    28.67

DEGREE DAYS
 HEATING
  TODAY            6                         3      3        2
  MONTH TO DATE   43                        20     23       10
  SINCE SEP 1     43                        20     23       10
  SINCE JUL 1     43                        21     22       11

 COOLING
  TODAY            0                         3     -3        0
  MONTH TO DATE  122                       143    -21      181
  SINCE SEP 1    122                       143    -21      181
  SINCE JAN 1   1361                      1403    -42     1362
..................................................................


WIND (MPH)
  HIGHEST WIND SPEED     9   HIGHEST WIND DIRECTION    NE (60)
  HIGHEST GUST SPEED    MM   HIGHEST GUST DIRECTION    MM
  AVERAGE WIND SPEED     2.8


SKY COVER
  AVERAGE SKY COVER 0.2


WEATHER CONDITIONS
 THE FOLLOWING WEATHER WAS RECORDED TODAY.
  FOG
  FOG W/VISIBILITY <= 1/4 MILE


RELATIVE HUMIDITY (PERCENT)
 HIGHEST   100
 LOWEST     36
 AVERAGE    68

..........................................................


THE CAPE GIRARDEAU MO CLIMATE NORMALS FOR TOMORROW
                         NORMAL
 MAXIMUM TEMPERATURE (F)   78
 MINIMUM TEMPERATURE (F)   53


SUNRISE AND SUNSET
SEPTEMBER 23 2014.....SUNRISE   647 AM CDT   SUNSET   654 PM CDT
SEPTEMBER 24 2014.....SUNRISE   648 AM CDT   SUNSET   652 PM CDT


-  INDICATES NEGATIVE NUMBERS.
R  INDICATES RECORD WAS SET OR TIED.
MM INDICATES DATA IS MISSING.
T  INDICATES TRACE AMOUNT.




$$
