000
CDUS43 KPAH 020628
CLICGI


CLIMATE REPORT
NATIONAL WEATHER SERVICE PADUCAH KY
1226 AM CST FRI DEC 2 2016

...................................

...THE CAPE GIRARDEAU MO CLIMATE SUMMARY FOR DECEMBER 1 2016...

CLIMATE NORMAL PERIOD 1981 TO 2010
CLIMATE RECORD PERIOD 1960 TO 2016

WEATHER ITEM   OBSERVED TIME   RECORD YEAR NORMAL DEPARTURE LAST
                VALUE   (LST)  VALUE       VALUE  FROM      YEAR
                                                  NORMAL
..................................................................
TEMPERATURE (F)
 YESTERDAY
  MAXIMUM         48    352 PM  72    1962  50     -2       48
  MINIMUM         29   1153 PM  17    2002  31     -2       32
  AVERAGE         39                        40     -1

PRECIPITATION (IN)
  YESTERDAY        0.00          1.31 1981   0.15  -0.15     0.00
  MONTH TO DATE    0.00                      0.15  -0.15     0.00
  SINCE DEC 1      0.00                      0.15  -0.15     0.00
  SINCE JAN 1     46.15                     42.71   3.44    55.58

DEGREE DAYS
 HEATING
  YESTERDAY       26                        25      1       25
  MONTH TO DATE   26                        25      1       25
  SINCE DEC 1     26                        25      1       25
  SINCE JUL 1    603                       876   -273      675

 COOLING
  YESTERDAY        0                         0      0        0
  MONTH TO DATE    0                         0      0        0
  SINCE DEC 1      0                         0      0        0
  SINCE JAN 1   1798                      1453    345     1531
..................................................................

WIND (MPH)
  HIGHEST WIND SPEED    15   HIGHEST WIND DIRECTION     W (250)
  HIGHEST GUST SPEED    19   HIGHEST GUST DIRECTION    SW (230)
  AVERAGE WIND SPEED     5.8

SKY COVER
  AVERAGE SKY COVER 0.0

WEATHER CONDITIONS
 THE FOLLOWING WEATHER WAS RECORDED YESTERDAY.
  NO SIGNIFICANT WEATHER WAS OBSERVED.

RELATIVE HUMIDITY (PERCENT)
 HIGHEST    89
 LOWEST     42
 AVERAGE    66
..........................................................

THE CAPE GIRARDEAU MO CLIMATE NORMALS FOR TODAY
                         NORMAL    RECORD    YEAR
 MAXIMUM TEMPERATURE (F)   49        76      1982
 MINIMUM TEMPERATURE (F)   31        13      1960

SUNRISE AND SUNSET
DECEMBER  2 2016......SUNRISE   655 AM CST   SUNSET   441 PM CST
DECEMBER  3 2016......SUNRISE   656 AM CST   SUNSET   441 PM CST

-  INDICATES NEGATIVE NUMBERS.
R  INDICATES RECORD WAS SET OR TIED.
MM INDICATES DATA IS MISSING.
T  INDICATES TRACE AMOUNT.

$$
