000
CDUS44 KMRX 282139
CLICHA


CLIMATE REPORT
NATIONAL WEATHER SERVICE MORRISTOWN TN
537 PM EDT WED SEP 28 2016


...................................

...THE CHATTANOOGA  ASOS CLIMATE SUMMARY FOR SEPTEMBER 28 2016...
VALID TODAY AS OF 0500 PM LOCAL TIME.

CLIMATE NORMAL PERIOD 1981 TO 2010
CLIMATE RECORD PERIOD 1879 TO 2016


WEATHER ITEM   OBSERVED TIME   RECORD YEAR NORMAL DEPARTURE LAST
                VALUE   (LST)  VALUE       VALUE  FROM      YEAR
                                                  NORMAL
..................................................................
TEMPERATURE (F)
 TODAY
  MAXIMUM         85    342 PM  94    1954  79      6       76
  MINIMUM         54    645 AM  39    1947  57     -3       68
                                      1940
  AVERAGE         70                        68      2       72

PRECIPITATION (IN)
  TODAY            0.00          1.62 1907   0.14  -0.14      T
  MONTH TO DATE    1.63                      3.75  -2.12     2.30
  SINCE SEP 1      1.63                      3.75  -2.12     2.30
  SINCE JAN 1     24.97                     39.01 -14.04    42.98

SNOWFALL (IN)
  TODAY            0.0                       0.0    0.0      0.0
  MONTH TO DATE    0.0                       0.0    0.0      0.0
  SINCE SEP 1      0.0                       0.0    0.0      0.0
  SINCE JUL 1      0.0                       0.0    0.0      0.0
  SNOW DEPTH       0

DEGREE DAYS
 HEATING
  TODAY            0                         1     -1        0
  MONTH TO DATE    0                        10    -10        3
  SINCE SEP 1      0                        10    -10        3
  SINCE JUL 1      0                        10    -10        3

 COOLING
  TODAY            5                         4      1        7
  MONTH TO DATE  419                       232    187      259
  SINCE SEP 1    419                       232    187      259
  SINCE JAN 1   2328                      1682    646     1906
..................................................................


WIND (MPH)
  HIGHEST WIND SPEED    12   HIGHEST WIND DIRECTION     W (280)
  HIGHEST GUST SPEED    16   HIGHEST GUST DIRECTION     W (270)
  AVERAGE WIND SPEED     2.2


SKY COVER
  POSSIBLE SUNSHINE  MM
  AVERAGE SKY COVER 0.1


WEATHER CONDITIONS
 THE FOLLOWING WEATHER WAS RECORDED TODAY.
  NO SIGNIFICANT WEATHER WAS OBSERVED.


RELATIVE HUMIDITY (PERCENT)
 HIGHEST    86           700 AM
 LOWEST     22           400 PM
 AVERAGE    54

..........................................................


THE CHATTANOOGA  ASOS CLIMATE NORMALS FOR TOMORROW
                         NORMAL    RECORD    YEAR
 MAXIMUM TEMPERATURE (F)   79        94      1904
 MINIMUM TEMPERATURE (F)   56        37      1942


SUNRISE AND SUNSET
SEPTEMBER 28 2016.....SUNRISE   734 AM EDT   SUNSET   728 PM EDT
SEPTEMBER 29 2016.....SUNRISE   734 AM EDT   SUNSET   727 PM EDT


-  INDICATES NEGATIVE NUMBERS.
R  INDICATES RECORD WAS SET OR TIED.
MM INDICATES DATA IS MISSING.
T  INDICATES TRACE AMOUNT.




$$
