000
CDUS44 KMRX 012123
CLICHA

CLIMATE REPORT NATIONAL WEATHER SERVICE MORRISTOWN TN
523 PM EDT MON JUN 1 2015

...................................

...THE CHATTANOOGA CLIMATE SUMMARY FOR JUNE 1 2015... VALID TODAY AS
OF 500 PM LOCAL TIME.

CLIMATE NORMAL PERIOD 1981 TO 2010
CLIMATE RECORD PERIOD 1879 TO 2015


WEATHER ITEM   OBSERVED TIME   RECORD YEAR NORMAL DEPARTURE LAST
                VALUE   (LST)  VALUE       VALUE  FROM      YEAR
                                                  NORMAL
..................................................................
TEMPERATURE (F)
 TODAY
  MAXIMUM         82    312 PM  97    2011  84     -2       83
  MINIMUM         66    438 AM  39    1889  62      4       71
  AVERAGE         74                        73      1       77

PRECIPITATION (IN)
  TODAY            0.01          2.21 1922   0.12  -0.11     0.01
  MONTH TO DATE    0.01                      0.12  -0.11     0.01
  SINCE JUN 1      0.01                      0.12  -0.11     0.01
  SINCE JAN 1     23.21                     22.94   0.27    17.30

SNOWFALL (IN)
  TODAY            0.0                       0.0    0.0      0.0
  MONTH TO DATE    0.0                       0.0    0.0      0.0
  SINCE JUN 1      0.0                       0.0    0.0      0.0
  SINCE JUL 1      9.5                       3.9    5.6      8.4
  SNOW DEPTH       0

DEGREE DAYS
 HEATING
  TODAY            0                         0      0        0
  MONTH TO DATE    0                         0      0        0
  SINCE JUN 1      0                         0      0        0
  SINCE JUL 1   3261                      3238     23     3396

 COOLING
  TODAY            9                         8      1       12
  MONTH TO DATE    9                         8      1       12
  SINCE JUN 1      9                         8      1       12
  SINCE JAN 1    285                       204     81      270
..................................................................


WIND (MPH)
  HIGHEST WIND SPEED    14   HIGHEST WIND DIRECTION    SW (230)
  HIGHEST GUST SPEED    24   HIGHEST GUST DIRECTION     S (160)
  AVERAGE WIND SPEED     6.3


SKY COVER
  POSSIBLE SUNSHINE  MM
  AVERAGE SKY COVER 0.7


WEATHER CONDITIONS
 THE FOLLOWING WEATHER WAS RECORDED TODAY.
  LIGHT RAIN
  FOG


RELATIVE HUMIDITY (PERCENT)
 HIGHEST   100           500 AM
 LOWEST     58           300 PM
 AVERAGE    79

..........................................................


THE CHATTANOOGA  ASOS CLIMATE NORMALS FOR TOMORROW
                         NORMAL    RECORD    YEAR
 MAXIMUM TEMPERATURE (F)   84        97      2011
                                             1998
                                             1895
 MINIMUM TEMPERATURE (F)   62        43      1972


SUNRISE AND SUNSET
JUNE  1 2015..........SUNRISE   628 AM EDT   SUNSET   849 PM EDT
JUNE  2 2015..........SUNRISE   628 AM EDT   SUNSET   850 PM EDT


-  INDICATES NEGATIVE NUMBERS.
R  INDICATES RECORD WAS SET OR TIED.
MM INDICATES DATA IS MISSING.
T  INDICATES TRACE AMOUNT.




$$
