000
CDUS44 KMRX 232136
CLICHA


CLIMATE REPORT
NATIONAL WEATHER SERVICE MORRISTOWN TN
536 PM EDT MON OCT 23 2017


...................................

...THE CHATTANOOGA  ASOS CLIMATE SUMMARY FOR OCTOBER 23 2017...
VALID TODAY AS OF 0500 PM LOCAL TIME.

CLIMATE NORMAL PERIOD 1981 TO 2010
CLIMATE RECORD PERIOD 1879 TO 2017


WEATHER ITEM   OBSERVED TIME   RECORD YEAR NORMAL DEPARTURE LAST
                VALUE   (LST)  VALUE       VALUE  FROM      YEAR
                                                  NORMAL
..................................................................
TEMPERATURE (F)
 TODAY
  MAXIMUM         71    151 PM  88    1941  71      0       77
  MINIMUM         63    905 AM  28    1974  47     16       40
  AVERAGE         67                        59      8       59

PRECIPITATION (IN)
  TODAY            1.20          2.31 2007   0.10   1.10     0.00
  MONTH TO DATE    5.21                      2.41   2.80     0.08
  SINCE SEP 1      8.85                      6.45   2.40     1.71
  SINCE JAN 1     52.60                     41.71  10.89    25.05

SNOWFALL (IN)
  TODAY            0.0                       0.0    0.0      0.0
  MONTH TO DATE    0.0                       0.0    0.0      0.0
  SINCE SEP 1      0.0                       0.0    0.0      0.0
  SINCE JUL 1      0.0                       0.0    0.0      0.0
  SNOW DEPTH       0

DEGREE DAYS
 HEATING
  TODAY            0                         7     -7        6
  MONTH TO DATE   31                        94    -63       24
  SINCE SEP 1     40                       109    -69       26
  SINCE JUL 1     40                       109    -69       26

 COOLING
  TODAY            2                         1      1        0
  MONTH TO DATE  106                        44     62      109
  SINCE SEP 1    345                       283     62      528
  SINCE JAN 1   1949                      1733    216     2437
..................................................................


WIND (MPH)
  HIGHEST WIND SPEED    23   HIGHEST WIND DIRECTION    SW (240)
  HIGHEST GUST SPEED    33   HIGHEST GUST DIRECTION    SE (130)
  AVERAGE WIND SPEED    11.1


SKY COVER
  POSSIBLE SUNSHINE  MM
  AVERAGE SKY COVER 0.8


WEATHER CONDITIONS
 THE FOLLOWING WEATHER WAS RECORDED TODAY.
  HEAVY RAIN
  RAIN
  LIGHT RAIN
  FOG


RELATIVE HUMIDITY (PERCENT)
 HIGHEST    93           700 AM
 LOWEST     53           200 PM
 AVERAGE    73

..........................................................


THE CHATTANOOGA  ASOS CLIMATE NORMALS FOR TOMORROW
                         NORMAL    RECORD    YEAR
 MAXIMUM TEMPERATURE (F)   71        88      1939
 MINIMUM TEMPERATURE (F)   47        28      1969


SUNRISE AND SUNSET
OCTOBER 23 2017.......SUNRISE   754 AM EDT   SUNSET   656 PM EDT
OCTOBER 24 2017.......SUNRISE   755 AM EDT   SUNSET   655 PM EDT


-  INDICATES NEGATIVE NUMBERS.
R  INDICATES RECORD WAS SET OR TIED.
MM INDICATES DATA IS MISSING.
T  INDICATES TRACE AMOUNT.




$$
