000
CDUS44 KMRX 070913
CLICHA


CLIMATE REPORT
NATIONAL WEATHER SERVICE MORRISTOWN TN
413 AM EST SUN FEB 7 2016


...................................

...THE CHATTANOOGA  ASOS CLIMATE SUMMARY FOR FEBRUARY 6 2016...

CLIMATE NORMAL PERIOD 1981 TO 2010
CLIMATE RECORD PERIOD 1879 TO 2016


WEATHER ITEM   OBSERVED TIME   RECORD YEAR NORMAL DEPARTURE LAST
                VALUE   (LST)  VALUE       VALUE  FROM      YEAR
                                                  NORMAL
..................................................................
TEMPERATURE (F)
 YESTERDAY
  MAXIMUM         51    334 PM  70    1938  53     -2       52
  MINIMUM         28    628 AM  10    1988  32     -4       20
  AVERAGE         40                        42     -2       36

PRECIPITATION (IN)
  YESTERDAY        0.00          3.11 2004   0.17  -0.17     0.00
  MONTH TO DATE    2.75                      1.03   1.72     0.51
  SINCE DEC 1     16.83                     10.84   5.99     8.40
  SINCE JAN 1      6.42                      5.94   0.48     4.00

SNOWFALL (IN)
  YESTERDAY        0.0                       0.1   -0.1      0.0
  MONTH TO DATE    0.0                       0.2   -0.2       T
  SINCE DEC 1      0.2                       2.2   -2.0      0.7
  SINCE JUL 1      0.2                       2.2   -2.0      0.7
  SNOW DEPTH       0

DEGREE DAYS
 HEATING
  YESTERDAY       25                        23      2       29
  MONTH TO DATE   84                       138    -54      154
  SINCE DEC 1   1233                      1594   -361     1514
  SINCE JUL 1   1613                      2183   -570     2190
..................................................................


WIND (MPH)
  HIGHEST WIND SPEED    15   HIGHEST WIND DIRECTION     N (360)
  HIGHEST GUST SPEED    50   HIGHEST GUST DIRECTION     W (270)
  AVERAGE WIND SPEED     2.6


SKY COVER
  POSSIBLE SUNSHINE  MM
  AVERAGE SKY COVER 0.5


WEATHER CONDITIONS
 THE FOLLOWING WEATHER WAS RECORDED YESTERDAY.
  NO SIGNIFICANT WEATHER WAS OBSERVED.


RELATIVE HUMIDITY (PERCENT)
 HIGHEST    85           500 AM
 LOWEST     22           400 PM
 AVERAGE    54

..........................................................


THE CHATTANOOGA  ASOS CLIMATE NORMALS FOR TODAY
                         NORMAL    RECORD    YEAR
 MAXIMUM TEMPERATURE (F)   53        74      1999
 MINIMUM TEMPERATURE (F)   32         6      1895


SUNRISE AND SUNSET
FEBRUARY  7 2016......SUNRISE   735 AM EST   SUNSET   615 PM EST
FEBRUARY  8 2016......SUNRISE   734 AM EST   SUNSET   616 PM EST


-  INDICATES NEGATIVE NUMBERS.
R  INDICATES RECORD WAS SET OR TIED.
MM INDICATES DATA IS MISSING.
T  INDICATES TRACE AMOUNT.




$$
