000
CDUS44 KMRX 230908
CLICHA


CLIMATE REPORT
NATIONAL WEATHER SERVICE MORRISTOWN TN
408 AM EST MON JAN 23 2017


...................................

...THE CHATTANOOGA  ASOS CLIMATE SUMMARY FOR JANUARY 22 2017...

CLIMATE NORMAL PERIOD 1981 TO 2010
CLIMATE RECORD PERIOD 1879 TO 2017


WEATHER ITEM   OBSERVED TIME   RECORD YEAR NORMAL DEPARTURE LAST
                VALUE   (LST)  VALUE       VALUE  FROM      YEAR
                                                  NORMAL
..................................................................
TEMPERATURE (F)
 YESTERDAY
  MAXIMUM         65    152 PM  77    1937  51     14       40
  MINIMUM         51   1159 PM   5    1985  31     20       29
  AVERAGE         58                        40     18       35

PRECIPITATION (IN)
  YESTERDAY        1.04          1.78 1916   0.16   0.88     1.45
  MONTH TO DATE    4.62                      3.49   1.13     2.84
  SINCE DEC 1      9.67                      8.39   1.28    13.25
  SINCE JAN 1      4.62                      3.49   1.13     2.84

SNOWFALL (IN)
  YESTERDAY        0.0                       0.1   -0.1      0.2
  MONTH TO DATE    0.3                       1.3   -1.0      0.2
  SINCE DEC 1      0.3                       1.6   -1.3      0.2
  SINCE JUL 1      0.3                       1.6   -1.3      0.2
  SNOW DEPTH       0

DEGREE DAYS
 HEATING
  YESTERDAY        7                        24    -17       30
  MONTH TO DATE  317                       549   -232      598
  SINCE DEC 1    938                      1244   -306      937
  SINCE JUL 1   1258                      1833   -575     1317
..................................................................


WIND (MPH)
  HIGHEST WIND SPEED    32   HIGHEST WIND DIRECTION     N (360)
  HIGHEST GUST SPEED    43   HIGHEST GUST DIRECTION     N (360)
  AVERAGE WIND SPEED    10.7


SKY COVER
  POSSIBLE SUNSHINE  MM
  AVERAGE SKY COVER 0.8


WEATHER CONDITIONS
 THE FOLLOWING WEATHER WAS RECORDED YESTERDAY.
  THUNDERSTORM
  HEAVY RAIN
  RAIN
  LIGHT RAIN
  FOG


RELATIVE HUMIDITY (PERCENT)
 HIGHEST   100           900 PM
 LOWEST     67           200 PM
 AVERAGE    84

..........................................................


THE CHATTANOOGA  ASOS CLIMATE NORMALS FOR TODAY
                         NORMAL    RECORD    YEAR
 MAXIMUM TEMPERATURE (F)   51        73      1927
 MINIMUM TEMPERATURE (F)   31        -3      1963


SUNRISE AND SUNSET
JANUARY 23 2017.......SUNRISE   745 AM EST   SUNSET   601 PM EST
JANUARY 24 2017.......SUNRISE   745 AM EST   SUNSET   602 PM EST


-  INDICATES NEGATIVE NUMBERS.
R  INDICATES RECORD WAS SET OR TIED.
MM INDICATES DATA IS MISSING.
T  INDICATES TRACE AMOUNT.




$$
