000
CDUS44 KMRX 012224
CLICHA

CLIMATE REPORT NATIONAL WEATHER SERVICE MORRISTOWN TN
524 PM EST SUN FEB 1 2015

...................................

...THE CHATTANOOGA CLIMATE SUMMARY FOR FEBRUARY 1 2015... VALID
TODAY AS OF 500 PM LOCAL TIME.

CLIMATE NORMAL PERIOD 1981 TO 2010
CLIMATE RECORD PERIOD 1879 TO 2015


WEATHER ITEM   OBSERVED TIME   RECORD YEAR NORMAL DEPARTURE LAST
                VALUE   (LST)  VALUE       VALUE  FROM      YEAR
                                                  NORMAL
..................................................................
TEMPERATURE (F)
 TODAY
  MAXIMUM         48    453 PM  72    1890  52     -4       56
                                      1887
  MINIMUM         37    717 AM  10    1900  32      5       24
  AVERAGE         43                        42      1       40

PRECIPITATION (IN)
  TODAY            0.15          2.02 1897   0.17  -0.02     0.00
  MONTH TO DATE    0.15                      0.17  -0.02     0.00
  SINCE DEC 1      8.04                      9.98  -1.94    10.38
  SINCE JAN 1      3.64                      5.08  -1.44     2.40

SNOWFALL (IN)
  TODAY            0.0                       0.0    0.0      0.0
  MONTH TO DATE    0.0                       0.0    0.0      0.0
  SINCE DEC 1      0.7                       2.0   -1.3      1.2
  SINCE JUL 1      0.7                       2.0   -1.3      1.2
  SNOW DEPTH       0

DEGREE DAYS
 HEATING
  TODAY           22                        23     -1       25
  MONTH TO DATE   22                        23     -1       25
  SINCE DEC 1   1382                      1479    -97     1605
  SINCE JUL 1   2058                      2068    -10     2236

 COOLING
  TODAY            0                         0      0        0
  MONTH TO DATE    0                         0      0        0
  SINCE DEC 1      0                         1     -1        4
  SINCE JAN 1      0                         0      0        0
..................................................................


WIND (MPH)
  HIGHEST WIND SPEED     8   HIGHEST WIND DIRECTION     S (170)
  HIGHEST GUST SPEED    11   HIGHEST GUST DIRECTION    SE (150)
  AVERAGE WIND SPEED     2.1


SKY COVER
  POSSIBLE SUNSHINE  MM
  AVERAGE SKY COVER 0.6


WEATHER CONDITIONS
 THE FOLLOWING WEATHER WAS RECORDED TODAY.
  LIGHT RAIN
  FOG


RELATIVE HUMIDITY (PERCENT)
 HIGHEST    93           300 PM
 LOWEST     49          1100 AM
 AVERAGE    71

..........................................................


THE CHATTANOOGA  ASOS CLIMATE NORMALS FOR TOMORROW
                         NORMAL    RECORD    YEAR
 MAXIMUM TEMPERATURE (F)   52        74      1989
                                             1911
 MINIMUM TEMPERATURE (F)   32         4      1917


SUNRISE AND SUNSET
FEBRUARY  1 2015......SUNRISE   740 AM EST   SUNSET   609 PM EST
FEBRUARY  2 2015......SUNRISE   739 AM EST   SUNSET   610 PM EST


-  INDICATES NEGATIVE NUMBERS.
R  INDICATES RECORD WAS SET OR TIED.
MM INDICATES DATA IS MISSING.
T  INDICATES TRACE AMOUNT.




$$
