000
CDUS44 KMRX 160901
CLICHA


CLIMATE REPORT
NATIONAL WEATHER SERVICE MORRISTOWN TN
401 AM EST TUE JAN 16 2018


...................................

...THE CHATTANOOGA  ASOS CLIMATE SUMMARY FOR JANUARY 15 2018...

CLIMATE NORMAL PERIOD 1981 TO 2010
CLIMATE RECORD PERIOD 1879 TO 2018


WEATHER ITEM   OBSERVED TIME   RECORD YEAR NORMAL DEPARTURE LAST
                VALUE   (LST)  VALUE       VALUE  FROM      YEAR
                                                  NORMAL
..................................................................
TEMPERATURE (F)
 YESTERDAY
  MAXIMUM         49    355 PM  73    2017  50     -1       73
                                      1907
  MINIMUM         21    125 AM   4    1927  30     -9       51
  AVERAGE         35                        40     -5       62

PRECIPITATION (IN)
  YESTERDAY        0.00          2.37 1954   0.16  -0.16     0.00
  MONTH TO DATE    0.66                      2.35  -1.69     1.41
  SINCE DEC 1      4.00                      7.25  -3.25     6.46
  SINCE JAN 1      0.66                      2.35  -1.69     1.41

SNOWFALL (IN)
  YESTERDAY        0.0                       0.1   -0.1      0.0
  MONTH TO DATE    0.0                       0.8   -0.8      0.3
  SINCE DEC 1      0.5                       1.1   -0.6      0.3
  SINCE JUL 1      0.5                       1.1   -0.6      0.3
  SNOW DEPTH       0

DEGREE DAYS
 HEATING
  YESTERDAY       30                        25      5        3
  MONTH TO DATE  482                       375    107      278
  SINCE DEC 1   1163                      1070     93      899
  SINCE JUL 1   1674                      1659     15     1219

 COOLING
  YESTERDAY        0                         0      0        0
  MONTH TO DATE    0                         0      0        0
  SINCE DEC 1      0                         1     -1        0
  SINCE JAN 1      0                         0      0        0
..................................................................


WIND (MPH)
  HIGHEST WIND SPEED    17   HIGHEST WIND DIRECTION     S (180)
  HIGHEST GUST SPEED    22   HIGHEST GUST DIRECTION     S (170)
  AVERAGE WIND SPEED     4.9


SKY COVER
  POSSIBLE SUNSHINE  MM
  AVERAGE SKY COVER 0.5


WEATHER CONDITIONS
 THE FOLLOWING WEATHER WAS RECORDED YESTERDAY.
  NO SIGNIFICANT WEATHER WAS OBSERVED.


RELATIVE HUMIDITY (PERCENT)
 HIGHEST    81           200 AM
 LOWEST     34           300 PM
 AVERAGE    58

..........................................................


THE CHATTANOOGA  ASOS CLIMATE NORMALS FOR TODAY
                         NORMAL    RECORD    YEAR
 MAXIMUM TEMPERATURE (F)   50        73      1943
                                             1928
                                             1907
 MINIMUM TEMPERATURE (F)   30         2      1972


SUNRISE AND SUNSET
JANUARY 16 2018.......SUNRISE   748 AM EST   SUNSET   553 PM EST
JANUARY 17 2018.......SUNRISE   748 AM EST   SUNSET   554 PM EST


-  INDICATES NEGATIVE NUMBERS.
R  INDICATES RECORD WAS SET OR TIED.
MM INDICATES DATA IS MISSING.
T  INDICATES TRACE AMOUNT.




$$
