000
CDUS41 KLWX 062124
CLICHO


CLIMATE REPORT
NATIONAL WEATHER SERVICE BALTIMORE MD/WASHINGTON DC
522 PM EDT FRI MAY 6 2016


...................................

...THE CHARLOTTESVILLE VA CLIMATE SUMMARY FOR MAY 6 2016...
VALID TODAY AS OF 0500 PM LOCAL TIME.

CLIMATE NORMAL PERIOD 1981 TO 2010
CLIMATE RECORD PERIOD 1889 TO 2016


WEATHER ITEM   OBSERVED TIME   RECORD YEAR NORMAL DEPARTURE LAST
                VALUE   (LST)  VALUE       VALUE  FROM      YEAR
                                                  NORMAL
..................................................................
TEMPERATURE (F)
 TODAY
  MAXIMUM         59    130 PM  MM      MM  73    -14       84
  MINIMUM         51    554 AM  MM      MM  49      2       59
  AVERAGE         55                        60     -5       72

PRECIPITATION (IN)
  TODAY            0.25                      0.11   0.14     0.42
  MONTH TO DATE    2.27                      0.65   1.62     0.78
  SINCE MAR 1      7.13                      7.67  -0.54     8.96
  SINCE JAN 1     13.25                     13.14   0.11    11.62

DEGREE DAYS
 HEATING
  TODAY           10                                         0
  MONTH TO DATE   28                                        15
  SINCE MAR 1    631                                       865
  SINCE JUL 1   3389                                      4380

 COOLING
  TODAY            0                                         7
  MONTH TO DATE   12                                        12
  SINCE MAR 1     39                                        20
  SINCE JAN 1     39                                        20
..................................................................


WIND (MPH)
  HIGHEST WIND SPEED    10   HIGHEST WIND DIRECTION    NE (30)
  HIGHEST GUST SPEED    13   HIGHEST GUST DIRECTION     N (20)
  AVERAGE WIND SPEED     1.2


SKY COVER
  POSSIBLE SUNSHINE  MM
  AVERAGE SKY COVER 1.0


WEATHER CONDITIONS
 THE FOLLOWING WEATHER WAS RECORDED TODAY.
  LIGHT RAIN
  FOG


RELATIVE HUMIDITY (PERCENT)
 HIGHEST    89          1200 AM
 LOWEST     83           400 PM
 AVERAGE    86

..........................................................


THE CHARLOTTESVILLE VA CLIMATE NORMALS FOR TOMORROW
                         NORMAL    RECORD    YEAR
 MAXIMUM TEMPERATURE (F)   73        MM        MM
 MINIMUM TEMPERATURE (F)   49        MM        MM


SUNRISE AND SUNSET
MAY  6 2016...........SUNRISE   611 AM EDT   SUNSET   810 PM EDT
MAY  7 2016...........SUNRISE   610 AM EDT   SUNSET   811 PM EDT


-  INDICATES NEGATIVE NUMBERS.
R  INDICATES RECORD WAS SET OR TIED.
MM INDICATES DATA IS MISSING.
T  INDICATES TRACE AMOUNT.




$$
