000
CDUS41 KLWX 260522
CLICHO


CLIMATE REPORT
NATIONAL WEATHER SERVICE BALTIMORE MD/WASHINGTON DC
121 AM EDT TUE MAY 26 2015


...................................

...THE CHARLOTTESVILLE VA CLIMATE SUMMARY FOR MAY 25 2015...

CLIMATE NORMAL PERIOD 1981 TO 2010
CLIMATE RECORD PERIOD 1889 TO 2015


WEATHER ITEM   OBSERVED TIME   RECORD YEAR NORMAL DEPARTURE LAST
                VALUE   (LST)  VALUE       VALUE  FROM      YEAR
                                                  NORMAL
..................................................................
TEMPERATURE (F)
 YESTERDAY
  MAXIMUM         84    236 PM  MM      MM  77      7       85
  MINIMUM         59    522 AM  MM      MM  54      5       51
  AVERAGE         72                        66      6       68

PRECIPITATION (IN)
  YESTERDAY        0.00                      0.15  -0.15     0.00
  MONTH TO DATE    1.65                      3.08  -1.43     4.26
  SINCE MAR 1      9.83                     10.10  -0.27    12.58
  SINCE JAN 1     12.49                     15.57  -3.08    17.67

DEGREE DAYS
 HEATING
  YESTERDAY        0                         2     -2        0
  MONTH TO DATE   43                       110    -67       55
  SINCE MAR 1    893                      1010   -117     1077
  SINCE JUL 1   4408                      4422    -14     4586

 COOLING
  YESTERDAY        7                         3      4        3
  MONTH TO DATE  105                        44     61       79
  SINCE MAR 1    113                        65     48       88
  SINCE JAN 1    113                        65     48       88
..................................................................


WIND (MPH)
  HIGHEST WIND SPEED    22   HIGHEST WIND DIRECTION     S (190)
  HIGHEST GUST SPEED    31   HIGHEST GUST DIRECTION     S (190)
  AVERAGE WIND SPEED     9.8


SKY COVER
  POSSIBLE SUNSHINE  MM
  AVERAGE SKY COVER 0.0


WEATHER CONDITIONS
 THE FOLLOWING WEATHER WAS RECORDED YESTERDAY.
  NO SIGNIFICANT WEATHER WAS OBSERVED.


RELATIVE HUMIDITY (PERCENT)
 HIGHEST    84           600 AM
 LOWEST     39           600 PM
 AVERAGE    62

..........................................................


THE CHARLOTTESVILLE VA CLIMATE NORMALS FOR TODAY
                         NORMAL    RECORD    YEAR
 MAXIMUM TEMPERATURE (F)   77        MM        MM
 MINIMUM TEMPERATURE (F)   55        MM        MM


SUNRISE AND SUNSET
MAY 26 2015...........SUNRISE   555 AM EDT   SUNSET   827 PM EDT
MAY 27 2015...........SUNRISE   555 AM EDT   SUNSET   827 PM EDT


-  INDICATES NEGATIVE NUMBERS.
R  INDICATES RECORD WAS SET OR TIED.
MM INDICATES DATA IS MISSING.
T  INDICATES TRACE AMOUNT.




$$
