000
CDUS41 KLWX 250521
CLICHO


CLIMATE REPORT
NATIONAL WEATHER SERVICE BALTIMORE MD/WASHINGTON DC
121 AM EDT FRI JUL 25 2014


...................................

...THE CHARLOTTESVILLE VA CLIMATE SUMMARY FOR JULY 24 2014...

CLIMATE NORMAL PERIOD 1981 TO 2010
CLIMATE RECORD PERIOD 1889 TO 2014


WEATHER ITEM   OBSERVED TIME   RECORD YEAR NORMAL DEPARTURE LAST
                VALUE   (LST)  VALUE       VALUE  FROM      YEAR
                                                  NORMAL
..................................................................
TEMPERATURE (F)
 YESTERDAY
  MAXIMUM         76    924 AM  MM      MM  86    -10       85
  MINIMUM         64   1157 PM  MM      MM  65     -1       67
  AVERAGE         70                        75     -5       76

PRECIPITATION (IN)
  YESTERDAY        0.28                      0.14   0.14     0.05
  MONTH TO DATE    2.83                      3.33  -0.50     3.52
  SINCE JUN 1      5.68                      7.06  -1.38    10.58
  SINCE JAN 1     23.95                     23.53   0.42    27.21

DEGREE DAYS
 HEATING
  YESTERDAY        0                         0      0        0
  MONTH TO DATE    0                         0      0        0
  SINCE JUN 1      2                        11     -9        2
  SINCE JUL 1      0                         0      0        0

 COOLING
  YESTERDAY        5                        10     -5       11
  MONTH TO DATE  259                       257      2      329
  SINCE JUN 1    531                       476     55      575
  SINCE JAN 1    647                       562     85      722
..................................................................


WIND (MPH)
  HIGHEST WIND SPEED    15   HIGHEST WIND DIRECTION    NE (30)
  HIGHEST GUST SPEED    19   HIGHEST GUST DIRECTION    NE (40)
  AVERAGE WIND SPEED     3.5


SKY COVER
  POSSIBLE SUNSHINE  MM
  AVERAGE SKY COVER 0.8


WEATHER CONDITIONS
 THE FOLLOWING WEATHER WAS RECORDED YESTERDAY.
  THUNDERSTORM
  HEAVY RAIN
  RAIN
  LIGHT RAIN
  FOG
  FOG W/VISIBILITY <= 1/4 MILE


RELATIVE HUMIDITY (PERCENT)
 HIGHEST   100          1200 AM
 LOWEST     79          1100 AM
 AVERAGE    90

..........................................................


THE CHARLOTTESVILLE VA CLIMATE NORMALS FOR TODAY
                         NORMAL    RECORD    YEAR
 MAXIMUM TEMPERATURE (F)   86        MM        MM
 MINIMUM TEMPERATURE (F)   65        MM        MM


SUNRISE AND SUNSET
JULY 25 2014..........SUNRISE   611 AM EDT   SUNSET   830 PM EDT
JULY 26 2014..........SUNRISE   611 AM EDT   SUNSET   829 PM EDT


-  INDICATES NEGATIVE NUMBERS.
R  INDICATES RECORD WAS SET OR TIED.
MM INDICATES DATA IS MISSING.
T  INDICATES TRACE AMOUNT.




$$
