000
CDUS41 KLWX 140543
CLICHO


CLIMATE REPORT
NATIONAL WEATHER SERVICE BALTIMORE MD/WASHINGTON DC
1240 AM EST THU DEC 14 2017


...................................

...THE CHARLOTTESVILLE VA CLIMATE SUMMARY FOR DECEMBER 13 2017...

CLIMATE NORMAL PERIOD 1981 TO 2010
CLIMATE RECORD PERIOD 1998 TO 2017


WEATHER ITEM   OBSERVED TIME   RECORD YEAR NORMAL DEPARTURE LAST
                VALUE   (LST)  VALUE       VALUE  FROM      YEAR
                                                  NORMAL
..................................................................
TEMPERATURE (F)
 YESTERDAY
  MAXIMUM         38    239 PM  MM      MM  47     -9       49
  MINIMUM         24    756 AM  MM      MM  29     -5       37
  AVERAGE         31                        38     -7       43

PRECIPITATION (IN)
  YESTERDAY        0.00                      0.11  -0.11      T
  MONTH TO DATE    0.29                      1.55  -1.26     1.11
  SINCE DEC 1      0.29                      1.55  -1.26     1.11
  SINCE JAN 1     34.42                     41.11  -6.69    32.97

DEGREE DAYS
 HEATING
  YESTERDAY       34                        27      7       22
  MONTH TO DATE  306                       328    -22      300
  SINCE DEC 1    306                       328    -22      300
  SINCE JUL 1    968                      1219   -251      825

 COOLING
  YESTERDAY        0                         0      0        0
  MONTH TO DATE    0                         0      0        0
  SINCE DEC 1      0                         0      0        0
  SINCE JAN 1   1592                      1035    557     1698
..................................................................


WIND (MPH)
  HIGHEST WIND SPEED    16   HIGHEST WIND DIRECTION     S (190)
  HIGHEST GUST SPEED    27   HIGHEST GUST DIRECTION    NW (330)
  AVERAGE WIND SPEED     7.7


SKY COVER
  POSSIBLE SUNSHINE  MM
  AVERAGE SKY COVER 0.5


WEATHER CONDITIONS
 THE FOLLOWING WEATHER WAS RECORDED YESTERDAY.
  NO SIGNIFICANT WEATHER WAS OBSERVED.


RELATIVE HUMIDITY (PERCENT)
 HIGHEST    42           800 AM
 LOWEST     27           200 PM
 AVERAGE    35

..........................................................


THE CHARLOTTESVILLE VA CLIMATE NORMALS FOR TODAY
                         NORMAL    RECORD    YEAR
 MAXIMUM TEMPERATURE (F)   47        MM        MM
 MINIMUM TEMPERATURE (F)   29        MM        MM


SUNRISE AND SUNSET
DECEMBER 14 2017......SUNRISE   722 AM EST   SUNSET   455 PM EST
DECEMBER 15 2017......SUNRISE   723 AM EST   SUNSET   455 PM EST


-  INDICATES NEGATIVE NUMBERS.
R  INDICATES RECORD WAS SET OR TIED.
MM INDICATES DATA IS MISSING.
T  INDICATES TRACE AMOUNT.




$$
