000
CDUS42 KCHS 282211
CLICHS


CLIMATE REPORT
NATIONAL WEATHER SERVICE CHARLESTON SC
511 PM EST FRI NOV 28 2014


...................................

...THE NORTH CHARLESTON SC CLIMATE SUMMARY FOR NOVEMBER 28 2014...
VALID TODAY AS OF 0500 PM LOCAL TIME.

CLIMATE NORMAL PERIOD 1981 TO 2010
CLIMATE RECORD PERIOD 1938 TO 2014


WEATHER ITEM   OBSERVED TIME   RECORD YEAR NORMAL DEPARTURE LAST
                VALUE   (LST)  VALUE       VALUE  FROM      YEAR
                                                  NORMAL
..................................................................
TEMPERATURE (F)
 TODAY
  MAXIMUM         51    339 PM  81    1990  66    -15       50
  MINIMUM         33    548 AM  21    1938  44    -11       29
  AVERAGE         42                        55    -13       40

PRECIPITATION (IN)
  TODAY            0.00          1.55 1976   0.08  -0.08     0.00
  MONTH TO DATE    4.66                      2.26   2.40     3.52
  SINCE SEP 1     14.27                     12.11   2.16     9.90
  SINCE JAN 1     49.60                     47.75   1.85    55.96

SNOWFALL (IN)
  TODAY            0.0                       0.0    0.0
  SINCE SEP 1      0.0                       0.0    0.0
  SINCE JUL 1      0.0                       0.0    0.0

DEGREE DAYS
 HEATING
  TODAY           23                        10     13       25
  MONTH TO DATE  286                       201     85      227
  SINCE SEP 1    308                       270     38      269
  SINCE JUL 1    308                       270     38      269

 COOLING
  TODAY            0                         1     -1        0
  MONTH TO DATE   18                        33    -15       34
  SINCE SEP 1    607                       492    115      574
  SINCE JAN 1   2769                      2297    472     2429
..................................................................


WIND (MPH)
  HIGHEST WIND SPEED    16   HIGHEST WIND DIRECTION    NE (30)
  HIGHEST GUST SPEED    20   HIGHEST GUST DIRECTION     N (350)
  AVERAGE WIND SPEED     8.1


SKY COVER
  POSSIBLE SUNSHINE  MM
  AVERAGE SKY COVER 0.0


WEATHER CONDITIONS
 THE FOLLOWING WEATHER WAS RECORDED TODAY.
  NO SIGNIFICANT WEATHER WAS OBSERVED.


RELATIVE HUMIDITY (PERCENT)
 HIGHEST    89           400 AM
 LOWEST     31           100 PM
 AVERAGE    60

..........................................................


THE NORTH CHARLESTON SC CLIMATE NORMALS FOR TOMORROW
                         NORMAL    RECORD    YEAR
 MAXIMUM TEMPERATURE (F)   66        82      1985
 MINIMUM TEMPERATURE (F)   44        20      1938


SUNRISE AND SUNSET
NOVEMBER 28 2014......SUNRISE   702 AM EST   SUNSET   514 PM EST
NOVEMBER 29 2014......SUNRISE   703 AM EST   SUNSET   514 PM EST


-  INDICATES NEGATIVE NUMBERS.
R  INDICATES RECORD WAS SET OR TIED.
MM INDICATES DATA IS MISSING.
T  INDICATES TRACE AMOUNT.




$$
