000
CDUS42 KCHS 240602
CLICHS


CLIMATE REPORT
NATIONAL WEATHER SERVICE CHARLESTON SC
102 AM EST SAT FEB 24 2018


...................................

...THE NORTH CHARLESTON SC CLIMATE SUMMARY FOR FEBRUARY 23 2018...

CLIMATE NORMAL PERIOD 1981 TO 2010
CLIMATE RECORD PERIOD 1938 TO 2018


WEATHER ITEM   OBSERVED TIME   RECORD YEAR NORMAL DEPARTURE LAST
                VALUE   (LST)  VALUE       VALUE  FROM      YEAR
                                                  NORMAL
..................................................................
TEMPERATURE (F)
 YESTERDAY
  MAXIMUM         82R   310 PM  81    2012  65     17       79
                                      1980
  MINIMUM         56    704 AM  22    1978  42     14       59
  AVERAGE         69                        53     16       69

PRECIPITATION (IN)
  YESTERDAY        0.00          2.44 2013   0.10  -0.10      T
  MONTH TO DATE    1.26                      2.43  -1.17     0.40
  SINCE DEC 1      6.53                      9.25  -2.72     8.96
  SINCE JAN 1      4.02                      6.14  -2.12     4.18

SNOWFALL (IN)
  YESTERDAY        0.0                       0.0    0.0
  SINCE DEC 1      5.3                       0.5    4.8
  SINCE JUL 1      5.3                       0.5    4.8

DEGREE DAYS
 HEATING
  YESTERDAY        0                        12    -12        0
  MONTH TO DATE  123                       321   -198      154
  SINCE DEC 1   1147                      1288   -141      734
  SINCE JUL 1   1433                      1580   -147      952

 COOLING
  YESTERDAY        4                         0      4        4
  MONTH TO DATE   41                         0     41       10
  SINCE DEC 1     47                         9     38       32
  SINCE JAN 1     44                         2     42       25
..................................................................


WIND (MPH)
  HIGHEST WIND SPEED    21   HIGHEST WIND DIRECTION    SE (150)
  HIGHEST GUST SPEED    24   HIGHEST GUST DIRECTION    SE (140)
  AVERAGE WIND SPEED     5.4


SKY COVER
  POSSIBLE SUNSHINE  MM
  AVERAGE SKY COVER 0.3


WEATHER CONDITIONS
 THE FOLLOWING WEATHER WAS RECORDED YESTERDAY.
  FOG


RELATIVE HUMIDITY (PERCENT)
 HIGHEST   100           400 AM
 LOWEST     51           300 PM
 AVERAGE    76

..........................................................


THE NORTH CHARLESTON SC CLIMATE NORMALS FOR TODAY
                         NORMAL    RECORD    YEAR
 MAXIMUM TEMPERATURE (F)   65        81      2017
                                             2012
                                             1996
 MINIMUM TEMPERATURE (F)   42        21      1939


SUNRISE AND SUNSET
FEBRUARY 24 2018......SUNRISE   654 AM EST   SUNSET   613 PM EST
FEBRUARY 25 2018......SUNRISE   653 AM EST   SUNSET   614 PM EST


-  INDICATES NEGATIVE NUMBERS.
R  INDICATES RECORD WAS SET OR TIED.
MM INDICATES DATA IS MISSING.
T  INDICATES TRACE AMOUNT.




$$
