000
CDUS42 KCHS 232105
CLICHS


CLIMATE REPORT
NATIONAL WEATHER SERVICE CHARLESTON SC
504 PM EDT WED AUG 23 2017


...................................

...THE NORTH CHARLESTON SC CLIMATE SUMMARY FOR AUGUST 23 2017...
VALID TODAY AS OF 0500 PM LOCAL TIME.

CLIMATE NORMAL PERIOD 1981 TO 2010
CLIMATE RECORD PERIOD 1938 TO 2017


WEATHER ITEM   OBSERVED TIME   RECORD YEAR NORMAL DEPARTURE LAST
                VALUE   (LST)  VALUE       VALUE  FROM      YEAR
                                                  NORMAL
..................................................................
TEMPERATURE (F)
 TODAY
  MAXIMUM         93    312 PM  99    2014  89      4       91
  MINIMUM         76   1250 AM  62    1953  72      4       75
  AVERAGE         85                        80      5       83

PRECIPITATION (IN)
  TODAY            0.00          1.98 1995   0.25  -0.25     0.00
  MONTH TO DATE    5.49                      5.14   0.35     3.26
  SINCE JUN 1     20.60                     17.32   3.28    10.78
  SINCE JAN 1     35.76                     33.63   2.13    31.53

SNOWFALL (IN)
  TODAY            0.0                       0.0    0.0
  SINCE JUN 1      0.0                       0.0    0.0
  SINCE JUL 1      0.0                       0.0    0.0

DEGREE DAYS
 HEATING
  TODAY            0                         0      0        0
  MONTH TO DATE    0                         0      0        0
  SINCE JUN 1      0                         1     -1        0
  SINCE JUL 1      0                         0      0        0

 COOLING
  TODAY           20                        15      5       18
  MONTH TO DATE  412                       375     37      455
  SINCE JUN 1   1360                      1325     35     1646
  SINCE JAN 1   1935                      1687    248     2141
..................................................................


WIND (MPH)
  HIGHEST WIND SPEED    16   HIGHEST WIND DIRECTION     S (200)
  HIGHEST GUST SPEED    20   HIGHEST GUST DIRECTION     S (180)
  AVERAGE WIND SPEED     6.6


SKY COVER
  POSSIBLE SUNSHINE  MM
  AVERAGE SKY COVER 0.3


WEATHER CONDITIONS
 THE FOLLOWING WEATHER WAS RECORDED TODAY.
  NO SIGNIFICANT WEATHER WAS OBSERVED.


RELATIVE HUMIDITY (PERCENT)
 HIGHEST    94          1200 AM
 LOWEST     56           200 PM
 AVERAGE    75

..........................................................


THE NORTH CHARLESTON SC CLIMATE NORMALS FOR TOMORROW
                         NORMAL    RECORD    YEAR
 MAXIMUM TEMPERATURE (F)   89        98      2002
                                             1968
 MINIMUM TEMPERATURE (F)   72        61      1953


SUNRISE AND SUNSET
AUGUST 23 2017........SUNRISE   649 AM EDT   SUNSET   756 PM EDT
AUGUST 24 2017........SUNRISE   650 AM EDT   SUNSET   755 PM EDT


-  INDICATES NEGATIVE NUMBERS.
R  INDICATES RECORD WAS SET OR TIED.
MM INDICATES DATA IS MISSING.
T  INDICATES TRACE AMOUNT.




$$
