000
CDUS42 KCHS 250605
CLICHS


CLIMATE REPORT
NATIONAL WEATHER SERVICE CHARLESTON SC
204 AM EDT WED MAY 25 2016


...................................

...THE NORTH CHARLESTON SC CLIMATE SUMMARY FOR MAY 24 2016...

CLIMATE NORMAL PERIOD 1981 TO 2010
CLIMATE RECORD PERIOD 1938 TO 2016


WEATHER ITEM   OBSERVED TIME   RECORD YEAR NORMAL DEPARTURE LAST
                VALUE   (LST)  VALUE       VALUE  FROM      YEAR
                                                  NORMAL
..................................................................
TEMPERATURE (F)
 YESTERDAY
  MAXIMUM         85    138 PM  97    1953  85      0       82
  MINIMUM         56    555 AM  50    1954  64     -8       59
  AVERAGE         71                        75     -4       71

PRECIPITATION (IN)
  YESTERDAY        0.00          1.78 1979   0.11  -0.11     0.00
  MONTH TO DATE    1.39                      2.22  -0.83     1.36
  SINCE MAR 1      7.19                      8.84  -1.65     7.29
  SINCE JAN 1     15.48                     15.51  -0.03    15.22

DEGREE DAYS
 HEATING
  YESTERDAY        0                         0      0        0
  MONTH TO DATE    4                         8     -4        4
  SINCE MAR 1    180                       335   -155      210
  SINCE JUL 1   1357                      1971   -614     1947

 COOLING
  YESTERDAY        6                        10     -4        6
  MONTH TO DATE  206                       171     35      192
  SINCE MAR 1    406                       282    124      352
  SINCE JAN 1    414                       289    125      356
..................................................................


WIND (MPH)
  HIGHEST WIND SPEED    18   HIGHEST WIND DIRECTION     S (160)
  HIGHEST GUST SPEED    21   HIGHEST GUST DIRECTION     S (170)
  AVERAGE WIND SPEED     4.4


SKY COVER
  POSSIBLE SUNSHINE  MM
  AVERAGE SKY COVER 0.3


WEATHER CONDITIONS
 THE FOLLOWING WEATHER WAS RECORDED YESTERDAY.
  NO SIGNIFICANT WEATHER WAS OBSERVED.


RELATIVE HUMIDITY (PERCENT)
 HIGHEST    86           400 AM
 LOWEST     34          1200 PM
 AVERAGE    60

..........................................................


THE NORTH CHARLESTON SC CLIMATE NORMALS FOR TODAY
                         NORMAL    RECORD    YEAR
 MAXIMUM TEMPERATURE (F)   85        97      2000
                                             1953
 MINIMUM TEMPERATURE (F)   65        47      1967
                                             1951


SUNRISE AND SUNSET
MAY 25 2016...........SUNRISE   615 AM EDT   SUNSET   820 PM EDT
MAY 26 2016...........SUNRISE   615 AM EDT   SUNSET   820 PM EDT


-  INDICATES NEGATIVE NUMBERS.
R  INDICATES RECORD WAS SET OR TIED.
MM INDICATES DATA IS MISSING.
T  INDICATES TRACE AMOUNT.




$$
