000
CDUS42 KCHS 250531
CLICHS


CLIMATE REPORT
NATIONAL WEATHER SERVICE CHARLESTON SC
1230 AM EST SUN JAN 25 2015


...................................

...THE NORTH CHARLESTON SC CLIMATE SUMMARY FOR JANUARY 24 2015...

CLIMATE NORMAL PERIOD 1981 TO 2010
CLIMATE RECORD PERIOD 1938 TO 2015


WEATHER ITEM   OBSERVED TIME   RECORD YEAR NORMAL DEPARTURE LAST
                VALUE   (LST)  VALUE       VALUE  FROM      YEAR
                                                  NORMAL
..................................................................
TEMPERATURE (F)
 YESTERDAY
  MAXIMUM         67   1202 AM  79    1974  59      8       37
                                      1950
  MINIMUM         42   1159 PM  17    2003  38      4       19
  AVERAGE         55                        48      7       28

PRECIPITATION (IN)
  YESTERDAY        1.21          2.12 1958   0.13   1.08     0.00
  MONTH TO DATE    3.53                      2.88   0.65     2.08
  SINCE DEC 1      6.93                      5.99   0.94     4.23
  SINCE JAN 1      3.53                      2.88   0.65     2.08

SNOWFALL (IN)
  YESTERDAY        0.0                       0.0    0.0
  SINCE DEC 1      T                         0.3   -0.3
  SINCE JUL 1      T                         0.3   -0.3

DEGREE DAYS
 HEATING
  YESTERDAY       10                        17     -7       37
  MONTH TO DATE  358                       408    -50      433
  SINCE DEC 1    716                       854   -138      728
  SINCE JUL 1   1054                      1146    -92     1033

 COOLING
  YESTERDAY        0                         0      0        0
  MONTH TO DATE    4                         0      4        2
  SINCE DEC 1      4                         7     -3       36
  SINCE JAN 1      4                         0      4        2
..................................................................


WIND (MPH)
  HIGHEST WIND SPEED    31   HIGHEST WIND DIRECTION    SW (210)
  HIGHEST GUST SPEED    41   HIGHEST GUST DIRECTION    SW (210)
  AVERAGE WIND SPEED    13.0


SKY COVER
  POSSIBLE SUNSHINE  MM
  AVERAGE SKY COVER 0.6


WEATHER CONDITIONS
 THE FOLLOWING WEATHER WAS RECORDED YESTERDAY.
  HEAVY RAIN
  LIGHT RAIN
  FOG


RELATIVE HUMIDITY (PERCENT)
 HIGHEST    93           200 AM
 LOWEST     54           600 PM
 AVERAGE    74

..........................................................


THE NORTH CHARLESTON SC CLIMATE NORMALS FOR TODAY
                         NORMAL    RECORD    YEAR
 MAXIMUM TEMPERATURE (F)   60        82      1949
 MINIMUM TEMPERATURE (F)   38        16      1963


SUNRISE AND SUNSET
JANUARY 25 2015.......SUNRISE   719 AM EST   SUNSET   546 PM EST
JANUARY 26 2015.......SUNRISE   719 AM EST   SUNSET   547 PM EST


-  INDICATES NEGATIVE NUMBERS.
R  INDICATES RECORD WAS SET OR TIED.
MM INDICATES DATA IS MISSING.
T  INDICATES TRACE AMOUNT.




$$
