448
CDUS42 KCHS 140622
CLICHS


CLIMATE REPORT
NATIONAL WEATHER SERVICE CHARLESTON SC
121 AM EST SUN FEB 14 2016


...................................

...THE NORTH CHARLESTON SC CLIMATE SUMMARY FOR FEBRUARY 13 2016...

CLIMATE NORMAL PERIOD 1981 TO 2010
CLIMATE RECORD PERIOD 1938 TO 2016


WEATHER ITEM   OBSERVED TIME   RECORD YEAR NORMAL DEPARTURE LAST
                VALUE   (LST)  VALUE       VALUE  FROM      YEAR
                                                  NORMAL
..................................................................
TEMPERATURE (F)
 YESTERDAY
  MAXIMUM         51    413 PM  78    1976  62    -11       44
  MINIMUM         32    714 AM  22    1955  40     -8       29
  AVERAGE         42                        51     -9       37

PRECIPITATION (IN)
  YESTERDAY        0.00          1.08 1959   0.11  -0.11     0.00
  MONTH TO DATE    3.33                      1.39   1.94     0.98
  SINCE DEC 1      9.87                      8.21   1.66     7.91
  SINCE JAN 1      6.73                      5.10   1.63     4.51

SNOWFALL (IN)
  YESTERDAY        0.0                       0.0    0.0
  SINCE DEC 1      T                         0.4   -0.4
  SINCE JUL 1      T                         0.4   -0.4

DEGREE DAYS
 HEATING
  YESTERDAY       23                        14      9       28
  MONTH TO DATE  206                       193     13      221
  SINCE DEC 1    864                      1160   -296     1080
  SINCE JUL 1   1010                      1452   -442     1418

 COOLING
  YESTERDAY        0                         0      0        0
  MONTH TO DATE    2                         0      2        0
  SINCE DEC 1     99                         9     90        4
  SINCE JAN 1      2                         2      0        4
..................................................................


WIND (MPH)
  HIGHEST WIND SPEED    17   HIGHEST WIND DIRECTION     N (360)
  HIGHEST GUST SPEED    23   HIGHEST GUST DIRECTION     N (340)
  AVERAGE WIND SPEED     8.5


SKY COVER
  POSSIBLE SUNSHINE  MM
  AVERAGE SKY COVER 0.0


WEATHER CONDITIONS
 THE FOLLOWING WEATHER WAS RECORDED YESTERDAY.
  NO SIGNIFICANT WEATHER WAS OBSERVED.


RELATIVE HUMIDITY (PERCENT)
 HIGHEST    92          1200 AM
 LOWEST     26           400 PM
 AVERAGE    59

..........................................................


THE NORTH CHARLESTON SC CLIMATE NORMALS FOR TODAY
                         NORMAL    RECORD    YEAR
 MAXIMUM TEMPERATURE (F)   63        82      1962
 MINIMUM TEMPERATURE (F)   40        18      1968


SUNRISE AND SUNSET
FEBRUARY 14 2016......SUNRISE   705 AM EST   SUNSET   604 PM EST
FEBRUARY 15 2016......SUNRISE   704 AM EST   SUNSET   605 PM EST


-  INDICATES NEGATIVE NUMBERS.
R  INDICATES RECORD WAS SET OR TIED.
MM INDICATES DATA IS MISSING.
T  INDICATES TRACE AMOUNT.




$$
