000
CDUS42 KCHS 090629
CLICHS


CLIMATE REPORT
NATIONAL WEATHER SERVICE CHARLESTON SC
128 AM EST FRI DEC 9 2016


...................................

...THE NORTH CHARLESTON SC CLIMATE SUMMARY FOR DECEMBER 8 2016...

CLIMATE NORMAL PERIOD 1981 TO 2010
CLIMATE RECORD PERIOD 1938 TO 2016


WEATHER ITEM   OBSERVED TIME   RECORD YEAR NORMAL DEPARTURE LAST
                VALUE   (LST)  VALUE       VALUE  FROM      YEAR
                                                  NORMAL
..................................................................
TEMPERATURE (F)
 YESTERDAY
  MAXIMUM         67    254 PM  82    1998  63      4       66
                                      1978
  MINIMUM         47   1159 PM  20    1954  42      5       40
  AVERAGE         57                        52      5       53

PRECIPITATION (IN)
  YESTERDAY        0.00          1.72 1989   0.09  -0.09     0.00
  MONTH TO DATE    4.13                      0.73   3.40     0.77
  SINCE DEC 1      4.13                      0.73   3.40     0.77
  SINCE JAN 1     58.98                     48.65  10.33    72.52

SNOWFALL (IN)
  YESTERDAY        0.0                       0.0    0.0
  SINCE DEC 1      0.0                       0.0    0.0
  SINCE JUL 1      0.0                       0.0    0.0

DEGREE DAYS
 HEATING
  YESTERDAY        8                        13     -5       12
  MONTH TO DATE   64                        96    -32       60
  SINCE DEC 1     64                        96    -32       60
  SINCE JUL 1    279                       388   -109      206

 COOLING
  YESTERDAY        0                         0      0        0
  MONTH TO DATE    0                         0      0        7
  SINCE DEC 1      0                         0      0        7
  SINCE JAN 1   2958                      2297    661     2614
..................................................................


WIND (MPH)
  HIGHEST WIND SPEED    18   HIGHEST WIND DIRECTION     N (340)
  HIGHEST GUST SPEED    22   HIGHEST GUST DIRECTION    NW (330)
  AVERAGE WIND SPEED     7.1


SKY COVER
  POSSIBLE SUNSHINE  MM
  AVERAGE SKY COVER 0.8


WEATHER CONDITIONS
 THE FOLLOWING WEATHER WAS RECORDED YESTERDAY.
  FOG


RELATIVE HUMIDITY (PERCENT)
 HIGHEST    93           100 AM
 LOWEST     48           200 PM
 AVERAGE    71

..........................................................


THE NORTH CHARLESTON SC CLIMATE NORMALS FOR TODAY
                         NORMAL    RECORD    YEAR
 MAXIMUM TEMPERATURE (F)   63        81      1951
 MINIMUM TEMPERATURE (F)   41        19      2006


SUNRISE AND SUNSET
DECEMBER  9 2016......SUNRISE   712 AM EST   SUNSET   514 PM EST
DECEMBER 10 2016......SUNRISE   712 AM EST   SUNSET   514 PM EST


-  INDICATES NEGATIVE NUMBERS.
R  INDICATES RECORD WAS SET OR TIED.
MM INDICATES DATA IS MISSING.
T  INDICATES TRACE AMOUNT.




$$
