000
CDUS42 KCHS 110603
CLICHS


CLIMATE REPORT
NATIONAL WEATHER SERVICE CHARLESTON SC
102 AM EST MON DEC 11 2017


...................................

...THE NORTH CHARLESTON SC CLIMATE SUMMARY FOR DECEMBER 10 2017...

CLIMATE NORMAL PERIOD 1981 TO 2010
CLIMATE RECORD PERIOD 1938 TO 2017


WEATHER ITEM   OBSERVED TIME   RECORD YEAR NORMAL DEPARTURE LAST
                VALUE   (LST)  VALUE       VALUE  FROM      YEAR
                                                  NORMAL
..................................................................
TEMPERATURE (F)
 YESTERDAY
  MAXIMUM         50    329 PM  82    1972  63    -13       52
  MINIMUM         30    732 AM  23    1981  41    -11       31
                                      1968
  AVERAGE         40                        52    -12       42

PRECIPITATION (IN)
  YESTERDAY        0.00          1.44 1969   0.10  -0.10     0.00
  MONTH TO DATE    2.08                      0.92   1.16     4.13
  SINCE DEC 1      2.08                      0.92   1.16     4.13
  SINCE JAN 1     52.44                     48.84   3.60    58.98

SNOWFALL (IN)
  YESTERDAY        0.0                       0.0    0.0
  SINCE DEC 1      0.0                       0.0    0.0
  SINCE JUL 1      T                         0.0    0.0

DEGREE DAYS
 HEATING
  YESTERDAY       25                        13     12       23
  MONTH TO DATE  121                       122     -1      109
  SINCE DEC 1    121                       122     -1      109
  SINCE JUL 1    407                       414     -7      327

 COOLING
  YESTERDAY        0                         0      0        0
  MONTH TO DATE    0                         0      0        0
  SINCE DEC 1      0                         0      0        0
  SINCE JAN 1   2679                      2297    382     2958
..................................................................


WIND (MPH)
  HIGHEST WIND SPEED    12   HIGHEST WIND DIRECTION     W (280)
  HIGHEST GUST SPEED    17   HIGHEST GUST DIRECTION     W (270)
  AVERAGE WIND SPEED     6.1


SKY COVER
  POSSIBLE SUNSHINE  MM
  AVERAGE SKY COVER 0.0


WEATHER CONDITIONS
 THE FOLLOWING WEATHER WAS RECORDED YESTERDAY.
  NO SIGNIFICANT WEATHER WAS OBSERVED.


RELATIVE HUMIDITY (PERCENT)
 HIGHEST    92           600 AM
 LOWEST     42           100 PM
 AVERAGE    67

..........................................................


THE NORTH CHARLESTON SC CLIMATE NORMALS FOR TODAY
                         NORMAL    RECORD    YEAR
 MAXIMUM TEMPERATURE (F)   63        83      1972
 MINIMUM TEMPERATURE (F)   41        18      1981


SUNRISE AND SUNSET
DECEMBER 11 2017......SUNRISE   713 AM EST   SUNSET   514 PM EST
DECEMBER 12 2017......SUNRISE   714 AM EST   SUNSET   514 PM EST


-  INDICATES NEGATIVE NUMBERS.
R  INDICATES RECORD WAS SET OR TIED.
MM INDICATES DATA IS MISSING.
T  INDICATES TRACE AMOUNT.




$$
