000
CDUS42 KCHS 240604
CLICHS


CLIMATE REPORT
NATIONAL WEATHER SERVICE CHARLESTON SC
203 AM EDT WED MAY 24 2017


...................................

...THE NORTH CHARLESTON SC CLIMATE SUMMARY FOR MAY 23 2017...

CLIMATE NORMAL PERIOD 1981 TO 2010
CLIMATE RECORD PERIOD 1938 TO 2017


WEATHER ITEM   OBSERVED TIME   RECORD YEAR NORMAL DEPARTURE LAST
                VALUE   (LST)  VALUE       VALUE  FROM      YEAR
                                                  NORMAL
..................................................................
TEMPERATURE (F)
 YESTERDAY
  MAXIMUM         81   1152 AM  97    2014  85     -4       81
  MINIMUM         67    613 PM  47    1954  64      3       57
  AVERAGE         74                        74      0       69

PRECIPITATION (IN)
  YESTERDAY        1.26          4.86 1976   0.11   1.15     0.00
  MONTH TO DATE    3.43                      2.11   1.32     1.39
  SINCE MAR 1     10.67                      8.73   1.94     7.19
  SINCE JAN 1     14.85                     15.40  -0.55    15.48

DEGREE DAYS
 HEATING
  YESTERDAY        0                         0      0        0
  MONTH TO DATE    3                         8     -5        4
  SINCE MAR 1    260                       335    -75      180
  SINCE JUL 1   1228                      1971   -743     1357

 COOLING
  YESTERDAY        9                        10     -1        4
  MONTH TO DATE  199                       161     38      200
  SINCE MAR 1    440                       272    168      400
  SINCE JAN 1    475                       279    196      408
..................................................................


WIND (MPH)
  HIGHEST WIND SPEED    20   HIGHEST WIND DIRECTION    SW (230)
  HIGHEST GUST SPEED    27   HIGHEST GUST DIRECTION    SW (220)
  AVERAGE WIND SPEED     7.8


SKY COVER
  POSSIBLE SUNSHINE  MM
  AVERAGE SKY COVER 0.8


WEATHER CONDITIONS
 THE FOLLOWING WEATHER WAS RECORDED YESTERDAY.
  THUNDERSTORM
  HEAVY RAIN
  RAIN
  LIGHT RAIN
  FOG


RELATIVE HUMIDITY (PERCENT)
 HIGHEST   100           500 AM
 LOWEST     74          1100 AM
 AVERAGE    87

..........................................................


THE NORTH CHARLESTON SC CLIMATE NORMALS FOR TODAY
                         NORMAL    RECORD    YEAR
 MAXIMUM TEMPERATURE (F)   85        97      1953
 MINIMUM TEMPERATURE (F)   64        50      1954


SUNRISE AND SUNSET
MAY 24 2017...........SUNRISE   616 AM EDT   SUNSET   819 PM EDT
MAY 25 2017...........SUNRISE   615 AM EDT   SUNSET   819 PM EDT


-  INDICATES NEGATIVE NUMBERS.
R  INDICATES RECORD WAS SET OR TIED.
MM INDICATES DATA IS MISSING.
T  INDICATES TRACE AMOUNT.




$$
