000
CDUS42 KCHS 210602
CLICHS


CLIMATE REPORT
NATIONAL WEATHER SERVICE CHARLESTON SC
102 AM EST SAT JAN 21 2017


...................................

...THE NORTH CHARLESTON SC CLIMATE SUMMARY FOR JANUARY 20 2017...

CLIMATE NORMAL PERIOD 1981 TO 2010
CLIMATE RECORD PERIOD 1938 TO 2017


WEATHER ITEM   OBSERVED TIME   RECORD YEAR NORMAL DEPARTURE LAST
                VALUE   (LST)  VALUE       VALUE  FROM      YEAR
                                                  NORMAL
..................................................................
TEMPERATURE (F)
 YESTERDAY
  MAXIMUM         79R  1231 PM  75    1954  59     20       51
                                      1951
  MINIMUM         55    157 AM  17    1976  37     18       23
                                      1940
  AVERAGE         67                        48     19       37

PRECIPITATION (IN)
  YESTERDAY        0.00          1.22 1963   0.13  -0.13      T
  MONTH TO DATE    0.90                      2.39  -1.49     2.24
  SINCE DEC 1      5.68                      5.50   0.18     5.38
  SINCE JAN 1      0.90                      2.39  -1.49     2.24

SNOWFALL (IN)
  YESTERDAY        0.0                       0.0    0.0
  SINCE DEC 1      T                         0.3   -0.3
  SINCE JUL 1      T                         0.3   -0.3

DEGREE DAYS
 HEATING
  YESTERDAY        0                        17    -17       28
  MONTH TO DATE  166                       340   -174      341
  SINCE DEC 1    481                       786   -305      474
  SINCE JUL 1    699                      1078   -379      620

 COOLING
  YESTERDAY        2                         0      2        0
  MONTH TO DATE   15                         0     15        0
  SINCE DEC 1     22                         7     15       97
  SINCE JAN 1     15                         0     15        0
..................................................................


WIND (MPH)
  HIGHEST WIND SPEED    20   HIGHEST WIND DIRECTION    NW (300)
  HIGHEST GUST SPEED    24   HIGHEST GUST DIRECTION    NW (300)
  AVERAGE WIND SPEED     7.2


SKY COVER
  POSSIBLE SUNSHINE  MM
  AVERAGE SKY COVER 0.5


WEATHER CONDITIONS
 THE FOLLOWING WEATHER WAS RECORDED YESTERDAY.
  FOG


RELATIVE HUMIDITY (PERCENT)
 HIGHEST    97           900 PM
 LOWEST     54           200 PM
 AVERAGE    76

..........................................................


THE NORTH CHARLESTON SC CLIMATE NORMALS FOR TODAY
                         NORMAL    RECORD    YEAR
 MAXIMUM TEMPERATURE (F)   59        80      1954
 MINIMUM TEMPERATURE (F)   38         6      1985


SUNRISE AND SUNSET
JANUARY 21 2017.......SUNRISE   721 AM EST   SUNSET   542 PM EST
JANUARY 22 2017.......SUNRISE   721 AM EST   SUNSET   543 PM EST


-  INDICATES NEGATIVE NUMBERS.
R  INDICATES RECORD WAS SET OR TIED.
MM INDICATES DATA IS MISSING.
T  INDICATES TRACE AMOUNT.




$$
