000
CDUS42 KCHS 210526
CLICHS


CLIMATE REPORT
NATIONAL WEATHER SERVICE CHARLESTON SC
126 AM EDT TUE OCT 21 2014


...................................

...THE NORTH CHARLESTON SC CLIMATE SUMMARY FOR OCTOBER 20 2014...

CLIMATE NORMAL PERIOD 1981 TO 2010
CLIMATE RECORD PERIOD 1938 TO 2014


WEATHER ITEM   OBSERVED TIME   RECORD YEAR NORMAL DEPARTURE LAST
                VALUE   (LST)  VALUE       VALUE  FROM      YEAR
                                                  NORMAL
..................................................................
TEMPERATURE (F)
 YESTERDAY
  MAXIMUM         78    312 PM  87    1950  76      2       76
  MINIMUM         51    624 AM  34    1981  55     -4       60
  AVERAGE         65                        66     -1       68

PRECIPITATION (IN)
  YESTERDAY        0.00          2.75 1970   0.11  -0.11      T
  MONTH TO DATE    0.86                      2.69  -1.83     1.36
  SINCE SEP 1      9.52                      8.79   0.73     6.37
  SINCE JAN 1     44.85                     44.43   0.42    52.43

SNOWFALL (IN)
  YESTERDAY        0.0                       0.0    0.0
  SINCE SEP 1      0.0                       0.0    0.0
  SINCE JUL 1      0.0                       0.0    0.0

DEGREE DAYS
 HEATING
  YESTERDAY        0                         2     -2        0
  MONTH TO DATE    6                        28    -22        0
  SINCE SEP 1      6                        31    -25        0
  SINCE JUL 1      6                        31    -25        0

 COOLING
  YESTERDAY        0                         3     -3        3
  MONTH TO DATE  149                        99     50      157
  SINCE SEP 1    555                       432    123      530
  SINCE JAN 1   2717                      2237    480     2385
..................................................................


WIND (MPH)
  HIGHEST WIND SPEED    13   HIGHEST WIND DIRECTION     S (180)
  HIGHEST GUST SPEED    17   HIGHEST GUST DIRECTION     S (170)
  AVERAGE WIND SPEED     3.4


SKY COVER
  POSSIBLE SUNSHINE  MM
  AVERAGE SKY COVER 0.3


WEATHER CONDITIONS
 THE FOLLOWING WEATHER WAS RECORDED YESTERDAY.
  HAZE


RELATIVE HUMIDITY (PERCENT)
 HIGHEST    89          1200 AM
 LOWEST     47          1200 PM
 AVERAGE    68

..........................................................


THE NORTH CHARLESTON SC CLIMATE NORMALS FOR TODAY
                         NORMAL    RECORD    YEAR
 MAXIMUM TEMPERATURE (F)   76        88      1993
 MINIMUM TEMPERATURE (F)   55        37      1974
                                             1967
                                             1952


SUNRISE AND SUNSET
OCTOBER 21 2014.......SUNRISE   729 AM EDT   SUNSET   640 PM EDT
OCTOBER 22 2014.......SUNRISE   730 AM EDT   SUNSET   639 PM EDT


-  INDICATES NEGATIVE NUMBERS.
R  INDICATES RECORD WAS SET OR TIED.
MM INDICATES DATA IS MISSING.
T  INDICATES TRACE AMOUNT.




$$
