000
CDUS43 KDVN 221026
CLICID


CLIMATE REPORT
NATIONAL WEATHER SERVICE QUAD CITIES IA IL
426 AM CST MON JAN 22 2018


...................................

...THE CEDAR RAPIDS IA CLIMATE SUMMARY FOR JANUARY 21 2018...

CLIMATE NORMAL PERIOD 1981 TO 2010
CLIMATE RECORD PERIOD 1891 TO 2018


WEATHER ITEM   OBSERVED TIME   RECORD YEAR NORMAL DEPARTURE LAST
                VALUE   (LST)  VALUE       VALUE  FROM      YEAR
                                                  NORMAL
..................................................................
TEMPERATURE (F)
 YESTERDAY
  MAXIMUM         43    148 PM  56    1957  28     15       44
  MINIMUM         37   1240 AM -23    1970  11     26       32
  AVERAGE         40                        19     21       38

PRECIPITATION (IN)
  YESTERDAY        0.08         MM      MM   0.03   0.05     0.01
  MONTH TO DATE    0.16                      0.60  -0.44     1.42
  SINCE DEC 1      0.77                      2.02  -1.25     2.67
  SINCE JAN 1      0.16                      0.60  -0.44     1.42

DEGREE DAYS
 HEATING
  YESTERDAY       25                        46    -21       27
  MONTH TO DATE 1050                       961     89      882
  SINCE DEC 1   2325                      2254     71     2178
  SINCE JUL 1   3583                      3700   -117     3095

 COOLING
  YESTERDAY        0                         0      0        0
  MONTH TO DATE    0                         0      0        0
  SINCE DEC 1      0                         0      0        0
  SINCE JAN 1      0                         0      0        0
..................................................................


WIND (MPH)
  HIGHEST WIND SPEED    18   HIGHEST WIND DIRECTION    NE (60)
  HIGHEST GUST SPEED    22   HIGHEST GUST DIRECTION     E (70)
  AVERAGE WIND SPEED     9.1


SKY COVER
  POSSIBLE SUNSHINE  MM
  AVERAGE SKY COVER 1.0


WEATHER CONDITIONS
 THE FOLLOWING WEATHER WAS RECORDED YESTERDAY.
  THUNDERSTORM
  RAIN
  LIGHT RAIN
  FOG
  FOG W/VISIBILITY <= 1/4 MILE
  HAZE


RELATIVE HUMIDITY (PERCENT)
 HIGHEST   100           600 PM
 LOWEST     82          1100 AM
 AVERAGE    91

..........................................................


THE CEDAR RAPIDS IA CLIMATE NORMALS FOR TODAY
                         NORMAL    RECORD    YEAR
 MAXIMUM TEMPERATURE (F)   28        58      2002
 MINIMUM TEMPERATURE (F)   11       -27      1930


SUNRISE AND SUNSET
JANUARY 22 2018.......SUNRISE   728 AM CST   SUNSET   509 PM CST
JANUARY 23 2018.......SUNRISE   727 AM CST   SUNSET   511 PM CST


-  INDICATES NEGATIVE NUMBERS.
R  INDICATES RECORD WAS SET OR TIED.
MM INDICATES DATA IS MISSING.
T  INDICATES TRACE AMOUNT.




$$
