000
CDUS43 KDVN 300921
CLICID


CLIMATE REPORT
NATIONAL WEATHER SERVICE QUAD CITIES IA IL
419 AM CDT SAT MAY 30 2015


...................................

...THE CEDAR RAPIDS IA CLIMATE SUMMARY FOR MAY 29 2015...

CLIMATE NORMAL PERIOD 1981 TO 2010
CLIMATE RECORD PERIOD 1891 TO 2015


WEATHER ITEM   OBSERVED TIME   RECORD YEAR NORMAL DEPARTURE LAST
                VALUE   (LST)  VALUE       VALUE  FROM      YEAR
                                                  NORMAL
..................................................................
TEMPERATURE (F)
 YESTERDAY
  MAXIMUM         79    113 PM  99    1934  75      4       83
  MINIMUM         64    526 AM  34    1947  54     10       59
  AVERAGE         72                        64      8       71

PRECIPITATION (IN)
  YESTERDAY        0.31         MM      MM   0.14   0.17     0.00
  MONTH TO DATE    3.62                      3.86  -0.24     2.23
  SINCE MAR 1      7.86                      9.01  -1.15     9.49
  SINCE JAN 1      9.19                     11.15  -1.96    11.24

DEGREE DAYS
 HEATING
  YESTERDAY        0                         3     -3        0
  MONTH TO DATE  123                       186    -63      189
  SINCE MAR 1   1414                      1548   -134     1776
  SINCE JUL 1   6941                      6831    110     7815

 COOLING
  YESTERDAY        7                         3      4        6
  MONTH TO DATE   50                        36     14       54
  SINCE MAR 1     50                        43      7       61
  SINCE JAN 1     50                        43      7       61
..................................................................


WIND (MPH)
  HIGHEST WIND SPEED    21   HIGHEST WIND DIRECTION    SW (220)
  HIGHEST GUST SPEED    26   HIGHEST GUST DIRECTION     S (200)
  AVERAGE WIND SPEED     9.2


SKY COVER
  POSSIBLE SUNSHINE  MM
  AVERAGE SKY COVER 0.9


WEATHER CONDITIONS
 THE FOLLOWING WEATHER WAS RECORDED YESTERDAY.
  HEAVY RAIN
  RAIN
  LIGHT RAIN
  FOG


RELATIVE HUMIDITY (PERCENT)
 HIGHEST   100           500 AM
 LOWEST     67           100 PM
 AVERAGE    84

..........................................................


THE CEDAR RAPIDS IA CLIMATE NORMALS FOR TODAY
                         NORMAL    RECORD    YEAR
 MAXIMUM TEMPERATURE (F)   76        96      1934
 MINIMUM TEMPERATURE (F)   54        33      1924


SUNRISE AND SUNSET
MAY 30 2015...........SUNRISE   535 AM CDT   SUNSET   834 PM CDT
MAY 31 2015...........SUNRISE   535 AM CDT   SUNSET   835 PM CDT


-  INDICATES NEGATIVE NUMBERS.
R  INDICATES RECORD WAS SET OR TIED.
MM INDICATES DATA IS MISSING.
T  INDICATES TRACE AMOUNT.




$$
