000
CDUS43 KDVN 270928
CLICID


CLIMATE REPORT
NATIONAL WEATHER SERVICE QUAD CITIES IA IL
426 AM CDT TUE SEP 27 2016


...................................

...THE CEDAR RAPIDS IA CLIMATE SUMMARY FOR SEPTEMBER 26 2016...

CLIMATE NORMAL PERIOD 1981 TO 2010
CLIMATE RECORD PERIOD 1891 TO 2016


WEATHER ITEM   OBSERVED TIME   RECORD YEAR NORMAL DEPARTURE LAST
                VALUE   (LST)  VALUE       VALUE  FROM      YEAR
                                                  NORMAL
..................................................................
TEMPERATURE (F)
 YESTERDAY
  MAXIMUM         70    353 PM  87    1998  70      0       79
  MINIMUM         49   1155 PM  24    1926  46      3       55
  AVERAGE         60                        58      2       67

PRECIPITATION (IN)
  YESTERDAY        0.00         MM      MM   0.10  -0.10     0.00
  MONTH TO DATE    6.92                      2.80   4.12     4.35
  SINCE SEP 1      6.92                      2.80   4.12     4.35
  SINCE JAN 1     35.45                     28.10   7.35    30.00

DEGREE DAYS
 HEATING
  YESTERDAY        5                         8     -3        0
  MONTH TO DATE    9                       104    -95       34
  SINCE SEP 1      9                       104    -95       34
  SINCE JUL 1     13                       123   -110       62

 COOLING
  YESTERDAY        0                         1     -1        2
  MONTH TO DATE  136                        68     68      146
  SINCE SEP 1    136                        68     68      146
  SINCE JAN 1    947                       736    211      706
..................................................................


WIND (MPH)
  HIGHEST WIND SPEED    29   HIGHEST WIND DIRECTION     W (290)
  HIGHEST GUST SPEED    37   HIGHEST GUST DIRECTION     W (280)
  AVERAGE WIND SPEED    14.7


SKY COVER
  POSSIBLE SUNSHINE  MM
  AVERAGE SKY COVER 0.0


WEATHER CONDITIONS
 THE FOLLOWING WEATHER WAS RECORDED YESTERDAY.
  NO SIGNIFICANT WEATHER WAS OBSERVED.


RELATIVE HUMIDITY (PERCENT)
 HIGHEST    89           200 AM
 LOWEST     31           200 PM
 AVERAGE    60

..........................................................


THE CEDAR RAPIDS IA CLIMATE NORMALS FOR TODAY
                         NORMAL    RECORD    YEAR
 MAXIMUM TEMPERATURE (F)   70        91      1905
 MINIMUM TEMPERATURE (F)   46        31      1942


SUNRISE AND SUNSET
SEPTEMBER 27 2016.....SUNRISE   700 AM CDT   SUNSET   654 PM CDT
SEPTEMBER 28 2016.....SUNRISE   701 AM CDT   SUNSET   653 PM CDT


-  INDICATES NEGATIVE NUMBERS.
R  INDICATES RECORD WAS SET OR TIED.
MM INDICATES DATA IS MISSING.
T  INDICATES TRACE AMOUNT.




$$
