000
CDUS43 KDVN 142129
CLICID


CLIMATE REPORT
NATIONAL WEATHER SERVICE QUAD CITIES IA IL
428 PM CDT SUN SEP 14 2014


...................................

...THE CEDAR RAPIDS IA CLIMATE SUMMARY FOR SEPTEMBER 14 2014...
VALID TODAY AS OF 0400 PM LOCAL TIME.

CLIMATE NORMAL PERIOD 1981 TO 2010
CLIMATE RECORD PERIOD 1891 TO 2014


WEATHER ITEM   OBSERVED TIME   RECORD YEAR NORMAL DEPARTURE LAST
                VALUE   (LST)  VALUE       VALUE  FROM      YEAR
                                                  NORMAL
..................................................................
TEMPERATURE (F)
 TODAY
  MAXIMUM         67    259 PM  96    1939  75     -8       76
  MINIMUM         39    221 AM  36    1996  52    -13       41
                                      1929
  AVERAGE         53                        64    -11       59

PRECIPITATION (IN)
  TODAY            0.00         MM      MM   0.11  -0.11      T
  MONTH TO DATE    3.21                      1.57   1.64     0.01
  SINCE SEP 1      3.21                      1.57   1.64     0.01
  SINCE JAN 1     33.69                     26.87   6.82    29.41

DEGREE DAYS
 HEATING
  TODAY           12                         4      8        6
  MONTH TO DATE   71                        34     37       14
  SINCE SEP 1     71                        34     37       14
  SINCE JUL 1     90                        53     37       33

 COOLING
  TODAY            0                         2     -2        0
  MONTH TO DATE   34                        49    -15      114
  SINCE SEP 1     34                        49    -15      114
  SINCE JAN 1    651                       717    -66      834
..................................................................


WIND (MPH)
  HIGHEST WIND SPEED    15   HIGHEST WIND DIRECTION     S (190)
  HIGHEST GUST SPEED    19   HIGHEST GUST DIRECTION     S (190)
  AVERAGE WIND SPEED     6.6


SKY COVER
  POSSIBLE SUNSHINE  MM
  AVERAGE SKY COVER 0.4


WEATHER CONDITIONS
 THE FOLLOWING WEATHER WAS RECORDED TODAY.
  NO SIGNIFICANT WEATHER WAS OBSERVED.


RELATIVE HUMIDITY (PERCENT)
 HIGHEST   100           100 AM
 LOWEST     52          1200 PM
 AVERAGE    76

..........................................................


THE CEDAR RAPIDS IA CLIMATE NORMALS FOR TOMORROW
                         NORMAL    RECORD    YEAR
 MAXIMUM TEMPERATURE (F)   75        97      1939
 MINIMUM TEMPERATURE (F)   51        31      2007


SUNRISE AND SUNSET
SEPTEMBER 14 2014.....SUNRISE   646 AM CDT   SUNSET   718 PM CDT
SEPTEMBER 15 2014.....SUNRISE   647 AM CDT   SUNSET   716 PM CDT


-  INDICATES NEGATIVE NUMBERS.
R  INDICATES RECORD WAS SET OR TIED.
MM INDICATES DATA IS MISSING.
T  INDICATES TRACE AMOUNT.




$$
