000
CDUS41 KCLE 170527
CLICLE


CLIMATE REPORT
NATIONAL WEATHER SERVICE CLEVELAND OH
1227 AM EST SUN DEC 17 2017


...................................

...THE CLEVELAND OH CLIMATE SUMMARY FOR DECEMBER 16 2017...

CLIMATE NORMAL PERIOD 1981 TO 2010
CLIMATE RECORD PERIOD 1871 TO 2017


WEATHER ITEM   OBSERVED TIME   RECORD YEAR NORMAL DEPARTURE LAST
                VALUE   (LST)  VALUE       VALUE  FROM      YEAR
                                                  NORMAL
..................................................................
TEMPERATURE (F)
 YESTERDAY
  MAXIMUM         41    419 PM  64    1984  38      3       22
  MINIMUM         27   1052 PM  -9    1951  26      1        8
  AVERAGE         34                        32      2       15

PRECIPITATION (IN)
  YESTERDAY        0.01                      0.10  -0.09      T
  MONTH TO DATE    0.71                      1.63  -0.92     1.17
  SINCE DEC 1      0.71                      1.63  -0.92     1.17
  SINCE JAN 1     42.78                     37.67   5.11    34.99

SNOWFALL (IN)
  YESTERDAY        0.5                       0.5    0.0       T
  MONTH TO DATE    6.9                       6.4    0.5      6.3
  SINCE DEC 1      6.9                       6.4    0.5      6.3
  SINCE JUL 1      7.7                      10.9   -3.2      7.2
  SNOW DEPTH       4

DEGREE DAYS
 HEATING
  YESTERDAY       31                        33     -2       50
  MONTH TO DATE  531                       486     45      550
  SINCE DEC 1    531                       486     45      550
  SINCE JUL 1   1421                      1581   -160     1266

 COOLING
  YESTERDAY        0                         0      0        0
  MONTH TO DATE    0                         0      0        0
  SINCE DEC 1      0                         0      0        0
  SINCE JAN 1   1113                       817    296     1320
..................................................................


WIND (MPH)
  HIGHEST WIND SPEED    20   HIGHEST WIND DIRECTION    SW (240)
  HIGHEST GUST SPEED    26   HIGHEST GUST DIRECTION    SW (230)
  AVERAGE WIND SPEED     9.8


SKY COVER
  POSSIBLE SUNSHINE  MM
  AVERAGE SKY COVER 0.7


WEATHER CONDITIONS
 THE FOLLOWING WEATHER WAS RECORDED YESTERDAY.
  LIGHT SNOW
  FOG


RELATIVE HUMIDITY (PERCENT)
 HIGHEST   100          1100 PM
 LOWEST     63          1200 AM
 AVERAGE    82

..........................................................


THE CLEVELAND OH CLIMATE NORMALS FOR TODAY
                         NORMAL    RECORD    YEAR
 MAXIMUM TEMPERATURE (F)   38        61      1984
 MINIMUM TEMPERATURE (F)   26        -7      1989


SUNRISE AND SUNSET
DECEMBER 17 2017......SUNRISE   748 AM EST   SUNSET   459 PM EST
DECEMBER 18 2017......SUNRISE   749 AM EST   SUNSET   500 PM EST


-  INDICATES NEGATIVE NUMBERS.
R  INDICATES RECORD WAS SET OR TIED.
MM INDICATES DATA IS MISSING.
T  INDICATES TRACE AMOUNT.




$$
