000
CDUS41 KCLE 030528
CLICLE


CLIMATE REPORT
NATIONAL WEATHER SERVICE CLEVELAND OH
127 AM EDT TUE MAY 3 2016


...................................

...THE CLEVELAND OH CLIMATE SUMMARY FOR MAY 2 2016...

CLIMATE NORMAL PERIOD 1981 TO 2010
CLIMATE RECORD PERIOD 1871 TO 2016


WEATHER ITEM   OBSERVED TIME   RECORD YEAR NORMAL DEPARTURE LAST
                VALUE   (LST)  VALUE       VALUE  FROM      YEAR
                                                  NORMAL
..................................................................
TEMPERATURE (F)
 YESTERDAY
  MAXIMUM         51    330 PM  86    1951  65    -14       72
  MINIMUM         44   1159 PM  26    1963  46     -2       41
  AVERAGE         48                        56     -8       57

PRECIPITATION (IN)
  YESTERDAY        0.84                      0.11   0.73     0.00
  MONTH TO DATE    0.97                      0.22   0.75     0.00
  SINCE MAR 1      9.00                      6.64   2.36     4.74
  SINCE JAN 1     13.59                     11.70   1.89     9.54

SNOWFALL (IN)
  YESTERDAY        0.0                       0.0    0.0      0.0
  MONTH TO DATE    0.0                       0.0    0.0      0.0
  SINCE MAR 1     11.0                      15.9   -4.9      5.7
  SINCE JUL 1     32.8                      68.1  -35.3     67.1
  SNOW DEPTH       0

DEGREE DAYS
 HEATING
  YESTERDAY       17                        10      7        8
  MONTH TO DATE   25                        20      5       20
  SINCE MAR 1   1168                      1314   -146     1425
  SINCE JUL 1   4759                      5531   -772     6375

 COOLING
  YESTERDAY        0                         1     -1        0
  MONTH TO DATE    0                         2     -2        0
  SINCE MAR 1      0                        13    -13        1
  SINCE JAN 1      0                        13    -13        1
..................................................................


WIND (MPH)
  HIGHEST WIND SPEED    18   HIGHEST WIND DIRECTION    NE (60)
  HIGHEST GUST SPEED    22   HIGHEST GUST DIRECTION    NE (50)
  AVERAGE WIND SPEED     8.4


SKY COVER
  POSSIBLE SUNSHINE  MM
  AVERAGE SKY COVER 1.0


WEATHER CONDITIONS
 THE FOLLOWING WEATHER WAS RECORDED YESTERDAY.
  THUNDERSTORM
  HEAVY RAIN
  RAIN
  LIGHT RAIN
  FOG
  FOG W/VISIBILITY <= 1/4 MILE


RELATIVE HUMIDITY (PERCENT)
 HIGHEST    93           400 AM
 LOWEST     74           500 PM
 AVERAGE    84

..........................................................


THE CLEVELAND OH CLIMATE NORMALS FOR TODAY
                         NORMAL    RECORD    YEAR
 MAXIMUM TEMPERATURE (F)   66        88      2012
 MINIMUM TEMPERATURE (F)   46        27      1986


SUNRISE AND SUNSET
MAY  3 2016...........SUNRISE   621 AM EDT   SUNSET   828 PM EDT
MAY  4 2016...........SUNRISE   620 AM EDT   SUNSET   829 PM EDT


-  INDICATES NEGATIVE NUMBERS.
R  INDICATES RECORD WAS SET OR TIED.
MM INDICATES DATA IS MISSING.
T  INDICATES TRACE AMOUNT.




$$
