000
CDUS44 KHGX 180817
CLICLL


CLIMATE REPORT
NATIONAL WEATHER SERVICE HOUSTON/GALVESTON TX
216 AM CST THU JAN 18 2018


...................................

...THE COLLEGE STATION CLIMATE SUMMARY FOR JANUARY 17 2018...

CLIMATE NORMAL PERIOD 1981 TO 2010
CLIMATE RECORD PERIOD 1902 TO 2018


WEATHER ITEM   OBSERVED TIME   RECORD YEAR NORMAL DEPARTURE LAST
                VALUE   (LST)  VALUE       VALUE  FROM      YEAR
                                                  NORMAL
..................................................................
TEMPERATURE (F)
 YESTERDAY
  MAXIMUM         38    423 PM  79    1999  61    -23       59
                                      1936
  MINIMUM         15    740 AM   0    1930  41    -26       53
  AVERAGE         27                        51    -24       56

PRECIPITATION (IN)
  YESTERDAY        0.00          1.24 1956   0.11  -0.11     0.64
  MONTH TO DATE    0.32                      1.75  -1.43     2.64
  SINCE DEC 1      3.82                      4.98  -1.16     5.41
  SINCE JAN 1      0.32                      1.75  -1.43     2.64

SNOWFALL (IN)
  YESTERDAY        0.0
  MONTH TO DATE    T
  SINCE JUL 1      5.0

DEGREE DAYS
 HEATING
  YESTERDAY       38                        14     24        9
  MONTH TO DATE  353                       251    102      170
  SINCE DEC 1    771                       662    109      489
  SINCE JUL 1    918                       887     31      558

 COOLING
  YESTERDAY        0                         0      0        0
  MONTH TO DATE    0                         0      0       33
  SINCE DEC 1     13                        16     -3       77
  SINCE JAN 1      0                         0      0       33
..................................................................


WIND (MPH)
  HIGHEST WIND SPEED    16   HIGHEST WIND DIRECTION     N (360)
  HIGHEST GUST SPEED    20   HIGHEST GUST DIRECTION    NE (40)
  AVERAGE WIND SPEED     7.2


SKY COVER
  AVERAGE SKY COVER 0.0


WEATHER CONDITIONS
 THE FOLLOWING WEATHER WAS RECORDED YESTERDAY.
  NO SIGNIFICANT WEATHER WAS OBSERVED.


RELATIVE HUMIDITY (PERCENT)
 HIGHEST    73           800 AM
 LOWEST     29           300 PM
 AVERAGE    51

..........................................................


THE COLLEGE STATION CLIMATE NORMALS FOR TODAY
                         NORMAL    RECORD    YEAR
 MAXIMUM TEMPERATURE (F)   61        81      2000
                                             1938
 MINIMUM TEMPERATURE (F)   41         2      1930


SUNRISE AND SUNSET
JANUARY 18 2018.......SUNRISE   723 AM CST   SUNSET   549 PM CST
JANUARY 19 2018.......SUNRISE   722 AM CST   SUNSET   550 PM CST


-  INDICATES NEGATIVE NUMBERS.
R  INDICATES RECORD WAS SET OR TIED.
MM INDICATES DATA IS MISSING.
T  INDICATES TRACE AMOUNT.




$$
