000
CDUS44 KHGX 230817
CLICLL


CLIMATE REPORT
NATIONAL WEATHER SERVICE HOUSTON/GALVESTON TX
317 AM CDT THU OCT 23 2014


...................................

...THE COLLEGE STATION CLIMATE SUMMARY FOR OCTOBER 22 2014...

CLIMATE NORMAL PERIOD 1981 TO 2010
CLIMATE RECORD PERIOD 1902 TO 2014


WEATHER ITEM   OBSERVED TIME   RECORD YEAR NORMAL DEPARTURE LAST
                VALUE   (LST)  VALUE       VALUE  FROM      YEAR
                                                  NORMAL
..................................................................
TEMPERATURE (F)
 YESTERDAY
  MAXIMUM         82    311 PM  95    1939  80      2       74
  MINIMUM         63    659 AM  38    1911  59      4       53
  AVERAGE         73                        69      4       64

PRECIPITATION (IN)
  YESTERDAY        0.00          5.12 1949   0.17  -0.17     0.00
  MONTH TO DATE    1.81                      3.54  -1.73     5.70
  SINCE SEP 1      8.38                      6.72   1.66    10.89
  SINCE JAN 1     31.15                     32.24  -1.09    30.62

SNOWFALL (IN)
  YESTERDAY        0.0
  MONTH TO DATE    0.0
  SINCE JUL 1      0.0

DEGREE DAYS
 HEATING
  YESTERDAY        0                         1     -1        1
  MONTH TO DATE    1                        12    -11       19
  SINCE SEP 1      1                        14    -13       19
  SINCE JUL 1      1                        14    -13       19

 COOLING
  YESTERDAY        8                         6      2        0
  MONTH TO DATE  183                       173     10      155
  SINCE SEP 1    656                       623     33      711
  SINCE JAN 1   2863                      2969   -106     3188
..................................................................


WIND (MPH)
  HIGHEST WIND SPEED    14   HIGHEST WIND DIRECTION     E (90)
  HIGHEST GUST SPEED    19   HIGHEST GUST DIRECTION    NE (50)
  AVERAGE WIND SPEED     5.6


SKY COVER
  AVERAGE SKY COVER 0.0


WEATHER CONDITIONS
 THE FOLLOWING WEATHER WAS RECORDED YESTERDAY.
  NO SIGNIFICANT WEATHER WAS OBSERVED.


RELATIVE HUMIDITY (PERCENT)
 HIGHEST    93           700 AM
 LOWEST     45           200 PM
 AVERAGE    69

..........................................................


THE COLLEGE STATION CLIMATE NORMALS FOR TODAY
                         NORMAL    RECORD    YEAR
 MAXIMUM TEMPERATURE (F)   79        91      1988
 MINIMUM TEMPERATURE (F)   58        38      1937


SUNRISE AND SUNSET
OCTOBER 23 2014.......SUNRISE   733 AM CDT   SUNSET   646 PM CDT
OCTOBER 24 2014.......SUNRISE   734 AM CDT   SUNSET   645 PM CDT


-  INDICATES NEGATIVE NUMBERS.
R  INDICATES RECORD WAS SET OR TIED.
MM INDICATES DATA IS MISSING.
T  INDICATES TRACE AMOUNT.




$$
