000
CDUS44 KHGX 250745
CLICLL


CLIMATE REPORT
NATIONAL WEATHER SERVICE HOUSTON/GALVESTON TX
245 AM CDT MON MAY 25 2015


...................................

...THE COLLEGE STATION CLIMATE SUMMARY FOR MAY 24 2015...

CLIMATE NORMAL PERIOD 1981 TO 2010
CLIMATE RECORD PERIOD 1902 TO 2015


WEATHER ITEM   OBSERVED TIME   RECORD YEAR NORMAL DEPARTURE LAST
                VALUE   (LST)  VALUE       VALUE  FROM      YEAR
                                                  NORMAL
..................................................................
TEMPERATURE (F)
 YESTERDAY
  MAXIMUM         81    535 PM  99    1925  88     -7       88
  MINIMUM         67    740 AM  55    1913  69     -2       68
  AVERAGE         74                        78     -4       78

PRECIPITATION (IN)
  YESTERDAY        0.74          2.60 1933   0.14   0.60     0.00
  MONTH TO DATE    6.30                      3.30   3.00     5.44
  SINCE MAR 1     16.93                      9.13   7.80     8.28
  SINCE JAN 1     24.34                     15.22   9.12    10.46

SNOWFALL (IN)
  YESTERDAY        0.0
  MONTH TO DATE    0.0
  SINCE JUL 1      T

DEGREE DAYS
 HEATING
  YESTERDAY        0                         0      0        0
  MONTH TO DATE    0                         0      0        8
  SINCE MAR 1    227                       219      8      340
  SINCE JUL 1   1768                      1606    162     2064

 COOLING
  YESTERDAY        9                        13     -4       13
  MONTH TO DATE  246                       252     -6      201
  SINCE MAR 1    484                       463     21      388
  SINCE JAN 1    485                       491     -6      409
..................................................................


WIND (MPH)
  HIGHEST WIND SPEED    28   HIGHEST WIND DIRECTION     S (160)
  HIGHEST GUST SPEED    35   HIGHEST GUST DIRECTION     S (160)
  AVERAGE WIND SPEED    11.1


SKY COVER
  AVERAGE SKY COVER 0.6


WEATHER CONDITIONS
 THE FOLLOWING WEATHER WAS RECORDED YESTERDAY.
  THUNDERSTORM
  HEAVY RAIN
  RAIN
  LIGHT RAIN
  FOG


RELATIVE HUMIDITY (PERCENT)
 HIGHEST   100           300 AM
 LOWEST     67           600 PM
 AVERAGE    84

..........................................................


THE COLLEGE STATION CLIMATE NORMALS FOR TODAY
                         NORMAL    RECORD    YEAR
 MAXIMUM TEMPERATURE (F)   88        97      2011
 MINIMUM TEMPERATURE (F)   69        55      1947


SUNRISE AND SUNSET
MAY 25 2015...........SUNRISE   626 AM CDT   SUNSET   819 PM CDT
MAY 26 2015...........SUNRISE   625 AM CDT   SUNSET   820 PM CDT


-  INDICATES NEGATIVE NUMBERS.
R  INDICATES RECORD WAS SET OR TIED.
MM INDICATES DATA IS MISSING.
T  INDICATES TRACE AMOUNT.




$$
