000
CDUS44 KHGX 182243
CLICLL


CLIMATE REPORT
NATIONAL WEATHER SERVICE HOUSTON/GALVESTON TX
433 PM CST THU DEC 18 2014


...................................

...THE COLLEGE STATION CLIMATE SUMMARY FOR DECEMBER 18 2014...
VALID TODAY AS OF 0400 PM LOCAL TIME.

CLIMATE NORMAL PERIOD 1981 TO 2010
CLIMATE RECORD PERIOD 1902 TO 2014


WEATHER ITEM   OBSERVED TIME   RECORD YEAR NORMAL DEPARTURE LAST
                VALUE   (LST)  VALUE       VALUE  FROM      YEAR
                                                  NORMAL
..................................................................
TEMPERATURE (F)
 TODAY
  MAXIMUM         62    103 PM  84    1924  62      0       69
  MINIMUM         50    740 AM  19    1996  42      8       38
  AVERAGE         56                        52      4       54

PRECIPITATION (IN)
  TODAY            T             1.30 1965   0.10  -0.10     0.00
  MONTH TO DATE    0.25                      1.87  -1.62     0.20
  SINCE DEC 1      0.25                      1.87  -1.62     0.20
  SINCE JAN 1     37.29                     38.70  -1.41    38.79

SNOWFALL (IN)
  TODAY            0.0
  MONTH TO DATE    0.0
  SINCE JUL 1      0.0

DEGREE DAYS
 HEATING
  TODAY            9                        14     -5       11
  MONTH TO DATE  118                       224   -106      310
  SINCE DEC 1    118                       224   -106      310
  SINCE JUL 1    413                       449    -36      612

 COOLING
  TODAY            0                         0      0        0
  MONTH TO DATE   10                        13     -3        7
  SINCE DEC 1     10                        13     -3        7
  SINCE JAN 1   2943                      3086   -143     3275
..................................................................


WIND (MPH)
  HIGHEST WIND SPEED    10   HIGHEST WIND DIRECTION    NE (30)
  HIGHEST GUST SPEED    16   HIGHEST GUST DIRECTION     N (350)
  AVERAGE WIND SPEED     6.2


SKY COVER
  AVERAGE SKY COVER 1.0


WEATHER CONDITIONS
 THE FOLLOWING WEATHER WAS RECORDED TODAY.
  LIGHT RAIN
  FOG
  HAZE


RELATIVE HUMIDITY (PERCENT)
 HIGHEST    93           600 AM
 LOWEST     78           100 PM
 AVERAGE    86

..........................................................


THE COLLEGE STATION CLIMATE NORMALS FOR TOMORROW
                         NORMAL    RECORD    YEAR
 MAXIMUM TEMPERATURE (F)   62        82      2012
 MINIMUM TEMPERATURE (F)   42        17      1996


SUNRISE AND SUNSET
DECEMBER 18 2014......SUNRISE   717 AM CST   SUNSET   527 PM CST
DECEMBER 19 2014......SUNRISE   717 AM CST   SUNSET   528 PM CST


-  INDICATES NEGATIVE NUMBERS.
R  INDICATES RECORD WAS SET OR TIED.
MM INDICATES DATA IS MISSING.
T  INDICATES TRACE AMOUNT.




$$
