000
CDUS44 KHGX 300735
CLICLL


CLIMATE REPORT
NATIONAL WEATHER SERVICE HOUSTON/GALVESTON TX
235 AM CDT MON MAR 30 2015


...................................

...THE COLLEGE STATION CLIMATE SUMMARY FOR MARCH 29 2015...

CLIMATE NORMAL PERIOD 1981 TO 2010
CLIMATE RECORD PERIOD 1902 TO 2015


WEATHER ITEM   OBSERVED TIME   RECORD YEAR NORMAL DEPARTURE LAST
                VALUE   (LST)  VALUE       VALUE  FROM      YEAR
                                                  NORMAL
..................................................................
TEMPERATURE (F)
 YESTERDAY
  MAXIMUM         83    350 PM  88    1976  75      8       76
                                      1960
  MINIMUM         54    438 AM  35    1975  54      0       49
                                      1944
  AVERAGE         69                        64      5       63

PRECIPITATION (IN)
  YESTERDAY        0.00          2.07 1926   0.09  -0.09     0.00
  MONTH TO DATE    5.83                      2.97   2.86     1.61
  SINCE MAR 1      5.83                      2.97   2.86     1.61
  SINCE JAN 1     13.24                      9.06   4.18     3.79

SNOWFALL (IN)
  YESTERDAY        0.0
  MONTH TO DATE    T
  SINCE JUL 1      T

DEGREE DAYS
 HEATING
  YESTERDAY        0                         3     -3        2
  MONTH TO DATE  211                       165     46      266
  SINCE MAR 1    211                       165     46      266
  SINCE JUL 1   1752                      1552    200     1990

 COOLING
  YESTERDAY        4                         3      1        0
  MONTH TO DATE   34                        52    -18       21
  SINCE MAR 1     34                        52    -18       21
  SINCE JAN 1     35                        80    -45       42
..................................................................


WIND (MPH)
  HIGHEST WIND SPEED    25   HIGHEST WIND DIRECTION     S (170)
  HIGHEST GUST SPEED    35   HIGHEST GUST DIRECTION     S (190)
  AVERAGE WIND SPEED    13.8


SKY COVER
  AVERAGE SKY COVER 0.2


WEATHER CONDITIONS
 THE FOLLOWING WEATHER WAS RECORDED YESTERDAY.
  NO SIGNIFICANT WEATHER WAS OBSERVED.


RELATIVE HUMIDITY (PERCENT)
 HIGHEST    93           400 AM
 LOWEST     37           300 PM
 AVERAGE    65

..........................................................


THE COLLEGE STATION CLIMATE NORMALS FOR TODAY
                         NORMAL    RECORD    YEAR
 MAXIMUM TEMPERATURE (F)   75        96      1946
 MINIMUM TEMPERATURE (F)   54        32      1926


SUNRISE AND SUNSET
MARCH 30 2015.........SUNRISE   717 AM CDT   SUNSET   743 PM CDT
MARCH 31 2015.........SUNRISE   716 AM CDT   SUNSET   744 PM CDT


-  INDICATES NEGATIVE NUMBERS.
R  INDICATES RECORD WAS SET OR TIED.
MM INDICATES DATA IS MISSING.
T  INDICATES TRACE AMOUNT.




$$
