081
CDUS44 KHGX 090735
CLICLL


CLIMATE REPORT
NATIONAL WEATHER SERVICE HOUSTON/GALVESTON TX
135 AM CST FRI DEC 9 2016


...................................

...THE COLLEGE STATION CLIMATE SUMMARY FOR DECEMBER 8 2016...

CLIMATE NORMAL PERIOD 1981 TO 2010
CLIMATE RECORD PERIOD 1902 TO 2016


WEATHER ITEM   OBSERVED TIME   RECORD YEAR NORMAL DEPARTURE LAST
                VALUE   (LST)  VALUE       VALUE  FROM      YEAR
                                                  NORMAL
..................................................................
TEMPERATURE (F)
 YESTERDAY
  MAXIMUM         53   1233 AM  86    1922  64    -11       73
  MINIMUM         36   1159 PM  21    1917  43     -7       44
  AVERAGE         45                        53     -8       59

PRECIPITATION (IN)
  YESTERDAY        T             3.20 1926   0.10  -0.10     0.00
  MONTH TO DATE    2.58                      0.85   1.73     0.00
  SINCE DEC 1      2.58                      0.85   1.73     0.00
  SINCE JAN 1     46.60                     37.68   8.92    50.23

SNOWFALL (IN)
  YESTERDAY        0.0
  MONTH TO DATE    0.0
  SINCE JUL 1      0.0

DEGREE DAYS
 HEATING
  YESTERDAY       20                        12      8        6
  MONTH TO DATE  108                        92     16       87
  SINCE DEC 1    108                        92     16       87
  SINCE JUL 1    177                       317   -140      234

 COOLING
  YESTERDAY        0                         1     -1        0
  MONTH TO DATE    0                         8     -8        0
  SINCE DEC 1      0                         8     -8        0
  SINCE JAN 1   3290                      3081    209     3207
..................................................................


WIND (MPH)
  HIGHEST WIND SPEED    25   HIGHEST WIND DIRECTION     N (360)
  HIGHEST GUST SPEED    34   HIGHEST GUST DIRECTION     N (360)
  AVERAGE WIND SPEED    17.7


SKY COVER
  AVERAGE SKY COVER 0.9


WEATHER CONDITIONS
 THE FOLLOWING WEATHER WAS RECORDED YESTERDAY.
  LIGHT RAIN
  FOG


RELATIVE HUMIDITY (PERCENT)
 HIGHEST    89           100 AM
 LOWEST     54          1000 PM
 AVERAGE    72

..........................................................


THE COLLEGE STATION CLIMATE NORMALS FOR TODAY
                         NORMAL    RECORD    YEAR
 MAXIMUM TEMPERATURE (F)   63        83      2007
 MINIMUM TEMPERATURE (F)   43        19      1917


SUNRISE AND SUNSET
DECEMBER  9 2016......SUNRISE   711 AM CST   SUNSET   525 PM CST
DECEMBER 10 2016......SUNRISE   712 AM CST   SUNSET   525 PM CST


-  INDICATES NEGATIVE NUMBERS.
R  INDICATES RECORD WAS SET OR TIED.
MM INDICATES DATA IS MISSING.
T  INDICATES TRACE AMOUNT.




$$
