000
CDUS44 KHGX 220721
CLICLL


CLIMATE REPORT
NATIONAL WEATHER SERVICE HOUSTON/GALVESTON TX
120 AM CST SUN JAN 22 2017


...................................

...THE COLLEGE STATION CLIMATE SUMMARY FOR JANUARY 21 2017...

CLIMATE NORMAL PERIOD 1981 TO 2010
CLIMATE RECORD PERIOD 1902 TO 2017


WEATHER ITEM   OBSERVED TIME   RECORD YEAR NORMAL DEPARTURE LAST
                VALUE   (LST)  VALUE       VALUE  FROM      YEAR
                                                  NORMAL
..................................................................
TEMPERATURE (F)
 YESTERDAY
  MAXIMUM         77    446 PM  83    1911  61     16       66
  MINIMUM         57   1159 PM   9    1930  41     16       41
  AVERAGE         67                        51     16       54

PRECIPITATION (IN)
  YESTERDAY        0.01          2.71 1916   0.11  -0.10     0.01
  MONTH TO DATE    3.73                      2.18   1.55     1.30
  SINCE DEC 1      6.50                      5.41   1.09     9.38
  SINCE JAN 1      3.73                      2.18   1.55     1.30

SNOWFALL (IN)
  YESTERDAY        0.0
  MONTH TO DATE    T
  SINCE JUL 1      T

DEGREE DAYS
 HEATING
  YESTERDAY        0                        14    -14       11
  MONTH TO DATE  190                       307   -117      318
  SINCE DEC 1    509                       718   -209      573
  SINCE JUL 1    578                       943   -365      720

 COOLING
  YESTERDAY        2                         0      2        0
  MONTH TO DATE   35                         0     35        0
  SINCE DEC 1     79                        16     63       36
  SINCE JAN 1     35                         0     35        0
..................................................................


WIND (MPH)
  HIGHEST WIND SPEED    26   HIGHEST WIND DIRECTION     W (280)
  HIGHEST GUST SPEED    37   HIGHEST GUST DIRECTION     W (280)
  AVERAGE WIND SPEED     8.1


SKY COVER
  AVERAGE SKY COVER 0.6


WEATHER CONDITIONS
 THE FOLLOWING WEATHER WAS RECORDED YESTERDAY.
  LIGHT RAIN
  FOG


RELATIVE HUMIDITY (PERCENT)
 HIGHEST   100           400 AM
 LOWEST     40           900 PM
 AVERAGE    70

..........................................................


THE COLLEGE STATION CLIMATE NORMALS FOR TODAY
                         NORMAL    RECORD    YEAR
 MAXIMUM TEMPERATURE (F)   61        82      1911
 MINIMUM TEMPERATURE (F)   41        18      1954
                                             1930


SUNRISE AND SUNSET
JANUARY 22 2017.......SUNRISE   721 AM CST   SUNSET   553 PM CST
JANUARY 23 2017.......SUNRISE   721 AM CST   SUNSET   554 PM CST


-  INDICATES NEGATIVE NUMBERS.
R  INDICATES RECORD WAS SET OR TIED.
MM INDICATES DATA IS MISSING.
T  INDICATES TRACE AMOUNT.




$$
