000
CDUS44 KHGX 090818
CLICLL


CLIMATE REPORT
NATIONAL WEATHER SERVICE HOUSTON/GALVESTON TX
217 AM CST TUE FEB 9 2016


...................................

...THE COLLEGE STATION CLIMATE SUMMARY FOR FEBRUARY 8 2016...

CLIMATE NORMAL PERIOD 1981 TO 2010
CLIMATE RECORD PERIOD 1902 TO 2016


WEATHER ITEM   OBSERVED TIME   RECORD YEAR NORMAL DEPARTURE LAST
                VALUE   (LST)  VALUE       VALUE  FROM      YEAR
                                                  NORMAL
..................................................................
TEMPERATURE (F)
 YESTERDAY
  MAXIMUM         61    418 PM  82    1994  64     -3       72
  MINIMUM         39   1148 PM  11    1933  43     -4       54
  AVERAGE         50                        53     -3       63

PRECIPITATION (IN)
  YESTERDAY        0.00          1.82 1956   0.10  -0.10     0.00
  MONTH TO DATE    0.10                      0.80  -0.70     0.32
  SINCE DEC 1      9.48                      7.27   2.21     9.55
  SINCE JAN 1      1.40                      4.04  -2.64     6.98

SNOWFALL (IN)
  YESTERDAY        0.0
  MONTH TO DATE    0.0
  SINCE JUL 1      0.0

DEGREE DAYS
 HEATING
  YESTERDAY       15                        12      3        2
  MONTH TO DATE  110                       102      8      120
  SINCE DEC 1    796                       955   -159      969
  SINCE JUL 1    943                      1180   -237     1264

 COOLING
  YESTERDAY        0                         1     -1        0
  MONTH TO DATE    4                         5     -1        0
  SINCE DEC 1     44                        32     12       10
  SINCE JAN 1      8                        16     -8        0
..................................................................


WIND (MPH)
  HIGHEST WIND SPEED    29   HIGHEST WIND DIRECTION    NW (320)
  HIGHEST GUST SPEED    36   HIGHEST GUST DIRECTION    NW (320)
  AVERAGE WIND SPEED    13.9


SKY COVER
  AVERAGE SKY COVER 0.0


WEATHER CONDITIONS
 THE FOLLOWING WEATHER WAS RECORDED YESTERDAY.
  NO SIGNIFICANT WEATHER WAS OBSERVED.


RELATIVE HUMIDITY (PERCENT)
 HIGHEST    70           100 AM
 LOWEST     12           300 PM
 AVERAGE    41

..........................................................


THE COLLEGE STATION CLIMATE NORMALS FOR TODAY
                         NORMAL    RECORD    YEAR
 MAXIMUM TEMPERATURE (F)   64        86      1960
 MINIMUM TEMPERATURE (F)   43        16      1933


SUNRISE AND SUNSET
FEBRUARY  9 2016......SUNRISE   711 AM CST   SUNSET   608 PM CST
FEBRUARY 10 2016......SUNRISE   711 AM CST   SUNSET   609 PM CST


-  INDICATES NEGATIVE NUMBERS.
R  INDICATES RECORD WAS SET OR TIED.
MM INDICATES DATA IS MISSING.
T  INDICATES TRACE AMOUNT.




$$
