000
CDUS44 KHGX 290724
CLICLL


CLIMATE REPORT
NATIONAL WEATHER SERVICE HOUSTON/GALVESTON TX
223 AM CDT WED JUL 29 2015


...................................

...THE COLLEGE STATION CLIMATE SUMMARY FOR JULY 28 2015...

CLIMATE NORMAL PERIOD 1981 TO 2010
CLIMATE RECORD PERIOD 1902 TO 2015


WEATHER ITEM   OBSERVED TIME   RECORD YEAR NORMAL DEPARTURE LAST
                VALUE   (LST)  VALUE       VALUE  FROM      YEAR
                                                  NORMAL
..................................................................
TEMPERATURE (F)
 YESTERDAY
  MAXIMUM         98    428 PM 105    1995  96      2       97
  MINIMUM         76    455 AM  64    1994  75      1       75
  AVERAGE         87                        85      2       86

PRECIPITATION (IN)
  YESTERDAY        0.00          1.12 1920   0.07  -0.07     0.00
  MONTH TO DATE    0.20                      1.96  -1.76     5.77
  SINCE JUN 1      5.41                      6.41  -1.00     7.38
  SINCE JAN 1     33.18                     22.66  10.52    21.41

SNOWFALL (IN)
  YESTERDAY        0.0
  MONTH TO DATE    0.0
  SINCE JUL 1      0.0

DEGREE DAYS
 HEATING
  YESTERDAY        0                         0      0        0
  MONTH TO DATE    0                         0      0        0
  SINCE JUN 1      0                         0      0        0
  SINCE JUL 1      0                         0      0        0

 COOLING
  YESTERDAY       22                        20      2       21
  MONTH TO DATE  559                       549     10      516
  SINCE JUN 1   1064                      1065     -1     1043
  SINCE JAN 1   1635                      1653    -18     1530
..................................................................


WIND (MPH)
  HIGHEST WIND SPEED    18   HIGHEST WIND DIRECTION     S (160)
  HIGHEST GUST SPEED    24   HIGHEST GUST DIRECTION    SE (150)
  AVERAGE WIND SPEED     9.4


SKY COVER
  AVERAGE SKY COVER 0.2


WEATHER CONDITIONS
 THE FOLLOWING WEATHER WAS RECORDED YESTERDAY.
  FOG
  HAZE


RELATIVE HUMIDITY (PERCENT)
 HIGHEST   100           500 AM
 LOWEST     38           300 PM
 AVERAGE    69

..........................................................


THE COLLEGE STATION CLIMATE NORMALS FOR TODAY
                         NORMAL    RECORD    YEAR
 MAXIMUM TEMPERATURE (F)   96       105      1912
 MINIMUM TEMPERATURE (F)   75        65      1994


SUNRISE AND SUNSET
JULY 29 2015..........SUNRISE   641 AM CDT   SUNSET   822 PM CDT
JULY 30 2015..........SUNRISE   642 AM CDT   SUNSET   821 PM CDT


-  INDICATES NEGATIVE NUMBERS.
R  INDICATES RECORD WAS SET OR TIED.
MM INDICATES DATA IS MISSING.
T  INDICATES TRACE AMOUNT.




$$
