000
CDUS44 KHGX 012135
CLICLL


CLIMATE REPORT
NATIONAL WEATHER SERVICE HOUSTON/GALVESTON TX
433 PM CDT FRI AUG 1 2014


...................................

...THE COLLEGE STATION CLIMATE SUMMARY FOR AUGUST 1 2014...
VALID TODAY AS OF 400 PM LOCAL TIME.

CLIMATE NORMAL PERIOD 1981 TO 2010
CLIMATE RECORD PERIOD 1902 TO 2014


WEATHER ITEM   OBSERVED TIME   RECORD YEAR NORMAL DEPARTURE LAST
                VALUE   (LST)  VALUE       VALUE  FROM      YEAR
                                                  NORMAL
..................................................................
TEMPERATURE (F)
 TODAY
  MAXIMUM         85    253 PM 106    2011  96    -11      103
                                      1998
  MINIMUM         71    632 AM  63    1925  75     -4       76
  AVERAGE         78                        86     -8       90

PRECIPITATION (IN)
  TODAY            0.00          2.45 1989   0.07  -0.07     0.01
  MONTH TO DATE    0.00                      0.07  -0.07     0.01
  SINCE JUN 1      8.33                      6.66   1.67     2.69
  SINCE JAN 1     22.36                     22.91  -0.55    18.96

SNOWFALL (IN)
  TODAY            0.0
  MONTH TO DATE    0.0
  SINCE JUL 1      0.0

DEGREE DAYS
 HEATING
  TODAY            0                         0      0        0
  MONTH TO DATE    0                         0      0        0
  SINCE JUN 1      0                         0      0        0
  SINCE JUL 1      0                         0      0        0

 COOLING
  TODAY           13                        20     -7       25
  MONTH TO DATE   13                        20     -7       25
  SINCE JUN 1   1113                      1147    -34     1240
  SINCE JAN 1   1600                      1735   -135     1804
..................................................................


WIND (MPH)
  HIGHEST WIND SPEED    16   HIGHEST WIND DIRECTION     N (10)
  HIGHEST GUST SPEED    20   HIGHEST GUST DIRECTION     N (10)
  AVERAGE WIND SPEED     7.8


SKY COVER
  AVERAGE SKY COVER 0.8


WEATHER CONDITIONS
 THE FOLLOWING WEATHER WAS RECORDED TODAY.
  NO SIGNIFICANT WEATHER WAS OBSERVED.


RELATIVE HUMIDITY (PERCENT)
 HIGHEST    93           700 AM
 LOWEST     61           200 PM
 AVERAGE    77

..........................................................


THE COLLEGE STATION CLIMATE NORMALS FOR TOMORROW
                         NORMAL    RECORD    YEAR
 MAXIMUM TEMPERATURE (F)   96       105      2011
                                             1998
 MINIMUM TEMPERATURE (F)   75        65      1936


SUNRISE AND SUNSET
AUGUST  1 2014........SUNRISE   643 AM CDT   SUNSET   820 PM CDT
AUGUST  2 2014........SUNRISE   644 AM CDT   SUNSET   819 PM CDT


-  INDICATES NEGATIVE NUMBERS.
R  INDICATES RECORD WAS SET OR TIED.
MM INDICATES DATA IS MISSING.
T  INDICATES TRACE AMOUNT.


$$
