000
CDUS42 KGSP 062141
CLICLT

CLIMATE REPORT
NATIONAL WEATHER SERVICE GREENVILLE-SPARTANBURG SC
441 PM EST FRI MAR 6 2015


...................................

...THE CHARLOTTE NC CLIMATE SUMMARY FOR MARCH 6 2015...
VALID TODAY AS OF 0440 PM LOCAL TIME.

CLIMATE NORMAL PERIOD 1981 TO 2010
CLIMATE RECORD PERIOD 1878 TO 2015


WEATHER ITEM   OBSERVED TIME   RECORD YEAR NORMAL DEPARTURE LAST
                VALUE   (LST)  VALUE       VALUE  FROM      YEAR
                                                  NORMAL
..................................................................
TEMPERATURE (F)
 TODAY
  MAXIMUM         44    407 PM  78    1956  60    -16       41
  MINIMUM         25    714 AM  10    1960  37    -12       33
  AVERAGE         35                        48    -13       37

PRECIPITATION (IN)
  TODAY            0.00          2.46 1932   0.13  -0.13     0.75
  MONTH TO DATE    0.76                      0.79  -0.03     0.90
  SINCE MAR 1      0.76                      0.79  -0.03     0.90
  SINCE JAN 1      6.58                      7.52  -0.94     7.82

SNOWFALL (IN)
  TODAY            0.0           1.5  1912   0.1   -0.1      0.0
  MONTH TO DATE    0.0                       0.2   -0.2       T
  SINCE MAR 1      0.0                       0.2   -0.2       T
  SINCE JUL 1      3.1                       3.9   -0.8      9.3
  SNOW DEPTH       0

DEGREE DAYS
 HEATING
  TODAY           30                        17     13       28
  MONTH TO DATE  110                       104      6      137
  SINCE MAR 1    110                       104      6      137
  SINCE JUL 1   2881                      2803     78     2813

 COOLING
  TODAY            0                         0      0        0
  MONTH TO DATE    0                         0      0        0
  SINCE MAR 1      0                         0      0        0
  SINCE JAN 1      0                         0      0        1
..................................................................


WIND (MPH)
  HIGHEST WIND SPEED    20   HIGHEST WIND DIRECTION     N (20)
  HIGHEST GUST SPEED    24   HIGHEST GUST DIRECTION     N (20)
  AVERAGE WIND SPEED     9.3


SKY COVER
  POSSIBLE SUNSHINE  MM
  AVERAGE SKY COVER 0.3


WEATHER CONDITIONS
 THE FOLLOWING WEATHER WAS RECORDED TODAY.
  NO SIGNIFICANT WEATHER WAS OBSERVED.


RELATIVE HUMIDITY (PERCENT)
 HIGHEST    64          1200 AM
 LOWEST     32           300 PM
 AVERAGE    48

..........................................................


THE CHARLOTTE NC CLIMATE NORMALS FOR TOMORROW
                         NORMAL    RECORD    YEAR
 MAXIMUM TEMPERATURE (F)   60        85      1974
 MINIMUM TEMPERATURE (F)   37        14      1899


SUNRISE AND SUNSET
MARCH  6 2015.........SUNRISE   647 AM EST   SUNSET   624 PM EST
MARCH  7 2015.........SUNRISE   646 AM EST   SUNSET   624 PM EST


-  INDICATES NEGATIVE NUMBERS.
R  INDICATES RECORD WAS SET OR TIED.
MM INDICATES DATA IS MISSING.
T  INDICATES TRACE AMOUNT.

$$

OUTLAW
