000
CDUS42 KGSP 200638
CLICLT

CLIMATE REPORT
NATIONAL WEATHER SERVICE GREENVILLE-SPARTANBURG SC
236 AM EDT SUN APR 20 2014


...................................

...THE CHARLOTTE NC CLIMATE SUMMARY FOR APRIL 19 2014...

CLIMATE NORMAL PERIOD 1981 TO 2010
CLIMATE RECORD PERIOD 1878 TO 2014


WEATHER ITEM   OBSERVED TIME   RECORD YEAR NORMAL DEPARTURE LAST
                VALUE   (LST)  VALUE       VALUE  FROM      YEAR
                                                  NORMAL
..................................................................
TEMPERATURE (F)
 YESTERDAY
  MAXIMUM         53   1032 PM  89    2002  73    -20       81
                                      1955
                                      1941
  MINIMUM         47    527 AM  30    2001  48     -1       54
                                      1983
  AVERAGE         50                        60    -10       68

PRECIPITATION (IN)
  YESTERDAY        2.08R         1.75 1901   0.10   1.98     0.27
  MONTH TO DATE    6.41                      1.93   4.48     1.83
  SINCE MAR 1     10.89                      5.94   4.95     5.27
  SINCE JAN 1     17.81                     12.67   5.14    13.02

SNOWFALL (IN)
  YESTERDAY        0.0           0.0    MM   0.0    0.0      0.0
  MONTH TO DATE    0.0                       0.0    0.0      0.0
  SINCE MAR 1      T                         0.6   -0.6       T
  SINCE JUL 1      9.3                       4.3    5.0      2.7
  SNOW DEPTH       0

DEGREE DAYS
 HEATING
  YESTERDAY       15                         6      9        0
  MONTH TO DATE  127                       148    -21       89
  SINCE MAR 1    668                       581     87      670
  SINCE JUL 1   3344                      3280     64     3075

 COOLING
  YESTERDAY        0                         1     -1        3
  MONTH TO DATE   22                        18      4       40
  SINCE MAR 1     22                        23     -1       43
  SINCE JAN 1     23                        23      0       43
..................................................................


WIND (MPH)
  HIGHEST WIND SPEED    20   HIGHEST WIND DIRECTION    NE (60)
  HIGHEST GUST SPEED    28   HIGHEST GUST DIRECTION     E (70)
  AVERAGE WIND SPEED    11.2


SKY COVER
  POSSIBLE SUNSHINE  MM
  AVERAGE SKY COVER 1.0


WEATHER CONDITIONS
 THE FOLLOWING WEATHER WAS RECORDED YESTERDAY.
  HEAVY RAIN
  RAIN
  LIGHT RAIN
  FOG


RELATIVE HUMIDITY (PERCENT)
 HIGHEST   100           500 AM
 LOWEST     83          1000 PM
 AVERAGE    92

..........................................................


THE CHARLOTTE NC CLIMATE NORMALS FOR TODAY
                         NORMAL    RECORD    YEAR
 MAXIMUM TEMPERATURE (F)   73        91      1896
 MINIMUM TEMPERATURE (F)   48        28      1983


SUNRISE AND SUNSET
APRIL 20 2014.........SUNRISE   645 AM EDT   SUNSET   801 PM EDT
APRIL 21 2014.........SUNRISE   644 AM EDT   SUNSET   801 PM EDT


-  INDICATES NEGATIVE NUMBERS.
R  INDICATES RECORD WAS SET OR TIED.
MM INDICATES DATA IS MISSING.
T  INDICATES TRACE AMOUNT.

$$
