000
CDUS42 KGSP 210642 RRA
CLICLT

CLIMATE REPORT
NATIONAL WEATHER SERVICE GREENVILLE-SPARTANBURG SC
141 AM EST WED FEB 21 2018


...................................

...THE CHARLOTTE NC CLIMATE SUMMARY FOR FEBRUARY 20 2018...

CLIMATE NORMAL PERIOD 1981 TO 2010
CLIMATE RECORD PERIOD 1878 TO 2018


WEATHER ITEM   OBSERVED TIME   RECORD YEAR NORMAL DEPARTURE LAST
                VALUE   (LST)  VALUE       VALUE  FROM      YEAR
                                                  NORMAL
..................................................................
TEMPERATURE (F)
 YESTERDAY
  MAXIMUM         75    415 PM  77    2014  56     19       73
  MINIMUM         53    142 AM   7    2015  34     19       35
  AVERAGE         64                        45     19       54

PRECIPITATION (IN)
  YESTERDAY        0.00          1.82 1905   0.13  -0.13     0.00
  MONTH TO DATE    2.70                      2.29   0.41     1.12
  SINCE DEC 1      7.38                      8.95  -1.57     9.75
  SINCE JAN 1      5.26                      5.70  -0.44     6.84

SNOWFALL (IN)
  YESTERDAY        0.0           0.9  1947   0.1   -0.1      0.0
  MONTH TO DATE    0.0                       0.9   -0.9      0.0
  SINCE DEC 1      4.0                       3.3    0.7      1.1
  SINCE JUL 1      4.0                       3.4    0.6      1.1
  SNOW DEPTH       0

DEGREE DAYS
 HEATING
  YESTERDAY        1                        20    -19       11
  MONTH TO DATE  279                       440   -161      263
  SINCE DEC 1   1727                      1911   -184     1422
  SINCE JUL 1   2253                      2547   -294     1840

 COOLING
  YESTERDAY        0                         0      0        0
  MONTH TO DATE   11                         0     11        5
  SINCE DEC 1     11                         1     10        5
  SINCE JAN 1     11                         0     11        5
..................................................................


WIND (MPH)
  HIGHEST WIND SPEED    13   HIGHEST WIND DIRECTION     S (200)
  HIGHEST GUST SPEED    18   HIGHEST GUST DIRECTION     E (90)
  AVERAGE WIND SPEED     4.8


SKY COVER
  POSSIBLE SUNSHINE  MM
  AVERAGE SKY COVER 0.8


WEATHER CONDITIONS
 THE FOLLOWING WEATHER WAS RECORDED YESTERDAY.
  FOG
  FOG W/VISIBILITY <= 1/4 MILE


RELATIVE HUMIDITY (PERCENT)
 HIGHEST   100          1200 AM
 LOWEST     61           500 PM
 AVERAGE    81

..........................................................


THE CHARLOTTE NC CLIMATE NORMALS FOR TODAY
                         NORMAL    RECORD    YEAR
 MAXIMUM TEMPERATURE (F)   56        75      2011
                                             1986
 MINIMUM TEMPERATURE (F)   34         6      1896


SUNRISE AND SUNSET
FEBRUARY 21 2018......SUNRISE   703 AM EST   SUNSET   612 PM EST
FEBRUARY 22 2018......SUNRISE   702 AM EST   SUNSET   613 PM EST


-  INDICATES NEGATIVE NUMBERS.
R  INDICATES RECORD WAS SET OR TIED.
MM INDICATES DATA IS MISSING.
T  INDICATES TRACE AMOUNT.




$$
