000
CDUS42 KGSP 260633
CLICLT

CLIMATE REPORT
NATIONAL WEATHER SERVICE GREENVILLE-SPARTANBURG SC
232 AM EDT FRI MAY 26 2017


...................................

...THE CHARLOTTE NC CLIMATE SUMMARY FOR MAY 25 2017...

CLIMATE NORMAL PERIOD 1981 TO 2010
CLIMATE RECORD PERIOD 1878 TO 2017


WEATHER ITEM   OBSERVED TIME   RECORD YEAR NORMAL DEPARTURE LAST
                VALUE   (LST)  VALUE       VALUE  FROM      YEAR
                                                  NORMAL
..................................................................
TEMPERATURE (F)
 YESTERDAY
  MAXIMUM         74    227 PM  95    1953  81     -7       85
                                      1926
  MINIMUM         58    450 AM  41    2013  59     -1       57
  AVERAGE         66                        70     -4       71

PRECIPITATION (IN)
  YESTERDAY        0.01          2.24 1939   0.11  -0.10     0.00
  MONTH TO DATE    5.30                      2.49   2.81     4.90
  SINCE MAR 1     13.55                      9.54   4.01     7.78
  SINCE JAN 1     20.46                     16.27   4.19    14.56

SNOWFALL (IN)
  YESTERDAY        0.0           0.0    MM   0.0    0.0      0.0
  MONTH TO DATE    0.0                       0.0    0.0      0.0
  SINCE MAR 1      1.1                       0.6    0.5      0.0
  SINCE JUL 1      2.2                       4.3   -2.1      3.3
  SNOW DEPTH       0

DEGREE DAYS
 HEATING
  YESTERDAY        0                         1     -1        0
  MONTH TO DATE   26                        49    -23       43
  SINCE MAR 1    494                       682   -188      426
  SINCE JUL 1   2392                      3381   -989     2568

 COOLING
  YESTERDAY        1                         6     -5        6
  MONTH TO DATE  119                        87     32       90
  SINCE MAR 1    244                       124    120      188
  SINCE JAN 1    249                       124    125      188
..................................................................


WIND (MPH)
  HIGHEST WIND SPEED    22   HIGHEST WIND DIRECTION     W (250)
  HIGHEST GUST SPEED    31   HIGHEST GUST DIRECTION    SW (240)
  AVERAGE WIND SPEED    10.5


SKY COVER
  POSSIBLE SUNSHINE  MM
  AVERAGE SKY COVER 0.7


WEATHER CONDITIONS
 THE FOLLOWING WEATHER WAS RECORDED YESTERDAY.
  LIGHT RAIN


RELATIVE HUMIDITY (PERCENT)
 HIGHEST    90           100 AM
 LOWEST     47           400 PM
 AVERAGE    69

..........................................................


THE CHARLOTTE NC CLIMATE NORMALS FOR TODAY
                         NORMAL    RECORD    YEAR
 MAXIMUM TEMPERATURE (F)   81        96      1926
 MINIMUM TEMPERATURE (F)   59        45      1979


SUNRISE AND SUNSET
MAY 26 2017...........SUNRISE   613 AM EDT   SUNSET   829 PM EDT
MAY 27 2017...........SUNRISE   612 AM EDT   SUNSET   830 PM EDT


-  INDICATES NEGATIVE NUMBERS.
R  INDICATES RECORD WAS SET OR TIED.
MM INDICATES DATA IS MISSING.
T  INDICATES TRACE AMOUNT.




$$
