438
CDUS42 KGSP 240637 RRA
CLICLT

CLIMATE REPORT
NATIONAL WEATHER SERVICE GREENVILLE-SPARTANBURG SC
237 AM EDT TUE MAY 24 2016


...................................

...THE CHARLOTTE NC CLIMATE SUMMARY FOR MAY 23 2016...

CLIMATE NORMAL PERIOD 1981 TO 2010
CLIMATE RECORD PERIOD 1878 TO 2016


WEATHER ITEM   OBSERVED TIME   RECORD YEAR NORMAL DEPARTURE LAST
                VALUE   (LST)  VALUE       VALUE  FROM      YEAR
                                                  NORMAL
..................................................................
TEMPERATURE (F)
 YESTERDAY
  MAXIMUM         73    338 PM  98    1941  81     -8       82
  MINIMUM         51    537 AM  37    2002  58     -7       47
  AVERAGE         62                        69     -7       65

PRECIPITATION (IN)
  YESTERDAY        0.00          3.16 1916   0.10  -0.10     0.00
  MONTH TO DATE    4.90                      2.27   2.63      T
  SINCE MAR 1      7.78                      9.32  -1.54     8.33
  SINCE JAN 1     14.56                     16.05  -1.49    14.15

SNOWFALL (IN)
  YESTERDAY        0.0           0.0    MM   0.0    0.0      0.0
  MONTH TO DATE    0.0                       0.0    0.0      0.0
  SINCE MAR 1      0.0                       0.6   -0.6      0.0
  SINCE JUL 1      3.3                       4.3   -1.0      3.1
  SNOW DEPTH       0

DEGREE DAYS
 HEATING
  YESTERDAY        3                         1      2        0
  MONTH TO DATE   43                        47     -4       15
  SINCE MAR 1    426                       680   -254      483
  SINCE JUL 1   2568                      3379   -811     3254

 COOLING
  YESTERDAY        0                         5     -5        0
  MONTH TO DATE   84                        76      8      146
  SINCE MAR 1    182                       113     69      209
  SINCE JAN 1    182                       113     69      209
..................................................................


WIND (MPH)
  HIGHEST WIND SPEED    17   HIGHEST WIND DIRECTION     N (360)
  HIGHEST GUST SPEED    22   HIGHEST GUST DIRECTION    NE (40)
  AVERAGE WIND SPEED     6.7


SKY COVER
  POSSIBLE SUNSHINE  MM
  AVERAGE SKY COVER 0.4


WEATHER CONDITIONS
 THE FOLLOWING WEATHER WAS RECORDED YESTERDAY.
  NO SIGNIFICANT WEATHER WAS OBSERVED.


RELATIVE HUMIDITY (PERCENT)
 HIGHEST    89           500 AM
 LOWEST     44           600 PM
 AVERAGE    67

..........................................................


THE CHARLOTTE NC CLIMATE NORMALS FOR TODAY
                         NORMAL    RECORD    YEAR
 MAXIMUM TEMPERATURE (F)   81        95      1939
                                             1903
 MINIMUM TEMPERATURE (F)   58        43      1931


SUNRISE AND SUNSET
MAY 24 2016...........SUNRISE   614 AM EDT   SUNSET   828 PM EDT
MAY 25 2016...........SUNRISE   613 AM EDT   SUNSET   829 PM EDT


-  INDICATES NEGATIVE NUMBERS.
R  INDICATES RECORD WAS SET OR TIED.
MM INDICATES DATA IS MISSING.
T  INDICATES TRACE AMOUNT.

$$
