911
CDUS42 KGSP 090639
CLICLT

CLIMATE REPORT
NATIONAL WEATHER SERVICE GREENVILLE-SPARTANBURG SC
137 AM EST TUE FEB 9 2016


...................................

...THE CHARLOTTE NC CLIMATE SUMMARY FOR FEBRUARY 8 2016...

CLIMATE NORMAL PERIOD 1981 TO 2010
CLIMATE RECORD PERIOD 1878 TO 2016


WEATHER ITEM   OBSERVED TIME   RECORD YEAR NORMAL DEPARTURE LAST
                VALUE   (LST)  VALUE       VALUE  FROM      YEAR
                                                  NORMAL
..................................................................
TEMPERATURE (F)
 YESTERDAY
  MAXIMUM         51    442 PM  74    2009  54     -3       70
  MINIMUM         28    127 AM   1    1895  31     -3       47
  AVERAGE         40                        42     -2       59

PRECIPITATION (IN)
  YESTERDAY        0.01          1.12 1896   0.10  -0.09     0.00
  MONTH TO DATE    0.75                      0.87  -0.12     0.40
  SINCE DEC 1     11.73                      7.53   4.20     5.77
  SINCE JAN 1      3.03                      4.28  -1.25     3.20

SNOWFALL (IN)
  YESTERDAY        0.0           0.2  1964   0.1   -0.1      0.0
  MONTH TO DATE    T                         0.4   -0.4      0.0
  SINCE DEC 1      3.3                       2.8    0.5      0.0
  SINCE JUL 1      3.3                       2.9    0.4       T
  SNOW DEPTH       0

DEGREE DAYS
 HEATING
  YESTERDAY       25                        23      2        6
  MONTH TO DATE  132                       185    -53      178
  SINCE DEC 1   1220                      1656   -436     1527
  SINCE JUL 1   1686                      2292   -606     2185

 COOLING
  YESTERDAY        0                         0      0        0
  MONTH TO DATE    0                         0      0        0
  SINCE DEC 1     12                         1     11        0
  SINCE JAN 1      0                         0      0        0
..................................................................


WIND (MPH)
  HIGHEST WIND SPEED    26   HIGHEST WIND DIRECTION     W (270)
  HIGHEST GUST SPEED    32   HIGHEST GUST DIRECTION     W (260)
  AVERAGE WIND SPEED     5.1


SKY COVER
  POSSIBLE SUNSHINE  MM
  AVERAGE SKY COVER 0.5


WEATHER CONDITIONS
 THE FOLLOWING WEATHER WAS RECORDED YESTERDAY.
  LIGHT RAIN


RELATIVE HUMIDITY (PERCENT)
 HIGHEST    82          1000 PM
 LOWEST     39          1100 AM
 AVERAGE    61

..........................................................


THE CHARLOTTE NC CLIMATE NORMALS FOR TODAY
                         NORMAL    RECORD    YEAR
 MAXIMUM TEMPERATURE (F)   54        77      1994
 MINIMUM TEMPERATURE (F)   32         6      1895


SUNRISE AND SUNSET
FEBRUARY  9 2016......SUNRISE   717 AM EST   SUNSET   600 PM EST
FEBRUARY 10 2016......SUNRISE   716 AM EST   SUNSET   601 PM EST


-  INDICATES NEGATIVE NUMBERS.
R  INDICATES RECORD WAS SET OR TIED.
MM INDICATES DATA IS MISSING.
T  INDICATES TRACE AMOUNT.




$$
