000
CDUS42 KGSP 220633
CLICLT

CLIMATE REPORT
NATIONAL WEATHER SERVICE GREENVILLE-SPARTANBURG SC
232 AM EDT WED OCT 22 2014


...................................

...THE CHARLOTTE NC CLIMATE SUMMARY FOR OCTOBER 21 2014...

CLIMATE NORMAL PERIOD 1981 TO 2010
CLIMATE RECORD PERIOD 1878 TO 2014


WEATHER ITEM   OBSERVED TIME   RECORD YEAR NORMAL DEPARTURE LAST
                VALUE   (LST)  VALUE       VALUE  FROM      YEAR
                                                  NORMAL
..................................................................
TEMPERATURE (F)
 YESTERDAY
  MAXIMUM         75    323 PM  88    1943  70      5       70
  MINIMUM         47    704 AM  30    1952  47      0       39
  AVERAGE         61                        59      2       55

PRECIPITATION (IN)
  YESTERDAY        0.00          1.31 1929   0.11  -0.11     0.00
  MONTH TO DATE    0.86                      2.41  -1.55     0.48
  SINCE SEP 1      4.85                      5.65  -0.80     3.54
  SINCE JAN 1     38.61                     34.25   4.36    38.86

SNOWFALL (IN)
  YESTERDAY        0.0           0.0    MM   0.0    0.0      0.0
  MONTH TO DATE    0.0                       0.0    0.0      0.0
  SINCE SEP 1      0.0                       0.0    0.0      0.0
  SINCE JUL 1      0.0                       0.0    0.0      0.0
  SNOW DEPTH       0

DEGREE DAYS
 HEATING
  YESTERDAY        4                         7     -3       10
  MONTH TO DATE   56                        99    -43       34
  SINCE SEP 1     68                       122    -54       36
  SINCE JUL 1     68                       122    -54       37

 COOLING
  YESTERDAY        0                         1     -1        0
  MONTH TO DATE   57                        34     23       60
  SINCE SEP 1    290                       232     58      288
  SINCE JAN 1   1645                      1509    136     1576
..................................................................


WIND (MPH)
  HIGHEST WIND SPEED    16   HIGHEST WIND DIRECTION    NW (300)
  HIGHEST GUST SPEED    20   HIGHEST GUST DIRECTION    NW (300)
  AVERAGE WIND SPEED     4.9


SKY COVER
  POSSIBLE SUNSHINE  MM
  AVERAGE SKY COVER 0.3


WEATHER CONDITIONS
 THE FOLLOWING WEATHER WAS RECORDED YESTERDAY.
  FOG


RELATIVE HUMIDITY (PERCENT)
 HIGHEST    93           600 AM
 LOWEST     31           300 PM
 AVERAGE    62

..........................................................


THE CHARLOTTE NC CLIMATE NORMALS FOR TODAY
                         NORMAL    RECORD    YEAR
 MAXIMUM TEMPERATURE (F)   70        85      1939
 MINIMUM TEMPERATURE (F)   47        29      1952


SUNRISE AND SUNSET
OCTOBER 22 2014.......SUNRISE   736 AM EDT   SUNSET   640 PM EDT
OCTOBER 23 2014.......SUNRISE   737 AM EDT   SUNSET   639 PM EDT


-  INDICATES NEGATIVE NUMBERS.
R  INDICATES RECORD WAS SET OR TIED.
MM INDICATES DATA IS MISSING.
T  INDICATES TRACE AMOUNT.




$$
