799
CDUS46 KLOX 190900
CLICMA


CLIMATE REPORT
NATIONAL WEATHER SERVICE LOS ANGELES/OXNARD CA
100 AM PST MON FEB 19 2018


...................................

...THE CAMARILLO AIRPORT CA CLIMATE SUMMARY FOR FEBRUARY 18 2018...

CLIMATE NORMAL PERIOD 1981 TO 2010
CLIMATE RECORD PERIOD 1923 TO 2018


WEATHER ITEM   OBSERVED TIME   RECORD YEAR NORMAL DEPARTURE LAST
                VALUE   (LST)  VALUE       VALUE  FROM      YEAR
                                                  NORMAL
..................................................................
TEMPERATURE (F)
 YESTERDAY
  MAXIMUM         65    158 PM  86    1981  65      0       60
  MINIMUM         42    613 AM  31    1952  42      0       49
  AVERAGE         54                        54      0       55

PRECIPITATION (IN)
  YESTERDAY        0.00          2.35 1980   0.16  -0.16     0.60
  MONTH TO DATE    0.12                      2.25  -2.13     5.48
  SINCE OCT 1      1.21                      9.72  -8.51    18.39
  SINCE JAN 1      1.14                      5.72  -4.58    13.73

SNOWFALL (IN)
  YESTERDAY        0.0
  MONTH TO DATE    0.0
  SINCE DEC 1      0.0
  SINCE JUL 1      0.0

DEGREE DAYS
 HEATING
  YESTERDAY       11                        11      0       10
  MONTH TO DATE   95                       208   -113      117
  SINCE DEC 1    434                       895   -461      703
  SINCE JUL 1    521                      1227   -706      866

 COOLING
  YESTERDAY        0                         0      0        0
  MONTH TO DATE    3                         0      3        0
  SINCE DEC 1     69                         9     60        6
  SINCE JAN 1     42                         7     35        1
..................................................................


WIND (MPH)
  HIGHEST WIND SPEED    20   HIGHEST WIND DIRECTION     W (280)
  HIGHEST GUST SPEED    23   HIGHEST GUST DIRECTION     W (260)
  AVERAGE WIND SPEED     7.7


SKY COVER
  POSSIBLE SUNSHINE  MM
  AVERAGE SKY COVER 0.1


WEATHER CONDITIONS
 THE FOLLOWING WEATHER WAS RECORDED YESTERDAY.
  HAZE


RELATIVE HUMIDITY (PERCENT)
 HIGHEST    72           900 AM
 LOWEST     56          1100 AM
 AVERAGE    64

..........................................................


THE CAMARILLO AIRPORT CA CLIMATE NORMALS FOR TODAY
                         NORMAL    RECORD    YEAR
 MAXIMUM TEMPERATURE (F)   65        88      1995
 MINIMUM TEMPERATURE (F)   42        33      1956


SUNRISE AND SUNSET
FEBRUARY 19 2018......SUNRISE   637 AM PST   SUNSET   544 PM PST
FEBRUARY 20 2018......SUNRISE   636 AM PST   SUNSET   545 PM PST


-  INDICATES NEGATIVE NUMBERS.
R  INDICATES RECORD WAS SET OR TIED.
MM INDICATES DATA IS MISSING.
T  INDICATES TRACE AMOUNT.




$$
