000
CDUS46 KLOX 261031
CLICMA


CLIMATE REPORT
NATIONAL WEATHER SERVICE LOS ANGELES/OXNARD CA
330 AM PDT WED APR 26 2017


...................................

...THE CAMARILLO AIRPORT CA CLIMATE SUMMARY FOR APRIL 25 2017...

CLIMATE NORMAL PERIOD 1981 TO 2010
CLIMATE RECORD PERIOD 1948 TO 2017


WEATHER ITEM   OBSERVED TIME   RECORD YEAR NORMAL DEPARTURE LAST
                VALUE   (LST)  VALUE       VALUE  FROM      YEAR
                                                  NORMAL
..................................................................
TEMPERATURE (F)
 YESTERDAY
  MAXIMUM         74    114 PM  90    1965  70      4       69
  MINIMUM         53    557 AM  38    1964  48      5       46
  AVERAGE         64                        59      5       58

PRECIPITATION (IN)
  YESTERDAY        0.00          0.60 1959   0.04  -0.04     0.00
  MONTH TO DATE    0.13                      0.64  -0.51     0.57
  SINCE OCT 1     19.36                     14.47   4.89     5.98
  SINCE JAN 1     14.70                     10.47   4.23     5.42

SNOWFALL (IN)
  YESTERDAY        0.0
  MONTH TO DATE    0.0
  SINCE MAR 1      0.0
  SINCE JUL 1      0.0

DEGREE DAYS
 HEATING
  YESTERDAY        1                         6     -5        7
  MONTH TO DATE   97                       177    -80       73
  SINCE MAR 1    259                       454   -195      261
  SINCE JUL 1   1247                      1790   -543     1078

 COOLING
  YESTERDAY        0                         0      0        0
  MONTH TO DATE   10                         0     10       12
  SINCE MAR 1     14                         4     10       13
  SINCE JAN 1     15                        13      2       71
..................................................................


WIND (MPH)
  HIGHEST WIND SPEED    28   HIGHEST WIND DIRECTION     W (280)
  HIGHEST GUST SPEED    31   HIGHEST GUST DIRECTION     W (280)
  AVERAGE WIND SPEED     7.3


SKY COVER
  POSSIBLE SUNSHINE  MM
  AVERAGE SKY COVER 0.0


WEATHER CONDITIONS
 THE FOLLOWING WEATHER WAS RECORDED YESTERDAY.
  NO SIGNIFICANT WEATHER WAS OBSERVED.


RELATIVE HUMIDITY (PERCENT)
 HIGHEST    83           300 AM
 LOWEST     44          1200 PM
 AVERAGE    64

..........................................................


THE CAMARILLO AIRPORT CA CLIMATE NORMALS FOR TODAY
                         NORMAL    RECORD    YEAR
 MAXIMUM TEMPERATURE (F)   70        95      2008
 MINIMUM TEMPERATURE (F)   48        39      1964


SUNRISE AND SUNSET
APRIL 26 2017.........SUNRISE   612 AM PDT   SUNSET   737 PM PDT
APRIL 27 2017.........SUNRISE   611 AM PDT   SUNSET   738 PM PDT


-  INDICATES NEGATIVE NUMBERS.
R  INDICATES RECORD WAS SET OR TIED.
MM INDICATES DATA IS MISSING.
T  INDICATES TRACE AMOUNT.




$$
