000
CDUS46 KLOX 020117
CLICMA


CLIMATE REPORT
NATIONAL WEATHER SERVICE LOS ANGELES/OXNARD CA
617 PM PDT SUN MAY 1 2016


...................................

...THE CAMARILLO CLIMATE SUMMARY FOR MAY 1 2016...
VALID TODAY AS OF 0600 PM LOCAL TIME.

CLIMATE NORMAL PERIOD 1981 TO 2010
CLIMATE RECORD PERIOD 1948 TO 2016


WEATHER ITEM   OBSERVED TIME   RECORD YEAR NORMAL DEPARTURE LAST
                VALUE   (LST)  VALUE       VALUE  FROM      YEAR
                                                  NORMAL
..................................................................
TEMPERATURE (F)
 TODAY
  MAXIMUM         69   1219 PM  98    2014  71     -2       77
  MINIMUM         48    338 AM  40    1953  49     -1       55
  AVERAGE         59                        60     -1       66

PRECIPITATION (IN)
  TODAY            0.00          0.16 1983   0.02  -0.02     0.00
  MONTH TO DATE    0.00                      0.02  -0.02     0.00
  SINCE OCT 1      5.98                     14.64  -8.66     8.13
  SINCE JAN 1      5.42                     10.64  -5.22     3.22

SNOWFALL (IN)
  TODAY            0.0
  MONTH TO DATE    0.0
  SINCE MAR 1      0.0
  SINCE JUL 1      0.0

DEGREE DAYS
 HEATING
  TODAY            6                         6      0        0
  MONTH TO DATE    6                         6      0        0
  SINCE MAR 1    300                       490   -190      208
  SINCE JUL 1   1117                      1826   -709      865

 COOLING
  TODAY            0                         0      0        1
  MONTH TO DATE    0                         0      0        1
  SINCE MAR 1     13                        11      2       70
  SINCE JAN 1     71                        20     51      109
..................................................................


WIND (MPH)
  HIGHEST WIND SPEED    18   HIGHEST WIND DIRECTION    SW (230)
  HIGHEST GUST SPEED    25   HIGHEST GUST DIRECTION    SW (220)
  AVERAGE WIND SPEED     7.2


SKY COVER
  POSSIBLE SUNSHINE  MM
  AVERAGE SKY COVER 0.1


WEATHER CONDITIONS
 THE FOLLOWING WEATHER WAS RECORDED TODAY.
  NO SIGNIFICANT WEATHER WAS OBSERVED.


RELATIVE HUMIDITY (PERCENT)
 HIGHEST    83          1200 AM
 LOWEST     52           900 AM
 AVERAGE    68

..........................................................


THE CAMARILLO CLIMATE NORMALS FOR TOMORROW
                         NORMAL    RECORD    YEAR
 MAXIMUM TEMPERATURE (F)   71        98      2013
 MINIMUM TEMPERATURE (F)   49        39      1964


SUNRISE AND SUNSET
MAY  1 2016...........SUNRISE   606 AM PDT   SUNSET   741 PM PDT
MAY  2 2016...........SUNRISE   605 AM PDT   SUNSET   742 PM PDT


-  INDICATES NEGATIVE NUMBERS.
R  INDICATES RECORD WAS SET OR TIED.
MM INDICATES DATA IS MISSING.
T  INDICATES TRACE AMOUNT.




$$
