000
CDUS46 KLOX 280113
CLICMA


CLIMATE REPORT
NATIONAL WEATHER SERVICE LOS ANGELES/OXNARD CA
612 PM PDT TUE JUN 27 2017


...................................

...THE CAMARILLO CLIMATE SUMMARY FOR JUNE 27 2017...
VALID TODAY AS OF 0600 PM LOCAL TIME.

CLIMATE NORMAL PERIOD 1981 TO 2010
CLIMATE RECORD PERIOD 1923 TO 2017


WEATHER ITEM   OBSERVED TIME   RECORD YEAR NORMAL DEPARTURE LAST
                VALUE   (LST)  VALUE       VALUE  FROM      YEAR
                                                  NORMAL
..................................................................
TEMPERATURE (F)
 TODAY
  MAXIMUM         78    202 PM  91    2006  74      4       79
  MINIMUM         55    505 AM  44    1923  57     -2       63
  AVERAGE         67                        66      1       71

PRECIPITATION (IN)
  TODAY            0.00          T    2015   0.00   0.00     0.00
                                      1967
                                      1963
  MONTH TO DATE    0.00                      0.05  -0.05     0.00
  SINCE OCT 1     19.44                     14.98   4.46     5.98
  SINCE JAN 1     14.78                     10.98   3.80     5.42

SNOWFALL (IN)
  TODAY            0.0
  MONTH TO DATE    0.0
  SINCE JUN 1      0.0
  SINCE JUL 1      0.0

DEGREE DAYS
 HEATING
  TODAY            0                         1     -1        0
  MONTH TO DATE   19                        39    -20       17
  SINCE JUN 1     19                        39    -20       17
  SINCE JUL 1   1351                      1982   -631     1213

 COOLING
  TODAY            2                         1      1        6
  MONTH TO DATE   55                        15     40       54
  SINCE JUN 1     55                        15     40       54
  SINCE JAN 1     96                        46     50      125
..................................................................


WIND (MPH)
  HIGHEST WIND SPEED    13   HIGHEST WIND DIRECTION     W (270)
  HIGHEST GUST SPEED    16   HIGHEST GUST DIRECTION     W (260)
  AVERAGE WIND SPEED     5.1


SKY COVER
  POSSIBLE SUNSHINE  MM
  AVERAGE SKY COVER 0.0


WEATHER CONDITIONS
 THE FOLLOWING WEATHER WAS RECORDED TODAY.
  NO SIGNIFICANT WEATHER WAS OBSERVED.


RELATIVE HUMIDITY (PERCENT)
 HIGHEST    87           400 AM
 LOWEST     43           200 PM
 AVERAGE    65

..........................................................


THE CAMARILLO CLIMATE NORMALS FOR TOMORROW
                         NORMAL    RECORD    YEAR
 MAXIMUM TEMPERATURE (F)   74        98      1976
 MINIMUM TEMPERATURE (F)   57        43      1964


SUNRISE AND SUNSET
JUNE 27 2017..........SUNRISE   547 AM PDT   SUNSET   812 PM PDT
JUNE 28 2017..........SUNRISE   547 AM PDT   SUNSET   812 PM PDT


-  INDICATES NEGATIVE NUMBERS.
R  INDICATES RECORD WAS SET OR TIED.
MM INDICATES DATA IS MISSING.
T  INDICATES TRACE AMOUNT.




$$
