000
CDUS46 KLOX 270953
CLICMA


CLIMATE REPORT
NATIONAL WEATHER SERVICE LOS ANGELES/OXNARD CA
253 AM PDT MON MAR 27 2017


...................................

...THE CAMARILLO AIRPORT CA CLIMATE SUMMARY FOR MARCH 26 2017...

CLIMATE NORMAL PERIOD 1981 TO 2010
CLIMATE RECORD PERIOD 1948 TO 2017


WEATHER ITEM   OBSERVED TIME   RECORD YEAR NORMAL DEPARTURE LAST
                VALUE   (LST)  VALUE       VALUE  FROM      YEAR
                                                  NORMAL
..................................................................
TEMPERATURE (F)
 YESTERDAY
  MAXIMUM         67    159 PM  94    1988  67      0       70
  MINIMUM         47    444 AM  36    1961  48     -1       47
  AVERAGE         57                        57      0       59

PRECIPITATION (IN)
  YESTERDAY        0.00          2.27 1993   0.03  -0.03     0.00
  MONTH TO DATE    0.22                      2.48  -2.26     1.91
  SINCE OCT 1     19.23                     13.66   5.57     5.41
  SINCE JAN 1     14.57                      9.66   4.91     4.85

SNOWFALL (IN)
  YESTERDAY        0.0
  MONTH TO DATE    0.0
  SINCE MAR 1      0.0
  SINCE JUL 1      0.0

DEGREE DAYS
 HEATING
  YESTERDAY        8                         8      0        6
  MONTH TO DATE  144                       237    -93      145
  SINCE MAR 1    144                       237    -93      145
  SINCE JUL 1   1132                      1573   -441      962

 COOLING
  YESTERDAY        0                         0      0        0
  MONTH TO DATE    1                         0      1        1
  SINCE MAR 1      1                         0      1        1
  SINCE JAN 1      2                         9     -7       59
..................................................................


WIND (MPH)
  HIGHEST WIND SPEED    15   HIGHEST WIND DIRECTION    SW (240)
  HIGHEST GUST SPEED    17   HIGHEST GUST DIRECTION    SW (230)
  AVERAGE WIND SPEED     5.0


SKY COVER
  POSSIBLE SUNSHINE  MM
  AVERAGE SKY COVER 0.0


WEATHER CONDITIONS
 THE FOLLOWING WEATHER WAS RECORDED YESTERDAY.
  NO SIGNIFICANT WEATHER WAS OBSERVED.


RELATIVE HUMIDITY (PERCENT)
 HIGHEST    93           200 AM
 LOWEST     56           400 PM
 AVERAGE    75

..........................................................


THE CAMARILLO AIRPORT CA CLIMATE NORMALS FOR TODAY
                         NORMAL    RECORD    YEAR
 MAXIMUM TEMPERATURE (F)   67        86      1968
 MINIMUM TEMPERATURE (F)   48        40      2002


SUNRISE AND SUNSET
MARCH 27 2017.........SUNRISE   650 AM PDT   SUNSET   714 PM PDT
MARCH 28 2017.........SUNRISE   649 AM PDT   SUNSET   714 PM PDT


-  INDICATES NEGATIVE NUMBERS.
R  INDICATES RECORD WAS SET OR TIED.
MM INDICATES DATA IS MISSING.
T  INDICATES TRACE AMOUNT.




$$
