000
CDUS46 KLOX 280912
CLICMA


CLIMATE REPORT
NATIONAL WEATHER SERVICE LOS ANGELES/OXNARD CA
212 AM PDT SUN AUG 28 2016


...................................

...THE CAMARILLO AIRPORT CA CLIMATE SUMMARY FOR AUGUST 27 2016...

CLIMATE NORMAL PERIOD 1981 TO 2010
CLIMATE RECORD PERIOD 1948 TO 2016


WEATHER ITEM   OBSERVED TIME   RECORD YEAR NORMAL DEPARTURE LAST
                VALUE   (LST)  VALUE       VALUE  FROM      YEAR
                                                  NORMAL
..................................................................
TEMPERATURE (F)
 YESTERDAY
  MAXIMUM         76   1218 PM  91    2014  77     -1       90
                                      2009
  MINIMUM         62   1159 PM  52    2012  59      3       67
  AVERAGE         69                        68      1       79

PRECIPITATION (IN)
  YESTERDAY        0.00          0.01 2006   0.00   0.00     0.00
  MONTH TO DATE    0.00                      0.03  -0.03     0.00
  SINCE OCT 1      5.98                     15.03  -9.05     8.96
  SINCE JAN 1      5.42                     11.03  -5.61     4.05

SNOWFALL (IN)
  YESTERDAY        0.0
  MONTH TO DATE    0.0
  SINCE JUN 1      0.0
  SINCE JUL 1      0.0

DEGREE DAYS
 HEATING
  YESTERDAY        0                         0      0        0
  MONTH TO DATE    0                         0      0        0
  SINCE JUN 1     17                        53    -36        4
  SINCE JUL 1      0                        10    -10        0

 COOLING
  YESTERDAY        4                         3      1       14
  MONTH TO DATE  127                        81     46      210
  SINCE JUN 1    373                       175    198      449
  SINCE JAN 1    444                       206    238      558
..................................................................


WIND (MPH)
  HIGHEST WIND SPEED    15   HIGHEST WIND DIRECTION    SW (220)
  HIGHEST GUST SPEED    19   HIGHEST GUST DIRECTION    SW (240)
  AVERAGE WIND SPEED     5.0


SKY COVER
  POSSIBLE SUNSHINE  MM
  AVERAGE SKY COVER 0.5


WEATHER CONDITIONS
 THE FOLLOWING WEATHER WAS RECORDED YESTERDAY.
  NO SIGNIFICANT WEATHER WAS OBSERVED.


RELATIVE HUMIDITY (PERCENT)
 HIGHEST    87          1200 AM
 LOWEST     54          1200 PM
 AVERAGE    71

..........................................................


THE CAMARILLO AIRPORT CA CLIMATE NORMALS FOR TODAY
                         NORMAL    RECORD    YEAR
 MAXIMUM TEMPERATURE (F)   77        95      2015
 MINIMUM TEMPERATURE (F)   59        51      1975


SUNRISE AND SUNSET
AUGUST 28 2016........SUNRISE   627 AM PDT   SUNSET   727 PM PDT
AUGUST 29 2016........SUNRISE   628 AM PDT   SUNSET   726 PM PDT


-  INDICATES NEGATIVE NUMBERS.
R  INDICATES RECORD WAS SET OR TIED.
MM INDICATES DATA IS MISSING.
T  INDICATES TRACE AMOUNT.




$$
