000
CDUS46 KLOX 290114
CLICMA


CLIMATE REPORT
NATIONAL WEATHER SERVICE LOS ANGELES/OXNARD CA
614 PM PDT WED SEP 28 2016


...................................

...THE CAMARILLO CLIMATE SUMMARY FOR SEPTEMBER 28 2016...
VALID TODAY AS OF 0600 PM LOCAL TIME.

CLIMATE NORMAL PERIOD 1981 TO 2010
CLIMATE RECORD PERIOD 1948 TO 2016


WEATHER ITEM   OBSERVED TIME   RECORD YEAR NORMAL DEPARTURE LAST
                VALUE   (LST)  VALUE       VALUE  FROM      YEAR
                                                  NORMAL
..................................................................
TEMPERATURE (F)
 TODAY
  MAXIMUM         88    334 PM 100    2005  76     12       83
  MINIMUM         68    522 AM  48    1971  55     13       64
  AVERAGE         78                        65     13       74

PRECIPITATION (IN)
  TODAY            0.00          0.55 1967   0.01  -0.01     0.00
  MONTH TO DATE    T                         0.15  -0.15     0.36
  SINCE OCT 1      5.98                     15.19  -9.21     9.32
  SINCE JAN 1      5.42                     11.19  -5.77     4.41

SNOWFALL (IN)
  TODAY            0.0
  MONTH TO DATE    0.0
  SINCE SEP 1      0.0
  SINCE JUL 1      0.0

DEGREE DAYS
 HEATING
  TODAY            0                         1     -1        0
  MONTH TO DATE    4                        10     -6        0
  SINCE SEP 1      4                        10     -6        0
  SINCE JUL 1      4                        25    -21        0

 COOLING
  TODAY           13                         2     11        9
  MONTH TO DATE  134                        69     65      289
  SINCE SEP 1    134                        69     65      289
  SINCE JAN 1    599                       281    318      894
..................................................................


WIND (MPH)
  HIGHEST WIND SPEED    14   HIGHEST WIND DIRECTION    NW (300)
  HIGHEST GUST SPEED    19   HIGHEST GUST DIRECTION    SW (220)
  AVERAGE WIND SPEED     4.6


SKY COVER
  POSSIBLE SUNSHINE  MM
  AVERAGE SKY COVER 0.0


WEATHER CONDITIONS
 THE FOLLOWING WEATHER WAS RECORDED TODAY.
  NO SIGNIFICANT WEATHER WAS OBSERVED.


RELATIVE HUMIDITY (PERCENT)
 HIGHEST    68           500 AM
 LOWEST     32          1000 AM
 AVERAGE    50

..........................................................


THE CAMARILLO CLIMATE NORMALS FOR TOMORROW
                         NORMAL    RECORD    YEAR
 MAXIMUM TEMPERATURE (F)   75        92      1970
 MINIMUM TEMPERATURE (F)   55        42      1948


SUNRISE AND SUNSET
SEPTEMBER 28 2016.....SUNRISE   649 AM PDT   SUNSET   644 PM PDT
SEPTEMBER 29 2016.....SUNRISE   650 AM PDT   SUNSET   643 PM PDT


-  INDICATES NEGATIVE NUMBERS.
R  INDICATES RECORD WAS SET OR TIED.
MM INDICATES DATA IS MISSING.
T  INDICATES TRACE AMOUNT.




$$
