000
CDUS46 KLOX 130909
CLICMA


CLIMATE REPORT
NATIONAL WEATHER SERVICE LOS ANGELES/OXNARD CA
109 AM PST WED DEC 13 2017


...................................

...THE CAMARILLO AIRPORT CA CLIMATE SUMMARY FOR DECEMBER 12 2017...

CLIMATE NORMAL PERIOD 1981 TO 2010
CLIMATE RECORD PERIOD 1923 TO 2017


WEATHER ITEM   OBSERVED TIME   RECORD YEAR NORMAL DEPARTURE LAST
                VALUE   (LST)  VALUE       VALUE  FROM      YEAR
                                                  NORMAL
..................................................................
TEMPERATURE (F)
 YESTERDAY
  MAXIMUM         87        MM  88    2010  66     21       64
  MINIMUM         47        MM  30    1932  42      5       55
  AVERAGE         67                        54     13       60

PRECIPITATION (IN)
  YESTERDAY        0.00          2.40 2014   0.04  -0.04     0.00
  MONTH TO DATE    0.00                      0.46  -0.46     0.00
  SINCE OCT 1      0.07                      2.40  -2.33     1.48
  SINCE JAN 1     14.87                     13.62   1.25     6.90

SNOWFALL (IN)
  YESTERDAY        0.0
  MONTH TO DATE    0.0
  SINCE DEC 1      0.0
  SINCE JUL 1      0.0

DEGREE DAYS
 HEATING
  YESTERDAY        0                        11    -11        5
  MONTH TO DATE   31                       129    -98       95
  SINCE DEC 1     31                       129    -98       95
  SINCE JUL 1    118                       461   -343      258

 COOLING
  YESTERDAY        2                         0      2        0
  MONTH TO DATE   26                         0     26        0
  SINCE DEC 1     26                         0     26        0
  SINCE JAN 1    897                       330    567      729
..................................................................


WIND (MPH)
  HIGHEST WIND SPEED    18   HIGHEST WIND DIRECTION     E (70)
  HIGHEST GUST SPEED    27   HIGHEST GUST DIRECTION     E (70)
  AVERAGE WIND SPEED     6.5


SKY COVER
  POSSIBLE SUNSHINE  MM
  AVERAGE SKY COVER 0.0


WEATHER CONDITIONS
 THE FOLLOWING WEATHER WAS RECORDED YESTERDAY.
  NO SIGNIFICANT WEATHER WAS OBSERVED.


RELATIVE HUMIDITY (PERCENT)
 HIGHEST    41           700 PM
 LOWEST      2           200 PM
 AVERAGE    22

..........................................................


THE CAMARILLO AIRPORT CA CLIMATE NORMALS FOR TODAY
                         NORMAL    RECORD    YEAR
 MAXIMUM TEMPERATURE (F)   65        84      1952
 MINIMUM TEMPERATURE (F)   42        32      1947


SUNRISE AND SUNSET
DECEMBER 13 2017......SUNRISE   654 AM PST   SUNSET   448 PM PST
DECEMBER 14 2017......SUNRISE   654 AM PST   SUNSET   448 PM PST


-  INDICATES NEGATIVE NUMBERS.
R  INDICATES RECORD WAS SET OR TIED.
MM INDICATES DATA IS MISSING.
T  INDICATES TRACE AMOUNT.




$$
