000
CDUS46 KLOX 280915
CLICMA


CLIMATE REPORT
NATIONAL WEATHER SERVICE LOS ANGELES/OXNARD CA
215 AM PDT SAT MAR 28 2015


...................................

...THE CAMARILLO AIRPORT CA CLIMATE SUMMARY FOR MARCH 27 2015...

CLIMATE NORMAL PERIOD 1981 TO 2010
CLIMATE RECORD PERIOD 1948 TO 2015


WEATHER ITEM   OBSERVED TIME   RECORD YEAR NORMAL DEPARTURE LAST
                VALUE   (LST)  VALUE       VALUE  FROM      YEAR
                                                  NORMAL
..................................................................
TEMPERATURE (F)
 YESTERDAY
  MAXIMUM         81    154 PM  86    1968  67     14       68
  MINIMUM         52    549 AM  40    2002  48      4       44
  AVERAGE         67                        57     10       56

PRECIPITATION (IN)
  YESTERDAY        0.00          2.30 1979   0.04  -0.04     0.00
  MONTH TO DATE    0.52                      2.52  -2.00     0.71
  SINCE OCT 1      8.01                     13.70  -5.69     4.81
  SINCE JAN 1      3.10                      9.70  -6.60     4.03

SNOWFALL (IN)
  YESTERDAY        0.0
  MONTH TO DATE    0.0
  SINCE MAR 1      0.0
  SINCE JUL 1      0.0

DEGREE DAYS
 HEATING
  YESTERDAY        0                         8     -8        9
  MONTH TO DATE   81                       245   -164      124
  SINCE MAR 1     81                       245   -164      124
  SINCE JUL 1    738                      1581   -843     1077

 COOLING
  YESTERDAY        2                         0      2        0
  MONTH TO DATE   56                         0     56       12
  SINCE MAR 1     56                         0     56       12
  SINCE JAN 1     95                         9     86       40
..................................................................


WIND (MPH)
  HIGHEST WIND SPEED    14   HIGHEST WIND DIRECTION     W (270)
  HIGHEST GUST SPEED    17   HIGHEST GUST DIRECTION     W (270)
  AVERAGE WIND SPEED     4.1


SKY COVER
  POSSIBLE SUNSHINE  MM
  AVERAGE SKY COVER 0.0


WEATHER CONDITIONS
 THE FOLLOWING WEATHER WAS RECORDED YESTERDAY.
  FOG


RELATIVE HUMIDITY (PERCENT)
 HIGHEST    86          1000 PM
 LOWEST     29          1000 AM
 AVERAGE    58

..........................................................


THE CAMARILLO AIRPORT CA CLIMATE NORMALS FOR TODAY
                         NORMAL    RECORD    YEAR
 MAXIMUM TEMPERATURE (F)   67        94      2004
 MINIMUM TEMPERATURE (F)   48        39      1975


SUNRISE AND SUNSET
MARCH 28 2015.........SUNRISE   649 AM PDT   SUNSET   714 PM PDT
MARCH 29 2015.........SUNRISE   648 AM PDT   SUNSET   715 PM PDT


-  INDICATES NEGATIVE NUMBERS.
R  INDICATES RECORD WAS SET OR TIED.
MM INDICATES DATA IS MISSING.
T  INDICATES TRACE AMOUNT.




$$
