000
CDUS41 KILN 240607
CLICMH


CLIMATE REPORT
NATIONAL WEATHER SERVICE WILMINGTON OH
206 AM EDT WED MAY 24 2017


...................................

...THE COLUMBUS OH CLIMATE SUMMARY FOR MAY 23 2017...

CLIMATE NORMAL PERIOD 1981 TO 2010
CLIMATE RECORD PERIOD 1869 TO 2017


WEATHER ITEM   OBSERVED TIME   RECORD YEAR NORMAL DEPARTURE LAST
                VALUE   (LST)  VALUE       VALUE  FROM      YEAR
                                                  NORMAL
..................................................................
TEMPERATURE (F)
 YESTERDAY
  MAXIMUM         75    419 PM  90    1939  75      0       76
  MINIMUM         51    536 AM  34    1963  54     -3       45
  AVERAGE         63                        65     -2       61

PRECIPITATION (IN)
  YESTERDAY        0.00          1.92 1968   0.14  -0.14     0.00
  MONTH TO DATE    4.34                      3.01   1.33     2.14
  SINCE MAR 1     12.32                      9.43   2.89     8.72
  SINCE JAN 1     17.78                     14.41   3.37    13.13

SNOWFALL (IN)
  YESTERDAY        0.0                       0.0    0.0      0.0
  MONTH TO DATE    0.0                       0.0    0.0      0.0
  SINCE MAR 1      1.7                       5.3   -3.6      2.6
  SINCE JUL 1      9.3                      26.7  -17.4     17.1
  SNOW DEPTH       0

DEGREE DAYS
 HEATING
  YESTERDAY        2                         3     -1        4
  MONTH TO DATE  134                       124     10      202
  SINCE MAR 1   1001                      1211   -210     1106
  SINCE JUL 1   4270                      5206   -936     4547

 COOLING
  YESTERDAY        0                         3     -3        0
  MONTH TO DATE   47                        41      6        3
  SINCE MAR 1     91                        53     38        4
  SINCE JAN 1     95                        53     42        4
..................................................................


WIND (MPH)
  RESULTANT WIND SPEED   5   RESULTANT WIND DIRECTION  SE (120)
  HIGHEST WIND SPEED    15   HIGHEST WIND DIRECTION    SE (150)
  HIGHEST GUST SPEED    20   HIGHEST GUST DIRECTION     E (100)
  AVERAGE WIND SPEED     5.5


SKY COVER
  POSSIBLE SUNSHINE  MM
  AVERAGE SKY COVER 0.9


WEATHER CONDITIONS
 THE FOLLOWING WEATHER WAS RECORDED YESTERDAY.
  NO SIGNIFICANT WEATHER WAS OBSERVED.


RELATIVE HUMIDITY (PERCENT)
 HIGHEST    89           200 AM
 LOWEST     36           200 PM
 AVERAGE    63

..........................................................


THE COLUMBUS OH CLIMATE NORMALS FOR TODAY
                         NORMAL    RECORD    YEAR
 MAXIMUM TEMPERATURE (F)   75        90      1975
                                             1880
 MINIMUM TEMPERATURE (F)   55        36      1956
                                             1925


SUNRISE AND SUNSET
MAY 24 2017...........SUNRISE   609 AM EDT   SUNSET   848 PM EDT
MAY 25 2017...........SUNRISE   608 AM EDT   SUNSET   849 PM EDT


-  INDICATES NEGATIVE NUMBERS.
R  INDICATES RECORD WAS SET OR TIED.
MM INDICATES DATA IS MISSING.
T  INDICATES TRACE AMOUNT.




$$
