000
CDUS41 KILN 262214
CLICMH


CLIMATE REPORT
NATIONAL WEATHER SERVICE WILMINGTON OH
513 PM EST FRI DEC 26 2014


...................................

...THE COLUMBUS OH CLIMATE SUMMARY FOR DECEMBER 26 2014...
VALID TODAY AS OF 0500 PM LOCAL TIME.

CLIMATE NORMAL PERIOD 1981 TO 2010
CLIMATE RECORD PERIOD 1869 TO 2014


WEATHER ITEM   OBSERVED TIME   RECORD YEAR NORMAL DEPARTURE LAST
                VALUE   (LST)  VALUE       VALUE  FROM      YEAR
                                                  NORMAL
..................................................................
TEMPERATURE (F)
 TODAY
  MAXIMUM         48    401 PM  62    1982  37     11       39
                                      1889
  MINIMUM         27    642 AM  -5    1983  24      3       30
  AVERAGE         38                        31      7       35

PRECIPITATION (IN)
  TODAY            0.00          1.37 1895   0.10  -0.10      T
  MONTH TO DATE    2.26                      2.50  -0.24     3.96
  SINCE DEC 1      2.26                      2.50  -0.24     3.96
  SINCE JAN 1     37.65                     38.84  -1.19    41.21

SNOWFALL (IN)
  TODAY            0.0           5.0  1933   0.2   -0.2       T
  MONTH TO DATE    T                         3.9   -3.9     12.5
  SINCE DEC 1      T                         3.9   -3.9     12.5
  SINCE JUL 1      4.1                       5.0   -0.9     17.2
  SNOW DEPTH       0

DEGREE DAYS
 HEATING
  TODAY           27                        34     -7       30
  MONTH TO DATE  728                       804    -76      782
  SINCE DEC 1    728                       804    -76      782
  SINCE JUL 1   1913                      1818     95     1844

 COOLING
  TODAY            0                         0      0        0
  MONTH TO DATE    0                         0      0        0
  SINCE DEC 1      0                         0      0        0
  SINCE JAN 1   1163                      1024    139     1179
..................................................................


WIND (MPH)
  HIGHEST WIND SPEED    14   HIGHEST WIND DIRECTION     S (200)
  HIGHEST GUST SPEED    18   HIGHEST GUST DIRECTION    SW (220)
  AVERAGE WIND SPEED     6.1


SKY COVER
  POSSIBLE SUNSHINE  MM
  AVERAGE SKY COVER 0.3


WEATHER CONDITIONS
 THE FOLLOWING WEATHER WAS RECORDED TODAY.
  NO SIGNIFICANT WEATHER WAS OBSERVED.


RELATIVE HUMIDITY (PERCENT)
 HIGHEST    92           500 AM
 LOWEST     65           200 PM
 AVERAGE    79

..........................................................


THE COLUMBUS OH CLIMATE NORMALS FOR TOMORROW
                         NORMAL    RECORD    YEAR
 MAXIMUM TEMPERATURE (F)   37        68      2008
 MINIMUM TEMPERATURE (F)   24       -14      1950


SUNRISE AND SUNSET
DECEMBER 26 2014......SUNRISE   752 AM EST   SUNSET   512 PM EST
DECEMBER 27 2014......SUNRISE   752 AM EST   SUNSET   513 PM EST


-  INDICATES NEGATIVE NUMBERS.
R  INDICATES RECORD WAS SET OR TIED.
MM INDICATES DATA IS MISSING.
T  INDICATES TRACE AMOUNT.




$$
