000
CDUS41 KILN 250602
CLICMH


CLIMATE REPORT
NATIONAL WEATHER SERVICE WILMINGTON OH
159 AM EDT SUN SEP 25 2016


...................................

...THE COLUMBUS OH CLIMATE SUMMARY FOR SEPTEMBER 24 2016...

CLIMATE NORMAL PERIOD 1981 TO 2010
CLIMATE RECORD PERIOD 1869 TO 2016


WEATHER ITEM   OBSERVED TIME   RECORD YEAR NORMAL DEPARTURE LAST
                VALUE   (LST)  VALUE       VALUE  FROM      YEAR
                                                  NORMAL
..................................................................
TEMPERATURE (F)
 YESTERDAY
  MAXIMUM         80    317 PM  92    2010  74      6       82
                                      2007
                                      1961
  MINIMUM         61   1159 PM  35    1983  53      8       56
                                      1981
                                      1950
  AVERAGE         71                        63      8       69

PRECIPITATION (IN)
  YESTERDAY        0.00          1.14 1972   0.09  -0.09     0.00
  MONTH TO DATE    2.11                      2.31  -0.20     2.02
  SINCE SEP 1      2.11                      2.31  -0.20     2.02
  SINCE JAN 1     29.37                     30.00  -0.63    33.88

SNOWFALL (IN)
  YESTERDAY        0.0          MM      MM   0.0    0.0      0.0
  MONTH TO DATE    0.0                       0.0    0.0      0.0
  SINCE SEP 1      0.0                       0.0    0.0      0.0
  SINCE JUL 1      0.0                       0.0    0.0      0.0
  SNOW DEPTH       0

DEGREE DAYS
 HEATING
  YESTERDAY        0                         4     -4        0
  MONTH TO DATE    0                        40    -40       17
  SINCE SEP 1      0                        40    -40       17
  SINCE JUL 1      0                        40    -40       22

 COOLING
  YESTERDAY        6                         2      4        4
  MONTH TO DATE  184                       110     74      143
  SINCE SEP 1    184                       110     74      143
  SINCE JAN 1   1277                       999    278      999
..................................................................


WIND (MPH)
  RESULTANT WIND SPEED   6   RESULTANT WIND DIRECTION  NE (30)
  HIGHEST WIND SPEED    13   HIGHEST WIND DIRECTION    NE (40)
  HIGHEST GUST SPEED    16   HIGHEST GUST DIRECTION     N (20)
  AVERAGE WIND SPEED     6.2


SKY COVER
  POSSIBLE SUNSHINE  MM
  AVERAGE SKY COVER 0.5


WEATHER CONDITIONS
 THE FOLLOWING WEATHER WAS RECORDED YESTERDAY.
  FOG


RELATIVE HUMIDITY (PERCENT)
 HIGHEST   100           500 AM
 LOWEST     54           500 PM
 AVERAGE    77

..........................................................


THE COLUMBUS OH CLIMATE NORMALS FOR TODAY
                         NORMAL    RECORD    YEAR
 MAXIMUM TEMPERATURE (F)   73        93      1900
 MINIMUM TEMPERATURE (F)   53        33      1967
                                             1950


SUNRISE AND SUNSET
SEPTEMBER 25 2016.....SUNRISE   722 AM EDT   SUNSET   723 PM EDT
SEPTEMBER 26 2016.....SUNRISE   723 AM EDT   SUNSET   721 PM EDT


-  INDICATES NEGATIVE NUMBERS.
R  INDICATES RECORD WAS SET OR TIED.
MM INDICATES DATA IS MISSING.
T  INDICATES TRACE AMOUNT.




$$
