000
CDUS41 KILN 230558
CLICMH


CLIMATE REPORT
NATIONAL WEATHER SERVICE WILMINGTON OH
1256 AM EST SUN NOV 23 2014


...................................

...THE COLUMBUS OH CLIMATE SUMMARY FOR NOVEMBER 22 2014...

CLIMATE NORMAL PERIOD 1981 TO 2010
CLIMATE RECORD PERIOD 1869 TO 2014


WEATHER ITEM   OBSERVED TIME   RECORD YEAR NORMAL DEPARTURE LAST
                VALUE   (LST)  VALUE       VALUE  FROM      YEAR
                                                  NORMAL
..................................................................
TEMPERATURE (F)
 YESTERDAY
  MAXIMUM         50    424 PM  74    1931  50      0       53
  MINIMUM         22    242 AM  -5    1880  34    -12       37
  AVERAGE         36                        42     -6       45

PRECIPITATION (IN)
  YESTERDAY        0.05          1.51 1920   0.11  -0.06     0.31
  MONTH TO DATE    1.10                      2.34  -1.24     1.83
  SINCE SEP 1      4.52                      7.79  -3.27    10.26
  SINCE JAN 1     35.03                     35.48  -0.45    36.90

SNOWFALL (IN)
  YESTERDAY        0.0           0.3  2002   0.1   -0.1      0.0
                                      1945
  MONTH TO DATE    4.0                       0.5    3.5      1.2
  SINCE SEP 1      4.0                       0.7    3.3      1.2
  SINCE JUL 1      4.0                       0.7    3.3      1.2
  SNOW DEPTH       1

DEGREE DAYS
 HEATING
  YESTERDAY       29                        23      6       20
  MONTH TO DATE  620                       420    200      423
  SINCE SEP 1    996                       814    182      772
  SINCE JUL 1    996                       814    182      776

 COOLING
  YESTERDAY        0                         0      0        0
  MONTH TO DATE    0                         0      0        0
  SINCE SEP 1    141                       135      6      178
  SINCE JAN 1   1163                      1024    139     1179
..................................................................


WIND (MPH)
  RESULTANT WIND SPEED   5   RESULTANT WIND DIRECTION   S (170)
  HIGHEST WIND SPEED    10   HIGHEST WIND DIRECTION     S (190)
  HIGHEST GUST SPEED    15   HIGHEST GUST DIRECTION     S (200)
  AVERAGE WIND SPEED     5.4


SKY COVER
  POSSIBLE SUNSHINE  MM
  AVERAGE SKY COVER 0.8


WEATHER CONDITIONS
 THE FOLLOWING WEATHER WAS RECORDED YESTERDAY.
  LT FREEZING RAIN


RELATIVE HUMIDITY (PERCENT)
 HIGHEST    89          1100 AM
 LOWEST     46           500 AM
 AVERAGE    68

..........................................................


THE COLUMBUS OH CLIMATE NORMALS FOR TODAY
                         NORMAL    RECORD    YEAR
 MAXIMUM TEMPERATURE (F)   49        72      1931
 MINIMUM TEMPERATURE (F)   34        -1      1880


SUNRISE AND SUNSET
NOVEMBER 23 2014......SUNRISE   726 AM EST   SUNSET   510 PM EST
NOVEMBER 24 2014......SUNRISE   727 AM EST   SUNSET   509 PM EST


-  INDICATES NEGATIVE NUMBERS.
R  INDICATES RECORD WAS SET OR TIED.
MM INDICATES DATA IS MISSING.
T  INDICATES TRACE AMOUNT.




$$
