000
CDUS41 KILN 050551
CLICMH


CLIMATE REPORT
NATIONAL WEATHER SERVICE WILMINGTON OH
1250 AM EST MON DEC 5 2016


...................................

...THE COLUMBUS OH CLIMATE SUMMARY FOR DECEMBER 4 2016...

CLIMATE NORMAL PERIOD 1981 TO 2010
CLIMATE RECORD PERIOD 1869 TO 2016


WEATHER ITEM   OBSERVED TIME   RECORD YEAR NORMAL DEPARTURE LAST
                VALUE   (LST)  VALUE       VALUE  FROM      YEAR
                                                  NORMAL
..................................................................
TEMPERATURE (F)
 YESTERDAY
  MAXIMUM         42    316 PM  68    1982  44     -2       36
  MINIMUM         34    740 AM   3    1966  30      4       27
  AVERAGE         38                        37      1       32

PRECIPITATION (IN)
  YESTERDAY        0.20          1.26 1916   0.10   0.10     0.00
                                      1880
  MONTH TO DATE    0.20                      0.38  -0.18     0.24
  SINCE DEC 1      0.20                      0.38  -0.18     0.24
  SINCE JAN 1     34.89                     36.72  -1.83    40.36

SNOWFALL (IN)
  YESTERDAY        0.0           2.9  1921   0.1   -0.1      0.0
  MONTH TO DATE    0.0                       0.4   -0.4       T
  SINCE DEC 1      0.0                       0.4   -0.4       T
  SINCE JUL 1      T                         1.5   -1.5       T
  SNOW DEPTH       0

DEGREE DAYS
 HEATING
  YESTERDAY       27                        28     -1       33
  MONTH TO DATE  110                       110      0       99
  SINCE DEC 1    110                       110      0       99
  SINCE JUL 1    876                      1124   -248      904

 COOLING
  YESTERDAY        0                         0      0        0
  MONTH TO DATE    0                         0      0        0
  SINCE DEC 1      0                         0      0        0
  SINCE JAN 1   1327                      1024    303     1028
..................................................................


WIND (MPH)
  RESULTANT WIND SPEED   7   RESULTANT WIND DIRECTION   E (110)
  HIGHEST WIND SPEED    15   HIGHEST WIND DIRECTION     E (100)
  HIGHEST GUST SPEED    20   HIGHEST GUST DIRECTION    SE (130)
  AVERAGE WIND SPEED     7.7


SKY COVER
  POSSIBLE SUNSHINE  MM
  AVERAGE SKY COVER 1.0


WEATHER CONDITIONS
 THE FOLLOWING WEATHER WAS RECORDED YESTERDAY.
  RAIN
  LIGHT RAIN
  FOG


RELATIVE HUMIDITY (PERCENT)
 HIGHEST   100           800 PM
 LOWEST     60           400 PM
 AVERAGE    80

..........................................................


THE COLUMBUS OH CLIMATE NORMALS FOR TODAY
                         NORMAL    RECORD    YEAR
 MAXIMUM TEMPERATURE (F)   43        70      2001
 MINIMUM TEMPERATURE (F)   30         8      1976


SUNRISE AND SUNSET
DECEMBER  5 2016......SUNRISE   738 AM EST   SUNSET   506 PM EST
DECEMBER  6 2016......SUNRISE   739 AM EST   SUNSET   506 PM EST


-  INDICATES NEGATIVE NUMBERS.
R  INDICATES RECORD WAS SET OR TIED.
MM INDICATES DATA IS MISSING.
T  INDICATES TRACE AMOUNT.




$$
