000
CDUS41 KILN 302051
CLICMH


CLIMATE REPORT
NATIONAL WEATHER SERVICE WILMINGTON OH
451 PM EDT THU MAR 30 2017


...................................

...THE COLUMBUS OH CLIMATE SUMMARY FOR MARCH 30 2017...
VALID TODAY AS OF 0400 PM LOCAL TIME.

CLIMATE NORMAL PERIOD 1981 TO 2010
CLIMATE RECORD PERIOD 1869 TO 2017


WEATHER ITEM   OBSERVED TIME   RECORD YEAR NORMAL DEPARTURE LAST
                VALUE   (LST)  VALUE       VALUE  FROM      YEAR
                                                  NORMAL
..................................................................
TEMPERATURE (F)
 TODAY
  MAXIMUM         76    334 PM  82    1998  57     19       69
                                      1986
  MINIMUM         49    716 AM  16    1915  37     12       38
                                      1887
  AVERAGE         63                        47     16       54

PRECIPITATION (IN)
  TODAY            T             1.47 1987   0.11  -0.11      T
                                      1883
  MONTH TO DATE    4.31                      2.90   1.41     4.00
  SINCE MAR 1      4.31                      2.90   1.41     4.00
  SINCE JAN 1      9.77                      7.88   1.89     8.41

SNOWFALL (IN)
  TODAY            0.0           1.7  1987   0.0    0.0      0.0
  MONTH TO DATE    1.7                       4.1   -2.4      2.3
  SINCE MAR 1      1.7                       4.1   -2.4      2.3
  SINCE JUL 1      9.3                      25.5  -16.2     16.8
  SNOW DEPTH       0

DEGREE DAYS
 HEATING
  TODAY            2                        18    -16       11
  MONTH TO DATE  660                       698    -38      501
  SINCE MAR 1    660                       698    -38      501
  SINCE JUL 1   3929                      4693   -764     3942

 COOLING
  TODAY            0                         0      0        0
  MONTH TO DATE    2                         0      2        0
  SINCE MAR 1      2                         0      2        0
  SINCE JAN 1      6                         0      6        0
..................................................................


WIND (MPH)
  HIGHEST WIND SPEED    17   HIGHEST WIND DIRECTION    SE (150)
  HIGHEST GUST SPEED    23   HIGHEST GUST DIRECTION     E (90)
  AVERAGE WIND SPEED    10.4


SKY COVER
  POSSIBLE SUNSHINE  MM
  AVERAGE SKY COVER 0.9


WEATHER CONDITIONS
 THE FOLLOWING WEATHER WAS RECORDED TODAY.
  LIGHT RAIN


RELATIVE HUMIDITY (PERCENT)
 HIGHEST    62          1100 AM
 LOWEST     49           300 PM
 AVERAGE    56

..........................................................


THE COLUMBUS OH CLIMATE NORMALS FOR TOMORROW
                         NORMAL    RECORD    YEAR
 MAXIMUM TEMPERATURE (F)   58        83      1998
 MINIMUM TEMPERATURE (F)   38         9      1923


SUNRISE AND SUNSET
MARCH 30 2017.........SUNRISE   718 AM EDT   SUNSET   754 PM EDT
MARCH 31 2017.........SUNRISE   717 AM EDT   SUNSET   755 PM EDT


-  INDICATES NEGATIVE NUMBERS.
R  INDICATES RECORD WAS SET OR TIED.
MM INDICATES DATA IS MISSING.
T  INDICATES TRACE AMOUNT.




$$
