000
CDUS41 KILN 242054
CLICMH


CLIMATE REPORT
NATIONAL WEATHER SERVICE WILMINGTON OH
453 PM EDT TUE MAY 24 2016


...................................

...THE COLUMBUS OH CLIMATE SUMMARY FOR MAY 24 2016...
VALID TODAY AS OF 0400 PM LOCAL TIME.

CLIMATE NORMAL PERIOD 1981 TO 2010
CLIMATE RECORD PERIOD 1869 TO 2016


WEATHER ITEM   OBSERVED TIME   RECORD YEAR NORMAL DEPARTURE LAST
                VALUE   (LST)  VALUE       VALUE  FROM      YEAR
                                                  NORMAL
..................................................................
TEMPERATURE (F)
 TODAY
  MAXIMUM         79    335 PM  90    1975  75      4       83
                                      1880
  MINIMUM         50    446 AM  36    1956  55     -5       50
                                      1925
  AVERAGE         65                        65      0       67

PRECIPITATION (IN)
  TODAY            0.00          1.82 1885   0.14  -0.14     0.00
  MONTH TO DATE    2.14                      3.15  -1.01     2.71
  SINCE MAR 1      8.72                      9.57  -0.85    10.72
  SINCE JAN 1     13.13                     14.55  -1.42    15.29

SNOWFALL (IN)
  TODAY            0.0           0.0    MM   0.0    0.0      0.0
  MONTH TO DATE    0.0                       0.0    0.0      0.0
  SINCE MAR 1      2.6                       5.3   -2.7      5.4
  SINCE JUL 1     17.1                      26.7   -9.6     33.4
  SNOW DEPTH       0

DEGREE DAYS
 HEATING
  TODAY            0                         3     -3        0
  MONTH TO DATE  202                       127     75       85
  SINCE MAR 1   1106                      1214   -108     1264
  SINCE JUL 1   4547                      5209   -662     5818

 COOLING
  TODAY            0                         3     -3        2
  MONTH TO DATE    3                        44    -41       93
  SINCE MAR 1      4                        56    -52       93
  SINCE JAN 1      4                        56    -52       93
..................................................................


WIND (MPH)
  HIGHEST WIND SPEED    14   HIGHEST WIND DIRECTION    SW (230)
  HIGHEST GUST SPEED    18   HIGHEST GUST DIRECTION    SW (230)
  AVERAGE WIND SPEED     2.2


SKY COVER
  POSSIBLE SUNSHINE  MM
  AVERAGE SKY COVER 0.1


WEATHER CONDITIONS
 THE FOLLOWING WEATHER WAS RECORDED TODAY.
  NO SIGNIFICANT WEATHER WAS OBSERVED.


RELATIVE HUMIDITY (PERCENT)
 HIGHEST    96           300 AM
 LOWEST     35           300 PM
 AVERAGE    66

..........................................................


THE COLUMBUS OH CLIMATE NORMALS FOR TOMORROW
                         NORMAL    RECORD    YEAR
 MAXIMUM TEMPERATURE (F)   75        93      1975
 MINIMUM TEMPERATURE (F)   55        33      1925


SUNRISE AND SUNSET
MAY 24 2016...........SUNRISE   609 AM EDT   SUNSET   848 PM EDT
MAY 25 2016...........SUNRISE   608 AM EDT   SUNSET   849 PM EDT


-  INDICATES NEGATIVE NUMBERS.
R  INDICATES RECORD WAS SET OR TIED.
MM INDICATES DATA IS MISSING.
T  INDICATES TRACE AMOUNT.




$$
