000
CDUS41 KILN 090537
CLICMH


CLIMATE REPORT
NATIONAL WEATHER SERVICE WILMINGTON OH
1236 AM EST TUE FEB 9 2016


...................................

...THE COLUMBUS OH CLIMATE SUMMARY FOR FEBRUARY 8 2016...

CLIMATE NORMAL PERIOD 1981 TO 2010
CLIMATE RECORD PERIOD 1869 TO 2016


WEATHER ITEM   OBSERVED TIME   RECORD YEAR NORMAL DEPARTURE LAST
                VALUE   (LST)  VALUE       VALUE  FROM      YEAR
                                                  NORMAL
..................................................................
TEMPERATURE (F)
 YESTERDAY
  MAXIMUM         42    100 AM  72    1937  39      3       56
  MINIMUM         31   1159 PM -13    1977  24      7       41
  AVERAGE         37                        31      6       49

PRECIPITATION (IN)
  YESTERDAY        0.45          0.84 1881   0.08   0.37     0.12
  MONTH TO DATE    1.16                      0.67   0.49     0.83
  SINCE DEC 1      7.16                      6.37   0.79     6.40
  SINCE JAN 1      2.28                      3.40  -1.12     3.70

SNOWFALL (IN)
  YESTERDAY        1.4           8.9  1971   0.2    1.2      0.0
  MONTH TO DATE    1.4                       1.9   -0.5      3.0
  SINCE DEC 1      6.8                      16.1   -9.3     11.4
  SINCE JUL 1      6.8                      17.2  -10.4     15.5
  SNOW DEPTH       0

DEGREE DAYS
 HEATING
  YESTERDAY       28                        34     -6       16
  MONTH TO DATE  217                       275    -58      276
  SINCE DEC 1   1967                      2353   -386     2372
  SINCE JUL 1   2772                      3367   -595     3557

 COOLING
  YESTERDAY        0                         0      0        0
  MONTH TO DATE    0                         0      0        0
  SINCE DEC 1      0                         0      0        0
  SINCE JAN 1      0                         0      0        0
..................................................................


WIND (MPH)
  RESULTANT WIND SPEED   3   RESULTANT WIND DIRECTION  SW (210)
  HIGHEST WIND SPEED    14   HIGHEST WIND DIRECTION     W (290)
  HIGHEST GUST SPEED    16   HIGHEST GUST DIRECTION     W (290)
  AVERAGE WIND SPEED     3.4


SKY COVER
  POSSIBLE SUNSHINE  MM
  AVERAGE SKY COVER 0.9


WEATHER CONDITIONS
 THE FOLLOWING WEATHER WAS RECORDED YESTERDAY.
  MIXED PRECIP
  RAIN
  LIGHT RAIN
  HEAVY SNOW
  SNOW
  LIGHT SNOW
  FOG
  FOG W/VISIBILITY <= 1/4 MILE
  HAZE


RELATIVE HUMIDITY (PERCENT)
 HIGHEST   100           700 AM
 LOWEST     39          1200 AM
 AVERAGE    70

..........................................................


THE COLUMBUS OH CLIMATE NORMALS FOR TODAY
                         NORMAL    RECORD    YEAR
 MAXIMUM TEMPERATURE (F)   39        66      2001
 MINIMUM TEMPERATURE (F)   24       -17      1899


SUNRISE AND SUNSET
FEBRUARY  9 2016......SUNRISE   732 AM EST   SUNSET   600 PM EST
FEBRUARY 10 2016......SUNRISE   731 AM EST   SUNSET   601 PM EST


-  INDICATES NEGATIVE NUMBERS.
R  INDICATES RECORD WAS SET OR TIED.
MM INDICATES DATA IS MISSING.
T  INDICATES TRACE AMOUNT.




$$
