000
CDUS43 KILX 160631
CLICMI


CLIMATE REPORT
NATIONAL WEATHER SERVICE LINCOLN IL
130 AM CDT TUE SEP 16 2014


...................................

...THE CHAMPAIGN IL AIRPORT CLIMATE SUMMARY FOR SEPTEMBER 15 2014...

CLIMATE NORMAL PERIOD 1981 TO 2010
CLIMATE RECORD PERIOD 9999 TO 9999


WEATHER ITEM   OBSERVED TIME   RECORD YEAR NORMAL DEPARTURE LAST
                VALUE   (LST)  VALUE       VALUE  FROM      YEAR
                                                  NORMAL
..................................................................
TEMPERATURE (F)
 YESTERDAY
  MAXIMUM         60    909 AM  MM      MM  79    -19       79
  MINIMUM         46    140 AM  MM      MM  53     -7       48
  AVERAGE         53                        66    -13       64

PRECIPITATION (IN)
  YESTERDAY        0.74         MM      MM   0.10   0.64     0.03
  MONTH TO DATE    2.61                      1.83   0.78     0.07
  SINCE SEP 1      2.61                      1.83   0.78     0.07
  SINCE JAN 1     31.18                     29.11   2.07    24.28

DEGREE DAYS
 HEATING
  YESTERDAY       12                         2     10        1
  MONTH TO DATE   44                        15     29        8
  SINCE SEP 1     44                        15     29        8
  SINCE JUL 1     53                        24     29       23

 COOLING
  YESTERDAY        0                         3     -3        0
  MONTH TO DATE   68                        66      2      125
  SINCE SEP 1     68                        66      2      125
  SINCE JAN 1    924                       893     31      978
..................................................................


WIND (MPH)
  HIGHEST WIND SPEED    25   HIGHEST WIND DIRECTION    SE (140)
  HIGHEST GUST SPEED    36   HIGHEST GUST DIRECTION    SE (140)
  AVERAGE WIND SPEED     5.4


SKY COVER
  POSSIBLE SUNSHINE  MM
  AVERAGE SKY COVER 0.8


WEATHER CONDITIONS
 THE FOLLOWING WEATHER WAS RECORDED YESTERDAY.
  THUNDERSTORM
  HEAVY RAIN
  RAIN
  LIGHT RAIN
  FOG


RELATIVE HUMIDITY (PERCENT)
 HIGHEST   100           200 PM
 LOWEST     72           900 AM
 AVERAGE    86

..........................................................


THE CHAMPAIGN IL AIRPORT CLIMATE NORMALS FOR TODAY
                         NORMAL    RECORD    YEAR
 MAXIMUM TEMPERATURE (F)   78        MM        MM
 MINIMUM TEMPERATURE (F)   53        MM        MM


SUNRISE AND SUNSET
SEPTEMBER 16 2014.....SUNRISE   635 AM CDT   SUNSET   700 PM CDT
SEPTEMBER 17 2014.....SUNRISE   636 AM CDT   SUNSET   659 PM CDT


-  INDICATES NEGATIVE NUMBERS.
R  INDICATES RECORD WAS SET OR TIED.
MM INDICATES DATA IS MISSING.
T  INDICATES TRACE AMOUNT.




$$
