000
CDUS43 KILX 202250
CLICMI


CLIMATE REPORT
NATIONAL WEATHER SERVICE LINCOLN IL
439 PM CST THU NOV 20 2014


...................................

...THE CHAMPAIGN IL AIRPORT CLIMATE SUMMARY FOR NOVEMBER 20 2014...
VALID TODAY AS OF 0400 PM LOCAL TIME.

CLIMATE NORMAL PERIOD 1981 TO 2010
CLIMATE RECORD PERIOD 9999 TO 9999


WEATHER ITEM   OBSERVED TIME   RECORD YEAR NORMAL DEPARTURE LAST
                VALUE   (LST)  VALUE       VALUE  FROM      YEAR
                                                  NORMAL
..................................................................
TEMPERATURE (F)
 TODAY
  MAXIMUM         33    316 PM  MM      MM  49    -16       45
  MINIMUM         17    613 AM  MM      MM  30    -13       24
  AVERAGE         25                        40    -15       35

PRECIPITATION (IN)
  TODAY            0.00         MM      MM   0.11  -0.11     0.06
  MONTH TO DATE    0.53                      2.33  -1.80     0.59
  SINCE SEP 1      7.13                      8.75  -1.62     5.14
  SINCE JAN 1     35.70                     36.03  -0.33    29.35

DEGREE DAYS
 HEATING
  TODAY           40                        26     14       30
  MONTH TO DATE  608                       419    189      450
  SINCE SEP 1   1041                       871    170      827
  SINCE JUL 1   1050                       880    170      842

 COOLING
  TODAY            0                         0      0        0
  MONTH TO DATE    0                         0      0        0
  SINCE SEP 1     92                       117    -25      214
  SINCE JAN 1    948                       944      4     1067
..................................................................


WIND (MPH)
  HIGHEST WIND SPEED    25   HIGHEST WIND DIRECTION     W (260)
  HIGHEST GUST SPEED    30   HIGHEST GUST DIRECTION     W (260)
  AVERAGE WIND SPEED    14.4


SKY COVER
  POSSIBLE SUNSHINE  MM
  AVERAGE SKY COVER 0.1


WEATHER CONDITIONS
 THE FOLLOWING WEATHER WAS RECORDED TODAY.
  NO SIGNIFICANT WEATHER WAS OBSERVED.


RELATIVE HUMIDITY (PERCENT)
 HIGHEST    80           200 AM
 LOWEST     41           200 PM
 AVERAGE    61

..........................................................


THE CHAMPAIGN IL AIRPORT CLIMATE NORMALS FOR TOMORROW
                         NORMAL    RECORD    YEAR
 MAXIMUM TEMPERATURE (F)   48        MM        MM
 MINIMUM TEMPERATURE (F)   30        MM        MM


SUNRISE AND SUNSET
NOVEMBER 20 2014......SUNRISE   644 AM CST   SUNSET   433 PM CST
NOVEMBER 21 2014......SUNRISE   645 AM CST   SUNSET   433 PM CST


-  INDICATES NEGATIVE NUMBERS.
R  INDICATES RECORD WAS SET OR TIED.
MM INDICATES DATA IS MISSING.
T  INDICATES TRACE AMOUNT.




$$
