000
CDUS43 KILX 010646
CLICMI


CLIMATE REPORT
NATIONAL WEATHER SERVICE LINCOLN IL
140 AM CDT FRI AUG 1 2014


...................................

...THE CHAMPAIGN IL AIRPORT CLIMATE SUMMARY FOR JULY 31 2014...

CLIMATE NORMAL PERIOD 1981 TO 2010
CLIMATE RECORD PERIOD 9999 TO 9999


WEATHER ITEM   OBSERVED TIME   RECORD YEAR NORMAL DEPARTURE LAST
                VALUE   (LST)  VALUE       VALUE  FROM      YEAR
                                                  NORMAL
..................................................................
TEMPERATURE (F)
 YESTERDAY
  MAXIMUM         81    314 PM  MM      MM  83     -2       78
  MINIMUM         56    452 AM  MM      MM  63     -7       64
  AVERAGE         69                        73     -4       71

PRECIPITATION (IN)
  YESTERDAY        0.00         MM      MM   0.12  -0.12     0.02
  MONTH TO DATE    5.98                      4.34   1.64     5.03
  SINCE JUN 1     12.32                      8.51   3.81     8.28
  SINCE JAN 1     26.86                     23.67   3.19    23.96

DEGREE DAYS
 HEATING
  YESTERDAY        0                         0      0        0
  MONTH TO DATE    7                         0      7        8
  SINCE JUN 1      7                        19    -12       21
  SINCE JUL 1      7                         2      5        8

 COOLING
  YESTERDAY        4                         8     -4        6
  MONTH TO DATE  159                       282   -123      250
  SINCE JUN 1    440                       505    -65      469
  SINCE JAN 1    592                       597     -5      601
..................................................................


WIND (MPH)
  HIGHEST WIND SPEED     9   HIGHEST WIND DIRECTION     W (270)
  HIGHEST GUST SPEED    12   HIGHEST GUST DIRECTION    SW (240)
  AVERAGE WIND SPEED     3.3


SKY COVER
  POSSIBLE SUNSHINE  MM
  AVERAGE SKY COVER 0.0


WEATHER CONDITIONS
 THE FOLLOWING WEATHER WAS RECORDED YESTERDAY.
  FOG


RELATIVE HUMIDITY (PERCENT)
 HIGHEST    97          1200 AM
 LOWEST     45           100 PM
 AVERAGE    71

..........................................................


THE CHAMPAIGN IL AIRPORT CLIMATE NORMALS FOR TODAY
                         NORMAL    RECORD    YEAR
 MAXIMUM TEMPERATURE (F)   83        MM        MM
 MINIMUM TEMPERATURE (F)   63        MM        MM


SUNRISE AND SUNSET
AUGUST  1 2014........SUNRISE   551 AM CDT   SUNSET   807 PM CDT
AUGUST  2 2014........SUNRISE   552 AM CDT   SUNSET   806 PM CDT


-  INDICATES NEGATIVE NUMBERS.
R  INDICATES RECORD WAS SET OR TIED.
MM INDICATES DATA IS MISSING.
T  INDICATES TRACE AMOUNT.




$$
