447
CDUS43 KILX 060650
CLICMI


CLIMATE REPORT
NATIONAL WEATHER SERVICE LINCOLN IL
1250 AM CST TUE DEC 6 2016


...................................

...THE CHAMPAIGN IL AIRPORT CLIMATE SUMMARY FOR DECEMBER 5 2016...

CLIMATE NORMAL PERIOD 1981 TO 2010
CLIMATE RECORD PERIOD 9999 TO 9999


WEATHER ITEM   OBSERVED TIME   RECORD YEAR NORMAL DEPARTURE LAST
                VALUE   (LST)  VALUE       VALUE  FROM      YEAR
                                                  NORMAL
..................................................................
TEMPERATURE (F)
 YESTERDAY
  MAXIMUM         39    358 PM  MM      MM  40     -1       40
  MINIMUM         33   1159 PM  MM      MM  24      9       28
  AVERAGE         36                        32      4       34

PRECIPITATION (IN)
  YESTERDAY        0.00         MM      MM   0.09  -0.09     0.00
  MONTH TO DATE    0.40                      0.45  -0.05     0.07
  SINCE DEC 1      0.40                      0.45  -0.05     0.07
  SINCE JAN 1     36.01                     37.65  -1.64    36.67

DEGREE DAYS
 HEATING
  YESTERDAY       29                        33     -4       31
  MONTH TO DATE  143                       159    -16      151
  SINCE DEC 1    143                       159    -16      151
  SINCE JUL 1    876                      1323   -447     1018

 COOLING
  YESTERDAY        0                         0      0        0
  MONTH TO DATE    0                         0      0        0
  SINCE DEC 1      0                         0      0        0
  SINCE JAN 1   1284                       945    339     1085
..................................................................


WIND (MPH)
  HIGHEST WIND SPEED    18   HIGHEST WIND DIRECTION     W (270)
  HIGHEST GUST SPEED    22   HIGHEST GUST DIRECTION     W (270)
  AVERAGE WIND SPEED     9.3


SKY COVER
  POSSIBLE SUNSHINE  MM
  AVERAGE SKY COVER 0.7


WEATHER CONDITIONS
 THE FOLLOWING WEATHER WAS RECORDED YESTERDAY.
  FOG


RELATIVE HUMIDITY (PERCENT)
 HIGHEST    92           500 PM
 LOWEST     82          1000 PM
 AVERAGE    87

..........................................................


THE CHAMPAIGN IL AIRPORT CLIMATE NORMALS FOR TODAY
                         NORMAL    RECORD    YEAR
 MAXIMUM TEMPERATURE (F)   40        MM        MM
 MINIMUM TEMPERATURE (F)   24        MM        MM


SUNRISE AND SUNSET
DECEMBER  6 2016......SUNRISE   701 AM CST   SUNSET   428 PM CST
DECEMBER  7 2016......SUNRISE   702 AM CST   SUNSET   428 PM CST


-  INDICATES NEGATIVE NUMBERS.
R  INDICATES RECORD WAS SET OR TIED.
MM INDICATES DATA IS MISSING.
T  INDICATES TRACE AMOUNT.




$$
