000
CDUS43 KILX 232130
CLICMI


CLIMATE REPORT
NATIONAL WEATHER SERVICE LINCOLN IL
430 PM CDT TUE MAY 23 2017


...................................

...THE CHAMPAIGN IL AIRPORT CLIMATE SUMMARY FOR MAY 23 2017...
VALID TODAY AS OF 0400 PM LOCAL TIME.

CLIMATE NORMAL PERIOD 1981 TO 2010
CLIMATE RECORD PERIOD 9999 TO 9999


WEATHER ITEM   OBSERVED TIME   RECORD YEAR NORMAL DEPARTURE LAST
                VALUE   (LST)  VALUE       VALUE  FROM      YEAR
                                                  NORMAL
..................................................................
TEMPERATURE (F)
 TODAY
  MAXIMUM         70    259 PM  MM      MM  78     -8       85
  MINIMUM         58    544 AM  MM      MM  54      4       51
  AVERAGE         64                        66     -2       68

PRECIPITATION (IN)
  TODAY            T            MM      MM   0.15  -0.15     0.00
  MONTH TO DATE    4.80                      3.45   1.35     1.78
  SINCE MAR 1     12.69                      9.99   2.70     8.10
  SINCE JAN 1     15.43                     14.06   1.37     9.76

DEGREE DAYS
 HEATING
  TODAY            1                         3     -2        0
  MONTH TO DATE  139                       123     16      153
  SINCE MAR 1   1044                      1285   -241     1072
  SINCE JUL 1   4563                      5787  -1224     4759

 COOLING
  TODAY            0                         4     -4        3
  MONTH TO DATE   54                        48      6       12
  SINCE MAR 1     78                        59     19       26
  SINCE JAN 1     78                        59     19       26
..................................................................


WIND (MPH)
  HIGHEST WIND SPEED    10   HIGHEST WIND DIRECTION    NW (310)
  HIGHEST GUST SPEED    14   HIGHEST GUST DIRECTION     E (100)
  AVERAGE WIND SPEED     4.8


SKY COVER
  POSSIBLE SUNSHINE  MM
  AVERAGE SKY COVER 0.8


WEATHER CONDITIONS
 THE FOLLOWING WEATHER WAS RECORDED TODAY.
  NO SIGNIFICANT WEATHER WAS OBSERVED.


RELATIVE HUMIDITY (PERCENT)
 HIGHEST    93           400 AM
 LOWEST     47           300 PM
 AVERAGE    70

..........................................................


THE CHAMPAIGN IL AIRPORT CLIMATE NORMALS FOR TOMORROW
                         NORMAL    RECORD    YEAR
 MAXIMUM TEMPERATURE (F)   78        MM        MM
 MINIMUM TEMPERATURE (F)   54        MM        MM


SUNRISE AND SUNSET
MAY 23 2017...........SUNRISE   531 AM CDT   SUNSET   809 PM CDT
MAY 24 2017...........SUNRISE   530 AM CDT   SUNSET   810 PM CDT


-  INDICATES NEGATIVE NUMBERS.
R  INDICATES RECORD WAS SET OR TIED.
MM INDICATES DATA IS MISSING.
T  INDICATES TRACE AMOUNT.




$$
