000
CDUS43 KILX 210637
CLICMI


CLIMATE REPORT
NATIONAL WEATHER SERVICE LINCOLN IL
137 AM CDT TUE OCT 21 2014


...................................

...THE CHAMPAIGN IL AIRPORT CLIMATE SUMMARY FOR OCTOBER 20 2014...

CLIMATE NORMAL PERIOD 1981 TO 2010
CLIMATE RECORD PERIOD 9999 TO 9999


WEATHER ITEM   OBSERVED TIME   RECORD YEAR NORMAL DEPARTURE LAST
                VALUE   (LST)  VALUE       VALUE  FROM      YEAR
                                                  NORMAL
..................................................................
TEMPERATURE (F)
 YESTERDAY
  MAXIMUM         69    222 PM  MM      MM  64      5       70
  MINIMUM         47   1157 PM  MM      MM  41      6       36
  AVERAGE         58                        52      6       53

PRECIPITATION (IN)
  YESTERDAY        0.00         MM      MM   0.11  -0.11     0.00
  MONTH TO DATE    2.92                      2.05   0.87     1.92
  SINCE SEP 1      6.10                      5.33   0.77     2.47
  SINCE JAN 1     34.67                     32.61   2.06    26.68

DEGREE DAYS
 HEATING
  YESTERDAY        7                        13     -6       12
  MONTH TO DATE  202                       204     -2      124
  SINCE SEP 1    284                       287     -3      152
  SINCE JUL 1    293                       296     -3      167

 COOLING
  YESTERDAY        0                         0      0        0
  MONTH TO DATE    9                        14     -5       45
  SINCE SEP 1     91                       112    -21      214
  SINCE JAN 1    947                       939      8     1067
..................................................................


WIND (MPH)
  HIGHEST WIND SPEED    20   HIGHEST WIND DIRECTION    NW (320)
  HIGHEST GUST SPEED    27   HIGHEST GUST DIRECTION     W (290)
  AVERAGE WIND SPEED    10.3


SKY COVER
  POSSIBLE SUNSHINE  MM
  AVERAGE SKY COVER 0.3


WEATHER CONDITIONS
 THE FOLLOWING WEATHER WAS RECORDED YESTERDAY.
  NO SIGNIFICANT WEATHER WAS OBSERVED.


RELATIVE HUMIDITY (PERCENT)
 HIGHEST    93           200 AM
 LOWEST     45           100 PM
 AVERAGE    69

..........................................................


THE CHAMPAIGN IL AIRPORT CLIMATE NORMALS FOR TODAY
                         NORMAL    RECORD    YEAR
 MAXIMUM TEMPERATURE (F)   63        MM        MM
 MINIMUM TEMPERATURE (F)   41        MM        MM


SUNRISE AND SUNSET
OCTOBER 21 2014.......SUNRISE   710 AM CDT   SUNSET   605 PM CDT
OCTOBER 22 2014.......SUNRISE   711 AM CDT   SUNSET   603 PM CDT


-  INDICATES NEGATIVE NUMBERS.
R  INDICATES RECORD WAS SET OR TIED.
MM INDICATES DATA IS MISSING.
T  INDICATES TRACE AMOUNT.




$$
