000
CDUS43 KTOP 060639
CLICNK


CLIMATE REPORT
NATIONAL WEATHER SERVICE TOPEKA KS
1239 AM CST FRI MAR 6 2015


...................................

...THE CONCORDIA KS CLIMATE SUMMARY FOR MARCH 5 2015...

CLIMATE NORMAL PERIOD 1981 TO 2010
CLIMATE RECORD PERIOD 1885 TO 2015


WEATHER ITEM   OBSERVED TIME   RECORD YEAR NORMAL DEPARTURE LAST
                VALUE   (LST)  VALUE       VALUE  FROM      YEAR
                                                  NORMAL
..................................................................
TEMPERATURE (F)
 YESTERDAY
  MAXIMUM         41    500 PM  81    2009  50     -9       33
  MINIMUM          5    643 AM   2    1960  28    -23       20
  AVERAGE         23                        39    -16       27

PRECIPITATION (IN)
  YESTERDAY        0.00          1.16 1892   0.05  -0.05     0.05
  MONTH TO DATE    0.00                      0.22  -0.22     0.07
  SINCE MAR 1      0.00                      0.22  -0.22     0.07
  SINCE JAN 1      1.52                      1.59  -0.07     1.26

SNOWFALL (IN)
  YESTERDAY        0.0           1.6  1963   0.0    0.0       T
  MONTH TO DATE    0.0                       0.3   -0.3      0.6
  SINCE JAN 1      5.6                      10.7   -5.1     15.3
  SINCE JUL 1     11.7                      17.2   -5.5     21.6
  SNOW DEPTH       0

DEGREE DAYS
 HEATING
  YESTERDAY       42                        26     16       38
  MONTH TO DATE  182                       133     49      248
  SINCE MAR 1    182                       133     49      248
  SINCE JUL 1   4389                      4340     49     4730

 COOLING
  YESTERDAY        0                         0      0        0
  MONTH TO DATE    0                         0      0        0
  SINCE MAR 1      0                         0      0        0
  SINCE JAN 1      0                         0      0        0
..................................................................


WIND (MPH)
  HIGHEST WIND SPEED    22   HIGHEST WIND DIRECTION     S (190)
  HIGHEST GUST SPEED    30   HIGHEST GUST DIRECTION     S (200)
  AVERAGE WIND SPEED     8.2


SKY COVER
  AVERAGE SKY COVER 0.0


WEATHER CONDITIONS
 THE FOLLOWING WEATHER WAS RECORDED YESTERDAY.
  HAZE


RELATIVE HUMIDITY (PERCENT)
 HIGHEST    80           600 AM
 LOWEST     25           400 PM
 AVERAGE    53

..........................................................


THE CONCORDIA KS CLIMATE NORMALS FOR TODAY
                         NORMAL    RECORD    YEAR
 MAXIMUM TEMPERATURE (F)   51        87      1972
 MINIMUM TEMPERATURE (F)   28        -1      1943


SUNRISE AND SUNSET
MARCH  6 2015.........SUNRISE   656 AM CST   SUNSET   628 PM CST
MARCH  7 2015.........SUNRISE   655 AM CST   SUNSET   629 PM CST


-  INDICATES NEGATIVE NUMBERS.
R  INDICATES RECORD WAS SET OR TIED.
MM INDICATES DATA IS MISSING.
T  INDICATES TRACE AMOUNT.




$$
