000
CDUS43 KTOP 232232
CLICNK


CLIMATE REPORT
NATIONAL WEATHER SERVICE TOPEKA KS
431 PM CST MON JAN 23 2017


...................................

...THE CONCORDIA KS CLIMATE SUMMARY FOR JANUARY 23 2017...
VALID TODAY AS OF 430 PM LOCAL TIME.

CLIMATE NORMAL PERIOD 1981 TO 2010
CLIMATE RECORD PERIOD 1885 TO 2017


WEATHER ITEM   OBSERVED TIME   RECORD YEAR NORMAL DEPARTURE LAST
                VALUE   (LST)  VALUE       VALUE  FROM      YEAR
                                                  NORMAL
..................................................................
TEMPERATURE (F)
 TODAY
  MAXIMUM         53    359 PM  67    1934  39     14       30
  MINIMUM         23    811 AM -11    1963  19      4       19
                                      1886
  AVERAGE         38                        29      9       25

PRECIPITATION (IN)
  TODAY            0.00          0.64 1949   0.02  -0.02     0.00
  MONTH TO DATE    1.75                      0.39   1.36     1.05
  SINCE DEC 1      2.68                      1.24   1.44     3.69
  SINCE JAN 1      1.75                      0.39   1.36     1.05

SNOWFALL (IN)
  TODAY            0.0           2.3  1956   0.2   -0.2      0.0
  MONTH TO DATE    1.0                       4.1   -3.1      7.6
  SINCE JAN 1      1.0                       4.1   -3.1      7.6
  SINCE JUL 1      3.2                      10.6   -7.4      8.9
  SNOW DEPTH       0

DEGREE DAYS
 HEATING
  TODAY           27                        36     -9       40
  MONTH TO DATE  825                       842    -17      860
  SINCE DEC 1   1929                      1927      2     1735
  SINCE JUL 1   2626                      3019   -393     2503

 COOLING
  TODAY            0                         0      0        0
  MONTH TO DATE    0                         0      0        0
  SINCE DEC 1      0                         0      0        0
  SINCE JAN 1      0                         0      0        0
..................................................................


WIND (MPH)
  HIGHEST WIND SPEED    18   HIGHEST WIND DIRECTION    SE (150)
  HIGHEST GUST SPEED    23   HIGHEST GUST DIRECTION    SE (150)
  AVERAGE WIND SPEED     4.7



WEATHER CONDITIONS
 THE FOLLOWING WEATHER WAS RECORDED TODAY.
  NO SIGNIFICANT WEATHER WAS OBSERVED.


RELATIVE HUMIDITY (PERCENT)
 HIGHEST   100           400 AM
 LOWEST     41           400 PM
 AVERAGE    71

..........................................................


THE CONCORDIA KS CLIMATE NORMALS FOR TOMORROW
                         NORMAL    RECORD    YEAR
 MAXIMUM TEMPERATURE (F)   39        71      1981
 MINIMUM TEMPERATURE (F)   19       -17      1894


SUNRISE AND SUNSET
JANUARY 23 2017.......SUNRISE   745 AM CST   SUNSET   540 PM CST
JANUARY 24 2017.......SUNRISE   744 AM CST   SUNSET   542 PM CST


-  INDICATES NEGATIVE NUMBERS.
R  INDICATES RECORD WAS SET OR TIED.
MM INDICATES DATA IS MISSING.
T  INDICATES TRACE AMOUNT.




$$
