000
CDUS43 KICT 190626
CLICNU


CLIMATE REPORT
NATIONAL WEATHER SERVICE WICHITA KS
125 AM CDT SAT APR 19 2014


...................................

...THE CHANUTE KS CLIMATE SUMMARY FOR APRIL 18 2014...

CLIMATE NORMAL PERIOD 1981 TO 2010
CLIMATE RECORD PERIOD 1894 TO 2014


WEATHER ITEM   OBSERVED TIME   RECORD YEAR NORMAL DEPARTURE LAST
                VALUE   (LST)  VALUE       VALUE  FROM      YEAR
                                                  NORMAL
..................................................................
TEMPERATURE (F)
 YESTERDAY
  MAXIMUM         71    316 PM  90    2006  69      2       50
  MINIMUM         31    417 AM  27    1953  47    -16       36
  AVERAGE         51                        58     -7       43

PRECIPITATION (IN)
  YESTERDAY        0.00          2.91 1970   0.15  -0.15     0.36
  MONTH TO DATE    0.87                      2.43  -1.56     1.55
  SINCE MAR 1      1.84                      5.47  -3.63     3.54
  SINCE JAN 1      2.81                      8.63  -5.82     9.30

DEGREE DAYS
 HEATING
  YESTERDAY       14                         8      6       22
  MONTH TO DATE  225                       193     32      247
  SINCE MAR 1    911                       752    159      953
  SINCE JUL 1   4931                      4324    607     4045

 COOLING
  YESTERDAY        0                         1     -1        0
  MONTH TO DATE    4                        14    -10        3
  SINCE MAR 1      4                        18    -14        3
  SINCE JAN 1      4                        18    -14        4
..................................................................


WIND (MPH)
  HIGHEST WIND SPEED    14   HIGHEST WIND DIRECTION    SE (150)
  HIGHEST GUST SPEED    18   HIGHEST GUST DIRECTION    SE (130)
  AVERAGE WIND SPEED     4.2


SKY COVER
  POSSIBLE SUNSHINE  MM
  AVERAGE SKY COVER 0.0


WEATHER CONDITIONS
 THE FOLLOWING WEATHER WAS RECORDED YESTERDAY.
  FOG
  HAZE


RELATIVE HUMIDITY (PERCENT)
 HIGHEST   100           400 AM
 LOWEST     33           400 PM
 AVERAGE    67

..........................................................


THE CHANUTE KS CLIMATE NORMALS FOR TODAY
                         NORMAL    RECORD    YEAR
 MAXIMUM TEMPERATURE (F)   69        88      1987
 MINIMUM TEMPERATURE (F)   47        30      1953


SUNRISE AND SUNSET
APRIL 19 2014.........SUNRISE   641 AM CDT   SUNSET   801 PM CDT
APRIL 20 2014.........SUNRISE   640 AM CDT   SUNSET   802 PM CDT


-  INDICATES NEGATIVE NUMBERS.
R  INDICATES RECORD WAS SET OR TIED.
MM INDICATES DATA IS MISSING.
T  INDICATES TRACE AMOUNT.




$$
