000
CDUS41 KGYX 022041
CLICON


CLIMATE REPORT
NATIONAL WEATHER SERVICE GRAY ME
441 PM EDT TUE SEP 2 2014


...................................

...THE CONCORD NH CLIMATE SUMMARY FOR SEPTEMBER 2 2014...
VALID TODAY AS OF 0400 PM LOCAL TIME.

CLIMATE NORMAL PERIOD 1981 TO 2010
CLIMATE RECORD PERIOD 1868 TO 2014


WEATHER ITEM   OBSERVED TIME   RECORD YEAR NORMAL DEPARTURE LAST
                VALUE   (LST)  VALUE       VALUE  FROM      YEAR
                                                  NORMAL
..................................................................
TEMPERATURE (F)
 TODAY
  MAXIMUM         87   1241 PM  98    1953  78      9       75
  MINIMUM         63    559 AM  34    1970  53     10       67
  AVERAGE         75                        65     10       71

PRECIPITATION (IN)
  TODAY            0.04          1.63 1956   0.10  -0.06     0.91
  MONTH TO DATE    0.04                      0.20  -0.16     2.59
  SINCE SEP 1      0.04                      0.20  -0.16     2.59
  SINCE JAN 1     32.92                     26.47   6.45    30.88

SNOWFALL (IN)
  TODAY            0.0           0.0  2002   0.0    0.0      0.0
                                      2001
                                      2000
  MONTH TO DATE    0.0                       0.0    0.0      0.0
  SINCE SEP 1      0.0                       0.0    0.0      0.0
  SINCE JUL 1      0.0                       0.0    0.0      0.0
  SNOW DEPTH       0

DEGREE DAYS
 HEATING
  TODAY            0                         3     -3        0
  MONTH TO DATE    0                         5     -5        0
  SINCE SEP 1      0                         5     -5        0
  SINCE JUL 1     32                        53    -21       30

 COOLING
  TODAY           10                         3      7        6
  MONTH TO DATE   21                         6     15       16
  SINCE SEP 1     21                         6     15       16
  SINCE JAN 1    352                       419    -67      507
..................................................................


WIND (MPH)
  HIGHEST WIND SPEED    15   HIGHEST WIND DIRECTION    SW (230)
  HIGHEST GUST SPEED    21   HIGHEST GUST DIRECTION     S (200)
  AVERAGE WIND SPEED     2.5


SKY COVER
  POSSIBLE SUNSHINE  MM
  AVERAGE SKY COVER 0.7


WEATHER CONDITIONS
 THE FOLLOWING WEATHER WAS RECORDED TODAY.
  LIGHT RAIN
  FOG
  FOG W/VISIBILITY <= 1/4 MILE


RELATIVE HUMIDITY (PERCENT)
 HIGHEST   100          1200 AM
 LOWEST     57          1200 PM
 AVERAGE    79

..........................................................


THE CONCORD NH CLIMATE NORMALS FOR TOMORROW
                         NORMAL    RECORD    YEAR
 MAXIMUM TEMPERATURE (F)   77        93      1973
                                             1937
                                             1929
 MINIMUM TEMPERATURE (F)   52        35      1970


SUNRISE AND SUNSET
SEPTEMBER  2 2014.....SUNRISE   611 AM EDT   SUNSET   719 PM EDT
SEPTEMBER  3 2014.....SUNRISE   612 AM EDT   SUNSET   718 PM EDT


-  INDICATES NEGATIVE NUMBERS.
R  INDICATES RECORD WAS SET OR TIED.
MM INDICATES DATA IS MISSING.
T  INDICATES TRACE AMOUNT.




$$
