000
CDUS41 KGYX 200803
CLICON


CLIMATE REPORT
NATIONAL WEATHER SERVICE GRAY ME
403 AM EDT WED AUG 20 2014


...................................

...THE CONCORD NH CLIMATE SUMMARY FOR AUGUST 19 2014...

CLIMATE NORMAL PERIOD 1981 TO 2010
CLIMATE RECORD PERIOD 1868 TO 2014


WEATHER ITEM   OBSERVED TIME   RECORD YEAR NORMAL DEPARTURE LAST
                VALUE   (LST)  VALUE       VALUE  FROM      YEAR
                                                  NORMAL
..................................................................
TEMPERATURE (F)
 YESTERDAY
  MAXIMUM         78    357 PM  94    1870  81     -3       82
  MINIMUM         44    445 AM  38    1968  56    -12       51
  AVERAGE         61                        68     -7       67

PRECIPITATION (IN)
  YESTERDAY        0.00          3.84 1991   0.10  -0.10     0.00
  MONTH TO DATE    2.16                      2.05   0.11     1.39
  SINCE JUN 1     13.48                      9.48   4.00    14.87
  SINCE JAN 1     31.22                     25.14   6.08    27.63

SNOWFALL (IN)
  YESTERDAY        0.0           0.0  2002   0.0    0.0      0.0
                                      2001
                                      2000
  MONTH TO DATE    0.0                       0.0    0.0      0.0
  SINCE JUN 1      0.0                       0.0    0.0      0.0
  SINCE JUL 1      0.0                       0.0    0.0      0.0
  SNOW DEPTH       0

DEGREE DAYS
 HEATING
  YESTERDAY        4                         1      3        0
  MONTH TO DATE   21                        14      7       18
  SINCE JUN 1     77                       116    -39       92
  SINCE JUL 1     21                        31    -10       20

 COOLING
  YESTERDAY        0                         4     -4        2
  MONTH TO DATE   45                        96    -51       34
  SINCE JUN 1    293                       352    -59      409
  SINCE JAN 1    295                       370    -75      430
..................................................................


WIND (MPH)
  RESULTANT WIND SPEED   1   RESULTANT WIND DIRECTION  NE (60)
  HIGHEST WIND SPEED    12   HIGHEST WIND DIRECTION    NW (310)
  HIGHEST GUST SPEED    15   HIGHEST GUST DIRECTION    NW (310)
  AVERAGE WIND SPEED     2.1


SKY COVER
  AVERAGE SKY COVER 0.0


WEATHER CONDITIONS
 THE FOLLOWING WEATHER WAS RECORDED YESTERDAY.
  NO SIGNIFICANT WEATHER WAS OBSERVED.


RELATIVE HUMIDITY (PERCENT)
 HIGHEST   100          1200 AM
 LOWEST     39           500 PM
 AVERAGE    70

..........................................................


THE CONCORD NH CLIMATE NORMALS FOR TODAY
                         NORMAL    RECORD    YEAR
 MAXIMUM TEMPERATURE (F)   81        94      1983
 MINIMUM TEMPERATURE (F)   56        38      1975


SUNRISE AND SUNSET
AUGUST 20 2014........SUNRISE   557 AM EDT   SUNSET   741 PM EDT
AUGUST 21 2014........SUNRISE   558 AM EDT   SUNSET   739 PM EDT


-  INDICATES NEGATIVE NUMBERS.
R  INDICATES RECORD WAS SET OR TIED.
MM INDICATES DATA IS MISSING.
T  INDICATES TRACE AMOUNT.




$$
