219
CDUS41 KGYX 100907
CLICON


CLIMATE REPORT
NATIONAL WEATHER SERVICE GRAY ME
407 AM EST WED FEB 10 2016


...................................

...THE CONCORD NH CLIMATE SUMMARY FOR FEBRUARY 9 2016...

CLIMATE NORMAL PERIOD 1981 TO 2010
CLIMATE RECORD PERIOD 1868 TO 2016


WEATHER ITEM   OBSERVED TIME   RECORD YEAR NORMAL DEPARTURE LAST
                VALUE   (LST)  VALUE       VALUE  FROM      YEAR
                                                  NORMAL
..................................................................
TEMPERATURE (F)
 YESTERDAY
  MAXIMUM         29    123 PM  65    1886  34     -5       17
  MINIMUM         12   1009 PM -19    1934  12      0       11
  AVERAGE         21                        23     -2       14

PRECIPITATION (IN)
  YESTERDAY        0.03          0.91 2013   0.09  -0.06     0.45
  MONTH TO DATE    1.58                      0.82   0.76     1.82
  SINCE DEC 1      7.72                      6.72   1.00    10.25
  SINCE JAN 1      2.94                      3.52  -0.58     5.09

SNOWFALL (IN)
  YESTERDAY        0.4          16.2  2013   0.5   -0.1      5.1
  MONTH TO DATE    8.3                       4.3    4.0     23.1
  SINCE DEC 1     20.3                      36.9  -16.6     51.9
  SINCE JUL 1     20.3                      39.5  -19.2     64.8
  SNOW DEPTH       7

DEGREE DAYS
 HEATING
  YESTERDAY       44                        42      2       51
  MONTH TO DATE  295                       385    -90      471
  SINCE DEC 1   2303                      2947   -644     2948
  SINCE JUL 1   3583                      4507   -924     4452

 COOLING
  YESTERDAY        0                         0      0        0
  MONTH TO DATE    0                         0      0        0
  SINCE DEC 1      0                         0      0        0
  SINCE JAN 1      0                         0      0        0
..................................................................


WIND (MPH)
  RESULTANT WIND SPEED   1   RESULTANT WIND DIRECTION   N (340)
  HIGHEST WIND SPEED    10   HIGHEST WIND DIRECTION     N (350)
  HIGHEST GUST SPEED    13   HIGHEST GUST DIRECTION     N (360)
  AVERAGE WIND SPEED     2.2


SKY COVER
  AVERAGE SKY COVER 0.7


WEATHER CONDITIONS
 THE FOLLOWING WEATHER WAS RECORDED YESTERDAY.
  LIGHT SNOW
  FOG
  HAZE


RELATIVE HUMIDITY (PERCENT)
 HIGHEST    88           800 PM
 LOWEST     57           200 PM
 AVERAGE    73

..........................................................


THE CONCORD NH CLIMATE NORMALS FOR TODAY
                         NORMAL    RECORD    YEAR
 MAXIMUM TEMPERATURE (F)   34        55      1955
 MINIMUM TEMPERATURE (F)   13       -26      1948


SUNRISE AND SUNSET
FEBRUARY 10 2016......SUNRISE   651 AM EST   SUNSET   510 PM EST
FEBRUARY 11 2016......SUNRISE   650 AM EST   SUNSET   511 PM EST


-  INDICATES NEGATIVE NUMBERS.
R  INDICATES RECORD WAS SET OR TIED.
MM INDICATES DATA IS MISSING.
T  INDICATES TRACE AMOUNT.




$$
