000
CDUS41 KGYX 280802
CLICON


CLIMATE REPORT
NATIONAL WEATHER SERVICE GRAY ME
402 AM EDT SUN MAY 28 2017


...................................

...THE CONCORD NH CLIMATE SUMMARY FOR MAY 27 2017...

CLIMATE NORMAL PERIOD 1981 TO 2010
CLIMATE RECORD PERIOD 1868 TO 2017


WEATHER ITEM   OBSERVED TIME   RECORD YEAR NORMAL DEPARTURE LAST
                VALUE   (LST)  VALUE       VALUE  FROM      YEAR
                                                  NORMAL
..................................................................
TEMPERATURE (F)
 YESTERDAY
  MAXIMUM         74    414 PM  93    1944  72      2       85
                                      1914
                                      1880
  MINIMUM         51   1156 PM  24    1969  46      5       58
  AVERAGE         63                        59      4       72

PRECIPITATION (IN)
  YESTERDAY        T             1.65 1906   0.13  -0.13      T
  MONTH TO DATE    5.68                      3.16   2.52     2.50
  SINCE MAR 1     13.89                      9.84   4.05     6.82
  SINCE JAN 1     18.84                     15.16   3.68    12.57

SNOWFALL (IN)
  YESTERDAY        0.0           0.0  2002   0.0    0.0      0.0
                                      2001
                                      2000
  MONTH TO DATE    0.0                       0.2   -0.2      0.0
  SINCE MAR 1     29.3                      14.1   15.2      5.0
  SINCE JUL 1     86.3                      61.6   24.7     29.7
  SNOW DEPTH       0

DEGREE DAYS
 HEATING
  YESTERDAY        2                         7     -5        0
  MONTH TO DATE  294                       279     15      259
  SINCE MAR 1   1868                      1866      2     1667
  SINCE JUL 1   6366                      7126   -760     6016

 COOLING
  YESTERDAY        0                         1     -1        7
  MONTH TO DATE   24                        10     14       20
  SINCE MAR 1     32                        12     20       20
  SINCE JAN 1     32                        12     20       20
..................................................................


WIND (MPH)
  RESULTANT WIND SPEED   2   RESULTANT WIND DIRECTION   N (20)
  HIGHEST WIND SPEED    12   HIGHEST WIND DIRECTION    NW (320)
  HIGHEST GUST SPEED    16   HIGHEST GUST DIRECTION    NW (300)
  AVERAGE WIND SPEED     5.1


SKY COVER
  AVERAGE SKY COVER 0.6


WEATHER CONDITIONS
 THE FOLLOWING WEATHER WAS RECORDED YESTERDAY.
  LIGHT RAIN
  FOG


RELATIVE HUMIDITY (PERCENT)
 HIGHEST    89           200 AM
 LOWEST     44          1200 PM
 AVERAGE    67

..........................................................


THE CONCORD NH CLIMATE NORMALS FOR TODAY
                         NORMAL    RECORD    YEAR
 MAXIMUM TEMPERATURE (F)   72        94      2016
                                             1978
 MINIMUM TEMPERATURE (F)   47        29      1994
                                             1980


SUNRISE AND SUNSET
MAY 28 2017...........SUNRISE   511 AM EDT   SUNSET   816 PM EDT
MAY 29 2017...........SUNRISE   510 AM EDT   SUNSET   817 PM EDT


-  INDICATES NEGATIVE NUMBERS.
R  INDICATES RECORD WAS SET OR TIED.
MM INDICATES DATA IS MISSING.
T  INDICATES TRACE AMOUNT.




$$
