000
CDUS41 KGYX 262046
CLICON


CLIMATE REPORT
NATIONAL WEATHER SERVICE GRAY ME
446 PM EDT WED JUL 26 2017


...................................

...THE CONCORD NH CLIMATE SUMMARY FOR JULY 26 2017...
VALID TODAY AS OF 0400 PM LOCAL TIME.

CLIMATE NORMAL PERIOD 1981 TO 2010
CLIMATE RECORD PERIOD 1868 TO 2017


WEATHER ITEM   OBSERVED TIME   RECORD YEAR NORMAL DEPARTURE LAST
                VALUE   (LST)  VALUE       VALUE  FROM      YEAR
                                                  NORMAL
..................................................................
TEMPERATURE (F)
 TODAY
  MAXIMUM         82    241 PM  99    1963  83     -1       92
  MINIMUM         51    430 AM  39    1976  58     -7       65
  AVERAGE         67                        70     -3       79

PRECIPITATION (IN)
  TODAY            0.00          1.51 1881   0.13  -0.13     0.00
  MONTH TO DATE    1.20                      3.12  -1.92     1.71
  SINCE JUN 1      6.35                      6.81  -0.46     3.12
  SINCE JAN 1     25.42                     22.47   2.95    15.82

SNOWFALL (IN)
  TODAY            0.0           0.0  2002   0.0    0.0      0.0
                                      2001
                                      2000
  MONTH TO DATE    0.0                       0.0    0.0      0.0
  SINCE JUN 1      0.0                       0.0    0.0      0.0
  SINCE JUL 1      0.0                       0.0    0.0      0.0
  SNOW DEPTH       0

DEGREE DAYS
 HEATING
  TODAY            0                         0      0        0
  MONTH TO DATE   13                        13      0       11
  SINCE JUN 1     92                        98     -6       53
  SINCE JUL 1     13                        13      0       11

 COOLING
  TODAY            2                         6     -4       14
  MONTH TO DATE  166                       146     20      200
  SINCE JUN 1    286                       230     56      282
  SINCE JAN 1    318                       248     70      322
..................................................................


WIND (MPH)
  HIGHEST WIND SPEED    12   HIGHEST WIND DIRECTION     S (170)
  HIGHEST GUST SPEED    32   HIGHEST GUST DIRECTION    SW (210)
  AVERAGE WIND SPEED     2.9


SKY COVER
  POSSIBLE SUNSHINE  MM
  AVERAGE SKY COVER 0.3


WEATHER CONDITIONS
 THE FOLLOWING WEATHER WAS RECORDED TODAY.
  FOG
  FOG W/VISIBILITY <= 1/4 MILE


RELATIVE HUMIDITY (PERCENT)
 HIGHEST   100           500 AM
 LOWEST     39           200 PM
 AVERAGE    70

..........................................................


THE CONCORD NH CLIMATE NORMALS FOR TOMORROW
                         NORMAL    RECORD    YEAR
 MAXIMUM TEMPERATURE (F)   83        97      1963
 MINIMUM TEMPERATURE (F)   58        37      1977


SUNRISE AND SUNSET
JULY 26 2017..........SUNRISE   530 AM EDT   SUNSET   814 PM EDT
JULY 27 2017..........SUNRISE   531 AM EDT   SUNSET   813 PM EDT


-  INDICATES NEGATIVE NUMBERS.
R  INDICATES RECORD WAS SET OR TIED.
MM INDICATES DATA IS MISSING.
T  INDICATES TRACE AMOUNT.




$$
