000
CDUS41 KGYX 222141
CLICON


CLIMATE REPORT
NATIONAL WEATHER SERVICE GRAY ME
441 PM EST MON DEC 22 2014


...................................

...THE CONCORD NH CLIMATE SUMMARY FOR DECEMBER 22 2014...
VALID TODAY AS OF 0400 PM LOCAL TIME.

CLIMATE NORMAL PERIOD 1981 TO 2010
CLIMATE RECORD PERIOD 1868 TO 2014


WEATHER ITEM   OBSERVED TIME   RECORD YEAR NORMAL DEPARTURE LAST
                VALUE   (LST)  VALUE       VALUE  FROM      YEAR
                                                  NORMAL
..................................................................
TEMPERATURE (F)
 TODAY
  MAXIMUM         38    213 PM  63    1949  34      4       39
  MINIMUM         29    625 AM -17    1980  15     14       31
  AVERAGE         34                        24     10       35

PRECIPITATION (IN)
  TODAY            0.00          1.26 1931   0.09  -0.09     0.12
  MONTH TO DATE    3.96                      2.33   1.63     1.89
  SINCE DEC 1      3.96                      2.33   1.63     1.89
  SINCE JAN 1     44.83                     39.74   5.09    39.29

SNOWFALL (IN)
  TODAY            0.0           7.4  1983   0.5   -0.5      0.0
  MONTH TO DATE    3.0                       9.8   -6.8     17.2
  SINCE DEC 1      3.0                       9.8   -6.8     17.2
  SINCE JUL 1     15.9                      12.4    3.5     17.4
  SNOW DEPTH       5

DEGREE DAYS
 HEATING
  TODAY           31                        41    -10       30
  MONTH TO DATE  754                       808    -54      884
  SINCE DEC 1    754                       808    -54      884
  SINCE JUL 1   2258                      2368   -110     2401

 COOLING
  TODAY            0                         0      0        0
  MONTH TO DATE    0                         0      0        0
  SINCE DEC 1      0                         0      0        0
  SINCE JAN 1    387                       452    -65      537
..................................................................


WIND (MPH)
  HIGHEST WIND SPEED     6   HIGHEST WIND DIRECTION    NW (310)
  HIGHEST GUST SPEED     8   HIGHEST GUST DIRECTION    NW (310)
  AVERAGE WIND SPEED     2.1


SKY COVER
  POSSIBLE SUNSHINE  MM
  AVERAGE SKY COVER 1.0


WEATHER CONDITIONS
 THE FOLLOWING WEATHER WAS RECORDED TODAY.
  NO SIGNIFICANT WEATHER WAS OBSERVED.


RELATIVE HUMIDITY (PERCENT)
 HIGHEST    92           200 AM
 LOWEST     70           200 PM
 AVERAGE    81

..........................................................


THE CONCORD NH CLIMATE NORMALS FOR TOMORROW
                         NORMAL    RECORD    YEAR
 MAXIMUM TEMPERATURE (F)   34        66      1990
 MINIMUM TEMPERATURE (F)   14       -16      1883


SUNRISE AND SUNSET
DECEMBER 22 2014......SUNRISE   715 AM EST   SUNSET   414 PM EST
DECEMBER 23 2014......SUNRISE   716 AM EST   SUNSET   415 PM EST


-  INDICATES NEGATIVE NUMBERS.
R  INDICATES RECORD WAS SET OR TIED.
MM INDICATES DATA IS MISSING.
T  INDICATES TRACE AMOUNT.




$$
