000
CDUS41 KGYX 072155
CLICON


CLIMATE REPORT
NATIONAL WEATHER SERVICE GRAY ME
455 PM EST WED DEC 7 2016


...................................

...THE CONCORD NH CLIMATE SUMMARY FOR DECEMBER 7 2016...
VALID TODAY AS OF 0400 PM LOCAL TIME.

CLIMATE NORMAL PERIOD 1981 TO 2010
CLIMATE RECORD PERIOD 1868 TO 2016


WEATHER ITEM   OBSERVED TIME   RECORD YEAR NORMAL DEPARTURE LAST
                VALUE   (LST)  VALUE       VALUE  FROM      YEAR
                                                  NORMAL
..................................................................
TEMPERATURE (F)
 TODAY
  MAXIMUM         36    259 PM  73    1998  39     -3       56
  MINIMUM         32    817 AM -23    1901  21     11       24
  AVERAGE         34                        30      4       40

PRECIPITATION (IN)
  TODAY            0.09          1.52 2011   0.11  -0.02     0.00
  MONTH TO DATE    1.07                      0.77   0.30     0.46
  SINCE DEC 1      1.07                      0.77   0.30     0.46
  SINCE JAN 1     30.82                     38.18  -7.36    33.99

SNOWFALL (IN)
  TODAY            0.7          10.0  1886   0.4    0.3      0.0
  MONTH TO DATE    2.7                       2.6    0.1      0.0
  SINCE DEC 1      2.7                       2.6    0.1      0.0
  SINCE JUL 1      3.4                       5.2   -1.8      0.0
  SNOW DEPTH       3

DEGREE DAYS
 HEATING
  TODAY           31                        35     -4       25
  MONTH TO DATE  207                       236    -29      195
  SINCE DEC 1    207                       236    -29      195
  SINCE JUL 1   1459                      1796   -337     1475

 COOLING
  TODAY            0                         0      0        0
  MONTH TO DATE    0                         0      0        0
  SINCE DEC 1      0                         0      0        0
  SINCE JAN 1    715                       452    263      595
..................................................................


WIND (MPH)
  HIGHEST WIND SPEED     6   HIGHEST WIND DIRECTION     N (10)
  HIGHEST GUST SPEED     8   HIGHEST GUST DIRECTION     N (10)
  AVERAGE WIND SPEED     1.3


SKY COVER
  POSSIBLE SUNSHINE  MM
  AVERAGE SKY COVER 1.0


WEATHER CONDITIONS
 THE FOLLOWING WEATHER WAS RECORDED TODAY.
  LIGHT SNOW
  FOG


RELATIVE HUMIDITY (PERCENT)
 HIGHEST    92           400 PM
 LOWEST     75           200 AM
 AVERAGE    84

..........................................................


THE CONCORD NH CLIMATE NORMALS FOR TOMORROW
                         NORMAL    RECORD    YEAR
 MAXIMUM TEMPERATURE (F)   39        58      1951
 MINIMUM TEMPERATURE (F)   20       -11      1964
                                             1902


SUNRISE AND SUNSET
DECEMBER  7 2016......SUNRISE   705 AM EST   SUNSET   411 PM EST
DECEMBER  8 2016......SUNRISE   706 AM EST   SUNSET   411 PM EST


-  INDICATES NEGATIVE NUMBERS.
R  INDICATES RECORD WAS SET OR TIED.
MM INDICATES DATA IS MISSING.
T  INDICATES TRACE AMOUNT.




$$
