000
CDUS41 KGYX 280806
CLICON


CLIMATE REPORT
NATIONAL WEATHER SERVICE GRAY ME
406 AM EDT THU MAY 28 2015


...................................

...THE CONCORD NH CLIMATE SUMMARY FOR MAY 27 2015...

CLIMATE NORMAL PERIOD 1981 TO 2010
CLIMATE RECORD PERIOD 1868 TO 2015


WEATHER ITEM   OBSERVED TIME   RECORD YEAR NORMAL DEPARTURE LAST
                VALUE   (LST)  VALUE       VALUE  FROM      YEAR
                                                  NORMAL
..................................................................
TEMPERATURE (F)
 YESTERDAY
  MAXIMUM         92    226 PM  93    1944  72     20       72
                                      1914
  MINIMUM         66    127 AM  24    1969  46     20       45
  AVERAGE         79                        59     20       59

PRECIPITATION (IN)
  YESTERDAY        0.04          1.65 1906   0.13  -0.09     0.13
  MONTH TO DATE    0.14                      3.16  -3.02     3.43
  SINCE MAR 1      3.88                      9.84  -5.96    10.28
  SINCE JAN 1      9.94                     15.16  -5.22    17.60

SNOWFALL (IN)
  YESTERDAY        0.0           0.0  2002   0.0    0.0      0.0
                                      2001
                                      2000
  MONTH TO DATE    0.0                       0.2   -0.2      0.0
  SINCE MAR 1      7.9                      14.1   -6.2     10.6
  SINCE JUL 1     92.1                      61.6   30.5     80.4
  SNOW DEPTH       0

DEGREE DAYS
 HEATING
  YESTERDAY        0                         7     -7        6
  MONTH TO DATE  151                       279   -128      221
  SINCE MAR 1   1908                      1866     42     2054
  SINCE JUL 1   7362                      7126    236     7523

 COOLING
  YESTERDAY       14                         1     13        0
  MONTH TO DATE   44                        10     34        2
  SINCE MAR 1     44                        12     32        2
  SINCE JAN 1     44                        12     32        2
..................................................................


WIND (MPH)
  RESULTANT WIND SPEED   9   RESULTANT WIND DIRECTION   S (190)
  HIGHEST WIND SPEED    24   HIGHEST WIND DIRECTION    SW (230)
  HIGHEST GUST SPEED    33   HIGHEST GUST DIRECTION    SW (210)
  AVERAGE WIND SPEED     9.7


SKY COVER
  AVERAGE SKY COVER 0.3


WEATHER CONDITIONS
 THE FOLLOWING WEATHER WAS RECORDED YESTERDAY.
  LIGHT RAIN


RELATIVE HUMIDITY (PERCENT)
 HIGHEST    90          1000 PM
 LOWEST     38           200 PM
 AVERAGE    64

..........................................................


THE CONCORD NH CLIMATE NORMALS FOR TODAY
                         NORMAL    RECORD    YEAR
 MAXIMUM TEMPERATURE (F)   72        94      1978
 MINIMUM TEMPERATURE (F)   47        29      1994
                                             1980


SUNRISE AND SUNSET
MAY 28 2015...........SUNRISE   511 AM EDT   SUNSET   816 PM EDT
MAY 29 2015...........SUNRISE   511 AM EDT   SUNSET   816 PM EDT


-  INDICATES NEGATIVE NUMBERS.
R  INDICATES RECORD WAS SET OR TIED.
MM INDICATES DATA IS MISSING.
T  INDICATES TRACE AMOUNT.




$$
