000
CDUS41 KGYX 062044
CLICON


CLIMATE REPORT
NATIONAL WEATHER SERVICE GRAY ME
444 PM EDT FRI MAY 6 2016


...................................

...THE CONCORD NH CLIMATE SUMMARY FOR MAY 6 2016...
VALID TODAY AS OF 0400 PM LOCAL TIME.

CLIMATE NORMAL PERIOD 1981 TO 2010
CLIMATE RECORD PERIOD 1868 TO 2016


WEATHER ITEM   OBSERVED TIME   RECORD YEAR NORMAL DEPARTURE LAST
                VALUE   (LST)  VALUE       VALUE  FROM      YEAR
                                                  NORMAL
..................................................................
TEMPERATURE (F)
 TODAY
  MAXIMUM         70    136 PM  88    1930  66      4       80
  MINIMUM         48   1237 AM  26    1961  39      9       38
  AVERAGE         59                        53      6       59

PRECIPITATION (IN)
  TODAY            0.00          1.24 1991   0.12  -0.12     0.00
  MONTH TO DATE    0.96                      0.69   0.27     0.00
  SINCE MAR 1      5.28                      7.37  -2.09     3.74
  SINCE JAN 1     11.03                     12.69  -1.66     9.80

SNOWFALL (IN)
  TODAY            0.0           T    1917   0.0    0.0      0.0
                                      1996
  MONTH TO DATE    0.0                       0.1   -0.1      0.0
  SINCE MAR 1      5.0                      14.0   -9.0      7.9
  SINCE JUL 1     29.7                      61.5  -31.8     92.1
  SNOW DEPTH       0

DEGREE DAYS
 HEATING
  TODAY            6                        13     -7        6
  MONTH TO DATE  101                        81     20       43
  SINCE MAR 1   1509                      1668   -159     1800
  SINCE JUL 1   5858                      6928  -1070     7254

 COOLING
  TODAY            0                         0      0        0
  MONTH TO DATE    0                         0      0        0
  SINCE MAR 1      0                         2     -2        0
  SINCE JAN 1      0                         2     -2        0
..................................................................


WIND (MPH)
  HIGHEST WIND SPEED    13   HIGHEST WIND DIRECTION    SE (130)
  HIGHEST GUST SPEED    18   HIGHEST GUST DIRECTION    NE (60)
  AVERAGE WIND SPEED     5.0


SKY COVER
  POSSIBLE SUNSHINE  MM
  AVERAGE SKY COVER 0.9


WEATHER CONDITIONS
 THE FOLLOWING WEATHER WAS RECORDED TODAY.
  NO SIGNIFICANT WEATHER WAS OBSERVED.


RELATIVE HUMIDITY (PERCENT)
 HIGHEST    80          1200 AM
 LOWEST     44           100 PM
 AVERAGE    62

..........................................................


THE CONCORD NH CLIMATE NORMALS FOR TOMORROW
                         NORMAL    RECORD    YEAR
 MAXIMUM TEMPERATURE (F)   66        94      2000
 MINIMUM TEMPERATURE (F)   40        23      1968


SUNRISE AND SUNSET
MAY  6 2016...........SUNRISE   532 AM EDT   SUNSET   754 PM EDT
MAY  7 2016...........SUNRISE   531 AM EDT   SUNSET   755 PM EDT


-  INDICATES NEGATIVE NUMBERS.
R  INDICATES RECORD WAS SET OR TIED.
MM INDICATES DATA IS MISSING.
T  INDICATES TRACE AMOUNT.




$$
