000
CDUS45 KPUB 100020
CLICOS


CLIMATE REPORT
NATIONAL WEATHER SERVICE PUEBLO
620 PM MDT WED JUL 9 2014


...................................

...THE COLORADO SPRINGS CO CLIMATE SUMMARY FOR JULY 9 2014...
VALID TODAY AS OF 0500 PM LOCAL TIME.

CLIMATE NORMAL PERIOD 1981 TO 2010
CLIMATE RECORD PERIOD 1872 TO 2014


WEATHER ITEM   OBSERVED TIME   RECORD YEAR NORMAL DEPARTURE LAST
                VALUE   (LST)  VALUE       VALUE  FROM      YEAR
                                                  NORMAL
..................................................................
TEMPERATURE (F)
 TODAY
  MAXIMUM         89   1227 PM  96    1983  85      4       92
  MINIMUM         52    458 AM  42    1930  57     -5       65
  AVERAGE         71                        71      0       79

PRECIPITATION (IN)
  TODAY            0.00          1.71 1996   0.08  -0.08     0.05
  MONTH TO DATE    0.57                      0.67  -0.10     0.94
  SINCE JUN 1      1.86                      3.17  -1.31     1.54
  SINCE JAN 1      6.65                      8.28  -1.63     4.27

SNOWFALL (IN)
  TODAY            0.0           T    2004   0.0    0.0      0.0
  MONTH TO DATE    T                         0.0    0.0      0.0
  SINCE JUN 1      T                         0.0    0.0      0.0
  SINCE JUL 1      T                         0.0    0.0      0.0
  SNOW DEPTH       0

DEGREE DAYS
 HEATING
  TODAY            0                         0      0        0
  MONTH TO DATE    5                         3      2        2
  SINCE JUN 1     44                        82    -38       27
  SINCE JUL 1      5                         3      2        2

 COOLING
  TODAY            6                         6      0       14
  MONTH TO DATE   56                        52      4       70
  SINCE JUN 1    160                       135     25      252
  SINCE JAN 1    173                       145     28      274
..................................................................


WIND (MPH)
  HIGHEST WIND SPEED    29   HIGHEST WIND DIRECTION    SW (230)
  HIGHEST GUST SPEED    35   HIGHEST GUST DIRECTION    SW (220)
  AVERAGE WIND SPEED     7.5


SKY COVER
  POSSIBLE SUNSHINE  MM
  AVERAGE SKY COVER 0.6


WEATHER CONDITIONS
 THE FOLLOWING WEATHER WAS RECORDED TODAY.
  THUNDERSTORM


RELATIVE HUMIDITY (PERCENT)
 HIGHEST    83          1200 AM
 LOWEST     20           300 PM
 AVERAGE    52

..........................................................


THE COLORADO SPRINGS CO CLIMATE NORMALS FOR TOMORROW
                         NORMAL    RECORD    YEAR
 MAXIMUM TEMPERATURE (F)   85        97      1954
 MINIMUM TEMPERATURE (F)   57        40      1946


SUNRISE AND SUNSET
JULY  9 2014..........SUNRISE   542 AM MDT   SUNSET   826 PM MDT
JULY 10 2014..........SUNRISE   543 AM MDT   SUNSET   826 PM MDT


-  INDICATES NEGATIVE NUMBERS.
R  INDICATES RECORD WAS SET OR TIED.
MM INDICATES DATA IS MISSING.
T  INDICATES TRACE AMOUNT.




$$
