000
CDUS45 KPUB 020022
CLICOS


CLIMATE REPORT
NATIONAL WEATHER SERVICE PUEBLO
622 PM MDT FRI AUG 1 2014


...................................

...THE COLORADO SPRINGS CO CLIMATE SUMMARY FOR AUGUST 1 2014...
VALID TODAY AS OF 0500 PM LOCAL TIME.

CLIMATE NORMAL PERIOD 1981 TO 2010
CLIMATE RECORD PERIOD 1872 TO 2014


WEATHER ITEM   OBSERVED TIME   RECORD YEAR NORMAL DEPARTURE LAST
                VALUE   (LST)  VALUE       VALUE  FROM      YEAR
                                                  NORMAL
..................................................................
TEMPERATURE (F)
 TODAY
  MAXIMUM         71    432 PM  99    2008  84    -13       85
  MINIMUM         53    453 AM  45    1965  57     -4       60
  AVERAGE         62                        70     -8       73

PRECIPITATION (IN)
  TODAY            0.00          2.59 1976   0.12  -0.12     0.05
  MONTH TO DATE    0.00                      0.12  -0.12     0.05
  SINCE JUN 1      5.92                      5.46   0.46     5.26
  SINCE JAN 1     10.71                     10.57   0.14     7.99

SNOWFALL (IN)
  TODAY            0.0           0.0  2002   0.0    0.0      0.0
  MONTH TO DATE    0.0                       0.0    0.0      0.0
  SINCE JUN 1      T                         0.0    0.0       T
  SINCE JUL 1      T                         0.0    0.0       T
  SNOW DEPTH       0

DEGREE DAYS
 HEATING
  TODAY            3                         0      3        0
  MONTH TO DATE    3                         0      3        0
  SINCE JUN 1     65                        89    -24       30
  SINCE JUL 1     26                        10     16        5

 COOLING
  TODAY            0                         6     -6        8
  MONTH TO DATE    0                         6     -6        8
  SINCE JUN 1    298                       280     18      396
  SINCE JAN 1    311                       290     21      418
..................................................................


WIND (MPH)
  HIGHEST WIND SPEED    12   HIGHEST WIND DIRECTION    SE (130)
  HIGHEST GUST SPEED    15   HIGHEST GUST DIRECTION    SE (120)
  AVERAGE WIND SPEED     4.5


SKY COVER
  POSSIBLE SUNSHINE  MM
  AVERAGE SKY COVER 0.7


WEATHER CONDITIONS
 THE FOLLOWING WEATHER WAS RECORDED TODAY.
  FOG


RELATIVE HUMIDITY (PERCENT)
 HIGHEST    93           200 AM
 LOWEST     47          1200 PM
 AVERAGE    70

..........................................................


THE COLORADO SPRINGS CO CLIMATE NORMALS FOR TOMORROW
                         NORMAL    RECORD    YEAR
 MAXIMUM TEMPERATURE (F)   83        98      2008
                                             1902
 MINIMUM TEMPERATURE (F)   57        46      1903


SUNRISE AND SUNSET
AUGUST  1 2014........SUNRISE   600 AM MDT   SUNSET   810 PM MDT
AUGUST  2 2014........SUNRISE   601 AM MDT   SUNSET   809 PM MDT


-  INDICATES NEGATIVE NUMBERS.
R  INDICATES RECORD WAS SET OR TIED.
MM INDICATES DATA IS MISSING.
T  INDICATES TRACE AMOUNT.




$$
