000
CDUS45 KPUB 011037
CLICOS


CLIMATE REPORT
NATIONAL WEATHER SERVICE PUEBLO
436 AM MDT SAT OCT 1 2016


...................................

...THE COLORADO SPRINGS CO CLIMATE SUMMARY FOR SEPTEMBER 30 2016...

CLIMATE NORMAL PERIOD 1981 TO 2010
CLIMATE RECORD PERIOD 1872 TO 2016


WEATHER ITEM   OBSERVED TIME   RECORD YEAR NORMAL DEPARTURE LAST
                VALUE   (LST)  VALUE       VALUE  FROM      YEAR
                                                  NORMAL
..................................................................
TEMPERATURE (F)
 YESTERDAY
  MAXIMUM         77    216 PM  84    2013  69      8       81
                                      1989
                                      1957
  MINIMUM         49    108 AM  25    1985  41      8       50
  AVERAGE         63                        55      8       66

PRECIPITATION (IN)
  YESTERDAY        0.11          1.08 1959   0.02   0.09     0.02
  MONTH TO DATE    0.16                      1.19  -1.03     0.32
  SINCE SEP 1      0.16                      1.19  -1.03     0.32
  SINCE JAN 1     13.60                     14.98  -1.38    23.14

SNOWFALL (IN)
  YESTERDAY       MM             9.4  1959   0.0   MM        0.0
  MONTH TO DATE    0.0                       0.2   -0.2      0.0
  SINCE SEP 1      0.0                       0.2   -0.2      0.0
  SINCE JUL 1      T                         0.2   -0.2       T
  SNOW DEPTH       0

DEGREE DAYS
 HEATING
  YESTERDAY        2                        10     -8        0
  MONTH TO DATE   63                       160    -97       21
  SINCE SEP 1     63                       159    -96       21
  SINCE JUL 1     84                       190   -106       40

 COOLING
  YESTERDAY        0                         0      0        1
  MONTH TO DATE   75                        36     39       99
  SINCE SEP 1     75                        36     39       99
  SINCE JAN 1    701                       454    247      614
..................................................................


WIND (MPH)
  HIGHEST WIND SPEED    23   HIGHEST WIND DIRECTION     N (10)
  HIGHEST GUST SPEED    27   HIGHEST GUST DIRECTION     N (20)
  AVERAGE WIND SPEED     9.3


SKY COVER
  POSSIBLE SUNSHINE  MM
  AVERAGE SKY COVER 0.8


WEATHER CONDITIONS
 THE FOLLOWING WEATHER WAS RECORDED YESTERDAY.
  THUNDERSTORM
  RAIN
  LIGHT RAIN
  FOG


RELATIVE HUMIDITY (PERCENT)
 HIGHEST    86           700 PM
 LOWEST     26           100 PM
 AVERAGE    56

..........................................................


THE COLORADO SPRINGS CO CLIMATE NORMALS FOR TODAY
                         NORMAL    RECORD    YEAR
 MAXIMUM TEMPERATURE (F)   68        86      1964
 MINIMUM TEMPERATURE (F)   41        23      1985


SUNRISE AND SUNSET
OCTOBER  1 2016.......SUNRISE   655 AM MDT   SUNSET   641 PM MDT
OCTOBER  2 2016.......SUNRISE   656 AM MDT   SUNSET   639 PM MDT


-  INDICATES NEGATIVE NUMBERS.
R  INDICATES RECORD WAS SET OR TIED.
MM INDICATES DATA IS MISSING.
T  INDICATES TRACE AMOUNT.




$$
