853
CDUS45 KPUB 172338
CLICOS


CLIMATE REPORT
NATIONAL WEATHER SERVICE PUEBLO
538 PM MDT THU AUG 17 2017


...................................

...THE COLORADO SPRINGS CO CLIMATE SUMMARY FOR AUGUST 17 2017...
VALID TODAY AS OF 0500 PM LOCAL TIME.

CLIMATE NORMAL PERIOD 1981 TO 2010
CLIMATE RECORD PERIOD 1872 TO 2017


WEATHER ITEM   OBSERVED TIME   RECORD YEAR NORMAL DEPARTURE LAST
                VALUE   (LST)  VALUE       VALUE  FROM      YEAR
                                                  NORMAL
..................................................................
TEMPERATURE (F)
 TODAY
  MAXIMUM         82    135 PM  95    1962  82      0       85
  MINIMUM         58    418 AM  42    1920  56      2       55
  AVERAGE         70                        69      1       70

PRECIPITATION (IN)
  TODAY            0.00          1.44 1932   0.12  -0.12     0.00
  MONTH TO DATE    2.41                      2.07   0.34     0.75
  SINCE JUN 1      9.14                      7.41   1.73     4.83
  SINCE JAN 1     15.26                     12.52   2.74    11.76

SNOWFALL (IN)
  TODAY            0.0           0.0  2007   0.0    0.0      0.0
  MONTH TO DATE    T                         0.0    0.0      0.0
  SINCE JUN 1      T                         0.0    0.0       T
  SINCE JUL 1      T                         0.0    0.0       T
  SNOW DEPTH       0

DEGREE DAYS
 HEATING
  TODAY            0                         1     -1        0
  MONTH TO DATE    9                         2      7        0
  SINCE JUN 1     30                        91    -61        8
  SINCE JUL 1      9                        12     -3        0

 COOLING
  TODAY            5                         4      1        5
  MONTH TO DATE   46                        85    -39      117
  SINCE JUN 1    471                       359    112      597
  SINCE JAN 1    473                       369    104      599
..................................................................


WIND (MPH)
  HIGHEST WIND SPEED    24   HIGHEST WIND DIRECTION    NE (40)
  HIGHEST GUST SPEED    30   HIGHEST GUST DIRECTION    NE (30)
  AVERAGE WIND SPEED     6.1


SKY COVER
  POSSIBLE SUNSHINE  MM
  AVERAGE SKY COVER 0.6


WEATHER CONDITIONS
 THE FOLLOWING WEATHER WAS RECORDED TODAY.
  THUNDERSTORM


RELATIVE HUMIDITY (PERCENT)
 HIGHEST    75          1200 AM
 LOWEST     26           100 PM
 AVERAGE    51

..........................................................


THE COLORADO SPRINGS CO CLIMATE NORMALS FOR TOMORROW
                         NORMAL    RECORD    YEAR
 MAXIMUM TEMPERATURE (F)   81        95      2002
                                             1986
 MINIMUM TEMPERATURE (F)   56        43      1960


SUNRISE AND SUNSET
AUGUST 17 2017........SUNRISE   615 AM MDT   SUNSET   750 PM MDT
AUGUST 18 2017........SUNRISE   616 AM MDT   SUNSET   749 PM MDT


-  INDICATES NEGATIVE NUMBERS.
R  INDICATES RECORD WAS SET OR TIED.
MM INDICATES DATA IS MISSING.
T  INDICATES TRACE AMOUNT.




$$
