000
CDUS45 KPUB 022333
CLICOS


CLIMATE REPORT
NATIONAL WEATHER SERVICE PUEBLO
533 PM MDT TUE JUN 2 2015


...................................

...THE COLORADO SPRINGS CO CLIMATE SUMMARY FOR JUNE 2 2015...
VALID TODAY AS OF 0500 PM LOCAL TIME.

CLIMATE NORMAL PERIOD 1981 TO 2010
CLIMATE RECORD PERIOD 1872 TO 2015


WEATHER ITEM   OBSERVED TIME   RECORD YEAR NORMAL DEPARTURE LAST
                VALUE   (LST)  VALUE       VALUE  FROM      YEAR
                                                  NORMAL
..................................................................
TEMPERATURE (F)
 TODAY
  MAXIMUM         86    250 PM  92    2002  74     12       81
  MINIMUM         51    456 AM  30    1919  48      3       56
                                      1917
  AVERAGE         69                        61      8       69

PRECIPITATION (IN)
  TODAY            0.00          2.51 1994   0.10  -0.10     0.00
  MONTH TO DATE    T                         0.19  -0.19     0.00
  SINCE JUN 1      T                         0.19  -0.19     0.00
  SINCE JAN 1     12.23                      5.30   6.93     4.79

SNOWFALL (IN)
  TODAY            0.0           1.5  1921   0.0    0.0      0.0
                                      1951
  MONTH TO DATE    0.0                       0.0    0.0      0.0
  SINCE JUN 1      0.0                       0.0    0.0      0.0
  SINCE JUL 1     46.5                      37.7    8.8     34.8
  SNOW DEPTH       0

DEGREE DAYS
 HEATING
  TODAY            0                         5     -5        0
  MONTH TO DATE    0                        10    -10        0
  SINCE JUN 1      0                        10    -10        0
  SINCE JUL 1   5767                      6223   -456     6046

 COOLING
  TODAY            4                         1      3        4
  MONTH TO DATE    5                         2      3        8
  SINCE JUN 1      5                         2      3        8
  SINCE JAN 1      5                        12     -7       21
..................................................................


WIND (MPH)
  HIGHEST WIND SPEED    23   HIGHEST WIND DIRECTION     S (160)
  HIGHEST GUST SPEED    26   HIGHEST GUST DIRECTION     S (180)
  AVERAGE WIND SPEED     8.3


SKY COVER
  POSSIBLE SUNSHINE  MM
  AVERAGE SKY COVER 0.5


WEATHER CONDITIONS
 THE FOLLOWING WEATHER WAS RECORDED TODAY.
  NO SIGNIFICANT WEATHER WAS OBSERVED.


RELATIVE HUMIDITY (PERCENT)
 HIGHEST    77           400 AM
 LOWEST     11           200 PM
 AVERAGE    44

..........................................................


THE COLORADO SPRINGS CO CLIMATE NORMALS FOR TOMORROW
                         NORMAL    RECORD    YEAR
 MAXIMUM TEMPERATURE (F)   75        91      2006
 MINIMUM TEMPERATURE (F)   48        31      1919


SUNRISE AND SUNSET
JUNE  2 2015..........SUNRISE   535 AM MDT   SUNSET   819 PM MDT
JUNE  3 2015..........SUNRISE   535 AM MDT   SUNSET   819 PM MDT


-  INDICATES NEGATIVE NUMBERS.
R  INDICATES RECORD WAS SET OR TIED.
MM INDICATES DATA IS MISSING.
T  INDICATES TRACE AMOUNT.




$$
