000
CDUS45 KPUB 251042
CLICOS


CLIMATE REPORT
NATIONAL WEATHER SERVICE PUEBLO
442 AM MDT FRI JUL 25 2014


...................................

...THE COLORADO SPRINGS CO CLIMATE SUMMARY FOR JULY 24 2014...

CLIMATE NORMAL PERIOD 1981 TO 2010
CLIMATE RECORD PERIOD 1872 TO 2014


WEATHER ITEM   OBSERVED TIME   RECORD YEAR NORMAL DEPARTURE LAST
                VALUE   (LST)  VALUE       VALUE  FROM      YEAR
                                                  NORMAL
..................................................................
TEMPERATURE (F)
 YESTERDAY
  MAXIMUM         95    251 PM 100    2003  85     10       76
  MINIMUM         59    500 AM  49    1950  58      1       58
                                      1932
                                      1928
  AVERAGE         77                        71      6       67

PRECIPITATION (IN)
  YESTERDAY        T             1.54 1904   0.11  -0.11     0.03
  MONTH TO DATE    2.89                      2.08   0.81     4.30
  SINCE JUN 1      4.18                      4.58  -0.40     4.90
  SINCE JAN 1      8.97                      9.69  -0.72     7.63

SNOWFALL (IN)
  YESTERDAY        0.0           0.0  2002   0.0    0.0      0.0
                                      2001
  MONTH TO DATE    T                         0.0    0.0       T
  SINCE JUN 1      T                         0.0    0.0       T
  SINCE JUL 1      T                         0.0    0.0       T
  SNOW DEPTH       0

DEGREE DAYS
 HEATING
  YESTERDAY        0                         0      0        0
  MONTH TO DATE   13                         3     10        5
  SINCE JUN 1     52                        82    -30       30
  SINCE JUL 1     13                         3     10        5

 COOLING
  YESTERDAY       12                         6      6        2
  MONTH TO DATE  163                       147     16      174
  SINCE JUN 1    267                       230     37      356
  SINCE JAN 1    280                       240     40      378
..................................................................


WIND (MPH)
  HIGHEST WIND SPEED    32   HIGHEST WIND DIRECTION     N (360)
  HIGHEST GUST SPEED    42   HIGHEST GUST DIRECTION     N (340)
  AVERAGE WIND SPEED     9.7


SKY COVER
  POSSIBLE SUNSHINE  MM
  AVERAGE SKY COVER 0.6


WEATHER CONDITIONS
 THE FOLLOWING WEATHER WAS RECORDED YESTERDAY.
  THUNDERSTORM
  LIGHT RAIN


RELATIVE HUMIDITY (PERCENT)
 HIGHEST    80           500 AM
 LOWEST     17           400 PM
 AVERAGE    49

..........................................................


THE COLORADO SPRINGS CO CLIMATE NORMALS FOR TODAY
                         NORMAL    RECORD    YEAR
 MAXIMUM TEMPERATURE (F)   85        98      2003
 MINIMUM TEMPERATURE (F)   58        47      1942
                                             1924


SUNRISE AND SUNSET
JULY 25 2014..........SUNRISE   554 AM MDT   SUNSET   816 PM MDT
JULY 26 2014..........SUNRISE   555 AM MDT   SUNSET   815 PM MDT


-  INDICATES NEGATIVE NUMBERS.
R  INDICATES RECORD WAS SET OR TIED.
MM INDICATES DATA IS MISSING.
T  INDICATES TRACE AMOUNT.




$$
