000
CDUS45 KPUB 301036
CLICOS


CLIMATE REPORT
NATIONAL WEATHER SERVICE PUEBLO
436 AM MDT SAT AUG 30 2014


...................................

...THE COLORADO SPRINGS CO CLIMATE SUMMARY FOR AUGUST 29 2014...

CLIMATE NORMAL PERIOD 1981 TO 2010
CLIMATE RECORD PERIOD 1872 TO 2014


WEATHER ITEM   OBSERVED TIME   RECORD YEAR NORMAL DEPARTURE LAST
                VALUE   (LST)  VALUE       VALUE  FROM      YEAR
                                                  NORMAL
..................................................................
TEMPERATURE (F)
 YESTERDAY
  MAXIMUM         82    146 PM  93    1962  80      2       91
  MINIMUM         50   1219 AM  38    1944  54     -4       61
  AVERAGE         66                        67     -1       76

PRECIPITATION (IN)
  YESTERDAY        T             1.15 1904   0.09  -0.09     0.00
  MONTH TO DATE    2.34                      3.16  -0.82     5.65
  SINCE JUN 1      8.26                      8.50  -0.24    10.86
  SINCE JAN 1     13.05                     13.61  -0.56    13.59

SNOWFALL (IN)
  YESTERDAY        0.0           0.0  2002   0.0    0.0      0.0
  MONTH TO DATE    T                         0.0    0.0       T
  SINCE JUN 1      T                         0.0    0.0       T
  SINCE JUL 1      T                         0.0    0.0       T
  SNOW DEPTH       0

DEGREE DAYS
 HEATING
  YESTERDAY        0                         1     -1        0
  MONTH TO DATE    7                        14     -7        5
  SINCE JUN 1     69                       103    -34       35
  SINCE JUL 1     30                        24      6       10

 COOLING
  YESTERDAY        1                         3     -2       11
  MONTH TO DATE  109                       128    -19      167
  SINCE JUN 1    407                       402      5      555
  SINCE JAN 1    420                       412      8      577
..................................................................


WIND (MPH)
  HIGHEST WIND SPEED    30   HIGHEST WIND DIRECTION     N (360)
  HIGHEST GUST SPEED    37   HIGHEST GUST DIRECTION     N (360)
  AVERAGE WIND SPEED     8.9


SKY COVER
  POSSIBLE SUNSHINE  MM
  AVERAGE SKY COVER 0.4


WEATHER CONDITIONS
 THE FOLLOWING WEATHER WAS RECORDED YESTERDAY.
  THUNDERSTORM
  LIGHT RAIN


RELATIVE HUMIDITY (PERCENT)
 HIGHEST    77          1200 AM
 LOWEST     21          1100 AM
 AVERAGE    49

..........................................................


THE COLORADO SPRINGS CO CLIMATE NORMALS FOR TODAY
                         NORMAL    RECORD    YEAR
 MAXIMUM TEMPERATURE (F)   80        94      1990
 MINIMUM TEMPERATURE (F)   53        40      1944


SUNRISE AND SUNSET
AUGUST 30 2014........SUNRISE   626 AM MDT   SUNSET   732 PM MDT
AUGUST 31 2014........SUNRISE   627 AM MDT   SUNSET   731 PM MDT


-  INDICATES NEGATIVE NUMBERS.
R  INDICATES RECORD WAS SET OR TIED.
MM INDICATES DATA IS MISSING.
T  INDICATES TRACE AMOUNT.




$$
