000
CDUS45 KPUB 041155
CLICOS


CLIMATE REPORT
NATIONAL WEATHER SERVICE PUEBLO
455 AM MST WED MAR 4 2015


...................................

...THE COLORADO SPRINGS CO CLIMATE SUMMARY FOR MARCH 3 2015...

CLIMATE NORMAL PERIOD 1981 TO 2010
CLIMATE RECORD PERIOD 1872 TO 2015


WEATHER ITEM   OBSERVED TIME   RECORD YEAR NORMAL DEPARTURE LAST
                VALUE   (LST)  VALUE       VALUE  FROM      YEAR
                                                  NORMAL
..................................................................
TEMPERATURE (F)
 YESTERDAY
  MAXIMUM         45   1242 AM  71    2009  49     -4       59
  MINIMUM         21   1159 PM -13    1943  23     -2       14
  AVERAGE         33                        36     -3       37

PRECIPITATION (IN)
  YESTERDAY        0.03          0.34 1899   0.02   0.01     0.00
  MONTH TO DATE    0.05                      0.07  -0.02     0.03
  SINCE MAR 1      0.05                      0.07  -0.02     0.03
  SINCE JAN 1      2.37                      0.73   1.64     0.92

SNOWFALL (IN)
  YESTERDAY        0.3           5.0  1899   0.3    0.0      0.0
  MONTH TO DATE    0.6                       0.7   -0.1      0.3
  SINCE MAR 1      0.6                       0.7   -0.1      0.3
  SINCE JUL 1     41.5                      24.7   16.8     24.4
  SNOW DEPTH       2

DEGREE DAYS
 HEATING
  YESTERDAY       32                        29      3       28
  MONTH TO DATE  112                        89     23      124
  SINCE MAR 1    112                        89     23      124
  SINCE JUL 1   4333                      4652   -319     4611

 COOLING
  YESTERDAY        0                         0      0        0
  MONTH TO DATE    0                         0      0        0
  SINCE MAR 1      0                         0      0        0
  SINCE JAN 1      0                         0      0        0
..................................................................


WIND (MPH)
  HIGHEST WIND SPEED    33   HIGHEST WIND DIRECTION     W (250)
  HIGHEST GUST SPEED    45   HIGHEST GUST DIRECTION    SW (240)
  AVERAGE WIND SPEED    13.8


SKY COVER
  POSSIBLE SUNSHINE  MM
  AVERAGE SKY COVER 0.6


WEATHER CONDITIONS
 THE FOLLOWING WEATHER WAS RECORDED YESTERDAY.
  LIGHT SNOW
  FOG
  HAZE


RELATIVE HUMIDITY (PERCENT)
 HIGHEST    92           700 PM
 LOWEST     30           200 AM
 AVERAGE    61

..........................................................


THE COLORADO SPRINGS CO CLIMATE NORMALS FOR TODAY
                         NORMAL    RECORD    YEAR
 MAXIMUM TEMPERATURE (F)   49        70      2009
 MINIMUM TEMPERATURE (F)   23        -7      1917


SUNRISE AND SUNSET
MARCH  4 2015.........SUNRISE   627 AM MST   SUNSET   555 PM MST
MARCH  5 2015.........SUNRISE   626 AM MST   SUNSET   556 PM MST


-  INDICATES NEGATIVE NUMBERS.
R  INDICATES RECORD WAS SET OR TIED.
MM INDICATES DATA IS MISSING.
T  INDICATES TRACE AMOUNT.




$$
