000
CDUS43 KLSX 102228
CLICOU


CLIMATE REPORT
NATIONAL WEATHER SERVICE ST LOUIS MO
427 PM CST SUN DEC 10 2017


...................................

...THE COLUMBIA ASOS CLIMATE SUMMARY FOR DECEMBER 10 2017...
VALID TODAY AS OF 0400 PM LOCAL TIME.

CLIMATE NORMAL PERIOD 1981 TO 2010
CLIMATE RECORD PERIOD 1890 TO 2017


WEATHER ITEM   OBSERVED TIME   RECORD YEAR NORMAL DEPARTURE LAST
                VALUE   (LST)  VALUE       VALUE  FROM      YEAR
                                                  NORMAL
..................................................................
TEMPERATURE (F)
 TODAY
  MAXIMUM         54    310 PM  69    1996  42     12       35
  MINIMUM         19    207 AM  -9    1917  25     -6       24
  AVERAGE         37                        34      3       30

PRECIPITATION (IN)
  TODAY            0.00          1.73 1985   0.09  -0.09     0.00
  MONTH TO DATE    0.06                      0.91  -0.85     0.39
  SINCE DEC 1      0.06                      0.91  -0.85     0.39
  SINCE JAN 1     37.46                     41.09  -3.63    39.44

SNOWFALL (IN)
  TODAY            0.0           3.0  2003   0.1   -0.1      0.0
  MONTH TO DATE    T                         1.1   -1.1       T
  SINCE DEC 1      T                         1.1   -1.1       T
  SINCE JUL 1      T                         2.0   -2.0       T
  SNOW DEPTH       0

DEGREE DAYS
 HEATING
  TODAY           28                        31     -3       35
  MONTH TO DATE  253                       297    -44      328
  SINCE DEC 1    253                       297    -44      328
  SINCE JUL 1   1033                      1282   -249      911

 COOLING
  TODAY            0                         0      0        0
  MONTH TO DATE    0                         0      0        0
  SINCE DEC 1      0                         0      0        0
  SINCE JAN 1   1401                      1249    152     1632
..................................................................


WIND (MPH)
  HIGHEST WIND SPEED    18   HIGHEST WIND DIRECTION     W (270)
  HIGHEST GUST SPEED    25   HIGHEST GUST DIRECTION     W (260)
  AVERAGE WIND SPEED    11.2


SKY COVER
  AVERAGE SKY COVER 0.0



RELATIVE HUMIDITY (PERCENT)
 HIGHEST    84           100 AM
 LOWEST     32           300 PM
 AVERAGE    58

..........................................................


THE COLUMBIA ASOS CLIMATE NORMALS FOR TOMORROW
                         NORMAL    RECORD    YEAR
 MAXIMUM TEMPERATURE (F)   42        73      1949
 MINIMUM TEMPERATURE (F)   25        -3      1917


SUNRISE AND SUNSET
DECEMBER 10 2017......SUNRISE   716 AM CST   SUNSET   447 PM CST
DECEMBER 11 2017......SUNRISE   717 AM CST   SUNSET   447 PM CST


-  INDICATES NEGATIVE NUMBERS.
R  INDICATES RECORD WAS SET OR TIED.
MM INDICATES DATA IS MISSING.
T  INDICATES TRACE AMOUNT.




$$
