000
CDUS43 KLSX 280743
CLICOU


CLIMATE REPORT
NATIONAL WEATHER SERVICE ST LOUIS MO
142 AM CST SAT FEB 28 2015


...................................

...THE COLUMBIA ASOS CLIMATE SUMMARY FOR FEBRUARY 27 2015...

CLIMATE NORMAL PERIOD 1981 TO 2010
CLIMATE RECORD PERIOD 1890 TO 2015


WEATHER ITEM   OBSERVED TIME   RECORD YEAR NORMAL DEPARTURE LAST
                VALUE   (LST)  VALUE       VALUE  FROM      YEAR
                                                  NORMAL
..................................................................
TEMPERATURE (F)
 YESTERDAY
  MAXIMUM         22    329 PM  75    1976  48    -26       29
  MINIMUM          1    608 AM -14    1934  29    -28       16
  AVERAGE         12                        38    -26       23

PRECIPITATION (IN)
  YESTERDAY        0.00          1.16 1958   0.09  -0.09     0.00
  MONTH TO DATE    1.04                      2.16  -1.12     1.36
  SINCE DEC 1      4.16                      6.52  -2.36     3.97
  SINCE JAN 1      1.98                      4.08  -2.10     2.26

SNOWFALL (IN)
  YESTERDAY        0.0           7.5  1900   0.1   -0.1      0.0
  MONTH TO DATE    5.0                       4.6    0.4      7.4
  SINCE DEC 1      6.1                      15.1   -9.0     17.3
  SINCE JUL 1      6.9                      16.0   -9.1     17.3
  SNOW DEPTH       0

DEGREE DAYS
 HEATING
  YESTERDAY       53                        27     26       42
  MONTH TO DATE 1051                       831    220     1080
  SINCE DEC 1   2929                      2935     -6     3391
  SINCE JUL 1   4010                      3920     90     4398

 COOLING
  YESTERDAY        0                         0      0        0
  MONTH TO DATE    0                         0      0        0
  SINCE DEC 1      0                         0      0        0
  SINCE JAN 1      0                         0      0        0
..................................................................


WIND (MPH)
  HIGHEST WIND SPEED    14   HIGHEST WIND DIRECTION     N (10)
  HIGHEST GUST SPEED    17   HIGHEST GUST DIRECTION     N (10)
  AVERAGE WIND SPEED     6.5


SKY COVER
  AVERAGE SKY COVER 0.2


WEATHER CONDITIONS
 THE FOLLOWING WEATHER WAS RECORDED YESTERDAY.
  NO SIGNIFICANT WEATHER WAS OBSERVED.


RELATIVE HUMIDITY (PERCENT)
 HIGHEST    87
 LOWEST     41
 AVERAGE    64

..........................................................


THE COLUMBIA ASOS CLIMATE NORMALS FOR TODAY
                         NORMAL    RECORD    YEAR
 MAXIMUM TEMPERATURE (F)   49        75      1972
 MINIMUM TEMPERATURE (F)   29        -3      1962


SUNRISE AND SUNSET
FEBRUARY 28 2015......SUNRISE   643 AM CST   SUNSET   600 PM CST
MARCH  1 2015.........SUNRISE   642 AM CST   SUNSET   601 PM CST


-  INDICATES NEGATIVE NUMBERS.
R  INDICATES RECORD WAS SET OR TIED.
MM INDICATES DATA IS MISSING.
T  INDICATES TRACE AMOUNT.




$$
