277
CDUS43 KLSX 300752
CLICOU


CLIMATE REPORT
NATIONAL WEATHER SERVICE ST LOUIS MO
250 AM CDT SAT JUL 30 2016


...................................

...THE COLUMBIA ASOS CLIMATE SUMMARY FOR JULY 29 2016...

CLIMATE NORMAL PERIOD 1981 TO 2010
CLIMATE RECORD PERIOD 1890 TO 2016


WEATHER ITEM   OBSERVED TIME   RECORD YEAR NORMAL DEPARTURE LAST
                VALUE   (LST)  VALUE       VALUE  FROM      YEAR
                                                  NORMAL
..................................................................
TEMPERATURE (F)
 YESTERDAY
  MAXIMUM         84    359 PM 104    1999  88     -4       87
  MINIMUM         69   1159 PM  53    1925  67      2       69
  AVERAGE         77                        77      0       78

PRECIPITATION (IN)
  YESTERDAY        0.00          1.83 1966   0.13  -0.13     0.00
  MONTH TO DATE   10.13                      4.12   6.01     8.40
  SINCE JUN 1     11.59                      8.59   3.00    15.96
  SINCE JAN 1     21.72                     25.14  -3.42    28.82

SNOWFALL (IN)
  YESTERDAY        0.0           0.0  2015   0.0    0.0      0.0
  MONTH TO DATE    0.0                       0.0    0.0      0.0
  SINCE JUN 1      0.0                       0.0    0.0      0.0
  SINCE JUL 1      0.0                       0.0    0.0      0.0
  SNOW DEPTH       0

DEGREE DAYS
 HEATING
  YESTERDAY        0                         0      0        0
  MONTH TO DATE    0                         0      0        1
  SINCE JUN 1      0                        11    -11        8
  SINCE JUL 1      0                         0      0        1

 COOLING
  YESTERDAY       12                        12      0       13
  MONTH TO DATE  404                       354     50      373
  SINCE JUN 1    798                       602    196      684
  SINCE JAN 1    922                       705    217      803
..................................................................


WIND (MPH)
  HIGHEST WIND SPEED    14   HIGHEST WIND DIRECTION    NW (320)
  HIGHEST GUST SPEED    20   HIGHEST GUST DIRECTION    NW (320)
  AVERAGE WIND SPEED     4.4


SKY COVER
  AVERAGE SKY COVER 0.2


WEATHER CONDITIONS
 THE FOLLOWING WEATHER WAS RECORDED YESTERDAY.
  NO SIGNIFICANT WEATHER WAS OBSERVED.


RELATIVE HUMIDITY (PERCENT)
 HIGHEST    97
 LOWEST     58
 AVERAGE    78

..........................................................


THE COLUMBIA ASOS CLIMATE NORMALS FOR TODAY
                         NORMAL    RECORD    YEAR
 MAXIMUM TEMPERATURE (F)   88       111      1980
 MINIMUM TEMPERATURE (F)   67        54      1971


SUNRISE AND SUNSET
JULY 30 2016..........SUNRISE   609 AM CDT   SUNSET   821 PM CDT
JULY 31 2016..........SUNRISE   610 AM CDT   SUNSET   820 PM CDT


-  INDICATES NEGATIVE NUMBERS.
R  INDICATES RECORD WAS SET OR TIED.
MM INDICATES DATA IS MISSING.
T  INDICATES TRACE AMOUNT.




$$
