000
CDUS43 KLSX 230736
CLICOU


CLIMATE REPORT
NATIONAL WEATHER SERVICE ST LOUIS MO
235 AM CDT WED APR 23 2014


...................................

...THE COLUMBIA ASOS CLIMATE SUMMARY FOR APRIL 22 2014...

CLIMATE NORMAL PERIOD 1981 TO 2010
CLIMATE RECORD PERIOD 1890 TO 2014


WEATHER ITEM   OBSERVED TIME   RECORD YEAR NORMAL DEPARTURE LAST
                VALUE   (LST)  VALUE       VALUE  FROM      YEAR
                                                  NORMAL
..................................................................
TEMPERATURE (F)
 YESTERDAY
  MAXIMUM         67    359 PM  91    1965  68     -1       72
  MINIMUM         46    505 AM  29    1986  46      0       45
  AVERAGE         57                        57      0       59

PRECIPITATION (IN)
  YESTERDAY        0.00          2.69 1944   0.17  -0.17      T
  MONTH TO DATE    7.05                      3.12   3.93     6.37
  SINCE MAR 1      8.28                      6.03   2.25     9.66
  SINCE JAN 1     10.54                     10.20   0.34    15.90

SNOWFALL (IN)
  YESTERDAY        0.0           0.0  2013   0.0    0.0      0.0
  MONTH TO DATE    T                         0.2   -0.2      0.0
  SINCE MAR 1      0.5                       1.9   -1.4     10.3
  SINCE JUL 1     17.8                      18.0   -0.2     35.0
  SNOW DEPTH       0

DEGREE DAYS
 HEATING
  YESTERDAY        8                         9     -1        6
  MONTH TO DATE  250                       260    -10      278
  SINCE MAR 1    980                       896     84     1092
  SINCE JUL 1   5409                      4842    567     4675

 COOLING
  YESTERDAY        0                         1     -1        0
  MONTH TO DATE    9                        15     -6       12
  SINCE MAR 1      9                        18     -9       12
  SINCE JAN 1      9                        18     -9       13
..................................................................


WIND (MPH)
  HIGHEST WIND SPEED    18   HIGHEST WIND DIRECTION     N (350)
  HIGHEST GUST SPEED    25   HIGHEST GUST DIRECTION     N (340)
  AVERAGE WIND SPEED    10.0


SKY COVER
  AVERAGE SKY COVER 0.0


WEATHER CONDITIONS
 THE FOLLOWING WEATHER WAS RECORDED YESTERDAY.
  NO SIGNIFICANT WEATHER WAS OBSERVED.


RELATIVE HUMIDITY (PERCENT)
 HIGHEST    86
 LOWEST     34
 AVERAGE    60

..........................................................


THE COLUMBIA ASOS CLIMATE NORMALS FOR TODAY
                         NORMAL    RECORD    YEAR
 MAXIMUM TEMPERATURE (F)   69        90      1965
 MINIMUM TEMPERATURE (F)   47        26      1893


SUNRISE AND SUNSET
APRIL 23 2014.........SUNRISE   621 AM CDT   SUNSET   754 PM CDT
APRIL 24 2014.........SUNRISE   620 AM CDT   SUNSET   755 PM CDT


-  INDICATES NEGATIVE NUMBERS.
R  INDICATES RECORD WAS SET OR TIED.
MM INDICATES DATA IS MISSING.
T  INDICATES TRACE AMOUNT.




$$
