000
CDUS43 KLSX 240735
CLICOU


CLIMATE REPORT
NATIONAL WEATHER SERVICE ST LOUIS MO
235 AM CDT THU APR 24 2014


...................................

...THE COLUMBIA ASOS CLIMATE SUMMARY FOR APRIL 23 2014...

CLIMATE NORMAL PERIOD 1981 TO 2010
CLIMATE RECORD PERIOD 1890 TO 2014


WEATHER ITEM   OBSERVED TIME   RECORD YEAR NORMAL DEPARTURE LAST
                VALUE   (LST)  VALUE       VALUE  FROM      YEAR
                                                  NORMAL
..................................................................
TEMPERATURE (F)
 YESTERDAY
  MAXIMUM         67    429 PM  90    1965  69     -2       59
  MINIMUM         43    444 AM  26    1893  47     -4       37
  AVERAGE         55                        58     -3       48

PRECIPITATION (IN)
  YESTERDAY        0.00          2.48 1923   0.17  -0.17     0.61
  MONTH TO DATE    7.05                      3.29   3.76     6.98
  SINCE MAR 1      8.28                      6.20   2.08    10.27
  SINCE JAN 1     10.54                     10.37   0.17    16.51

SNOWFALL (IN)
  YESTERDAY        0.0           T    2013   0.0    0.0       T
                                      1956
  MONTH TO DATE    T                         0.2   -0.2       T
  SINCE MAR 1      0.5                       1.9   -1.4     10.3
  SINCE JUL 1     17.8                      18.0   -0.2     35.0
  SNOW DEPTH       0

DEGREE DAYS
 HEATING
  YESTERDAY       10                         8      2       17
  MONTH TO DATE  260                       268     -8      295
  SINCE MAR 1    990                       904     86     1109
  SINCE JUL 1   5419                      4850    569     4692

 COOLING
  YESTERDAY        0                         1     -1        0
  MONTH TO DATE    9                        16     -7       12
  SINCE MAR 1      9                        19    -10       12
  SINCE JAN 1      9                        19    -10       13
..................................................................


WIND (MPH)
  HIGHEST WIND SPEED    21   HIGHEST WIND DIRECTION    SE (120)
  HIGHEST GUST SPEED    29   HIGHEST GUST DIRECTION    SE (120)
  AVERAGE WIND SPEED    11.4


SKY COVER
  AVERAGE SKY COVER 0.2


WEATHER CONDITIONS
 THE FOLLOWING WEATHER WAS RECORDED YESTERDAY.
  HAZE


RELATIVE HUMIDITY (PERCENT)
 HIGHEST    65
 LOWEST     34
 AVERAGE    50

..........................................................


THE COLUMBIA ASOS CLIMATE NORMALS FOR TODAY
                         NORMAL    RECORD    YEAR
 MAXIMUM TEMPERATURE (F)   69        88      1965
 MINIMUM TEMPERATURE (F)   47        27      1910


SUNRISE AND SUNSET
APRIL 24 2014.........SUNRISE   620 AM CDT   SUNSET   755 PM CDT
APRIL 25 2014.........SUNRISE   619 AM CDT   SUNSET   756 PM CDT


-  INDICATES NEGATIVE NUMBERS.
R  INDICATES RECORD WAS SET OR TIED.
MM INDICATES DATA IS MISSING.
T  INDICATES TRACE AMOUNT.




$$
