000
CDUS43 KLSX 280735
CLICOU


CLIMATE REPORT
NATIONAL WEATHER SERVICE ST LOUIS MO
133 AM CST WED JAN 28 2015


...................................

...THE COLUMBIA ASOS CLIMATE SUMMARY FOR JANUARY 27 2015...

CLIMATE NORMAL PERIOD 1981 TO 2010
CLIMATE RECORD PERIOD 1890 TO 2015


WEATHER ITEM   OBSERVED TIME   RECORD YEAR NORMAL DEPARTURE LAST
                VALUE   (LST)  VALUE       VALUE  FROM      YEAR
                                                  NORMAL
..................................................................
TEMPERATURE (F)
 YESTERDAY
  MAXIMUM         51    417 PM  67    2002  39     12       21
  MINIMUM         32    754 AM -16    1936  21     11        4
  AVERAGE         42                        30     12       13

PRECIPITATION (IN)
  YESTERDAY        0.00          1.07 1949   0.06  -0.06     0.00
  MONTH TO DATE    0.67                      1.66  -0.99     0.90
  SINCE DEC 1      2.85                      4.10  -1.25     2.61
  SINCE JAN 1      0.67                      1.66  -0.99     0.90

SNOWFALL (IN)
  YESTERDAY        0.0           3.4  1979   0.2   -0.2      0.0
  MONTH TO DATE    0.1                       5.3   -5.2      7.5
  SINCE DEC 1      1.1                       9.7   -8.6      9.9
  SINCE JUL 1      1.9                      10.6   -8.7      9.9
  SNOW DEPTH       0

DEGREE DAYS
 HEATING
  YESTERDAY       23                        35    -12       52
  MONTH TO DATE  902                       958    -56     1068
  SINCE DEC 1   1772                      1968   -196     2148
  SINCE JUL 1   2853                      2953   -100     3155

 COOLING
  YESTERDAY        0                         0      0        0
  MONTH TO DATE    0                         0      0        0
  SINCE DEC 1      0                         0      0        0
  SINCE JAN 1      0                         0      0        0
..................................................................


WIND (MPH)
  HIGHEST WIND SPEED    12   HIGHEST WIND DIRECTION     E (110)
  HIGHEST GUST SPEED    16   HIGHEST GUST DIRECTION     E (110)
  AVERAGE WIND SPEED     6.1


SKY COVER
  AVERAGE SKY COVER 0.0


WEATHER CONDITIONS
 THE FOLLOWING WEATHER WAS RECORDED YESTERDAY.
  NO SIGNIFICANT WEATHER WAS OBSERVED.


RELATIVE HUMIDITY (PERCENT)
 HIGHEST    92
 LOWEST     50
 AVERAGE    71

..........................................................


THE COLUMBIA ASOS CLIMATE NORMALS FOR TODAY
                         NORMAL    RECORD    YEAR
 MAXIMUM TEMPERATURE (F)   39        77      2013
 MINIMUM TEMPERATURE (F)   21       -13      1915


SUNRISE AND SUNSET
JANUARY 28 2015.......SUNRISE   718 AM CST   SUNSET   526 PM CST
JANUARY 29 2015.......SUNRISE   718 AM CST   SUNSET   527 PM CST


-  INDICATES NEGATIVE NUMBERS.
R  INDICATES RECORD WAS SET OR TIED.
MM INDICATES DATA IS MISSING.
T  INDICATES TRACE AMOUNT.




$$
