000
CDUS43 KLSX 040727
CLICOU


CLIMATE REPORT
NATIONAL WEATHER SERVICE ST LOUIS MO
226 AM CDT WED MAY 4 2016


...................................

...THE COLUMBIA ASOS CLIMATE SUMMARY FOR MAY 3 2016...

CLIMATE NORMAL PERIOD 1981 TO 2010
CLIMATE RECORD PERIOD 1890 TO 2016


WEATHER ITEM   OBSERVED TIME   RECORD YEAR NORMAL DEPARTURE LAST
                VALUE   (LST)  VALUE       VALUE  FROM      YEAR
                                                  NORMAL
..................................................................
TEMPERATURE (F)
 YESTERDAY
  MAXIMUM         68    402 PM  89    1949  71     -3       83
                                      1901
  MINIMUM         42    540 AM  29    1976  50     -8       56
  AVERAGE         55                        60     -5       70

PRECIPITATION (IN)
  YESTERDAY        0.00          1.31 1892   0.18  -0.18     0.00
  MONTH TO DATE    0.03                      0.50  -0.47      T
  SINCE MAR 1      4.55                      7.90  -3.35     4.83
  SINCE JAN 1      6.20                     12.07  -5.87     7.18

SNOWFALL (IN)
  YESTERDAY        0.0           T    2013   0.0    0.0      0.0
  MONTH TO DATE    0.0                       0.0    0.0      0.0
  SINCE MAR 1      T                         1.9   -1.9      1.6
  SINCE JUL 1      9.0                      18.0   -9.0     12.0
  SNOW DEPTH       0

DEGREE DAYS
 HEATING
  YESTERDAY       10                         6      4        0
  MONTH TO DATE   31                        18     13        9
  SINCE MAR 1    678                       975   -297      813
  SINCE JUL 1   3855                      4921  -1066     4868

 COOLING
  YESTERDAY        0                         1     -1        5
  MONTH TO DATE    0                         3     -3        5
  SINCE MAR 1     32                        28      4       20
  SINCE JAN 1     32                        28      4       20
..................................................................


WIND (MPH)
  HIGHEST WIND SPEED    15   HIGHEST WIND DIRECTION    NW (310)
  HIGHEST GUST SPEED    22   HIGHEST GUST DIRECTION    NW (310)
  AVERAGE WIND SPEED     5.9


SKY COVER
  AVERAGE SKY COVER 0.6


WEATHER CONDITIONS
 THE FOLLOWING WEATHER WAS RECORDED YESTERDAY.
  FOG
  FOG W/VISIBILITY <= 1/4 MILE


RELATIVE HUMIDITY (PERCENT)
 HIGHEST   100
 LOWEST     37
 AVERAGE    69

..........................................................


THE COLUMBIA ASOS CLIMATE NORMALS FOR TODAY
                         NORMAL    RECORD    YEAR
 MAXIMUM TEMPERATURE (F)   71        91      1952
 MINIMUM TEMPERATURE (F)   50        28      1907


SUNRISE AND SUNSET
MAY  4 2016...........SUNRISE   607 AM CDT   SUNSET   805 PM CDT
MAY  5 2016...........SUNRISE   606 AM CDT   SUNSET   806 PM CDT


-  INDICATES NEGATIVE NUMBERS.
R  INDICATES RECORD WAS SET OR TIED.
MM INDICATES DATA IS MISSING.
T  INDICATES TRACE AMOUNT.




$$
