000
CDUS45 KRIW 020736
CLICPR


CLIMATE REPORT
NATIONAL WEATHER SERVICE RIVERTON WY
136 AM MDT WED SEP 2 2015


...................................

...THE CASPER WY CLIMATE SUMMARY FOR SEPTEMBER 1 2015...

CLIMATE NORMAL PERIOD 1981 TO 2010
CLIMATE RECORD PERIOD 1939 TO 2015


WEATHER ITEM   OBSERVED TIME   RECORD YEAR NORMAL DEPARTURE LAST
                VALUE   (LST)  VALUE       VALUE  FROM      YEAR
                                                  NORMAL
..................................................................
TEMPERATURE (F)
 YESTERDAY
  MAXIMUM         91    331 PM  97    1995  82      9       73
  MINIMUM         58    607 AM  32    1965  47     11       40
  AVERAGE         75                        65     10       57

PRECIPITATION (IN)
  YESTERDAY        0.00          0.62 1973   0.03  -0.03     0.00
  MONTH TO DATE    0.00                      0.03  -0.03     0.00
  SINCE SEP 1      0.00                      0.03  -0.03     0.00
  SINCE JAN 1     10.40                      9.11   1.29     8.38

SNOWFALL (IN)
  YESTERDAY        0.0                       0.0    0.0      0.0
  MONTH TO DATE    0.0                       0.0    0.0      0.0
  SINCE SEP 1      0.0                       0.0    0.0      0.0
  SINCE JUL 1      0.0                       0.0    0.0       T
  SNOW DEPTH       0

DEGREE DAYS
 HEATING
  YESTERDAY        0                         3     -3        8
  MONTH TO DATE    0                         3     -3        8
  SINCE SEP 1      0                         3     -3        8
  SINCE JUL 1     60                        49     11       55

 COOLING
  YESTERDAY       10                         2      8        0
  MONTH TO DATE   10                         2      8        0
  SINCE SEP 1     10                         2      8        0
  SINCE JAN 1    368                       399    -31      328
..................................................................


WIND (MPH)
  HIGHEST WIND SPEED    35   HIGHEST WIND DIRECTION    SW (210)
  HIGHEST GUST SPEED    47   HIGHEST GUST DIRECTION    SW (220)
  AVERAGE WIND SPEED    15.1


SKY COVER
  POSSIBLE SUNSHINE  MM
  AVERAGE SKY COVER 0.1


WEATHER CONDITIONS
 THE FOLLOWING WEATHER WAS RECORDED YESTERDAY.
  THUNDERSTORM


RELATIVE HUMIDITY (PERCENT)
 HIGHEST    51           500 AM
 LOWEST     10           200 PM
 AVERAGE    31

..........................................................


THE CASPER WY CLIMATE NORMALS FOR TODAY
                         NORMAL    RECORD    YEAR
 MAXIMUM TEMPERATURE (F)   81        93      1998
 MINIMUM TEMPERATURE (F)   47        32      2008


SUNRISE AND SUNSET
SEPTEMBER  2 2015.....SUNRISE   631 AM MDT   SUNSET   739 PM MDT
SEPTEMBER  3 2015.....SUNRISE   632 AM MDT   SUNSET   737 PM MDT


-  INDICATES NEGATIVE NUMBERS.
R  INDICATES RECORD WAS SET OR TIED.
MM INDICATES DATA IS MISSING.
T  INDICATES TRACE AMOUNT.




$$
