000
CDUS45 KRIW 080035
CLICPR


CLIMATE REPORT
NATIONAL WEATHER SERVICE RIVERTON WY
635 PM MDT TUE JUL 7 2015


...................................

...THE CASPER WY CLIMATE SUMMARY FOR JULY 7 2015...
VALID TODAY AS OF 0500 PM LOCAL TIME.

CLIMATE NORMAL PERIOD 1981 TO 2010
CLIMATE RECORD PERIOD 1939 TO 2015


WEATHER ITEM   OBSERVED TIME   RECORD YEAR NORMAL DEPARTURE LAST
                VALUE   (LST)  VALUE       VALUE  FROM      YEAR
                                                  NORMAL
..................................................................
TEMPERATURE (F)
 TODAY
  MAXIMUM         79        MM 101    1989  87     -8       88
  MINIMUM         51        MM  39    2010  52     -1       55
                                      1993
  AVERAGE         65                        69     -4       72

PRECIPITATION (IN)
  TODAY            T             0.55 1990   0.04  -0.04     0.00
  MONTH TO DATE    0.27                      0.29  -0.02     0.00
  SINCE JUN 1      1.77                      1.90  -0.13     1.35
  SINCE JAN 1      9.27                      7.11   2.16     6.11

SNOWFALL (IN)
  TODAY            0.0                       0.0    0.0      0.0
  MONTH TO DATE    0.0                       0.0    0.0      0.0
  SINCE JUN 1      0.0                       0.1   -0.1      0.0
  SINCE JUL 1      0.0                       0.0    0.0      0.0
  SNOW DEPTH       0

DEGREE DAYS
 HEATING
  TODAY            0                         1     -1        0
  MONTH TO DATE    3                         7     -4       11
  SINCE JUN 1     29                       143   -114      169
  SINCE JUL 1      3                         7     -4       11

 COOLING
  TODAY            0                         5     -5        7
  MONTH TO DATE   37                        32      5       45
  SINCE JUN 1    113                        85     28       62
  SINCE JAN 1    113                        89     24       68
..................................................................


WIND (MPH)
  HIGHEST WIND SPEED    15   HIGHEST WIND DIRECTION    NE (30)
  HIGHEST GUST SPEED    MM   HIGHEST GUST DIRECTION    MM
  AVERAGE WIND SPEED     4.8


SKY COVER
  POSSIBLE SUNSHINE  MM
  AVERAGE SKY COVER 0.2


WEATHER CONDITIONS
 THE FOLLOWING WEATHER WAS RECORDED TODAY.
  THUNDERSTORM
  LIGHT RAIN
  FOG
  HAZE


RELATIVE HUMIDITY (PERCENT)
 HIGHEST    93          1200 AM
 LOWEST     29          1200 PM
 AVERAGE    61

..........................................................


THE CASPER WY CLIMATE NORMALS FOR TOMORROW
                         NORMAL    RECORD    YEAR
 MAXIMUM TEMPERATURE (F)   87       102      1989
 MINIMUM TEMPERATURE (F)   52        38      2010


SUNRISE AND SUNSET
JULY  7 2015..........SUNRISE   534 AM MDT   SUNSET   847 PM MDT
JULY  8 2015..........SUNRISE   535 AM MDT   SUNSET   846 PM MDT


-  INDICATES NEGATIVE NUMBERS.
R  INDICATES RECORD WAS SET OR TIED.
MM INDICATES DATA IS MISSING.
T  INDICATES TRACE AMOUNT.




$$
