000
CDUS45 KRIW 290744
CLICPR


CLIMATE REPORT
NATIONAL WEATHER SERVICE RIVERTON WY
133 AM MDT FRI JUL 29 2016


...................................

...THE CASPER WY CLIMATE SUMMARY FOR JULY 28 2016...

CLIMATE NORMAL PERIOD 1981 TO 2010
CLIMATE RECORD PERIOD 1939 TO 2016


WEATHER ITEM   OBSERVED TIME   RECORD YEAR NORMAL DEPARTURE LAST
                VALUE   (LST)  VALUE       VALUE  FROM      YEAR
                                                  NORMAL
..................................................................
TEMPERATURE (F)
 YESTERDAY
  MAXIMUM         83    423 PM 100    2006  89     -6       77
  MINIMUM         55    300 AM  43    1971  54      1       44
  AVERAGE         69                        72     -3       61

PRECIPITATION (IN)
  YESTERDAY        0.00          1.06 1987   0.05  -0.05     0.00
  MONTH TO DATE    0.16                      1.28  -1.12     0.57
  SINCE JUN 1      1.33                      2.89  -1.56     2.07
  SINCE JAN 1     10.79                      8.10   2.69     9.57

SNOWFALL (IN)
  YESTERDAY        0.0                       0.0    0.0      0.0
  MONTH TO DATE    0.0                       0.0    0.0      0.0
  SINCE JUN 1      0.0                       0.1   -0.1      0.0
  SINCE JUL 1      0.0                       0.0    0.0      0.0
  SNOW DEPTH       0

DEGREE DAYS
 HEATING
  YESTERDAY        0                         0      0        4
  MONTH TO DATE    5                        11     -6       11
  SINCE JUN 1     42                       147   -105       37
  SINCE JUL 1      5                        11     -6       11

 COOLING
  YESTERDAY        4                         7     -3        0
  MONTH TO DATE  180                       169     11      126
  SINCE JUN 1    283                       222     61      202
  SINCE JAN 1    283                       226     57      202
..................................................................


WIND (MPH)
  HIGHEST WIND SPEED    21   HIGHEST WIND DIRECTION    NE (40)
  HIGHEST GUST SPEED    26   HIGHEST GUST DIRECTION    NE (50)
  AVERAGE WIND SPEED     9.4


SKY COVER
  POSSIBLE SUNSHINE  MM
  AVERAGE SKY COVER 0.2


WEATHER CONDITIONS
 THE FOLLOWING WEATHER WAS RECORDED YESTERDAY.
  NO SIGNIFICANT WEATHER WAS OBSERVED.


RELATIVE HUMIDITY (PERCENT)
 HIGHEST    93           300 AM
 LOWEST     26           300 PM
 AVERAGE    60

..........................................................


THE CASPER WY CLIMATE NORMALS FOR TODAY
                         NORMAL    RECORD    YEAR
 MAXIMUM TEMPERATURE (F)   89       104      2006
 MINIMUM TEMPERATURE (F)   54        36      2015


SUNRISE AND SUNSET
JULY 29 2016..........SUNRISE   554 AM MDT   SUNSET   830 PM MDT
JULY 30 2016..........SUNRISE   555 AM MDT   SUNSET   828 PM MDT


-  INDICATES NEGATIVE NUMBERS.
R  INDICATES RECORD WAS SET OR TIED.
MM INDICATES DATA IS MISSING.
T  INDICATES TRACE AMOUNT.




$$
