000
CDUS45 KRIW 270745
CLICPR


CLIMATE REPORT
NATIONAL WEATHER SERVICE RIVERTON WY
1239 AM MST THU NOV 27 2014


...................................

...THE CASPER WY CLIMATE SUMMARY FOR NOVEMBER 26 2014...

CLIMATE NORMAL PERIOD 1981 TO 2010
CLIMATE RECORD PERIOD 1939 TO 2014


WEATHER ITEM   OBSERVED TIME   RECORD YEAR NORMAL DEPARTURE LAST
                VALUE   (LST)  VALUE       VALUE  FROM      YEAR
                                                  NORMAL
..................................................................
TEMPERATURE (F)
 YESTERDAY
  MAXIMUM         39   1159 PM  63    1998  39      0       44
  MINIMUM         12    758 PM -11    1952  17     -5       16
  AVERAGE         26                        28     -2       30

PRECIPITATION (IN)
  YESTERDAY        0.07          0.49 2004   0.02   0.05     0.00
  MONTH TO DATE    0.77                      0.68   0.09     0.24
  SINCE SEP 1      2.46                      2.87  -0.41     4.74
  SINCE JAN 1     10.84                     11.95  -1.11    13.94

SNOWFALL (IN)
  YESTERDAY        1.5                       0.3    1.2      0.0
  MONTH TO DATE   10.6                       8.9    1.7      3.6
  SINCE SEP 1     14.8                      18.1   -3.3     24.8
  SINCE JUL 1     14.8                      18.1   -3.3     24.8
  SNOW DEPTH       4

DEGREE DAYS
 HEATING
  YESTERDAY       39                        37      2       35
  MONTH TO DATE  961                       806    155      843
  SINCE SEP 1   1605                      1659    -54     1732
  SINCE JUL 1   1652                      1705    -53     1732

 COOLING
  YESTERDAY        0                         0      0        0
  MONTH TO DATE    0                         0      0        0
  SINCE SEP 1     29                        25      4       80
  SINCE JAN 1    357                       422    -65      618
..................................................................


WIND (MPH)
  HIGHEST WIND SPEED    15   HIGHEST WIND DIRECTION    SW (230)
  HIGHEST GUST SPEED    21   HIGHEST GUST DIRECTION    SW (220)
  AVERAGE WIND SPEED     4.2


SKY COVER
  POSSIBLE SUNSHINE  MM
  AVERAGE SKY COVER 0.5


WEATHER CONDITIONS
 THE FOLLOWING WEATHER WAS RECORDED YESTERDAY.
  LIGHT SNOW
  FOG


RELATIVE HUMIDITY (PERCENT)
 HIGHEST    96           300 AM
 LOWEST     66           300 PM
 AVERAGE    81

..........................................................


THE CASPER WY CLIMATE NORMALS FOR TODAY
                         NORMAL    RECORD    YEAR
 MAXIMUM TEMPERATURE (F)   38        64      1998
 MINIMUM TEMPERATURE (F)   17       -11      1952


SUNRISE AND SUNSET
NOVEMBER 27 2014......SUNRISE   713 AM MST   SUNSET   434 PM MST
NOVEMBER 28 2014......SUNRISE   714 AM MST   SUNSET   434 PM MST


-  INDICATES NEGATIVE NUMBERS.
R  INDICATES RECORD WAS SET OR TIED.
MM INDICATES DATA IS MISSING.
T  INDICATES TRACE AMOUNT.




$$
