000
CDUS45 KRIW 270103
CLICPR


CLIMATE REPORT
NATIONAL WEATHER SERVICE RIVERTON WY
701 PM MDT MON SEP 26 2016


...................................

...THE CASPER WY CLIMATE SUMMARY FOR SEPTEMBER 26 2016...
VALID TODAY AS OF 0500 PM LOCAL TIME.

CLIMATE NORMAL PERIOD 1981 TO 2010
CLIMATE RECORD PERIOD 1939 TO 2016


WEATHER ITEM   OBSERVED TIME   RECORD YEAR NORMAL DEPARTURE LAST
                VALUE   (LST)  VALUE       VALUE  FROM      YEAR
                                                  NORMAL
..................................................................
TEMPERATURE (F)
 TODAY
  MAXIMUM         72        MM  91    2015  69      3       91
  MINIMUM         33        MM  21    1972  37     -4       44
  AVERAGE         53                        53      0       68

PRECIPITATION (IN)
  TODAY            0.00          0.29 2013   0.04  -0.04     0.00
  MONTH TO DATE    1.55                      0.92   0.63     0.04
  SINCE SEP 1      1.55                      0.92   0.63     0.04
  SINCE JAN 1     13.72                     10.00   3.72    10.44

SNOWFALL (IN)
  TODAY            0.0                       0.1   -0.1      0.0
  MONTH TO DATE    0.0                       1.3   -1.3      0.0
  SINCE SEP 1      0.0                       1.3   -1.3      0.0
  SINCE JUL 1      0.0                       1.3   -1.3      0.0
  SNOW DEPTH       0

DEGREE DAYS
 HEATING
  TODAY           12                        12      0        0
  MONTH TO DATE  187                       186      1       68
  SINCE SEP 1    187                       186      1       68
  SINCE JUL 1    247                       232     15      128

 COOLING
  TODAY            0                         0      0        3
  MONTH TO DATE   29                        24      5       63
  SINCE SEP 1     29                        24      5       63
  SINCE JAN 1    451                       421     30      421
..................................................................


WIND (MPH)
  HIGHEST WIND SPEED    12   HIGHEST WIND DIRECTION    NW (310)
  HIGHEST GUST SPEED    17   HIGHEST GUST DIRECTION     W (280)
  AVERAGE WIND SPEED     6.7


SKY COVER
  POSSIBLE SUNSHINE  MM
  AVERAGE SKY COVER 0.0


WEATHER CONDITIONS
 THE FOLLOWING WEATHER WAS RECORDED TODAY.
  NO SIGNIFICANT WEATHER WAS OBSERVED.


RELATIVE HUMIDITY (PERCENT)
 HIGHEST   100           600 AM
 LOWEST     33           100 PM
 AVERAGE    67

..........................................................


THE CASPER WY CLIMATE NORMALS FOR TOMORROW
                         NORMAL    RECORD    YEAR
 MAXIMUM TEMPERATURE (F)   68        89      2015
 MINIMUM TEMPERATURE (F)   37        22      1964
                                             1945


SUNRISE AND SUNSET
SEPTEMBER 26 2016.....SUNRISE   658 AM MDT   SUNSET   655 PM MDT
SEPTEMBER 27 2016.....SUNRISE   659 AM MDT   SUNSET   653 PM MDT


-  INDICATES NEGATIVE NUMBERS.
R  INDICATES RECORD WAS SET OR TIED.
MM INDICATES DATA IS MISSING.
T  INDICATES TRACE AMOUNT.




$$
