251
CDUS45 KRIW 260037
CLICPR


CLIMATE REPORT
NATIONAL WEATHER SERVICE RIVERTON WY
633 PM MDT THU MAY 25 2017


...................................

...THE CASPER WY CLIMATE SUMMARY FOR MAY 25 2017...
VALID TODAY AS OF 0500 PM LOCAL TIME.

CLIMATE NORMAL PERIOD 1981 TO 2010
CLIMATE RECORD PERIOD 1939 TO 2017


WEATHER ITEM   OBSERVED TIME   RECORD YEAR NORMAL DEPARTURE LAST
                VALUE   (LST)  VALUE       VALUE  FROM      YEAR
                                                  NORMAL
..................................................................
TEMPERATURE (F)
 TODAY
  MAXIMUM         64        MM  85    2006  70     -6       63
                                      2003
                                      1969
  MINIMUM         46        MM  29    2002  40      6       35
  AVERAGE         55                        55      0       49

PRECIPITATION (IN)
  TODAY            0.12          0.78 1962   0.06   0.06     0.18
  MONTH TO DATE    1.93                      1.64   0.29     2.81
  SINCE MAR 1      5.93                      3.75   2.18     7.80
  SINCE JAN 1      7.28                      4.83   2.45     9.26

SNOWFALL (IN)
  TODAY            0.0                       0.0    0.0      0.0
  MONTH TO DATE    2.9                       2.8    0.1      0.0
  SINCE MAR 1     16.5                      25.3   -8.8     27.9
  SINCE JUL 1     70.0                      74.7   -4.7     86.6
  SNOW DEPTH       0

DEGREE DAYS
 HEATING
  TODAY           10                        10      0       16
  MONTH TO DATE  327                       346    -19      391
  SINCE MAR 1   1692                      1940   -248     1897
  SINCE JUL 1   6882                      7388   -506     6832

 COOLING
  TODAY            0                         0      0        0
  MONTH TO DATE    0                         0      0        0
  SINCE MAR 1      0                         0      0        0
  SINCE JAN 1      0                         0      0        0
..................................................................


WIND (MPH)
  HIGHEST WIND SPEED    23   HIGHEST WIND DIRECTION     N (350)
  HIGHEST GUST SPEED    33   HIGHEST GUST DIRECTION     W (290)
  AVERAGE WIND SPEED    10.9


SKY COVER
  POSSIBLE SUNSHINE  MM
  AVERAGE SKY COVER 0.5


WEATHER CONDITIONS
 THE FOLLOWING WEATHER WAS RECORDED TODAY.
  LIGHT RAIN
  FOG
  HAZE


RELATIVE HUMIDITY (PERCENT)
 HIGHEST    93           200 AM
 LOWEST     25           200 PM
 AVERAGE    59

..........................................................


THE CASPER WY CLIMATE NORMALS FOR TOMORROW
                         NORMAL    RECORD    YEAR
 MAXIMUM TEMPERATURE (F)   71        91      2006
 MINIMUM TEMPERATURE (F)   40        29      1989
                                             1950


SUNRISE AND SUNSET
MAY 25 2017...........SUNRISE   534 AM MDT   SUNSET   832 PM MDT
MAY 26 2017...........SUNRISE   533 AM MDT   SUNSET   833 PM MDT


-  INDICATES NEGATIVE NUMBERS.
R  INDICATES RECORD WAS SET OR TIED.
MM INDICATES DATA IS MISSING.
T  INDICATES TRACE AMOUNT.




$$
