000
CDUS45 KRIW 230744
CLICPR


CLIMATE REPORT
NATIONAL WEATHER SERVICE RIVERTON WY
1238 AM MST THU NOV 23 2017


...................................

...THE CASPER WY CLIMATE SUMMARY FOR NOVEMBER 22 2017...

CLIMATE NORMAL PERIOD 1981 TO 2010
CLIMATE RECORD PERIOD 1939 TO 2017


WEATHER ITEM   OBSERVED TIME   RECORD YEAR NORMAL DEPARTURE LAST
                VALUE   (LST)  VALUE       VALUE  FROM      YEAR
                                                  NORMAL
..................................................................
TEMPERATURE (F)
 YESTERDAY
  MAXIMUM         59   1226 PM  61    2006  41     18       40
                                      2002
  MINIMUM         39   1124 PM -20    1947  19     20       25
  AVERAGE         49                        30     19       33

PRECIPITATION (IN)
  YESTERDAY        0.00          0.34 1955   0.02  -0.02     0.23
  MONTH TO DATE    0.30                      0.60  -0.30     0.33
  SINCE SEP 1      2.80                      2.79   0.01     2.04
  SINCE JAN 1     12.72                     11.87   0.85    14.21

SNOWFALL (IN)
  YESTERDAY        0.0                       0.3   -0.3      0.9
  MONTH TO DATE    3.6                       7.5   -3.9      2.6
  SINCE SEP 1      9.2                      16.7   -7.5      2.6
  SINCE JUL 1      9.2                      16.7   -7.5      2.6
  SNOW DEPTH       0

DEGREE DAYS
 HEATING
  YESTERDAY       16                        35    -19       32
  MONTH TO DATE  604                       661    -57      463
  SINCE SEP 1   1535                      1514     21     1110
  SINCE JUL 1   1556                      1560     -4     1170

 COOLING
  YESTERDAY        0                         0      0        0
  MONTH TO DATE    0                         0      0        0
  SINCE SEP 1     54                        25     29       29
  SINCE JAN 1    448                       422     26      451
..................................................................


WIND (MPH)
  HIGHEST WIND SPEED    28   HIGHEST WIND DIRECTION    SW (210)
  HIGHEST GUST SPEED    33   HIGHEST GUST DIRECTION    SW (210)
  AVERAGE WIND SPEED    15.6


SKY COVER
  POSSIBLE SUNSHINE  MM
  AVERAGE SKY COVER 0.2


WEATHER CONDITIONS
 THE FOLLOWING WEATHER WAS RECORDED YESTERDAY.
  NO SIGNIFICANT WEATHER WAS OBSERVED.


RELATIVE HUMIDITY (PERCENT)
 HIGHEST    76           900 PM
 LOWEST     47          1200 PM
 AVERAGE    62

..........................................................


THE CASPER WY CLIMATE NORMALS FOR TODAY
                         NORMAL    RECORD    YEAR
 MAXIMUM TEMPERATURE (F)   40        60      2006
 MINIMUM TEMPERATURE (F)   19       -21      1985


SUNRISE AND SUNSET
NOVEMBER 23 2017......SUNRISE   708 AM MST   SUNSET   436 PM MST
NOVEMBER 24 2017......SUNRISE   709 AM MST   SUNSET   436 PM MST


-  INDICATES NEGATIVE NUMBERS.
R  INDICATES RECORD WAS SET OR TIED.
MM INDICATES DATA IS MISSING.
T  INDICATES TRACE AMOUNT.




$$
