000
CDUS45 KRIW 290742
CLICPR


CLIMATE REPORT
NATIONAL WEATHER SERVICE RIVERTON WY
132 AM MDT FRI APR 29 2016


...................................

...THE CASPER WY CLIMATE SUMMARY FOR APRIL 28 2016...

CLIMATE NORMAL PERIOD 1981 TO 2010
CLIMATE RECORD PERIOD 1939 TO 2016


WEATHER ITEM   OBSERVED TIME   RECORD YEAR NORMAL DEPARTURE LAST
                VALUE   (LST)  VALUE       VALUE  FROM      YEAR
                                                  NORMAL
..................................................................
TEMPERATURE (F)
 YESTERDAY
  MAXIMUM         36    511 PM  80    2007  61    -25       63
                                      2000
                                      1992
  MINIMUM         30    552 AM  13    1984  32     -2       30
  AVERAGE         33                        46    -13       47

PRECIPITATION (IN)
  YESTERDAY        T             0.73 1941   0.06  -0.06     0.00
  MONTH TO DATE    3.23                      1.18   2.05     1.66
  SINCE MAR 1      4.59                      2.00   2.59     2.30
  SINCE JAN 1      6.05                      3.08   2.97     3.61

SNOWFALL (IN)
  YESTERDAY        T                         0.3   -0.3      0.0
  MONTH TO DATE   13.3                      11.0    2.3      4.7
  SINCE MAR 1     26.7                      21.9    4.8     14.0
  SINCE JUL 1     85.4                      71.3   14.1     65.4
  SNOW DEPTH       0

DEGREE DAYS
 HEATING
  YESTERDAY       32                        19     13       18
  MONTH TO DATE  596                       633    -37      606
  SINCE MAR 1   1450                      1558   -108     1375
  SINCE JUL 1   6385                      7006   -621     6426

 COOLING
  YESTERDAY        0                         0      0        0
  MONTH TO DATE    0                         0      0        0
  SINCE MAR 1      0                         0      0        0
  SINCE JAN 1      0                         0      0        0
..................................................................


WIND (MPH)
  HIGHEST WIND SPEED    18   HIGHEST WIND DIRECTION    NE (40)
  HIGHEST GUST SPEED    22   HIGHEST GUST DIRECTION    NE (30)
  AVERAGE WIND SPEED     9.0


SKY COVER
  POSSIBLE SUNSHINE  MM
  AVERAGE SKY COVER 1.0


WEATHER CONDITIONS
 THE FOLLOWING WEATHER WAS RECORDED YESTERDAY.
  LIGHT SNOW
  FOG
  HAZE


RELATIVE HUMIDITY (PERCENT)
 HIGHEST    92           100 AM
 LOWEST     64           500 PM
 AVERAGE    78

..........................................................


THE CASPER WY CLIMATE NORMALS FOR TODAY
                         NORMAL    RECORD    YEAR
 MAXIMUM TEMPERATURE (F)   61        83      1992
 MINIMUM TEMPERATURE (F)   32        16      1990


SUNRISE AND SUNSET
APRIL 29 2016.........SUNRISE   602 AM MDT   SUNSET   805 PM MDT
APRIL 30 2016.........SUNRISE   600 AM MDT   SUNSET   806 PM MDT


-  INDICATES NEGATIVE NUMBERS.
R  INDICATES RECORD WAS SET OR TIED.
MM INDICATES DATA IS MISSING.
T  INDICATES TRACE AMOUNT.




$$
