000
CDUS45 KRIW 250056
CLICPR


CLIMATE REPORT
NATIONAL WEATHER SERVICE RIVERTON WY
656 PM MDT THU APR 24 2014


...................................

...THE CASPER WY CLIMATE SUMMARY FOR APRIL 24 2014...
VALID TODAY AS OF 0500 PM LOCAL TIME.

CLIMATE NORMAL PERIOD 1981 TO 2010
CLIMATE RECORD PERIOD 1939 TO 2014


WEATHER ITEM   OBSERVED TIME   RECORD YEAR NORMAL DEPARTURE LAST
                VALUE   (LST)  VALUE       VALUE  FROM      YEAR
                                                  NORMAL
..................................................................
TEMPERATURE (F)
 TODAY
  MAXIMUM         63        MM  83    2012  59      4       48
  MINIMUM         26    100 AM  15    1958  31     -5       23
  AVERAGE         45                        45      0       36

PRECIPITATION (IN)
  TODAY            0.00          0.39 1951   0.05  -0.05     0.00
  MONTH TO DATE    0.64                      0.97  -0.33     2.42
  SINCE MAR 1      2.28                      1.79   0.49     3.27
  SINCE JAN 1      3.76                      2.87   0.89     4.04

SNOWFALL (IN)
  TODAY            0.0                       0.4   -0.4      0.0
  MONTH TO DATE    5.2                       9.8   -4.6     37.8
  SINCE MAR 1     23.9                      20.7    3.2     48.3
  SINCE JUL 1     90.1                      70.1   20.0     81.0
  SNOW DEPTH       0

DEGREE DAYS
 HEATING
  TODAY           20                        20      0       29
  MONTH TO DATE  526                       556    -30      750
  SINCE MAR 1   1438                      1481    -43     1711
  SINCE JUL 1   7202                      6929    273     6761

 COOLING
  TODAY            0                         0      0        0
  MONTH TO DATE    0                         0      0        0
  SINCE MAR 1      0                         0      0        0
  SINCE JAN 1      0                         0      0        0
..................................................................


WIND (MPH)
  HIGHEST WIND SPEED    28   HIGHEST WIND DIRECTION     W (260)
  HIGHEST GUST SPEED    41   HIGHEST GUST DIRECTION     W (250)
  AVERAGE WIND SPEED    17.1


SKY COVER
  POSSIBLE SUNSHINE  MM
  AVERAGE SKY COVER 0.1


WEATHER CONDITIONS
 THE FOLLOWING WEATHER WAS RECORDED TODAY.
  NO SIGNIFICANT WEATHER WAS OBSERVED.


RELATIVE HUMIDITY (PERCENT)
 HIGHEST    58           200 AM
 LOWEST     20           200 PM
 AVERAGE    39

..........................................................


THE CASPER WY CLIMATE NORMALS FOR TOMORROW
                         NORMAL    RECORD    YEAR
 MAXIMUM TEMPERATURE (F)   60        79      1987
 MINIMUM TEMPERATURE (F)   31        18      2008


SUNRISE AND SUNSET
APRIL 24 2014.........SUNRISE   610 AM MDT   SUNSET   759 PM MDT
APRIL 25 2014.........SUNRISE   608 AM MDT   SUNSET   800 PM MDT


-  INDICATES NEGATIVE NUMBERS.
R  INDICATES RECORD WAS SET OR TIED.
MM INDICATES DATA IS MISSING.
T  INDICATES TRACE AMOUNT.




$$
