000
CDUS45 KRIW 250749
CLICPR


CLIMATE REPORT
NATIONAL WEATHER SERVICE RIVERTON WY
134 AM MDT SAT MAR 25 2017


...................................

...THE CASPER WY CLIMATE SUMMARY FOR MARCH 24 2017...

CLIMATE NORMAL PERIOD 1981 TO 2010
CLIMATE RECORD PERIOD 1939 TO 2017


WEATHER ITEM   OBSERVED TIME   RECORD YEAR NORMAL DEPARTURE LAST
                VALUE   (LST)  VALUE       VALUE  FROM      YEAR
                                                  NORMAL
..................................................................
TEMPERATURE (F)
 YESTERDAY
  MAXIMUM         58    341 PM  72    1993  51      7       51
  MINIMUM         27    518 AM -15    1965  24      3       24
  AVERAGE         43                        37      6       38

PRECIPITATION (IN)
  YESTERDAY        0.00          0.45 1959   0.03  -0.03     0.00
  MONTH TO DATE    0.40                      0.60  -0.20     0.36
  SINCE MAR 1      0.40                      0.60  -0.20     0.36
  SINCE JAN 1      1.75                      1.68   0.07     1.82

SNOWFALL (IN)
  YESTERDAY        0.0                       0.4   -0.4      0.0
  MONTH TO DATE    2.3                       8.2   -5.9      1.5
  SINCE MAR 1      2.3                       8.2   -5.9      1.5
  SINCE JUL 1     55.8                      57.6   -1.8     60.2
  SNOW DEPTH       0

DEGREE DAYS
 HEATING
  YESTERDAY       22                        28     -6       27
  MONTH TO DATE  558                       738   -180      651
  SINCE MAR 1    558                       738   -180      651
  SINCE JUL 1   5748                      6186   -438     5586

 COOLING
  YESTERDAY        0                         0      0        0
  MONTH TO DATE    0                         0      0        0
  SINCE MAR 1      0                         0      0        0
  SINCE JAN 1      0                         0      0        0
..................................................................


WIND (MPH)
  HIGHEST WIND SPEED    21   HIGHEST WIND DIRECTION    SW (210)
  HIGHEST GUST SPEED    26   HIGHEST GUST DIRECTION     S (200)
  AVERAGE WIND SPEED     7.7


SKY COVER
  POSSIBLE SUNSHINE  MM
  AVERAGE SKY COVER 0.4


WEATHER CONDITIONS
 THE FOLLOWING WEATHER WAS RECORDED YESTERDAY.
  NO SIGNIFICANT WEATHER WAS OBSERVED.


RELATIVE HUMIDITY (PERCENT)
 HIGHEST   100           100 AM
 LOWEST     26           500 PM
 AVERAGE    63

..........................................................


THE CASPER WY CLIMATE NORMALS FOR TODAY
                         NORMAL    RECORD    YEAR
 MAXIMUM TEMPERATURE (F)   51        74      2012
 MINIMUM TEMPERATURE (F)   25       -21      1965


SUNRISE AND SUNSET
MARCH 25 2017.........SUNRISE   700 AM MDT   SUNSET   724 PM MDT
MARCH 26 2017.........SUNRISE   658 AM MDT   SUNSET   726 PM MDT


-  INDICATES NEGATIVE NUMBERS.
R  INDICATES RECORD WAS SET OR TIED.
MM INDICATES DATA IS MISSING.
T  INDICATES TRACE AMOUNT.




$$
