000
CDUS46 KLOX 270912
CLICQT


CLIMATE REPORT
NATIONAL WEATHER SERVICE LOS ANGELES/OXNARD CA
212 AM PDT FRI MAR 27 2015


...................................

...THE DOWNTOWN LOS ANGELES (USC) CA CLIMATE SUMMARY FOR MARCH 26 2015...

CLIMATE NORMAL PERIOD 1981 TO 2010
CLIMATE RECORD PERIOD 1877 TO 2015


WEATHER ITEM   OBSERVED TIME   RECORD YEAR NORMAL DEPARTURE LAST
                VALUE   (LST)  VALUE       VALUE  FROM      YEAR
                                                  NORMAL
..................................................................
TEMPERATURE (F)
 YESTERDAY
  MAXIMUM         92    115 PM  98    1988  71     21       66
  MINIMUM         61    621 AM  39    1907  51     10       55
  AVERAGE         77                        61     16       61

PRECIPITATION (IN)
  YESTERDAY        0.00          1.53 1906   0.06  -0.06     0.01
  MONTH TO DATE    0.87                      2.17  -1.30     1.18
  SINCE OCT 1      7.40                     13.12  -5.72     5.64
  SINCE JAN 1      2.79                      9.09  -6.30     4.76

SNOWFALL (IN)
  YESTERDAY        0.0
  MONTH TO DATE    0.0
  SINCE MAR 1      0.0
  SINCE JUL 1      0.0

DEGREE DAYS
 HEATING
  YESTERDAY        0                         5     -5        4
  MONTH TO DATE   29                       134   -105       52
  SINCE MAR 1     29                       134   -105       52
  SINCE JUL 1    392                       909   -517      529

 COOLING
  YESTERDAY       12                         1     11        0
  MONTH TO DATE  114                        23     91       29
  SINCE MAR 1    114                        23     91       29
  SINCE JAN 1    171                        46    125       52
..................................................................


WIND (MPH)
  HIGHEST WIND SPEED    10   HIGHEST WIND DIRECTION     W (280)
  HIGHEST GUST SPEED    17   HIGHEST GUST DIRECTION     W (280)
  AVERAGE WIND SPEED     1.3


SKY COVER
  POSSIBLE SUNSHINE  MM
  AVERAGE SKY COVER 0.0


WEATHER CONDITIONS
 THE FOLLOWING WEATHER WAS RECORDED YESTERDAY.
  HAZE


RELATIVE HUMIDITY (PERCENT)
 HIGHEST    65           200 AM
 LOWEST     11           100 PM
 AVERAGE    38

..........................................................


THE DOWNTOWN LOS ANGELES (USC) CA CLIMATE NORMALS FOR TODAY
                         NORMAL    RECORD    YEAR
 MAXIMUM TEMPERATURE (F)   71        91      1986
 MINIMUM TEMPERATURE (F)   52        37      1884


SUNRISE AND SUNSET
MARCH 27 2015.........SUNRISE   648 AM PDT   SUNSET   710 PM PDT
MARCH 28 2015.........SUNRISE   646 AM PDT   SUNSET   711 PM PDT


-  INDICATES NEGATIVE NUMBERS.
R  INDICATES RECORD WAS SET OR TIED.
MM INDICATES DATA IS MISSING.
T  INDICATES TRACE AMOUNT.




$$
