000
CDUS46 KLOX 130909
CLICQT


CLIMATE REPORT
NATIONAL WEATHER SERVICE LOS ANGELES/OXNARD CA
109 AM PST WED DEC 13 2017


...................................

...THE DOWNTOWN LOS ANGELES (USC) CA CLIMATE SUMMARY FOR DECEMBER 12 2017...

CLIMATE NORMAL PERIOD 1981 TO 2010
CLIMATE RECORD PERIOD 1877 TO 2017


WEATHER ITEM   OBSERVED TIME   RECORD YEAR NORMAL DEPARTURE LAST
                VALUE   (LST)  VALUE       VALUE  FROM      YEAR
                                                  NORMAL
..................................................................
TEMPERATURE (F)
 YESTERDAY
  MAXIMUM         83    202 PM  86    1895  68     15       67
  MINIMUM         53    322 AM  34    1878  47      6       56
  AVERAGE         68                        58     10       62

PRECIPITATION (IN)
  YESTERDAY        0.00          4.30 1889   0.06  -0.06     0.00
  MONTH TO DATE    0.00                      0.70  -0.70     0.00
  SINCE OCT 1      0.11                      2.40  -2.29     1.40
  SINCE JAN 1     13.23                     13.30  -0.07     7.25

SNOWFALL (IN)
  YESTERDAY        0.0
  MONTH TO DATE    0.0
  SINCE DEC 1      0.0
  SINCE JUL 1      0.0

DEGREE DAYS
 HEATING
  YESTERDAY        0                         8     -8        3
  MONTH TO DATE   27                        85    -58       77
  SINCE DEC 1     27                        85    -58       77
  SINCE JUL 1     45                       216   -171      148

 COOLING
  YESTERDAY        3                         0      3        0
  MONTH TO DATE    8                         0      8        0
  SINCE DEC 1      8                         0      8        0
  SINCE JAN 1   1883                      1240    643     1522
..................................................................


WIND (MPH)
  HIGHEST WIND SPEED     8   HIGHEST WIND DIRECTION     W (280)
  HIGHEST GUST SPEED    11   HIGHEST GUST DIRECTION     W (280)
  AVERAGE WIND SPEED     1.3


SKY COVER
  POSSIBLE SUNSHINE  MM
  AVERAGE SKY COVER 0.0


WEATHER CONDITIONS
 THE FOLLOWING WEATHER WAS RECORDED YESTERDAY.
  NO SIGNIFICANT WEATHER WAS OBSERVED.


RELATIVE HUMIDITY (PERCENT)
 HIGHEST    47           900 PM
 LOWEST      6          1100 AM
 AVERAGE    27

..........................................................


THE DOWNTOWN LOS ANGELES (USC) CA CLIMATE NORMALS FOR TODAY
                         NORMAL    RECORD    YEAR
 MAXIMUM TEMPERATURE (F)   67        83      1952
 MINIMUM TEMPERATURE (F)   47        31      1901


SUNRISE AND SUNSET
DECEMBER 13 2017......SUNRISE   650 AM PST   SUNSET   445 PM PST
DECEMBER 14 2017......SUNRISE   651 AM PST   SUNSET   445 PM PST


-  INDICATES NEGATIVE NUMBERS.
R  INDICATES RECORD WAS SET OR TIED.
MM INDICATES DATA IS MISSING.
T  INDICATES TRACE AMOUNT.




$$
