000
CDUS42 KILM 292101
CLICRE


CLIMATE REPORT
NATIONAL WEATHER SERVICE WILMINGTON NC
459 PM EDT FRI JUL 29 2016


...................................

...THE NORTH MYRTLE BEACH SC CLIMATE SUMMARY FOR JULY 29 2016...
VALID TODAY AS OF 0400 PM LOCAL TIME.

CLIMATE NORMAL PERIOD 1981 TO 2010
CLIMATE RECORD PERIOD 1949 TO 2016


WEATHER ITEM   OBSERVED TIME   RECORD YEAR NORMAL DEPARTURE LAST
                VALUE   (LST)  VALUE       VALUE  FROM      YEAR
                                                  NORMAL
..................................................................
TEMPERATURE (F)
 TODAY
  MAXIMUM         96R   222 PM  96    1999  87      9       88
                                      1989
  MINIMUM         80    538 AM  62    1954  73      7       72
  AVERAGE         88                        80      8       80

PRECIPITATION (IN)
  TODAY            0.00                      0.18  -0.18     0.00
  MONTH TO DATE    2.68                      5.51  -2.83     3.73
  SINCE JUN 1      5.92                     10.15  -4.23     6.89
  SINCE JAN 1     21.66                     27.55  -5.89    26.95

DEGREE DAYS
 HEATING
  TODAY            0                         0      0        0
  MONTH TO DATE    0                         0      0        0
  SINCE JUN 1      0                         0      0        0
  SINCE JUL 1      0                         0      0        0

 COOLING
  TODAY           23                        15      8       15
  MONTH TO DATE  532                       447     85      489
  SINCE JUN 1    974                       804    170      964
  SINCE JAN 1   1270                      1016    254     1223
..................................................................


WIND (MPH)
  HIGHEST WIND SPEED    18   HIGHEST WIND DIRECTION     W (250)
  HIGHEST GUST SPEED    26   HIGHEST GUST DIRECTION     W (250)
  AVERAGE WIND SPEED     9.1


SKY COVER
  POSSIBLE SUNSHINE  MM
  AVERAGE SKY COVER 0.0


WEATHER CONDITIONS
 THE FOLLOWING WEATHER WAS RECORDED TODAY.
  NO SIGNIFICANT WEATHER WAS OBSERVED.


RELATIVE HUMIDITY (PERCENT)
 HIGHEST    85           200 AM
 LOWEST     46           200 PM
 AVERAGE    66

..........................................................


THE NORTH MYRTLE BEACH SC CLIMATE NORMALS FOR TOMORROW
                         NORMAL    RECORD    YEAR
 MAXIMUM TEMPERATURE (F)   87        97      2002
 MINIMUM TEMPERATURE (F)   73        64      1954


SUNRISE AND SUNSET
JULY 29 2016..........SUNRISE   625 AM EDT   SUNSET   817 PM EDT
JULY 30 2016..........SUNRISE   626 AM EDT   SUNSET   816 PM EDT


-  INDICATES NEGATIVE NUMBERS.
R  INDICATES RECORD WAS SET OR TIED.
MM INDICATES DATA IS MISSING.
T  INDICATES TRACE AMOUNT.




$$
