000
CDUS42 KILM 160841
CLICRE


CLIMATE REPORT
NATIONAL WEATHER SERVICE WILMINGTON NC
441 AM EDT WED APR 16 2014


...................................

...THE NORTH MYRTLE BEACH SC CLIMATE SUMMARY FOR APRIL 15 2014...

CLIMATE NORMAL PERIOD 1981 TO 2010
CLIMATE RECORD PERIOD 1949 TO 2014


WEATHER ITEM   OBSERVED TIME   RECORD YEAR NORMAL DEPARTURE LAST
                VALUE   (LST)  VALUE       VALUE  FROM      YEAR
                                                  NORMAL
..................................................................
TEMPERATURE (F)
 YESTERDAY
  MAXIMUM         72    945 AM  90    2006  71      1       73
  MINIMUM         46   1159 PM  30    1950  52     -6       61
  AVERAGE         59                        61     -2       67

PRECIPITATION (IN)
  YESTERDAY        0.35                      0.09   0.26     0.51
  MONTH TO DATE    0.63                      1.58  -0.95     3.36
  SINCE MAR 1      5.37                      5.50  -0.13     6.54
  SINCE JAN 1      9.49                     12.61  -3.12    11.60

SNOWFALL (IN)
  YESTERDAY       MM
  MONTH TO DATE   MM
  SINCE MAR 1     MM
  SINCE JUL 1     MM
  SNOW DEPTH      MM

DEGREE DAYS
 HEATING
  YESTERDAY        6                         5      1        0
  MONTH TO DATE   42                        92    -50       80
  SINCE MAR 1    490                       430     60      565
  SINCE JUL 1   2514                      2374    140     2346

 COOLING
  YESTERDAY        0                         1     -1        2
  MONTH TO DATE   15                        11      4       14
  SINCE MAR 1     15                        14      1       16
  SINCE JAN 1     15                        14      1       18
..................................................................


WIND (MPH)
  HIGHEST WIND SPEED    25   HIGHEST WIND DIRECTION     N (340)
  HIGHEST GUST SPEED    40   HIGHEST GUST DIRECTION     N (340)
  AVERAGE WIND SPEED    16.5


SKY COVER
  POSSIBLE SUNSHINE  MM
  AVERAGE SKY COVER 0.9


WEATHER CONDITIONS
 THE FOLLOWING WEATHER WAS RECORDED YESTERDAY.
  HEAVY RAIN
  RAIN
  LIGHT RAIN
  FOG


RELATIVE HUMIDITY (PERCENT)
 HIGHEST    97           300 AM
 LOWEST     66          1100 PM
 AVERAGE    82

..........................................................


THE NORTH MYRTLE BEACH SC CLIMATE NORMALS FOR TODAY
                         NORMAL    RECORD    YEAR
 MAXIMUM TEMPERATURE (F)   71        87      2006
 MINIMUM TEMPERATURE (F)   52        28      1950


SUNRISE AND SUNSET
APRIL 16 2014.........SUNRISE   643 AM EDT   SUNSET   747 PM EDT
APRIL 17 2014.........SUNRISE   642 AM EDT   SUNSET   748 PM EDT


-  INDICATES NEGATIVE NUMBERS.
R  INDICATES RECORD WAS SET OR TIED.
MM INDICATES DATA IS MISSING.
T  INDICATES TRACE AMOUNT.




$$
