000
CDUS42 KILM 042052
CLICRE


CLIMATE REPORT
NATIONAL WEATHER SERVICE WILMINGTON NC
450 PM EDT FRI SEP 4 2015


...................................

...THE NORTH MYRTLE BEACH SC CLIMATE SUMMARY FOR SEPTEMBER 4 2015...
VALID TODAY AS OF 0400 PM LOCAL TIME.

CLIMATE NORMAL PERIOD 1981 TO 2010
CLIMATE RECORD PERIOD 1949 TO 2015


WEATHER ITEM   OBSERVED TIME   RECORD YEAR NORMAL DEPARTURE LAST
                VALUE   (LST)  VALUE       VALUE  FROM      YEAR
                                                  NORMAL
..................................................................
TEMPERATURE (F)
 TODAY
  MAXIMUM         89   1118 AM  91    1993  85      4       87
  MINIMUM         71    338 AM  56    1994  70      1       74
  AVERAGE         80                        78      2       81

PRECIPITATION (IN)
  TODAY            0.00                      0.25  -0.25      T
  MONTH TO DATE    2.01                      1.03   0.98      T
  SINCE SEP 1      2.01                      1.03   0.98      T
  SINCE JAN 1     34.77                     36.38  -1.61    28.65

DEGREE DAYS
 HEATING
  TODAY            0                         0      0        0
  MONTH TO DATE    0                         0      0        0
  SINCE SEP 1      0                         0      0        0
  SINCE JUL 1      0                         0      0        0

 COOLING
  TODAY           15                        13      2       16
  MONTH TO DATE   62                        52     10       67
  SINCE SEP 1     62                        52     10       67
  SINCE JAN 1   1771                      1528    243     1655
..................................................................


WIND (MPH)
  HIGHEST WIND SPEED    12   HIGHEST WIND DIRECTION    SE (150)
  HIGHEST GUST SPEED    15   HIGHEST GUST DIRECTION    SE (150)
  AVERAGE WIND SPEED     3.9


SKY COVER
  POSSIBLE SUNSHINE  MM
  AVERAGE SKY COVER 0.0


WEATHER CONDITIONS
 THE FOLLOWING WEATHER WAS RECORDED TODAY.
  FOG


RELATIVE HUMIDITY (PERCENT)
 HIGHEST   100           200 AM
 LOWEST     65          1000 AM
 AVERAGE    83

..........................................................


THE NORTH MYRTLE BEACH SC CLIMATE NORMALS FOR TOMORROW
                         NORMAL    RECORD    YEAR
 MAXIMUM TEMPERATURE (F)   85        90      1998
 MINIMUM TEMPERATURE (F)   70        50      1997


SUNRISE AND SUNSET
SEPTEMBER  4 2015.....SUNRISE   650 AM EDT   SUNSET   737 PM EDT
SEPTEMBER  5 2015.....SUNRISE   651 AM EDT   SUNSET   735 PM EDT


-  INDICATES NEGATIVE NUMBERS.
R  INDICATES RECORD WAS SET OR TIED.
MM INDICATES DATA IS MISSING.
T  INDICATES TRACE AMOUNT.




$$
