000
CDUS44 KCRP 210857
CLICRP

CLIMATE REPORT
NATIONAL WEATHER SERVICE CORPUS CHRISTI TX
352 AM CDT SUN SEP 21 2014


...................................

...THE CORPUS CHRISTI CLIMATE SUMMARY FOR SEPTEMBER 20 2014...

CLIMATE NORMAL PERIOD 1981 TO 2010
CLIMATE RECORD PERIOD 1887 TO 2014


WEATHER ITEM   OBSERVED TIME   RECORD YEAR NORMAL DEPARTURE LAST
                VALUE   (LST)  VALUE       VALUE  FROM      YEAR
                                                  NORMAL
..................................................................
TEMPERATURE (F)
 YESTERDAY
  MAXIMUM         90    102 PM  98    1947  89      1       90
  MINIMUM         76    538 AM  59    1981  71      5       74
  AVERAGE         83                        80      3       82

PRECIPITATION (IN)
  YESTERDAY        0.01          3.48 1967   0.16  -0.15     0.85
  MONTH TO DATE    2.67                      3.50  -0.83     5.97
  SINCE SEP 1      2.67                      3.50  -0.83     5.97
  SINCE JAN 1     16.51                     22.84  -6.33    16.98

SNOWFALL (IN)
  YESTERDAY        0.0
  MONTH TO DATE    0.0
  SINCE SEP 1      0.0
  SINCE JUL 1      0.0
  SNOW DEPTH       0

DEGREE DAYS
 HEATING
  YESTERDAY        0                         0      0        0
  MONTH TO DATE    0                         0      0        0
  SINCE SEP 1      0                         0      0        0
  SINCE JUL 1      0                         0      0        0

 COOLING
  YESTERDAY       18                        15      3       17
  MONTH TO DATE  359                       341     18      401
  SINCE SEP 1    359                       341     18      401
  SINCE JAN 1   3062                      2902    160     3414
..................................................................


WIND (MPH)
  HIGHEST WIND SPEED    18   HIGHEST WIND DIRECTION     E (100)
  HIGHEST GUST SPEED    23   HIGHEST GUST DIRECTION     E (80)
  AVERAGE WIND SPEED     9.0


SKY COVER
  POSSIBLE SUNSHINE  MM
  AVERAGE SKY COVER 0.7


WEATHER CONDITIONS
 THE FOLLOWING WEATHER WAS RECORDED YESTERDAY.
  NO SIGNIFICANT WEATHER WAS OBSERVED.


RELATIVE HUMIDITY (PERCENT)
 HIGHEST    94           500 AM
 LOWEST     63           200 PM
 AVERAGE    79

..........................................................


THE CORPUS CHRISTI CLIMATE NORMALS FOR TODAY
                         NORMAL    RECORD    YEAR
 MAXIMUM TEMPERATURE (F)   89       102      1947
 MINIMUM TEMPERATURE (F)   71        57      1983


SUNRISE AND SUNSET
SEPTEMBER 21 2014.....SUNRISE   718 AM CDT   SUNSET   728 PM CDT
SEPTEMBER 22 2014.....SUNRISE   718 AM CDT   SUNSET   726 PM CDT


-  INDICATES NEGATIVE NUMBERS.
R  INDICATES RECORD WAS SET OR TIED.
MM INDICATES DATA IS MISSING.
T  INDICATES TRACE AMOUNT.




$$
