000
CDUS44 KCRP 240812
CLICRP

CLIMATE REPORT
NATIONAL WEATHER SERVICE CORPUS CHRISTI TX
212 AM CST FRI FEB 24 2017


...................................

...THE CORPUS CHRISTI CLIMATE SUMMARY FOR FEBRUARY 23 2017...

CLIMATE NORMAL PERIOD 1981 TO 2010
CLIMATE RECORD PERIOD 1887 TO 2017


WEATHER ITEM   OBSERVED TIME   RECORD YEAR NORMAL DEPARTURE LAST
                VALUE   (LST)  VALUE       VALUE  FROM      YEAR
                                                  NORMAL
..................................................................
TEMPERATURE (F)
 YESTERDAY
  MAXIMUM         87    126 PM  88    1917  72     15       83
  MINIMUM         58    422 AM  27    1976  52      6       52
  AVERAGE         73                        62     11       68

PRECIPITATION (IN)
  YESTERDAY        0.00          3.09 1941   0.07  -0.07     0.14
  MONTH TO DATE    2.57                      1.54   1.03     0.21
  SINCE DEC 1      5.04                      4.91   0.13     3.18
  SINCE JAN 1      2.84                      3.08  -0.24     2.29

SNOWFALL (IN)
  YESTERDAY        0.0
  MONTH TO DATE    0.0
  SINCE DEC 1      0.0
  SINCE JUL 1      0.0
  SNOW DEPTH       0

DEGREE DAYS
 HEATING
  YESTERDAY        0                         5     -5        0
  MONTH TO DATE   26                       150   -124       83
  SINCE DEC 1    330                       676   -346      515
  SINCE JUL 1    348                       777   -429      589

 COOLING
  YESTERDAY        8                         2      6        3
  MONTH TO DATE  136                        39     97       50
  SINCE DEC 1    316                       118    198      141
  SINCE JAN 1    228                        69    159       63
..................................................................


WIND (MPH)
  HIGHEST WIND SPEED    28   HIGHEST WIND DIRECTION    SE (140)
  HIGHEST GUST SPEED    33   HIGHEST GUST DIRECTION    SE (140)
  AVERAGE WIND SPEED    15.7


SKY COVER
  POSSIBLE SUNSHINE  MM
  AVERAGE SKY COVER 0.2


WEATHER CONDITIONS
 THE FOLLOWING WEATHER WAS RECORDED YESTERDAY.
  FOG
  FOG W/VISIBILITY <= 1/4 MILE


RELATIVE HUMIDITY (PERCENT)
 HIGHEST   100           200 AM
 LOWEST     42           100 PM
 AVERAGE    71

..........................................................


THE CORPUS CHRISTI CLIMATE NORMALS FOR TODAY
                         NORMAL    RECORD    YEAR
 MAXIMUM TEMPERATURE (F)   72        90      2007
 MINIMUM TEMPERATURE (F)   52        29      1968


SUNRISE AND SUNSET
FEBRUARY 24 2017......SUNRISE   659 AM CST   SUNSET   628 PM CST
FEBRUARY 25 2017......SUNRISE   658 AM CST   SUNSET   628 PM CST


-  INDICATES NEGATIVE NUMBERS.
R  INDICATES RECORD WAS SET OR TIED.
MM INDICATES DATA IS MISSING.
T  INDICATES TRACE AMOUNT.




$$
