000
CDUS44 KCRP 230652
CLICRP

CLIMATE REPORT
NATIONAL WEATHER SERVICE CORPUS CHRISTI TX
149 AM CDT WED AUG 23 2017

...................................

...THE CORPUS CHRISTI CLIMATE SUMMARY FOR AUGUST 22 2017...

CLIMATE NORMAL PERIOD 1981 TO 2010
CLIMATE RECORD PERIOD 1887 TO 2017


WEATHER ITEM   OBSERVED TIME   RECORD YEAR NORMAL DEPARTURE LAST
                VALUE   (LST)  VALUE       VALUE  FROM      YEAR
                                                  NORMAL
..................................................................
TEMPERATURE (F)
 YESTERDAY
  MAXIMUM         95    321 PM 101    2010  94      1       94
                                      2009
                                      1997
  MINIMUM         74    409 AM  67    1986  75     -1       79
                                      1946
  AVERAGE         85                        85      0       87

PRECIPITATION (IN)
  YESTERDAY        0.02          4.56 1999   0.11  -0.09     0.00
  MONTH TO DATE    0.84                      1.71  -0.87     2.62
  SINCE JUN 1      4.04                      7.86  -3.82     5.57
  SINCE JAN 1     17.31                     18.13  -0.82    23.79

SNOWFALL (IN)
  YESTERDAY        0.0
  MONTH TO DATE    0.0
  SINCE JUN 1      0.0
  SINCE JUL 1      0.0
  SNOW DEPTH       0

DEGREE DAYS
 HEATING
  YESTERDAY        0                         0      0        0
  MONTH TO DATE    0                         0      0        0
  SINCE JUN 1      0                         0      0        0
  SINCE JUL 1      0                         0      0        0

 COOLING
  YESTERDAY       20                        20      0       22
  MONTH TO DATE  471                       440     31      471
  SINCE JUN 1   1648                      1549     99     1700
  SINCE JAN 1   2838                      2390    448     2736
..................................................................


WIND (MPH)
  HIGHEST WIND SPEED    20   HIGHEST WIND DIRECTION     E (110)
  HIGHEST GUST SPEED    29   HIGHEST GUST DIRECTION    SE (130)
  AVERAGE WIND SPEED     7.6


SKY COVER
  POSSIBLE SUNSHINE  MM
  AVERAGE SKY COVER 0.3


WEATHER CONDITIONS
 THE FOLLOWING WEATHER WAS RECORDED YESTERDAY.
  LIGHT RAIN
  FOG


RELATIVE HUMIDITY (PERCENT)
 HIGHEST    94           400 AM
 LOWEST     46           400 PM
 AVERAGE    70

..........................................................


THE CORPUS CHRISTI CLIMATE NORMALS FOR TODAY
                         NORMAL    RECORD    YEAR
 MAXIMUM TEMPERATURE (F)   94       102      2010
 MINIMUM TEMPERATURE (F)   75        66      1949
                                             1891


SUNRISE AND SUNSET
AUGUST 23 2017........SUNRISE   705 AM CDT   SUNSET   800 PM CDT
AUGUST 24 2017........SUNRISE   705 AM CDT   SUNSET   759 PM CDT


-  INDICATES NEGATIVE NUMBERS.
R  INDICATES RECORD WAS SET OR TIED.
MM INDICATES DATA IS MISSING.
T  INDICATES TRACE AMOUNT.




$$
