000
CDUS44 KCRP 120957
CLICRP

CLIMATE REPORT
NATIONAL WEATHER SERVICE CORPUS CHRISTI TX
356 AM CST TUE DEC 12 2017

...THE CORPUS CHRISTI CLIMATE SUMMARY FOR DECEMBER 11 2017...

CLIMATE NORMAL PERIOD 1981 TO 2010
CLIMATE RECORD PERIOD 1887 TO 2017


WEATHER ITEM   OBSERVED TIME   RECORD YEAR NORMAL DEPARTURE LAST
                VALUE   (LST)  VALUE       VALUE  FROM      YEAR
                                                  NORMAL
..................................................................
TEMPERATURE (F)
 YESTERDAY
  MAXIMUM         68    445 PM  89    1987  69     -1       76
  MINIMUM         38    725 AM  30    2008  49    -11       54
  AVERAGE         53                        59     -6       65

PRECIPITATION (IN)
  YESTERDAY        0.00          0.92 1985   0.05  -0.05     0.00
  MONTH TO DATE    3.82                      0.58   3.24     2.00
  SINCE DEC 1      3.82                      0.58   3.24     2.00
  SINCE JAN 1     30.34                     30.51  -0.17    32.53

SNOWFALL (IN)
  YESTERDAY        0.0
  MONTH TO DATE    1.0
  SINCE DEC 1      1.0
  SINCE JUL 1      1.0
  SNOW DEPTH       0

DEGREE DAYS
 HEATING
  YESTERDAY       12                         8      4        0
  MONTH TO DATE  103                        74     29       73
  SINCE DEC 1    103                        74     29       73
  SINCE JUL 1    167                       175     -8       91

 COOLING
  YESTERDAY        0                         2     -2        0
  MONTH TO DATE   24                        22      2        8
  SINCE DEC 1     24                        22      2        8
  SINCE JAN 1   4011                      3497    514     4190
..................................................................


WIND (MPH)
  HIGHEST WIND SPEED    10   HIGHEST WIND DIRECTION    NW (300)
  HIGHEST GUST SPEED    12   HIGHEST GUST DIRECTION    SW (230)
  AVERAGE WIND SPEED     5.3


SKY COVER
  POSSIBLE SUNSHINE  MM
  AVERAGE SKY COVER 0.6


WEATHER CONDITIONS
 THE FOLLOWING WEATHER WAS RECORDED YESTERDAY.
  NO SIGNIFICANT WEATHER WAS OBSERVED.


RELATIVE HUMIDITY (PERCENT)
 HIGHEST   100           800 AM
 LOWEST     42           400 PM
 AVERAGE    71

..........................................................


THE CORPUS CHRISTI CLIMATE NORMALS FOR TODAY
                         NORMAL    RECORD    YEAR
 MAXIMUM TEMPERATURE (F)   69        85      1981
 MINIMUM TEMPERATURE (F)   49        29      1966
                                             1957


SUNRISE AND SUNSET
DECEMBER 12 2017......SUNRISE   712 AM CST   SUNSET   536 PM CST
DECEMBER 13 2017......SUNRISE   712 AM CST   SUNSET   537 PM CST


-  INDICATES NEGATIVE NUMBERS.
R  INDICATES RECORD WAS SET OR TIED.
MM INDICATES DATA IS MISSING.
T  INDICATES TRACE AMOUNT.

$$

87
