000
CDUS44 KCRP 220941
CLICRP

CLIMATE REPORT
NATIONAL WEATHER SERVICE CORPUS CHRISTI TX
439 AM CDT MON MAY 22 2017


...................................

...THE CORPUS CHRISTI CLIMATE SUMMARY FOR MAY 21 2017...

CLIMATE NORMAL PERIOD 1981 TO 2010
CLIMATE RECORD PERIOD 1887 TO 2017


WEATHER ITEM   OBSERVED TIME   RECORD YEAR NORMAL DEPARTURE LAST
                VALUE   (LST)  VALUE       VALUE  FROM      YEAR
                                                  NORMAL
..................................................................
TEMPERATURE (F)
 YESTERDAY
  MAXIMUM         87    206 PM  98    1955  87      0       87
  MINIMUM         79    839 AM  59    2009  71      8       78
                                      1986
  AVERAGE         83                        79      4       83

PRECIPITATION (IN)
  YESTERDAY        0.04          5.57 1941   0.11  -0.07     0.04
  MONTH TO DATE    0.38                      1.97  -1.59     5.80
  SINCE MAR 1      7.59                      5.70   1.89    15.74
  SINCE JAN 1     10.43                      9.17   1.26    18.03

SNOWFALL (IN)
  YESTERDAY        0.0
  MONTH TO DATE    0.0
  SINCE MAR 1      0.0
  SINCE JUL 1      0.0
  SNOW DEPTH       0

DEGREE DAYS
 HEATING
  YESTERDAY        0                         0      0        0
  MONTH TO DATE    0                         0      0        0
  SINCE MAR 1     16                        98    -82       21
  SINCE JUL 1    368                       898   -530      640

 COOLING
  YESTERDAY       18                        14      4       18
  MONTH TO DATE  272                       262     10      283
  SINCE MAR 1    778                       614    164      781
  SINCE JAN 1   1047                       690    357      858
..................................................................


WIND (MPH)
  HIGHEST WIND SPEED    22   HIGHEST WIND DIRECTION     E (80)
  HIGHEST GUST SPEED    30   HIGHEST GUST DIRECTION     E (70)
  AVERAGE WIND SPEED    11.5


SKY COVER
  POSSIBLE SUNSHINE  MM
  AVERAGE SKY COVER 0.9


WEATHER CONDITIONS
 THE FOLLOWING WEATHER WAS RECORDED YESTERDAY.
  THUNDERSTORM
  LIGHT RAIN


RELATIVE HUMIDITY (PERCENT)
 HIGHEST    97           200 AM
 LOWEST     70           200 PM
 AVERAGE    84

..........................................................


THE CORPUS CHRISTI CLIMATE NORMALS FOR TODAY
                         NORMAL    RECORD    YEAR
 MAXIMUM TEMPERATURE (F)   88        93      2005
 MINIMUM TEMPERATURE (F)   71        57      1988
                                             1967


SUNRISE AND SUNSET
MAY 22 2017...........SUNRISE   637 AM CDT   SUNSET   816 PM CDT
MAY 23 2017...........SUNRISE   637 AM CDT   SUNSET   817 PM CDT


-  INDICATES NEGATIVE NUMBERS.
R  INDICATES RECORD WAS SET OR TIED.
MM INDICATES DATA IS MISSING.
T  INDICATES TRACE AMOUNT.




$$
