000
CDUS44 KCRP 312155
CLICRP

CLIMATE REPORT
NATIONAL WEATHER SERVICE CORPUS CHRISTI TX
453 PM CDT FRI OCT 31 2014

...................................

...THE CORPUS CHRISTI CLIMATE SUMMARY FOR OCTOBER 31 2014...
VALID TODAY AS OF 453 PM LOCAL TIME.

CLIMATE NORMAL PERIOD 1981 TO 2010
CLIMATE RECORD PERIOD 1887 TO 2014


WEATHER ITEM   OBSERVED TIME   RECORD YEAR NORMAL DEPARTURE LAST
                VALUE   (LST)  VALUE       VALUE  FROM      YEAR
                                                  NORMAL
..................................................................
TEMPERATURE (F)
 TODAY
  MAXIMUM         81    252 PM  95    1947  81      0       92
  MINIMUM         67    310 AM  28    1993  61      6       76
  AVERAGE         74                        71      3       84

PRECIPITATION (IN)
  TODAY            2.69          4.88 1981   0.10   2.59      T
  MONTH TO DATE    5.63                      3.64   1.99     2.45
  SINCE SEP 1     11.64                      8.62   3.02     8.76
  SINCE JAN 1     25.48                     27.96  -2.48    19.77

SNOWFALL (IN)
  TODAY            0.0
  MONTH TO DATE    0.0
  SINCE SEP 1      0.0
  SINCE JUL 1      0.0
  SNOW DEPTH       0

DEGREE DAYS
 HEATING
  TODAY            0                         1     -1        0
  MONTH TO DATE    0                         8     -8        0
  SINCE SEP 1      0                        10    -10        0
  SINCE JUL 1      0                        10    -10        0

 COOLING
  TODAY            9                         7      2       19
  MONTH TO DATE  376                       308     68      388
  SINCE SEP 1    880                       790     90      970
  SINCE JAN 1   3583                      3351    232     3983
..................................................................


WIND (MPH)
  HIGHEST WIND SPEED    30   HIGHEST WIND DIRECTION    NE (50)
  HIGHEST GUST SPEED    36   HIGHEST GUST DIRECTION    NE (50)


SKY COVER
  POSSIBLE SUNSHINE  MM
  AVERAGE SKY COVER 0.7


WEATHER CONDITIONS
 THE FOLLOWING WEATHER WAS RECORDED TODAY.
  THUNDERSTORM
  HEAVY RAIN
  RAIN
  LIGHT RAIN
  FOG


RELATIVE HUMIDITY (PERCENT)
 HIGHEST    97           100 AM
 LOWEST     36           300 PM
 AVERAGE    67

..........................................................


THE CORPUS CHRISTI CLIMATE NORMALS FOR TOMORROW
                         NORMAL    RECORD    YEAR
 MAXIMUM TEMPERATURE (F)   81        90      2010
                                             1996
 MINIMUM TEMPERATURE (F)   61        39      1949


SUNRISE AND SUNSET
OCTOBER 31 2014.......SUNRISE   740 AM CDT   SUNSET   647 PM CDT
NOVEMBER  1 2014......SUNRISE   741 AM CDT   SUNSET   646 PM CDT


-  INDICATES NEGATIVE NUMBERS.
R  INDICATES RECORD WAS SET OR TIED.
MM INDICATES DATA IS MISSING.
T  INDICATES TRACE AMOUNT.




$$
