000
CDUS44 KCRP 270903
CLICRP

CLIMATE REPORT
NATIONAL WEATHER SERVICE CORPUS CHRISTI TX
400 AM CDT MON MAR 27 2017


...................................

...THE CORPUS CHRISTI CLIMATE SUMMARY FOR MARCH 26 2017...

CLIMATE NORMAL PERIOD 1981 TO 2010
CLIMATE RECORD PERIOD 1887 TO 2017


WEATHER ITEM   OBSERVED TIME   RECORD YEAR NORMAL DEPARTURE LAST
                VALUE   (LST)  VALUE       VALUE  FROM      YEAR
                                                  NORMAL
..................................................................
TEMPERATURE (F)
 YESTERDAY
  MAXIMUM         85   1244 PM  94    1939  78      7       76
  MINIMUM         68    644 AM  34    1969  58     10       60
  AVERAGE         77                        68      9       68

PRECIPITATION (IN)
  YESTERDAY        0.00          1.67 1943   0.07  -0.07     0.00
  MONTH TO DATE    4.89                      1.63   3.26     6.54
  SINCE MAR 1      4.89                      1.63   3.26     6.54
  SINCE JAN 1      7.73                      5.10   2.63     8.83

SNOWFALL (IN)
  YESTERDAY        0.0
  MONTH TO DATE    0.0
  SINCE MAR 1      0.0
  SINCE JUL 1      0.0
  SNOW DEPTH       0

DEGREE DAYS
 HEATING
  YESTERDAY        0                         2     -2        0
  MONTH TO DATE   16                        75    -59       21
  SINCE MAR 1     16                        75    -59       21
  SINCE JUL 1    368                       875   -507      640

 COOLING
  YESTERDAY       12                         5      7        3
  MONTH TO DATE  151                        90     61      151
  SINCE MAR 1    151                        90     61      151
  SINCE JAN 1    420                       166    254      228
..................................................................


WIND (MPH)
  HIGHEST WIND SPEED    36   HIGHEST WIND DIRECTION    SE (150)
  HIGHEST GUST SPEED    46   HIGHEST GUST DIRECTION    SE (140)
  AVERAGE WIND SPEED    20.4


SKY COVER
  POSSIBLE SUNSHINE  MM
  AVERAGE SKY COVER 0.4


WEATHER CONDITIONS
 THE FOLLOWING WEATHER WAS RECORDED YESTERDAY.
  FOG


RELATIVE HUMIDITY (PERCENT)
 HIGHEST   100          1200 AM
 LOWEST     59           100 PM
 AVERAGE    80

..........................................................


THE CORPUS CHRISTI CLIMATE NORMALS FOR TODAY
                         NORMAL    RECORD    YEAR
 MAXIMUM TEMPERATURE (F)   78       101      1984
 MINIMUM TEMPERATURE (F)   59        37      1955
                                             1913


SUNRISE AND SUNSET
MARCH 27 2017.........SUNRISE   726 AM CDT   SUNSET   745 PM CDT
MARCH 28 2017.........SUNRISE   725 AM CDT   SUNSET   746 PM CDT


-  INDICATES NEGATIVE NUMBERS.
R  INDICATES RECORD WAS SET OR TIED.
MM INDICATES DATA IS MISSING.
T  INDICATES TRACE AMOUNT.




$$
