000
CDUS44 KCRP 200655
CLICRP

CLIMATE REPORT
NATIONAL WEATHER SERVICE CORPUS CHRISTI TX
155 AM CDT MON OCT 20 2014


...THE CORPUS CHRISTI CLIMATE SUMMARY FOR OCTOBER 19 2014...

CLIMATE NORMAL PERIOD 1981 TO 2010
CLIMATE RECORD PERIOD 1887 TO 2014


WEATHER ITEM   OBSERVED TIME   RECORD YEAR NORMAL DEPARTURE LAST
                VALUE   (LST)  VALUE       VALUE  FROM      YEAR
                                                  NORMAL
..................................................................
TEMPERATURE (F)
 YESTERDAY
  MAXIMUM         84    205 PM  94    2004  84      0       77
  MINIMUM         72    300 AM  47    1989  64      8       56
                                      1948
  AVERAGE         78                        74      4       67

PRECIPITATION (IN)
  YESTERDAY        0.00          1.79 1998   0.13  -0.13     0.00
  MONTH TO DATE    1.26                      2.29  -1.03     0.94
  SINCE SEP 1      7.27                      7.27   0.00     7.25
  SINCE JAN 1     21.11                     26.61  -5.50    18.26

SNOWFALL (IN)
  YESTERDAY        0.0
  MONTH TO DATE    0.0
  SINCE SEP 1      0.0
  SINCE JUL 1      0.0
  SNOW DEPTH       0

DEGREE DAYS
 HEATING
  YESTERDAY        0                         0      0        0
  MONTH TO DATE    0                         0      0        0
  SINCE SEP 1      0                         0      0        0
  SINCE JUL 1      0                         0      0        0

 COOLING
  YESTERDAY       13                         9      4        2
  MONTH TO DATE  252                       213     39      265
  SINCE SEP 1    756                       695     61      847
  SINCE JAN 1   3459                      3256    203     3860
..................................................................


WIND (MPH)
  HIGHEST WIND SPEED    20   HIGHEST WIND DIRECTION     E (100)
  HIGHEST GUST SPEED    23   HIGHEST GUST DIRECTION     E (90)
  AVERAGE WIND SPEED    10.1


SKY COVER
  POSSIBLE SUNSHINE  MM
  AVERAGE SKY COVER 0.7


WEATHER CONDITIONS
 THE FOLLOWING WEATHER WAS RECORDED YESTERDAY.
  NO SIGNIFICANT WEATHER WAS OBSERVED.


RELATIVE HUMIDITY (PERCENT)
 HIGHEST    87           300 AM
 LOWEST     51           100 PM
 AVERAGE    69

..........................................................


THE CORPUS CHRISTI CLIMATE NORMALS FOR TODAY
                         NORMAL    RECORD    YEAR
 MAXIMUM TEMPERATURE (F)   84        93      2004
                                             1962
 MINIMUM TEMPERATURE (F)   64        39      1989


SUNRISE AND SUNSET
OCTOBER 20 2014.......SUNRISE   733 AM CDT   SUNSET   656 PM CDT
OCTOBER 21 2014.......SUNRISE   734 AM CDT   SUNSET   655 PM CDT


-  INDICATES NEGATIVE NUMBERS.
R  INDICATES RECORD WAS SET OR TIED.
MM INDICATES DATA IS MISSING.
T  INDICATES TRACE AMOUNT.

$$

TMT
