000
CDUS44 KCRP 180816
CLICRP

CLIMATE REPORT
NATIONAL WEATHER SERVICE CORPUS CHRISTI TX
312 AM CDT WED OCT 18 2017


...................................

...THE CORPUS CHRISTI CLIMATE SUMMARY FOR OCTOBER 17 2017...

CLIMATE NORMAL PERIOD 1981 TO 2010
CLIMATE RECORD PERIOD 1887 TO 2017


WEATHER ITEM   OBSERVED TIME   RECORD YEAR NORMAL DEPARTURE LAST
                VALUE   (LST)  VALUE       VALUE  FROM      YEAR
                                                  NORMAL
..................................................................
TEMPERATURE (F)
 YESTERDAY
  MAXIMUM         82    401 PM 101    2012  84     -2       95
  MINIMUM         51    459 AM  47    1974  65    -14       69
  AVERAGE         67                        74     -7       82

PRECIPITATION (IN)
  YESTERDAY        0.00          1.73 1960   0.12  -0.12     0.00
  MONTH TO DATE    2.29                      2.03   0.26     0.12
  SINCE SEP 1      3.75                      7.01  -3.26     3.17
  SINCE JAN 1     26.11                     26.35  -0.24    28.46

SNOWFALL (IN)
  YESTERDAY        0.0
  MONTH TO DATE    0.0
  SINCE SEP 1      0.0
  SINCE JUL 1      0.0
  SNOW DEPTH       0

DEGREE DAYS
 HEATING
  YESTERDAY        0                         0      0        0
  MONTH TO DATE    0                         0      0        0
  SINCE SEP 1      0                         0      0        0
  SINCE JUL 1      0                         0      0        0

 COOLING
  YESTERDAY        2                        10     -8       17
  MONTH TO DATE  230                       194     36      262
  SINCE SEP 1    731                       676     55      861
  SINCE JAN 1   3712                      3237    475     3778
..................................................................


WIND (MPH)
  HIGHEST WIND SPEED    12   HIGHEST WIND DIRECTION     E (70)
  HIGHEST GUST SPEED    15   HIGHEST GUST DIRECTION     N (360)
  AVERAGE WIND SPEED     6.0


SKY COVER
  POSSIBLE SUNSHINE  MM
  AVERAGE SKY COVER 0.1


WEATHER CONDITIONS
 THE FOLLOWING WEATHER WAS RECORDED YESTERDAY.
  NO SIGNIFICANT WEATHER WAS OBSERVED.


RELATIVE HUMIDITY (PERCENT)
 HIGHEST    89           500 AM
 LOWEST     28           300 PM
 AVERAGE    59

..........................................................


THE CORPUS CHRISTI CLIMATE NORMALS FOR TODAY
                         NORMAL    RECORD    YEAR
 MAXIMUM TEMPERATURE (F)   84        96      2004
 MINIMUM TEMPERATURE (F)   64        50      1948


SUNRISE AND SUNSET
OCTOBER 18 2017.......SUNRISE   732 AM CDT   SUNSET   658 PM CDT
OCTOBER 19 2017.......SUNRISE   733 AM CDT   SUNSET   657 PM CDT


-  INDICATES NEGATIVE NUMBERS.
R  INDICATES RECORD WAS SET OR TIED.
MM INDICATES DATA IS MISSING.
T  INDICATES TRACE AMOUNT.




$$
