000
CDUS44 KCRP 270951
CLICRP

CLIMATE REPORT
NATIONAL WEATHER SERVICE CORPUS CHRISTI TX
349 AM CST FRI FEB 27 2015


...................................

...THE CORPUS CHRISTI CLIMATE SUMMARY FOR FEBRUARY 26 2015...

CLIMATE NORMAL PERIOD 1981 TO 2010
CLIMATE RECORD PERIOD 1887 TO 2015


WEATHER ITEM   OBSERVED TIME   RECORD YEAR NORMAL DEPARTURE LAST
                VALUE   (LST)  VALUE       VALUE  FROM      YEAR
                                                  NORMAL
..................................................................
TEMPERATURE (F)
 YESTERDAY
  MAXIMUM         67    144 PM  89    1986  72     -5       71
  MINIMUM         39    253 AM  30    2002  53    -14       41
  AVERAGE         53                        62     -9       56

PRECIPITATION (IN)
  YESTERDAY        0.00          1.43 2005   0.08  -0.08     0.11
  MONTH TO DATE    1.02                      1.76  -0.74     0.24
  SINCE DEC 1      4.10                      5.13  -1.03     1.20
  SINCE JAN 1      3.06                      3.30  -0.24     0.91

SNOWFALL (IN)
  YESTERDAY        0.0
  MONTH TO DATE    0.0
  SINCE DEC 1      0.0
  SINCE JUL 1      0.0
  SNOW DEPTH       0

DEGREE DAYS
 HEATING
  YESTERDAY       12                         5      7        9
  MONTH TO DATE  199                       165     34      217
  SINCE DEC 1    744                       691     53      826
  SINCE JUL 1    905                       792    113      983

 COOLING
  YESTERDAY        0                         2     -2        0
  MONTH TO DATE   25                        45    -20       74
  SINCE DEC 1     87                       124    -37      112
  SINCE JAN 1     28                        75    -47       76
..................................................................


WIND (MPH)
  HIGHEST WIND SPEED    26   HIGHEST WIND DIRECTION    NE (30)
  HIGHEST GUST SPEED    32   HIGHEST GUST DIRECTION    NE (40)
  AVERAGE WIND SPEED    13.1


SKY COVER
  POSSIBLE SUNSHINE  MM
  AVERAGE SKY COVER 0.4


WEATHER CONDITIONS
 THE FOLLOWING WEATHER WAS RECORDED YESTERDAY.
  NO SIGNIFICANT WEATHER WAS OBSERVED.


RELATIVE HUMIDITY (PERCENT)
 HIGHEST    96           700 AM
 LOWEST     42           200 PM
 AVERAGE    69

..........................................................


THE CORPUS CHRISTI CLIMATE NORMALS FOR TODAY
                         NORMAL    RECORD    YEAR
 MAXIMUM TEMPERATURE (F)   73        96      1954
 MINIMUM TEMPERATURE (F)   53        24      2002


SUNRISE AND SUNSET
FEBRUARY 27 2015......SUNRISE   657 AM CST   SUNSET   629 PM CST
FEBRUARY 28 2015......SUNRISE   656 AM CST   SUNSET   630 PM CST


-  INDICATES NEGATIVE NUMBERS.
R  INDICATES RECORD WAS SET OR TIED.
MM INDICATES DATA IS MISSING.
T  INDICATES TRACE AMOUNT.

$$

CB
