000
CDUS44 KCRP 250641
CLICRP

CLIMATE REPORT
NATIONAL WEATHER SERVICE CORPUS CHRISTI TX
138 AM CDT FRI JUL 25 2014


...................................

...THE CORPUS CHRISTI CLIMATE SUMMARY FOR JULY 24 2014...

CLIMATE NORMAL PERIOD 1981 TO 2010
CLIMATE RECORD PERIOD 1887 TO 2014


WEATHER ITEM   OBSERVED TIME   RECORD YEAR NORMAL DEPARTURE LAST
                VALUE   (LST)  VALUE       VALUE  FROM      YEAR
                                                  NORMAL
..................................................................
TEMPERATURE (F)
 YESTERDAY
  MAXIMUM         96    101 PM 105    1934  94      2       95
  MINIMUM         75    607 AM  69    1999  75      0       80
  AVERAGE         86                        84      2       88

PRECIPITATION (IN)
  YESTERDAY        T             2.61 2008   0.07  -0.07     0.00
  MONTH TO DATE    0.67                      2.37  -1.70     2.73
  SINCE JUN 1      2.08                      5.73  -3.65     5.07
  SINCE JAN 1      9.18                     16.00  -6.82     9.80

SNOWFALL (IN)
  YESTERDAY        0.0
  MONTH TO DATE    0.0
  SINCE JUN 1      0.0
  SINCE JUL 1      0.0
  SNOW DEPTH       0

DEGREE DAYS
 HEATING
  YESTERDAY        0                         0      0        0
  MONTH TO DATE    0                         0      0        0
  SINCE JUN 1      0                         0      0        0
  SINCE JUL 1      0                         0      0        0

 COOLING
  YESTERDAY       21                        19      2       23
  MONTH TO DATE  471                       452     19      498
  SINCE JUN 1   1078                       974    104     1156
  SINCE JAN 1   1884                      1815     69     2174
..................................................................


WIND (MPH)
  HIGHEST WIND SPEED    26   HIGHEST WIND DIRECTION     S (160)
  HIGHEST GUST SPEED    35   HIGHEST GUST DIRECTION     S (160)
  AVERAGE WIND SPEED     7.3


SKY COVER
  POSSIBLE SUNSHINE  MM
  AVERAGE SKY COVER 0.7


WEATHER CONDITIONS
 THE FOLLOWING WEATHER WAS RECORDED YESTERDAY.
  THUNDERSTORM
  LIGHT RAIN


RELATIVE HUMIDITY (PERCENT)
 HIGHEST    94           600 AM
 LOWEST     43           100 PM
 AVERAGE    69

..........................................................


THE CORPUS CHRISTI CLIMATE NORMALS FOR TODAY
                         NORMAL    RECORD    YEAR
 MAXIMUM TEMPERATURE (F)   94       101      1954
 MINIMUM TEMPERATURE (F)   75        70      1976
                                             1903


SUNRISE AND SUNSET
JULY 25 2014..........SUNRISE   649 AM CDT   SUNSET   824 PM CDT
JULY 26 2014..........SUNRISE   650 AM CDT   SUNSET   823 PM CDT


-  INDICATES NEGATIVE NUMBERS.
R  INDICATES RECORD WAS SET OR TIED.
MM INDICATES DATA IS MISSING.
T  INDICATES TRACE AMOUNT.




$$
