000
CDUS41 KRLX 250716
CLICRW


CLIMATE REPORT
NATIONAL WEATHER SERVICE CHARLESTON WV
315 AM EDT TUE APR 25 2017


...................................

...THE CHARLESTON WV CLIMATE SUMMARY FOR APRIL 24 2017...

CLIMATE NORMAL PERIOD 1981 TO 2010
CLIMATE RECORD PERIOD 1901 TO 2017


WEATHER ITEM   OBSERVED TIME   RECORD YEAR NORMAL DEPARTURE LAST
                VALUE   (LST)  VALUE       VALUE  FROM      YEAR
                                                  NORMAL
..................................................................
TEMPERATURE (F)
 YESTERDAY
  MAXIMUM         62    530 PM  91    1915  70     -8       79
  MINIMUM         51    713 AM  29    1986  47      4       39
                                      1927
  AVERAGE         57                        59     -2       59

PRECIPITATION (IN)
  YESTERDAY        0.01          1.01 1975   0.12  -0.11     0.00
  MONTH TO DATE    2.27                      2.53  -0.26     1.02
  SINCE JAN 1     13.76                     12.63   1.13     9.84

SNOWFALL (IN)
  YESTERDAY        0.0
  MONTH TO DATE    T
  SINCE SEP 1      7.5
  SNOW DEPTH       0

DEGREE DAYS
 HEATING
  YESTERDAY        8                         8      0        6
  MONTH TO DATE  144                       254   -110      253
  SINCE MAR 1    713                       854   -141      638
  SINCE JUL 1   3420                      4308   -888     3573

 COOLING
  YESTERDAY        0                         1     -1        0
  MONTH TO DATE   20                        23     -3       23
  SINCE MAR 1     23                        28     -5       27
  SINCE JAN 1     23                        28     -5       27
..................................................................


WIND (MPH)
  HIGHEST WIND SPEED    12   HIGHEST WIND DIRECTION    NE (30)
  HIGHEST GUST SPEED    14   HIGHEST GUST DIRECTION    NE (50)
  AVERAGE WIND SPEED     5.1


SKY COVER
  POSSIBLE SUNSHINE  MM
  AVERAGE SKY COVER 1.0


WEATHER CONDITIONS
 THE FOLLOWING WEATHER WAS RECORDED YESTERDAY.
  LIGHT RAIN


RELATIVE HUMIDITY (PERCENT)
 HIGHEST    89           400 AM
 LOWEST     67           200 PM
 AVERAGE    78

..........................................................


THE CHARLESTON WV CLIMATE NORMALS FOR TODAY
                         NORMAL    RECORD    YEAR
 MAXIMUM TEMPERATURE (F)   71        96      1925
 MINIMUM TEMPERATURE (F)   47        28      1927


SUNRISE AND SUNSET
APRIL 25 2017.........SUNRISE   637 AM EDT   SUNSET   813 PM EDT
APRIL 26 2017.........SUNRISE   635 AM EDT   SUNSET   813 PM EDT


-  INDICATES NEGATIVE NUMBERS.
R  INDICATES RECORD WAS SET OR TIED.
MM INDICATES DATA IS MISSING.
T  INDICATES TRACE AMOUNT.




$$
