000
CDUS41 KRLX 260827
CLICRW


CLIMATE REPORT
NATIONAL WEATHER SERVICE CHARLESTON WV
324 AM EST WED NOV 26 2014


...................................

...THE CHARLESTON WV CLIMATE SUMMARY FOR NOVEMBER 25 2014...

CLIMATE NORMAL PERIOD 1981 TO 2010
CLIMATE RECORD PERIOD 1901 TO 2014


WEATHER ITEM   OBSERVED TIME   RECORD YEAR NORMAL DEPARTURE LAST
                VALUE   (LST)  VALUE       VALUE  FROM      YEAR
                                                  NORMAL
..................................................................
TEMPERATURE (F)
 YESTERDAY
  MAXIMUM         55    335 PM  83    1931  53      2       45
  MINIMUM         37    904 AM   6    1950  34      3       16
  AVERAGE         46                        44      2       31

PRECIPITATION (IN)
  YESTERDAY        0.00          2.09 1999   0.12  -0.12      T
  MONTH TO DATE    1.96                      3.10  -1.14     1.75
  SINCE JAN 1     43.08                     40.13   2.95    39.55

SNOWFALL (IN)
  YESTERDAY        0.0
  MONTH TO DATE    0.3
  SINCE SEP 1      0.3
  SNOW DEPTH       0

DEGREE DAYS
 HEATING
  YESTERDAY       19                        21     -2       34
  MONTH TO DATE  581                       432    149      488
  SINCE SEP 1    918                       770    148      791
  SINCE JUL 1    918                       772    146      794

 COOLING
  YESTERDAY        0                         0      0        0
  MONTH TO DATE    0                         0      0        0
  SINCE SEP 1    142                       148     -6      155
  SINCE JAN 1   1049                      1094    -45     1121
..................................................................


WIND (MPH)
  HIGHEST WIND SPEED    16   HIGHEST WIND DIRECTION    SW (240)
  HIGHEST GUST SPEED    23   HIGHEST GUST DIRECTION     W (250)
  AVERAGE WIND SPEED     5.3


SKY COVER
  POSSIBLE SUNSHINE  MM
  AVERAGE SKY COVER 0.4


WEATHER CONDITIONS
 THE FOLLOWING WEATHER WAS RECORDED YESTERDAY.
  NO SIGNIFICANT WEATHER WAS OBSERVED.


RELATIVE HUMIDITY (PERCENT)
 HIGHEST    76           800 AM
 LOWEST     32           300 PM
 AVERAGE    54

..........................................................


THE CHARLESTON WV CLIMATE NORMALS FOR TODAY
                         NORMAL    RECORD    YEAR
 MAXIMUM TEMPERATURE (F)   52        76      1990
 MINIMUM TEMPERATURE (F)   34        12      1950


SUNRISE AND SUNSET
NOVEMBER 26 2014......SUNRISE   720 AM EST   SUNSET   508 PM EST
NOVEMBER 27 2014......SUNRISE   721 AM EST   SUNSET   507 PM EST


-  INDICATES NEGATIVE NUMBERS.
R  INDICATES RECORD WAS SET OR TIED.
MM INDICATES DATA IS MISSING.
T  INDICATES TRACE AMOUNT.




$$
