000
CDUS41 KRLX 240840
CLICRW


CLIMATE REPORT
NATIONAL WEATHER SERVICE CHARLESTON WV
338 AM EST TUE JAN 24 2017


...................................

...THE CHARLESTON WV CLIMATE SUMMARY FOR JANUARY 23 2017...

CLIMATE NORMAL PERIOD 1981 TO 2010
CLIMATE RECORD PERIOD 1901 TO 2017


WEATHER ITEM   OBSERVED TIME   RECORD YEAR NORMAL DEPARTURE LAST
                VALUE   (LST)  VALUE       VALUE  FROM      YEAR
                                                  NORMAL
..................................................................
TEMPERATURE (F)
 YESTERDAY
  MAXIMUM         54    401 AM  75    1920  43     11       27
  MINIMUM         41   1159 PM  -9    1936  26     15       20
  AVERAGE         48                        34     14       24

PRECIPITATION (IN)
  YESTERDAY        1.03          1.90 1920   0.10   0.93     0.20
  MONTH TO DATE    4.50                      2.21   2.29     2.38
  SINCE JAN 1      4.50                      2.21   2.29     2.38

SNOWFALL (IN)
  YESTERDAY        0.0
  MONTH TO DATE    4.0
  SINCE SEP 1      5.2
  SNOW DEPTH       0

DEGREE DAYS
 HEATING
  YESTERDAY       17                        31    -14       41
  MONTH TO DATE  515                       712   -197      810
  SINCE DEC 1   1307                      1568   -261     1288
  SINCE JUL 1   1961                      2452   -491     1940

 COOLING
  YESTERDAY        0                         0      0        0
  MONTH TO DATE    0                         0      0        0
  SINCE DEC 1      0                         1     -1        0
  SINCE JAN 1      0                         0      0        0
..................................................................


WIND (MPH)
  HIGHEST WIND SPEED    17   HIGHEST WIND DIRECTION    NE (60)
  HIGHEST GUST SPEED    22   HIGHEST GUST DIRECTION    NE (60)
  AVERAGE WIND SPEED     7.7


SKY COVER
  POSSIBLE SUNSHINE  MM
  AVERAGE SKY COVER 1.0


WEATHER CONDITIONS
 THE FOLLOWING WEATHER WAS RECORDED YESTERDAY.
  HEAVY RAIN
  RAIN
  LIGHT RAIN
  FOG


RELATIVE HUMIDITY (PERCENT)
 HIGHEST    89           600 AM
 LOWEST     76           500 PM
 AVERAGE    83

..........................................................


THE CHARLESTON WV CLIMATE NORMALS FOR TODAY
                         NORMAL    RECORD    YEAR
 MAXIMUM TEMPERATURE (F)   43        77      1943
 MINIMUM TEMPERATURE (F)   26       -12      1963


SUNRISE AND SUNSET
JANUARY 24 2017.......SUNRISE   737 AM EST   SUNSET   540 PM EST
JANUARY 25 2017.......SUNRISE   737 AM EST   SUNSET   541 PM EST


-  INDICATES NEGATIVE NUMBERS.
R  INDICATES RECORD WAS SET OR TIED.
MM INDICATES DATA IS MISSING.
T  INDICATES TRACE AMOUNT.




$$
