000
CDUS41 KRLX 280720
CLICRW


CLIMATE REPORT
NATIONAL WEATHER SERVICE CHARLESTON WV
320 AM EDT WED JUN 28 2017


...................................

...THE CHARLESTON WV CLIMATE SUMMARY FOR JUNE 27 2017...

CLIMATE NORMAL PERIOD 1981 TO 2010
CLIMATE RECORD PERIOD 1901 TO 2017


WEATHER ITEM   OBSERVED TIME   RECORD YEAR NORMAL DEPARTURE LAST
                VALUE   (LST)  VALUE       VALUE  FROM      YEAR
                                                  NORMAL
..................................................................
TEMPERATURE (F)
 YESTERDAY
  MAXIMUM         76    421 PM 103    1931  85     -9       87
  MINIMUM         55   1149 PM  49    1981  64     -9       68
  AVERAGE         66                        74     -8       78

PRECIPITATION (IN)
  YESTERDAY        T             2.72 1910   0.14  -0.14      T
  MONTH TO DATE    8.33                      3.89   4.44     4.76
  SINCE JAN 1     28.06                     22.03   6.03    21.62

SNOWFALL (IN)
  YESTERDAY        0.0
  MONTH TO DATE    0.0
  SINCE SEP 1      7.5
  SNOW DEPTH       0

DEGREE DAYS
 HEATING
  YESTERDAY        0                         0      0        0
  MONTH TO DATE    5                        10     -5        3
  SINCE JUN 1      5                        10     -5        3
  SINCE JUL 1   3533                      4475   -942     3719

 COOLING
  YESTERDAY        1                        10     -9       13
  MONTH TO DATE  173                       191    -18      234
  SINCE JUN 1    173                       191    -18      234
  SINCE JAN 1    318                       301     17      364
..................................................................


WIND (MPH)
  HIGHEST WIND SPEED    14   HIGHEST WIND DIRECTION     W (270)
  HIGHEST GUST SPEED    20   HIGHEST GUST DIRECTION     W (270)
  AVERAGE WIND SPEED     4.8


SKY COVER
  POSSIBLE SUNSHINE  MM
  AVERAGE SKY COVER 0.5


WEATHER CONDITIONS
 THE FOLLOWING WEATHER WAS RECORDED YESTERDAY.
  LIGHT RAIN


RELATIVE HUMIDITY (PERCENT)
 HIGHEST    87           600 AM
 LOWEST     38           200 PM
 AVERAGE    63

..........................................................


THE CHARLESTON WV CLIMATE NORMALS FOR TODAY
                         NORMAL    RECORD    YEAR
 MAXIMUM TEMPERATURE (F)   85       102      1934
 MINIMUM TEMPERATURE (F)   65        50      1988
                                             1927


SUNRISE AND SUNSET
JUNE 28 2017..........SUNRISE   605 AM EDT   SUNSET   854 PM EDT
JUNE 29 2017..........SUNRISE   606 AM EDT   SUNSET   854 PM EDT


-  INDICATES NEGATIVE NUMBERS.
R  INDICATES RECORD WAS SET OR TIED.
MM INDICATES DATA IS MISSING.
T  INDICATES TRACE AMOUNT.




$$
