000
CDUS41 KRLX 262244
CLICRW


CLIMATE REPORT
NATIONAL WEATHER SERVICE CHARLESTON WV
541 PM EST MON JAN 26 2015


...................................

...THE CHARLESTON WV CLIMATE SUMMARY FOR JANUARY 26 2015...
VALID TODAY AS OF 0500 PM LOCAL TIME.

CLIMATE NORMAL PERIOD 1981 TO 2010
CLIMATE RECORD PERIOD 1901 TO 2015


WEATHER ITEM   OBSERVED TIME   RECORD YEAR NORMAL DEPARTURE LAST
                VALUE   (LST)  VALUE       VALUE  FROM      YEAR
                                                  NORMAL
..................................................................
TEMPERATURE (F)
 TODAY
  MAXIMUM         40    853 AM  74    1950  43     -3       47
  MINIMUM         27    359 PM  -1    1948  27      0        6
  AVERAGE         34                        35     -1       27

PRECIPITATION (IN)
  TODAY            0.15          0.93 2011   0.10   0.05     0.00
                                      1943
  MONTH TO DATE    2.06                      2.50  -0.44     2.42
  SINCE DEC 1      4.91                      5.77  -0.86     8.66
  SINCE JAN 1      2.06                      2.50  -0.44     2.42

DEGREE DAYS
 HEATING
  TODAY           31                        30      1       38
  MONTH TO DATE  809                       802      7      928
  SINCE DEC 1   1575                      1658    -83     1721
  SINCE JUL 1   2618                      2542     76     2678

 COOLING
  TODAY            0                         0      0        0
  MONTH TO DATE    0                         0      0        0
  SINCE DEC 1      0                         1     -1        2
  SINCE JAN 1      0                         0      0        0
..................................................................


WIND (MPH)
  HIGHEST WIND SPEED    16   HIGHEST WIND DIRECTION    NW (300)
  HIGHEST GUST SPEED    20   HIGHEST GUST DIRECTION     W (290)
  AVERAGE WIND SPEED     5.7


SKY COVER
  POSSIBLE SUNSHINE  MM
  AVERAGE SKY COVER 1.0


WEATHER CONDITIONS
 THE FOLLOWING WEATHER WAS RECORDED TODAY.
  LIGHT RAIN
  SNOW
  LIGHT SNOW
  SLEET
  FOG
  FOG W/VISIBILITY <= 1/4 MILE


RELATIVE HUMIDITY (PERCENT)
 HIGHEST   100           800 AM
 LOWEST     81           400 PM
 AVERAGE    91

..........................................................


THE CHARLESTON WV CLIMATE NORMALS FOR TOMORROW
                         NORMAL    RECORD    YEAR
 MAXIMUM TEMPERATURE (F)   43        73      1916
 MINIMUM TEMPERATURE (F)   27        -3      1982


SUNRISE AND SUNSET
JANUARY 26 2015.......SUNRISE   736 AM EST   SUNSET   542 PM EST
JANUARY 27 2015.......SUNRISE   736 AM EST   SUNSET   543 PM EST


-  INDICATES NEGATIVE NUMBERS.
R  INDICATES RECORD WAS SET OR TIED.
MM INDICATES DATA IS MISSING.
T  INDICATES TRACE AMOUNT.




$$
