831
CDUS41 KRLX 182234
CLICRW


CLIMATE REPORT
NATIONAL WEATHER SERVICE CHARLESTON WV
534 PM EST MON DEC 18 2017


...................................

...THE CHARLESTON WV CLIMATE SUMMARY FOR DECEMBER 18 2017...
VALID TODAY AS OF 0500 PM LOCAL TIME.

CLIMATE NORMAL PERIOD 1981 TO 2010
CLIMATE RECORD PERIOD 1901 TO 2017


WEATHER ITEM   OBSERVED TIME   RECORD YEAR NORMAL DEPARTURE LAST
                VALUE   (LST)  VALUE       VALUE  FROM      YEAR
                                                  NORMAL
..................................................................
TEMPERATURE (F)
 TODAY
  MAXIMUM         52    311 PM  78    1933  45      7       71
  MINIMUM         39    607 AM   2    1989  29     10       29
  AVERAGE         46                        37      9       50

PRECIPITATION (IN)
  TODAY            0.00          1.64 1990   0.10  -0.10     1.27
  MONTH TO DATE    0.50                      1.96  -1.46     2.38
  SINCE DEC 1      0.50                      1.96  -1.46     2.38
  SINCE JAN 1     44.71                     42.72   1.99    40.48

DEGREE DAYS
 HEATING
  TODAY           19                        28     -9       15
  MONTH TO DATE  474                       471      3      481
  SINCE DEC 1    474                       471      3      481
  SINCE JUL 1   1260                      1355    -95     1135

 COOLING
  TODAY            0                         0      0        0
  MONTH TO DATE    0                         0      0        0
  SINCE DEC 1      0                         0      0        0
  SINCE JAN 1   1138                      1096     42     1473
..................................................................


WIND (MPH)
  HIGHEST WIND SPEED    14   HIGHEST WIND DIRECTION     W (250)
  HIGHEST GUST SPEED    17   HIGHEST GUST DIRECTION     W (250)
  AVERAGE WIND SPEED     3.4


SKY COVER
  POSSIBLE SUNSHINE  MM
  AVERAGE SKY COVER 1.0


WEATHER CONDITIONS
 THE FOLLOWING WEATHER WAS RECORDED TODAY.
  FOG


RELATIVE HUMIDITY (PERCENT)
 HIGHEST   100           500 AM
 LOWEST     71           100 PM
 AVERAGE    86

..........................................................


THE CHARLESTON WV CLIMATE NORMALS FOR TOMORROW
                         NORMAL    RECORD    YEAR
 MAXIMUM TEMPERATURE (F)   44        70      1939
                                             1929
 MINIMUM TEMPERATURE (F)   28         5      1916


SUNRISE AND SUNSET
DECEMBER 18 2017......SUNRISE   738 AM EST   SUNSET   508 PM EST
DECEMBER 19 2017......SUNRISE   739 AM EST   SUNSET   508 PM EST


-  INDICATES NEGATIVE NUMBERS.
R  INDICATES RECORD WAS SET OR TIED.
MM INDICATES DATA IS MISSING.
T  INDICATES TRACE AMOUNT.




$$
