610
CDUS42 KFFC 290823
CLICSG


CLIMATE REPORT
NATIONAL WEATHER SERVICE PEACHTREE CITY GA
421 AM EDT SUN MAY 29 2016


...................................

...THE COLUMBUS CLIMATE SUMMARY FOR MAY 28 2016...

CLIMATE NORMAL PERIOD 1981 TO 2010
CLIMATE RECORD PERIOD 1948 TO 2016


WEATHER ITEM   OBSERVED TIME   RECORD YEAR NORMAL DEPARTURE LAST
                VALUE   (LST)  VALUE       VALUE  FROM      YEAR
                                                  NORMAL
..................................................................
TEMPERATURE (F)
 YESTERDAY
  MAXIMUM         88    401 PM 100    1916  87      1       86
  MINIMUM         67    600 AM  43    1961  66      1       67
  AVERAGE         78                        76      2       77

PRECIPITATION (IN)
  YESTERDAY        0.00          2.37 1996   0.10  -0.10     0.00
  MONTH TO DATE    2.51                      2.85  -0.34     2.92
  SINCE MAR 1     12.01                     11.86   0.15    11.85
  SINCE JAN 1     19.44                     20.15  -0.71    19.22

DEGREE DAYS
 HEATING
  YESTERDAY        0                         0      0        0
  MONTH TO DATE    7                         6      1        2
  SINCE MAR 1    221                       341   -120      202
  SINCE JUL 1   1611                      2118   -507     2212

 COOLING
  YESTERDAY       13                        11      2       12
  MONTH TO DATE  200                       218    -18      258
  SINCE MAR 1    338                       318     20      407
  SINCE JAN 1    340                       322     18      407
..................................................................


WIND (MPH)
  HIGHEST WIND SPEED    13   HIGHEST WIND DIRECTION     E (90)
  HIGHEST GUST SPEED    15   HIGHEST GUST DIRECTION     E (110)
  AVERAGE WIND SPEED     5.0


SKY COVER
  AVERAGE SKY COVER 0.4


WEATHER CONDITIONS
 THE FOLLOWING WEATHER WAS RECORDED YESTERDAY.
  NO SIGNIFICANT WEATHER WAS OBSERVED.


RELATIVE HUMIDITY (PERCENT)
 HIGHEST    81           600 AM
 LOWEST     36           200 PM
 AVERAGE    59

..........................................................


THE COLUMBUS CLIMATE NORMALS FOR TODAY
                         NORMAL    RECORD    YEAR
 MAXIMUM TEMPERATURE (F)   87        99      1941
                                             1937
 MINIMUM TEMPERATURE (F)   66        48      1961


SUNRISE AND SUNSET
MAY 29 2016...........SUNRISE   634 AM EDT   SUNSET   841 PM EDT
MAY 30 2016...........SUNRISE   634 AM EDT   SUNSET   841 PM EDT


-  INDICATES NEGATIVE NUMBERS.
R  INDICATES RECORD WAS SET OR TIED.
MM INDICATES DATA IS MISSING.
T  INDICATES TRACE AMOUNT.




$$
