564
CDUS42 KFFC 060932
CLICSG


CLIMATE REPORT
NATIONAL WEATHER SERVICE PEACHTREE CITY GA
432 AM EST SAT FEB 6 2016


...................................

...THE COLUMBUS CLIMATE SUMMARY FOR FEBRUARY 5 2016...

CLIMATE NORMAL PERIOD 1981 TO 2010
CLIMATE RECORD PERIOD 1948 TO 2016


WEATHER ITEM   OBSERVED TIME   RECORD YEAR NORMAL DEPARTURE LAST
                VALUE   (LST)  VALUE       VALUE  FROM      YEAR
                                                  NORMAL
..................................................................
TEMPERATURE (F)
 YESTERDAY
  MAXIMUM         54    450 PM  81    1957  60     -6       58
  MINIMUM         33    805 AM  10    1996  38     -5       37
  AVERAGE         44                        49     -5       48

PRECIPITATION (IN)
  YESTERDAY        0.00          2.43 1985   0.15  -0.15     0.04
  MONTH TO DATE    2.38                      0.75   1.63     1.13
  SINCE DEC 1     22.96                      8.87  14.09     8.90
  SINCE JAN 1      5.58                      4.60   0.98     4.28

SNOWFALL (IN)
  YESTERDAY       MM             0.0  2002   0.0   MM       MM
  MONTH TO DATE    0.0                       0.0    0.0      0.0
  SINCE DEC 1      0.0                       0.3   -0.3      0.0
  SINCE JUL 1      0.0                       0.3   -0.3      0.0
  SNOW DEPTH       0

DEGREE DAYS
 HEATING
  YESTERDAY       21                        16      5       17
  MONTH TO DATE   47                        81    -34       97
  SINCE DEC 1    850                      1132   -282     1079
  SINCE JUL 1   1046                      1464   -418     1547

 COOLING
  YESTERDAY        0                         0      0        0
  MONTH TO DATE    0                         0      0        0
  SINCE DEC 1     34                         5     29        1
  SINCE JAN 1      0                         1     -1        0
..................................................................


WIND (MPH)
  HIGHEST WIND SPEED    17   HIGHEST WIND DIRECTION     N (340)
  HIGHEST GUST SPEED    26   HIGHEST GUST DIRECTION    NW (330)
  AVERAGE WIND SPEED     9.0


SKY COVER
  AVERAGE SKY COVER 0.0


WEATHER CONDITIONS
 THE FOLLOWING WEATHER WAS RECORDED YESTERDAY.
  NO SIGNIFICANT WEATHER WAS OBSERVED.


RELATIVE HUMIDITY (PERCENT)
 HIGHEST    48           100 AM
 LOWEST     16           300 PM
 AVERAGE    32

..........................................................


THE COLUMBUS CLIMATE NORMALS FOR TODAY
                         NORMAL    RECORD    YEAR
 MAXIMUM TEMPERATURE (F)   60        78      1957
 MINIMUM TEMPERATURE (F)   38        19      1966


SUNRISE AND SUNSET
FEBRUARY  6 2016......SUNRISE   731 AM EST   SUNSET   617 PM EST
FEBRUARY  7 2016......SUNRISE   730 AM EST   SUNSET   618 PM EST


-  INDICATES NEGATIVE NUMBERS.
R  INDICATES RECORD WAS SET OR TIED.
MM INDICATES DATA IS MISSING.
T  INDICATES TRACE AMOUNT.




$$
