097
CDUS42 KFFC 220831
CLICSG


CLIMATE REPORT
NATIONAL WEATHER SERVICE PEACHTREE CITY GA
430 AM EDT THU JUN 22 2017


...................................

...THE COLUMBUS CLIMATE SUMMARY FOR JUNE 21 2017...

CLIMATE NORMAL PERIOD 1981 TO 2010
CLIMATE RECORD PERIOD 1948 TO 2017


WEATHER ITEM   OBSERVED TIME   RECORD YEAR NORMAL DEPARTURE LAST
                VALUE   (LST)  VALUE       VALUE  FROM      YEAR
                                                  NORMAL
..................................................................
TEMPERATURE (F)
 YESTERDAY
  MAXIMUM         79    651 PM 104    1933  91    -12       91
  MINIMUM         73   1159 PM  58    1965  71      2       65
  AVERAGE         76                        81     -5       78

PRECIPITATION (IN)
  YESTERDAY        0.44          1.51 1920   0.13   0.31     0.00
  MONTH TO DATE    1.69                      2.51  -0.82     2.01
  SINCE JUN 1      1.69                      2.51  -0.82     2.01
  SINCE JAN 1     27.26                     23.00   4.26    21.45

DEGREE DAYS
 HEATING
  YESTERDAY        0                         0      0        0
  MONTH TO DATE    0                         0      0        0
  SINCE JUN 1      0                         0      0        0
  SINCE JUL 1   1369                      2120   -751     1611

 COOLING
  YESTERDAY       11                        16     -5       13
  MONTH TO DATE  294                       297     -3      334
  SINCE JUN 1    294                       297     -3      334
  SINCE JAN 1    846                       655    191      720
..................................................................


WIND (MPH)
  HIGHEST WIND SPEED    14   HIGHEST WIND DIRECTION     E (90)
  HIGHEST GUST SPEED    18   HIGHEST GUST DIRECTION     E (90)
  AVERAGE WIND SPEED     6.4


SKY COVER
  AVERAGE SKY COVER 0.8


WEATHER CONDITIONS
 THE FOLLOWING WEATHER WAS RECORDED YESTERDAY.
  HEAVY RAIN
  RAIN
  LIGHT RAIN
  FOG


RELATIVE HUMIDITY (PERCENT)
 HIGHEST    94          1200 PM
 LOWEST     87           300 PM
 AVERAGE    91

..........................................................


THE COLUMBUS CLIMATE NORMALS FOR TODAY
                         NORMAL    RECORD    YEAR
 MAXIMUM TEMPERATURE (F)   91       104      1933
 MINIMUM TEMPERATURE (F)   71        60      1992


SUNRISE AND SUNSET
JUNE 22 2017..........SUNRISE   633 AM EDT   SUNSET   850 PM EDT
JUNE 23 2017..........SUNRISE   633 AM EDT   SUNSET   851 PM EDT


-  INDICATES NEGATIVE NUMBERS.
R  INDICATES RECORD WAS SET OR TIED.
MM INDICATES DATA IS MISSING.
T  INDICATES TRACE AMOUNT.




$$
