404
CDUS42 KFFC 210821
CLICSG


CLIMATE REPORT
NATIONAL WEATHER SERVICE PEACHTREE CITY GA
421 AM EDT MON AUG 21 2017


...................................

...THE COLUMBUS CLIMATE SUMMARY FOR AUGUST 20 2017...

CLIMATE NORMAL PERIOD 1981 TO 2010
CLIMATE RECORD PERIOD 1948 TO 2017


WEATHER ITEM   OBSERVED TIME   RECORD YEAR NORMAL DEPARTURE LAST
                VALUE   (LST)  VALUE       VALUE  FROM      YEAR
                                                  NORMAL
..................................................................
TEMPERATURE (F)
 YESTERDAY
  MAXIMUM         97    451 PM 102    1983  91      6       90
  MINIMUM         72    645 AM  65    1943  72      0       76
  AVERAGE         85                        82      3       83

PRECIPITATION (IN)
  YESTERDAY        0.00          1.00 1932   0.12  -0.12      T
  MONTH TO DATE    2.81                      2.48   0.33     3.50
  SINCE JUN 1     11.37                     10.96   0.41     6.61
  SINCE JAN 1     36.94                     31.45   5.49    26.05

DEGREE DAYS
 HEATING
  YESTERDAY        0                         0      0        0
  MONTH TO DATE    0                         0      0        0
  SINCE JUN 1      0                         0      0        0
  SINCE JUL 1      0                         0      0        0

 COOLING
  YESTERDAY       20                        17      3       18
  MONTH TO DATE  349                       344      5      364
  SINCE JUN 1   1357                      1334     23     1467
  SINCE JAN 1   1909                      1692    217     1853
..................................................................


WIND (MPH)
  HIGHEST WIND SPEED    10   HIGHEST WIND DIRECTION    NE (60)
  HIGHEST GUST SPEED    14   HIGHEST GUST DIRECTION    NE (60)
  AVERAGE WIND SPEED     2.5


SKY COVER
  AVERAGE SKY COVER 0.0


WEATHER CONDITIONS
 THE FOLLOWING WEATHER WAS RECORDED YESTERDAY.
  NO SIGNIFICANT WEATHER WAS OBSERVED.


RELATIVE HUMIDITY (PERCENT)
 HIGHEST    87           600 AM
 LOWEST     30           500 PM
 AVERAGE    59

..........................................................


THE COLUMBUS CLIMATE NORMALS FOR TODAY
                         NORMAL    RECORD    YEAR
 MAXIMUM TEMPERATURE (F)   91       102      1983
 MINIMUM TEMPERATURE (F)   72        60      1943
                                             1927


SUNRISE AND SUNSET
AUGUST 21 2017........SUNRISE   708 AM EDT   SUNSET   817 PM EDT
AUGUST 22 2017........SUNRISE   708 AM EDT   SUNSET   816 PM EDT


-  INDICATES NEGATIVE NUMBERS.
R  INDICATES RECORD WAS SET OR TIED.
MM INDICATES DATA IS MISSING.
T  INDICATES TRACE AMOUNT.




$$
