000
CDUS42 KFFC 292140
CLICSG


CLIMATE REPORT
NATIONAL WEATHER SERVICE PEACHTREE CITY GA
439 PM EST THU JAN 29 2015


...................................

...THE COLUMBUS CLIMATE SUMMARY FOR JANUARY 29 2015...
VALID TODAY AS OF 0400 PM LOCAL TIME.

CLIMATE NORMAL PERIOD 1981 TO 2010
CLIMATE RECORD PERIOD 1948 TO 2015


WEATHER ITEM   OBSERVED TIME   RECORD YEAR NORMAL DEPARTURE LAST
                VALUE   (LST)  VALUE       VALUE  FROM      YEAR
                                                  NORMAL
..................................................................
TEMPERATURE (F)
 TODAY
  MAXIMUM         62    416 PM  81    1957  59      3       30
  MINIMUM         32    733 AM  15    1966  37     -5       17
  AVERAGE         47                        48     -1       24

PRECIPITATION (IN)
  TODAY            0.00          2.10 1970   0.13  -0.13      T
  MONTH TO DATE    3.15                      3.57  -0.42     2.91
  SINCE DEC 1      7.77                      7.84  -0.07    11.78
  SINCE JAN 1      3.15                      3.57  -0.42     2.91

SNOWFALL (IN)
  TODAY            0.0           T    2014   0.0    0.0       T
  MONTH TO DATE    0.0                       0.2   -0.2      1.2
  SINCE DEC 1      0.0                       0.3   -0.3      1.2
  SINCE JUL 1      0.0                       0.3   -0.3      1.2
  SNOW DEPTH       0

DEGREE DAYS
 HEATING
  TODAY           18                        17      1       41
  MONTH TO DATE  550                       517     33      712
  SINCE DEC 1    945                      1014    -69     1140
  SINCE JUL 1   1413                      1346     67     1488

 COOLING
  TODAY            0                         0      0        0
  MONTH TO DATE    0                         0      0        0
  SINCE DEC 1      1                         4     -3       17
  SINCE JAN 1      0                         0      0        0
..................................................................


WIND (MPH)
  RESULTANT WIND SPEED   2   RESULTANT WIND DIRECTION   S (180)
  HIGHEST WIND SPEED    14   HIGHEST WIND DIRECTION    SW (220)
  HIGHEST GUST SPEED    18   HIGHEST GUST DIRECTION    SW (220)
  AVERAGE WIND SPEED     3.8


SKY COVER
  AVERAGE SKY COVER 0.0


WEATHER CONDITIONS
 THE FOLLOWING WEATHER WAS RECORDED TODAY.
  NO SIGNIFICANT WEATHER WAS OBSERVED.


RELATIVE HUMIDITY (PERCENT)
 HIGHEST    89           500 AM
 LOWEST     32           300 PM
 AVERAGE    61

..........................................................


THE COLUMBUS CLIMATE NORMALS FOR TOMORROW
                         NORMAL    RECORD    YEAR
 MAXIMUM TEMPERATURE (F)   59        81      2002
 MINIMUM TEMPERATURE (F)   38         3      1966


SUNRISE AND SUNSET
JANUARY 29 2015.......SUNRISE   736 AM EST   SUNSET   610 PM EST
JANUARY 30 2015.......SUNRISE   736 AM EST   SUNSET   611 PM EST


-  INDICATES NEGATIVE NUMBERS.
R  INDICATES RECORD WAS SET OR TIED.
MM INDICATES DATA IS MISSING.
T  INDICATES TRACE AMOUNT.




$$
