000
CDUS45 KTFX 270820
CLICTB


CLIMATE REPORT
NATIONAL WEATHER SERVICE GREAT FALLS MT
119 AM MST FRI FEB 27 2015


...................................

...THE CUT BANK MT CLIMATE SUMMARY FOR FEBRUARY 26 2015...

CLIMATE NORMAL PERIOD 1981 TO 2010
CLIMATE RECORD PERIOD 1903 TO 2015


WEATHER ITEM   OBSERVED TIME   RECORD YEAR NORMAL DEPARTURE LAST
                VALUE   (LST)  VALUE       VALUE  FROM      YEAR
                                                  NORMAL
..................................................................
TEMPERATURE (F)
 YESTERDAY
  MAXIMUM         14    418 PM  66    1992  37    -23       38
  MINIMUM          4    518 AM -30    1904  15    -11      -11
  AVERAGE          9                        26    -17       14

PRECIPITATION (IN)
  YESTERDAY        T             0.32 1958   0.01  -0.01     0.00
  MONTH TO DATE    0.08                      0.19  -0.11     0.45
  SINCE OCT 1      3.32                      1.41   1.91     2.47
  SINCE JAN 1      0.79                      0.39   0.40     1.27

SNOWFALL (IN)
  YESTERDAY       MM
  SNOW DEPTH       1

DEGREE DAYS
 HEATING
  YESTERDAY       56                        39     17       51
  MONTH TO DATE  942                      1065   -123     1384
  SINCE DEC 1   3455                      3720   -265     4003
  SINCE JUL 1   5553                      5983   -430     6092

 COOLING
  YESTERDAY        0                         0      0        0
  MONTH TO DATE    0                         0      0        0
  SINCE DEC 1      0                         0      0        0
  SINCE JAN 1      0                         0      0        0
..................................................................


WIND (MPH)
  HIGHEST WIND SPEED    21   HIGHEST WIND DIRECTION    SE (150)
  HIGHEST GUST SPEED    25   HIGHEST GUST DIRECTION    SE (150)
  AVERAGE WIND SPEED    11.0


SKY COVER
  AVERAGE SKY COVER 1.0


WEATHER CONDITIONS
 THE FOLLOWING WEATHER WAS RECORDED YESTERDAY.
  LIGHT SNOW
  FOG
  HAZE


RELATIVE HUMIDITY (PERCENT)
 HIGHEST    96           300 AM
 LOWEST     76           300 PM
 AVERAGE    86

..........................................................


THE CUT BANK MT CLIMATE NORMALS FOR TODAY
                         NORMAL    RECORD    YEAR
 MAXIMUM TEMPERATURE (F)   38        71      1992
 MINIMUM TEMPERATURE (F)   15       -24      1960


SUNRISE AND SUNSET
FEBRUARY 27 2015......SUNRISE   715 AM MST   SUNSET   610 PM MST
FEBRUARY 28 2015......SUNRISE   713 AM MST   SUNSET   611 PM MST


-  INDICATES NEGATIVE NUMBERS.
R  INDICATES RECORD WAS SET OR TIED.
MM INDICATES DATA IS MISSING.
T  INDICATES TRACE AMOUNT.




$$
