000
CDUS45 KTFX 210900
CLICTB


CLIMATE REPORT
NATIONAL WEATHER SERVICE GREAT FALLS MT
158 AM MST WED FEB 21 2018


...................................

...THE CUT BANK MT CLIMATE SUMMARY FOR FEBRUARY 20 2018...

CLIMATE NORMAL PERIOD 1981 TO 2010
CLIMATE RECORD PERIOD 1903 TO 2018


WEATHER ITEM   OBSERVED TIME   RECORD YEAR NORMAL DEPARTURE LAST
                VALUE   (LST)  VALUE       VALUE  FROM      YEAR
                                                  NORMAL
..................................................................
TEMPERATURE (F)
 YESTERDAY
  MAXIMUM          9    318 PM  66    1977  36    -27       48
  MINIMUM        -27   1239 AM -37    1918  14    -41       29
  AVERAGE         -9                        25    -34       39

PRECIPITATION (IN)
  YESTERDAY        0.00          0.10 1940   0.01  -0.01     0.00
  MONTH TO DATE    T                         0.14  -0.14     0.61
  SINCE OCT 1      2.21                      1.36   0.85     2.64
  SINCE JAN 1      0.10                      0.34  -0.24     1.21

SNOWFALL (IN)
  YESTERDAY       MM
  SNOW DEPTH       0

DEGREE DAYS
 HEATING
  YESTERDAY       74                        40     34       26
  MONTH TO DATE 1173                       828    345      888
  SINCE DEC 1   3896                      3483    413     4017
  SINCE JUL 1   6120                      5746    374     5995

 COOLING
  YESTERDAY        0                         0      0        0
  MONTH TO DATE    0                         0      0        0
  SINCE DEC 1      0                         0      0        0
  SINCE JAN 1      0                         0      0        0
..................................................................


WIND (MPH)
  HIGHEST WIND SPEED    17   HIGHEST WIND DIRECTION     W (290)
  HIGHEST GUST SPEED    19   HIGHEST GUST DIRECTION     W (280)
  AVERAGE WIND SPEED     7.5


SKY COVER
  AVERAGE SKY COVER 0.5


WEATHER CONDITIONS
 THE FOLLOWING WEATHER WAS RECORDED YESTERDAY.
  NO SIGNIFICANT WEATHER WAS OBSERVED.


RELATIVE HUMIDITY (PERCENT)
 HIGHEST    79           600 PM
 LOWEST     63           200 PM
 AVERAGE    71

..........................................................


THE CUT BANK MT CLIMATE NORMALS FOR TODAY
                         NORMAL    RECORD    YEAR
 MAXIMUM TEMPERATURE (F)   36        57      1996
 MINIMUM TEMPERATURE (F)   14       -27      1918


SUNRISE AND SUNSET
FEBRUARY 21 2018......SUNRISE   726 AM MST   SUNSET   601 PM MST
FEBRUARY 22 2018......SUNRISE   724 AM MST   SUNSET   602 PM MST


-  INDICATES NEGATIVE NUMBERS.
R  INDICATES RECORD WAS SET OR TIED.
MM INDICATES DATA IS MISSING.
T  INDICATES TRACE AMOUNT.




$$
