533
CDUS45 KTFX 250911
CLICTB


CLIMATE REPORT
NATIONAL WEATHER SERVICE GREAT FALLS MT
310 AM MDT TUE APR 25 2017


...................................

...THE CUT BANK MT CLIMATE SUMMARY FOR APRIL 24 2017...

CLIMATE NORMAL PERIOD 1981 TO 2010
CLIMATE RECORD PERIOD 1903 TO 2017


WEATHER ITEM   OBSERVED TIME   RECORD YEAR NORMAL DEPARTURE LAST
                VALUE   (LST)  VALUE       VALUE  FROM      YEAR
                                                  NORMAL
..................................................................
TEMPERATURE (F)
 YESTERDAY
  MAXIMUM         51    316 PM  84    1910  56     -5       47
  MINIMUM         34    436 AM   5    2009  31      3       36
  AVERAGE         43                        43      0       42

PRECIPITATION (IN)
  YESTERDAY        0.05          0.86 1994   0.04   0.01     0.25
  MONTH TO DATE    1.72                      0.58   1.14     1.76
  SINCE OCT 1      5.03                      2.51   2.52     4.43
  SINCE JAN 1      3.60                      1.49   2.11     2.51

SNOWFALL (IN)
  YESTERDAY       MM
  SNOW DEPTH       0

DEGREE DAYS
 HEATING
  YESTERDAY       22                        22      0       23
  MONTH TO DATE  547                       597    -50      424
  SINCE MAR 1   1568                      1635    -67     1268
  SINCE JUL 1   7919                      7695    224     6733

 COOLING
  YESTERDAY        0                         0      0        0
  MONTH TO DATE    0                         0      0        0
  SINCE MAR 1      0                         0      0        0
  SINCE JAN 1      0                         0      0        0
..................................................................


WIND (MPH)
  HIGHEST WIND SPEED    18   HIGHEST WIND DIRECTION     N (10)
  HIGHEST GUST SPEED    24   HIGHEST GUST DIRECTION     N (10)
  AVERAGE WIND SPEED     9.0


SKY COVER
  AVERAGE SKY COVER 0.6


WEATHER CONDITIONS
 THE FOLLOWING WEATHER WAS RECORDED YESTERDAY.
  LIGHT RAIN
  FOG


RELATIVE HUMIDITY (PERCENT)
 HIGHEST    92          1000 PM
 LOWEST     56          1200 PM
 AVERAGE    74

..........................................................


THE CUT BANK MT CLIMATE NORMALS FOR TODAY
                         NORMAL    RECORD    YEAR
 MAXIMUM TEMPERATURE (F)   56        87      1910
 MINIMUM TEMPERATURE (F)   31         0      1935


SUNRISE AND SUNSET
APRIL 25 2017.........SUNRISE   620 AM MDT   SUNSET   836 PM MDT
APRIL 26 2017.........SUNRISE   618 AM MDT   SUNSET   838 PM MDT


-  INDICATES NEGATIVE NUMBERS.
R  INDICATES RECORD WAS SET OR TIED.
MM INDICATES DATA IS MISSING.
T  INDICATES TRACE AMOUNT.




$$
