000
CDUS45 KTFX 250858
CLICTB


CLIMATE REPORT
NATIONAL WEATHER SERVICE GREAT FALLS MT
257 AM MDT TUE JUL 25 2017


...................................

...THE CUT BANK MT CLIMATE SUMMARY FOR JULY 24 2017...

CLIMATE NORMAL PERIOD 1981 TO 2010
CLIMATE RECORD PERIOD 1903 TO 2017


WEATHER ITEM   OBSERVED TIME   RECORD YEAR NORMAL DEPARTURE LAST
                VALUE   (LST)  VALUE       VALUE  FROM      YEAR
                                                  NORMAL
..................................................................
TEMPERATURE (F)
 YESTERDAY
  MAXIMUM         81    554 PM  98    1936  81      0       85
  MINIMUM         46    533 AM  34    1918  51     -5       49
  AVERAGE         64                        66     -2       67

PRECIPITATION (IN)
  YESTERDAY        0.00          0.44 1981   0.04  -0.04     0.00
  MONTH TO DATE    0.01                      1.04  -1.03     0.89
  SINCE OCT 1      8.94                      8.25   0.69     8.82
  SINCE JAN 1      7.51                      7.23   0.28     6.90

SNOWFALL (IN)
  YESTERDAY       MM
  SNOW DEPTH       0

DEGREE DAYS
 HEATING
  YESTERDAY        1                         2     -1        0
  MONTH TO DATE   12                        74    -62       72
  SINCE JUN 1    183                       307   -124      236
  SINCE JUL 1     12                        74    -62       72

 COOLING
  YESTERDAY        0                         3     -3        2
  MONTH TO DATE  109                        51     58       29
  SINCE JUN 1    121                        66     55       51
  SINCE JAN 1    123                        68     55       51
..................................................................


WIND (MPH)
  HIGHEST WIND SPEED    40   HIGHEST WIND DIRECTION     N (350)
  HIGHEST GUST SPEED    47   HIGHEST GUST DIRECTION     N (360)
  AVERAGE WIND SPEED    10.8


SKY COVER
  AVERAGE SKY COVER 0.1


WEATHER CONDITIONS
 THE FOLLOWING WEATHER WAS RECORDED YESTERDAY.
  NO SIGNIFICANT WEATHER WAS OBSERVED.


RELATIVE HUMIDITY (PERCENT)
 HIGHEST    86           500 AM
 LOWEST     20           500 PM
 AVERAGE    53

..........................................................


THE CUT BANK MT CLIMATE NORMALS FOR TODAY
                         NORMAL    RECORD    YEAR
 MAXIMUM TEMPERATURE (F)   82       100      1933
 MINIMUM TEMPERATURE (F)   51        40      2001


SUNRISE AND SUNSET
JULY 25 2017..........SUNRISE   555 AM MDT   SUNSET   916 PM MDT
JULY 26 2017..........SUNRISE   556 AM MDT   SUNSET   915 PM MDT


-  INDICATES NEGATIVE NUMBERS.
R  INDICATES RECORD WAS SET OR TIED.
MM INDICATES DATA IS MISSING.
T  INDICATES TRACE AMOUNT.




$$
