000
CDUS45 KTFX 240727
CLICTB


CLIMATE REPORT
NATIONAL WEATHER SERVICE GREAT FALLS MT
126 AM MDT SUN SEP 24 2017


...................................

...THE CUT BANK MT CLIMATE SUMMARY FOR SEPTEMBER 23 2017...

CLIMATE NORMAL PERIOD 1981 TO 2010
CLIMATE RECORD PERIOD 1903 TO 2017


WEATHER ITEM   OBSERVED TIME   RECORD YEAR NORMAL DEPARTURE LAST
                VALUE   (LST)  VALUE       VALUE  FROM      YEAR
                                                  NORMAL
..................................................................
TEMPERATURE (F)
 YESTERDAY
  MAXIMUM         53    321 PM  92    2009  65    -12       65
  MINIMUM         30    606 AM  15    1934  38     -8       44
  AVERAGE         42                        51     -9       55

PRECIPITATION (IN)
  YESTERDAY        0.00          1.25 2007   0.03  -0.03     0.00
  MONTH TO DATE    0.53                      0.99  -0.46     1.26
  SINCE OCT 1      9.47                     10.67  -1.20    11.82
  SINCE JAN 1      8.04                      9.65  -1.61     9.90

SNOWFALL (IN)
  YESTERDAY       MM
  SNOW DEPTH       0

DEGREE DAYS
 HEATING
  YESTERDAY       23                        14      9       10
  MONTH TO DATE  243                       238      5      281
  SINCE SEP 1    243                       238      5      281
  SINCE JUL 1    326                       432   -106      454

 COOLING
  YESTERDAY        0                         0      0        0
  MONTH TO DATE   24                         6     18        5
  SINCE SEP 1     24                         6     18        5
  SINCE JAN 1    250                       159     91      108
..................................................................


WIND (MPH)
  HIGHEST WIND SPEED    12   HIGHEST WIND DIRECTION    NW (300)
  HIGHEST GUST SPEED    14   HIGHEST GUST DIRECTION    SW (210)
  AVERAGE WIND SPEED     5.8


SKY COVER
  AVERAGE SKY COVER 0.6


WEATHER CONDITIONS
 THE FOLLOWING WEATHER WAS RECORDED YESTERDAY.
  FOG
  FOG W/VISIBILITY <= 1/4 MILE


RELATIVE HUMIDITY (PERCENT)
 HIGHEST   100           100 AM
 LOWEST     50           300 PM
 AVERAGE    75

..........................................................


THE CUT BANK MT CLIMATE NORMALS FOR TODAY
                         NORMAL    RECORD    YEAR
 MAXIMUM TEMPERATURE (F)   65        92      2001
 MINIMUM TEMPERATURE (F)   37         0      1926


SUNRISE AND SUNSET
SEPTEMBER 24 2017.....SUNRISE   719 AM MDT   SUNSET   722 PM MDT
SEPTEMBER 25 2017.....SUNRISE   721 AM MDT   SUNSET   720 PM MDT


-  INDICATES NEGATIVE NUMBERS.
R  INDICATES RECORD WAS SET OR TIED.
MM INDICATES DATA IS MISSING.
T  INDICATES TRACE AMOUNT.




$$
