000
CDUS45 KTFX 130116
CLICTB


CLIMATE REPORT
NATIONAL WEATHER SERVICE GREAT FALLS MT
714 PM MDT SAT JUL 12 2014


...................................

...THE CUT BANK MT CLIMATE SUMMARY FOR JULY 12 2014...
VALID TODAY AS OF 0500 PM LOCAL TIME.

CLIMATE NORMAL PERIOD 1981 TO 2010
CLIMATE RECORD PERIOD 1903 TO 2014


WEATHER ITEM   OBSERVED TIME   RECORD YEAR NORMAL DEPARTURE LAST
                VALUE   (LST)  VALUE       VALUE  FROM      YEAR
                                                  NORMAL
..................................................................
TEMPERATURE (F)
 TODAY
  MAXIMUM         86    305 PM  96    2003  79      7       79
                                      1914
  MINIMUM         47    503 AM  38    1950  49     -2       47
  AVERAGE         67                        64      3       63

PRECIPITATION (IN)
  TODAY            0.00          1.58 1993   0.04  -0.04     0.00
  MONTH TO DATE    0.04                      0.60  -0.56     1.44
  SINCE OCT 1     11.97                      7.81   4.16    11.40
  SINCE JAN 1     10.77                      6.79   3.98     9.23

SNOWFALL (IN)
  TODAY           MM
  SNOW DEPTH       0

DEGREE DAYS
 HEATING
  TODAY            0                         3     -3        2
  MONTH TO DATE    4                        46    -42       18
  SINCE JUN 1    277                       279     -2      227
  SINCE JUL 1      4                        46    -42       18

 COOLING
  TODAY            2                         2      0        0
  MONTH TO DATE   39                        19     20       47
  SINCE JUN 1     40                        34      6       59
  SINCE JAN 1     40                        36      4       61
..................................................................


WIND (MPH)
  HIGHEST WIND SPEED    10   HIGHEST WIND DIRECTION     W (280)
  HIGHEST GUST SPEED    14   HIGHEST GUST DIRECTION     W (270)
  AVERAGE WIND SPEED     2.6


SKY COVER
  AVERAGE SKY COVER 0.0


WEATHER CONDITIONS
 THE FOLLOWING WEATHER WAS RECORDED TODAY.
  NO SIGNIFICANT WEATHER WAS OBSERVED.


RELATIVE HUMIDITY (PERCENT)
 HIGHEST    93           400 AM
 LOWEST     22           100 PM
 AVERAGE    58

..........................................................


THE CUT BANK MT CLIMATE NORMALS FOR TOMORROW
                         NORMAL    RECORD    YEAR
 MAXIMUM TEMPERATURE (F)   79        99      2000
                                             1953
 MINIMUM TEMPERATURE (F)   50        40      2010
                                             1979


SUNRISE AND SUNSET
JULY 12 2014..........SUNRISE   540 AM MDT   SUNSET   930 PM MDT
JULY 13 2014..........SUNRISE   541 AM MDT   SUNSET   929 PM MDT


-  INDICATES NEGATIVE NUMBERS.
R  INDICATES RECORD WAS SET OR TIED.
MM INDICATES DATA IS MISSING.
T  INDICATES TRACE AMOUNT.




$$
