000
CDUS45 KTFX 220902
CLICTB


CLIMATE REPORT
NATIONAL WEATHER SERVICE GREAT FALLS MT
259 AM MDT FRI AUG 22 2014


...................................

...THE CUT BANK MT CLIMATE SUMMARY FOR AUGUST 21 2014...

CLIMATE NORMAL PERIOD 1981 TO 2010
CLIMATE RECORD PERIOD 1903 TO 2014


WEATHER ITEM   OBSERVED TIME   RECORD YEAR NORMAL DEPARTURE LAST
                VALUE   (LST)  VALUE       VALUE  FROM      YEAR
                                                  NORMAL
..................................................................
TEMPERATURE (F)
 YESTERDAY
  MAXIMUM         57    359 PM  95    1969  78    -21       79
  MINIMUM         51   1159 PM  35    1966  47      4       42
  AVERAGE         54                        63     -9       61

PRECIPITATION (IN)
  YESTERDAY        0.26          1.69 1932   0.04   0.22     0.00
  MONTH TO DATE    1.78                      0.79   0.99     1.41
  SINCE OCT 1     14.13                      9.28   4.85    13.08
  SINCE JAN 1     12.93                      8.26   4.67    10.91

SNOWFALL (IN)
  YESTERDAY       MM
  SNOW DEPTH       0

DEGREE DAYS
 HEATING
  YESTERDAY       11                         4      7        4
  MONTH TO DATE   13                        57    -44       27
  SINCE JUN 1    303                       376    -73      277
  SINCE JUL 1     30                       143   -113       68

 COOLING
  YESTERDAY        0                         2     -2        0
  MONTH TO DATE   89                        55     34       59
  SINCE JUN 1    194                       142     52      156
  SINCE JAN 1    194                       144     50      158
..................................................................


WIND (MPH)
  HIGHEST WIND SPEED    20   HIGHEST WIND DIRECTION     N (20)
  HIGHEST GUST SPEED    23   HIGHEST GUST DIRECTION     N (10)
  AVERAGE WIND SPEED    11.3


SKY COVER
  AVERAGE SKY COVER 1.0


WEATHER CONDITIONS
 THE FOLLOWING WEATHER WAS RECORDED YESTERDAY.
  RAIN
  LIGHT RAIN
  FOG


RELATIVE HUMIDITY (PERCENT)
 HIGHEST    96          1100 AM
 LOWEST     72           300 PM
 AVERAGE    84

..........................................................


THE CUT BANK MT CLIMATE NORMALS FOR TODAY
                         NORMAL    RECORD    YEAR
 MAXIMUM TEMPERATURE (F)   78        94      1976
 MINIMUM TEMPERATURE (F)   47        35      1911


SUNRISE AND SUNSET
AUGUST 22 2014........SUNRISE   633 AM MDT   SUNSET   831 PM MDT
AUGUST 23 2014........SUNRISE   634 AM MDT   SUNSET   829 PM MDT


-  INDICATES NEGATIVE NUMBERS.
R  INDICATES RECORD WAS SET OR TIED.
MM INDICATES DATA IS MISSING.
T  INDICATES TRACE AMOUNT.




$$
