000
CDUS42 KTAE 230631
CLICTY


CLIMATE REPORT
NATIONAL WEATHER SERVICE TALLAHASSEE FL
230 AM EDT FRI JUN 23 2017


...................................

...THE CROSS CITY  CLIMATE SUMMARY FOR JUNE 22 2017...

CLIMATE NORMAL PERIOD 1981 TO 2010
CLIMATE RECORD PERIOD 1948 TO 2017


WEATHER ITEM   OBSERVED TIME   NORMAL DEPARTURE LAST
                VALUE   (LST)  VALUE  FROM      YEAR
                                      NORMAL
......................................................
TEMPERATURE (F)
 YESTERDAY
  MAXIMUM         91    400 PM  91      0       94
  MINIMUM         73    100 AM  70      3       64
  AVERAGE         82            80      2

PRECIPITATION (IN)
  YESTERDAY        0.00          0.19  -0.19     0.00
  MONTH TO DATE   13.29          3.58   9.71     3.96
  SINCE JUN 1     13.29          3.58   9.71     3.96
  SINCE JAN 1     23.45         20.75   2.70    20.71

DEGREE DAYS
 HEATING
  YESTERDAY        0             0      0
  MONTH TO DATE    0             0      0
  SINCE JUN 1      0             0      0
  SINCE JUL 1    758          1306   -548

 COOLING
  YESTERDAY       17            15      2
  MONTH TO DATE  308           321    -13
  SINCE JUN 1    308           321    -13
  SINCE JAN 1    909           800    109
......................................................


WIND (MPH)
  RESULTANT WIND SPEED   3   RESULTANT WIND DIRECTION   S (180)
  HIGHEST WIND SPEED    12   HIGHEST WIND DIRECTION     S (190)
  HIGHEST GUST SPEED    MM   HIGHEST GUST DIRECTION    MM
  AVERAGE WIND SPEED     5.3



WEATHER CONDITIONS
 THE FOLLOWING WEATHER WAS RECORDED YESTERDAY.
  NO SIGNIFICANT WEATHER WAS OBSERVED.


RELATIVE HUMIDITY (PERCENT)
 HIGHEST   100
 LOWEST     52

..........................................................




SUNRISE AND SUNSET
JUNE 23 2017..........SUNRISE   633 AM EDT   SUNSET   836 PM EDT
JUNE 24 2017..........SUNRISE   634 AM EDT   SUNSET   836 PM EDT


-  INDICATES NEGATIVE NUMBERS.
R  INDICATES RECORD WAS SET OR TIED.
MM INDICATES DATA IS MISSING.
T  INDICATES TRACE AMOUNT.




$$
