000
CDUS42 KTAE 060632
CLICTY


CLIMATE REPORT
NATIONAL WEATHER SERVICE TALLAHASSEE FL
232 AM EDT MON JUL 6 2015


...................................

...THE CROSS CITY  CLIMATE SUMMARY FOR JULY 5 2015...

CLIMATE NORMAL PERIOD 1981 TO 2010
CLIMATE RECORD PERIOD 1948 TO 2015


WEATHER ITEM   OBSERVED TIME   NORMAL DEPARTURE LAST
                VALUE   (LST)  VALUE  FROM      YEAR
                                      NORMAL
......................................................
TEMPERATURE (F)
 YESTERDAY
  MAXIMUM         94   1237 PM  91      3       93
  MINIMUM         71   1159 PM  71      0       70
  AVERAGE         83            81      2

PRECIPITATION (IN)
  YESTERDAY        0.10          0.16  -0.06     0.00
  MONTH TO DATE    0.57          0.82  -0.25     0.91
  SINCE JUN 1      7.85          5.91   1.94     4.68
  SINCE JAN 1     20.99         23.08  -2.09    30.18

DEGREE DAYS
 HEATING
  YESTERDAY        0             0      0
  MONTH TO DATE    0             0      0
  SINCE JUN 1      0             0      0
  SINCE JUL 1      0             0      0

 COOLING
  YESTERDAY       18            16      2
  MONTH TO DATE   86            80      6
  SINCE JUN 1    587           527     60
  SINCE JAN 1   1426          1006    420
......................................................


WIND (MPH)
  RESULTANT WIND SPEED   0   RESULTANT WIND DIRECTION   N (340)
  HIGHEST WIND SPEED    24   HIGHEST WIND DIRECTION    NW (330)
  HIGHEST GUST SPEED    36   HIGHEST GUST DIRECTION    NW (320)
  AVERAGE WIND SPEED     4.5



WEATHER CONDITIONS
 THE FOLLOWING WEATHER WAS RECORDED YESTERDAY.
  NO SIGNIFICANT WEATHER WAS OBSERVED.


RELATIVE HUMIDITY (PERCENT)
 HIGHEST    93
 LOWEST     52

..........................................................




SUNRISE AND SUNSET
JULY  6 2015..........SUNRISE   638 AM EDT   SUNSET   836 PM EDT
JULY  7 2015..........SUNRISE   638 AM EDT   SUNSET   836 PM EDT


-  INDICATES NEGATIVE NUMBERS.
R  INDICATES RECORD WAS SET OR TIED.
MM INDICATES DATA IS MISSING.
T  INDICATES TRACE AMOUNT.




$$
