000
CDUS42 KTAE 030634
CLICTY


CLIMATE REPORT
NATIONAL WEATHER SERVICE TALLAHASSEE FL
233 AM EDT WED JUN 3 2015


...................................

...THE CROSS CITY  CLIMATE SUMMARY FOR JUNE 2 2015...

CLIMATE NORMAL PERIOD 1981 TO 2010
CLIMATE RECORD PERIOD 1948 TO 2015


WEATHER ITEM   OBSERVED TIME   NORMAL DEPARTURE LAST
                VALUE   (LST)  VALUE  FROM      YEAR
                                      NORMAL
......................................................
TEMPERATURE (F)
 YESTERDAY
  MAXIMUM         82    246 PM  90     -8       87
  MINIMUM         69    452 AM  67      2       70
  AVERAGE         76            79     -3

PRECIPITATION (IN)
  YESTERDAY        0.05          0.10  -0.05     0.03
  MONTH TO DATE    0.39          0.20   0.19     0.29
  SINCE JUN 1      0.39          0.20   0.19     0.29
  SINCE JAN 1     13.53         17.37  -3.84    25.79

DEGREE DAYS
 HEATING
  YESTERDAY        0             0      0
  MONTH TO DATE    0             0      0
  SINCE JUN 1      0             0      0
  SINCE JUL 1   1213          1306    -93

 COOLING
  YESTERDAY       11            14     -3
  MONTH TO DATE   26            27     -1
  SINCE JUN 1     26            27     -1
  SINCE JAN 1    865           506    359
......................................................


WIND (MPH)
  RESULTANT WIND SPEED   2   RESULTANT WIND DIRECTION   S (190)
  HIGHEST WIND SPEED    14   HIGHEST WIND DIRECTION    SW (240)
  HIGHEST GUST SPEED    17   HIGHEST GUST DIRECTION    SW (240)
  AVERAGE WIND SPEED     2.6



WEATHER CONDITIONS
 THE FOLLOWING WEATHER WAS RECORDED YESTERDAY.
  NO SIGNIFICANT WEATHER WAS OBSERVED.


RELATIVE HUMIDITY (PERCENT)
 HIGHEST    97
 LOWEST     69

..........................................................




SUNRISE AND SUNSET
JUNE  3 2015..........SUNRISE   632 AM EDT   SUNSET   829 PM EDT
JUNE  4 2015..........SUNRISE   632 AM EDT   SUNSET   829 PM EDT


-  INDICATES NEGATIVE NUMBERS.
R  INDICATES RECORD WAS SET OR TIED.
MM INDICATES DATA IS MISSING.
T  INDICATES TRACE AMOUNT.




$$
