836
CDUS42 KTAE 160635
CLICTY


CLIMATE REPORT
NATIONAL WEATHER SERVICE TALLAHASSEE FL
132 AM EST MON JAN 16 2017


...................................

...THE CROSS CITY  CLIMATE SUMMARY FOR JANUARY 15 2017...

CLIMATE NORMAL PERIOD 1981 TO 2010
CLIMATE RECORD PERIOD 1948 TO 2017


WEATHER ITEM   OBSERVED TIME   NORMAL DEPARTURE LAST
                VALUE   (LST)  VALUE  FROM      YEAR
                                      NORMAL
......................................................
TEMPERATURE (F)
 YESTERDAY
  MAXIMUM         77    300 PM  66     11       74
  MINIMUM         50    700 AM  40     10       51
  AVERAGE         64            53     11

PRECIPITATION (IN)
  YESTERDAY        0.00          0.14  -0.14     0.43
  MONTH TO DATE    1.29          1.93  -0.64     1.33
  SINCE DEC 1      5.16          4.45   0.71     3.59
  SINCE JAN 1      1.29          1.93  -0.64     1.33

DEGREE DAYS
 HEATING
  YESTERDAY        1            12    -11
  MONTH TO DATE  108           191    -83
  SINCE DEC 1    269           528   -259
  SINCE JUL 1    394           696   -302

 COOLING
  YESTERDAY        0             0      0
  MONTH TO DATE   14             0     14
  SINCE DEC 1     67            18     49
  SINCE JAN 1     14             0     14
......................................................


WIND (MPH)
  RESULTANT WIND SPEED   1   RESULTANT WIND DIRECTION  SW (210)
  HIGHEST WIND SPEED     7   HIGHEST WIND DIRECTION     W (280)
  HIGHEST GUST SPEED    MM   HIGHEST GUST DIRECTION    MM
  AVERAGE WIND SPEED     1.5



WEATHER CONDITIONS
 THE FOLLOWING WEATHER WAS RECORDED YESTERDAY.
  FOG
  FOG W/VISIBILITY <= 1/4 MILE


RELATIVE HUMIDITY (PERCENT)
 HIGHEST   100
 LOWEST     43

..........................................................



SUNRISE AND SUNSET
JANUARY 16 2017.......SUNRISE   728 AM EST   SUNSET   557 PM EST
JANUARY 17 2017.......SUNRISE   728 AM EST   SUNSET   558 PM EST


-  INDICATES NEGATIVE NUMBERS.
R  INDICATES RECORD WAS SET OR TIED.
MM INDICATES DATA IS MISSING.
T  INDICATES TRACE AMOUNT.

$$
