000
CDUS42 KTAE 220642
CLICTY


CLIMATE REPORT
NATIONAL WEATHER SERVICE TALLAHASSEE FL
241 AM EDT TUE JUL 22 2014


...................................

...THE CROSS CITY (AWOS) CLIMATE SUMMARY FOR JULY 21 2014...

CLIMATE NORMAL PERIOD 1981 TO 2010
CLIMATE RECORD PERIOD 1948 TO 2014


WEATHER ITEM   OBSERVED TIME   NORMAL DEPARTURE LAST
                VALUE   (LST)  VALUE  FROM      YEAR
                                      NORMAL
......................................................
TEMPERATURE (F)
 YESTERDAY
  MAXIMUM         84    231 PM  91     -7
  MINIMUM         74    428 AM  72      2
  AVERAGE         79            82     -3

PRECIPITATION (IN)
  YESTERDAY        0.19          0.19   0.00     0.11
  MONTH TO DATE    6.98          3.64   3.34    16.76
  SINCE JUN 1     10.75          8.73   2.02    26.11
  SINCE JAN 1     36.25         25.90  10.35    38.65

DEGREE DAYS
 HEATING
  YESTERDAY        0             0      0
  MONTH TO DATE    0             0      0
  SINCE JUN 1      0             0      0
  SINCE JUL 1      0             0      0

 COOLING
  YESTERDAY       14            17     -3
  MONTH TO DATE  345           341      4
  SINCE JUN 1    824           788     36
  SINCE JAN 1   1316          1267     49
......................................................


WIND (MPH)
  RESULTANT WIND SPEED   1   RESULTANT WIND DIRECTION   N (340)
  HIGHEST WIND SPEED    16   HIGHEST WIND DIRECTION    NW (310)
  HIGHEST GUST SPEED    21   HIGHEST GUST DIRECTION    NW (310)
  AVERAGE WIND SPEED     1.6



WEATHER CONDITIONS
 THE FOLLOWING WEATHER WAS RECORDED YESTERDAY.
  NO SIGNIFICANT WEATHER WAS OBSERVED.


RELATIVE HUMIDITY (PERCENT)
 HIGHEST    94
 LOWEST     74

..........................................................




SUNRISE AND SUNSET
JULY 22 2014..........SUNRISE   646 AM EDT   SUNSET   831 PM EDT
JULY 23 2014..........SUNRISE   647 AM EDT   SUNSET   831 PM EDT


-  INDICATES NEGATIVE NUMBERS.
R  INDICATES RECORD WAS SET OR TIED.
MM INDICATES DATA IS MISSING.
T  INDICATES TRACE AMOUNT.




$$
