000
CDUS42 KTAE 280632
CLICTY


CLIMATE REPORT
NATIONAL WEATHER SERVICE TALLAHASSEE FL
231 AM EDT TUE MAR 28 2017

...................................

...THE CROSS CITY  CLIMATE SUMMARY FOR MARCH 27 2017...

CLIMATE NORMAL PERIOD 1981 TO 2010
CLIMATE RECORD PERIOD 1948 TO 2017


WEATHER ITEM   OBSERVED TIME   NORMAL DEPARTURE LAST
                VALUE   (LST)  VALUE  FROM      YEAR
                                      NORMAL
......................................................
TEMPERATURE (F)
 YESTERDAY
  MAXIMUM         82    400 PM  78      4       81
  MINIMUM         55    700 AM  51      4       66
  AVERAGE         69            64      5

PRECIPITATION (IN)
  YESTERDAY        0.00          0.13  -0.13     0.64
  MONTH TO DATE    0.86          3.68  -2.82     3.45
  SINCE MAR 1      0.86          3.68  -2.82     3.45
  SINCE JAN 1      3.41         10.99  -7.58    10.21

DEGREE DAYS
 HEATING
  YESTERDAY        0             3     -3
  MONTH TO DATE  135           124     11
  SINCE MAR 1    135           124     11
  SINCE JUL 1    734          1244   -510

 COOLING
  YESTERDAY        4             2      2
  MONTH TO DATE   45            36      9
  SINCE MAR 1     45            36      9
  SINCE JAN 1    107            63     44
......................................................


WIND (MPH)
  RESULTANT WIND SPEED   4   RESULTANT WIND DIRECTION  SW (210)
  HIGHEST WIND SPEED    12   HIGHEST WIND DIRECTION     W (250)
  HIGHEST GUST SPEED    21   HIGHEST GUST DIRECTION     W (260)
  AVERAGE WIND SPEED     5.1



WEATHER CONDITIONS
 THE FOLLOWING WEATHER WAS RECORDED YESTERDAY.
  NO SIGNIFICANT WEATHER WAS OBSERVED.


RELATIVE HUMIDITY (PERCENT)
 HIGHEST   100
 LOWEST     45

..........................................................




SUNRISE AND SUNSET
MARCH 28 2017.........SUNRISE   726 AM EDT   SUNSET   749 PM EDT
MARCH 29 2017.........SUNRISE   725 AM EDT   SUNSET   749 PM EDT


-  INDICATES NEGATIVE NUMBERS.
R  INDICATES RECORD WAS SET OR TIED.
MM INDICATES DATA IS MISSING.
T  INDICATES TRACE AMOUNT.


$$
