000
CDUS42 KTAE 260633
CLICTY


CLIMATE REPORT
NATIONAL WEATHER SERVICE TALLAHASSEE FL
133 AM EST SUN FEB 26 2017


...................................

...THE CROSS CITY  CLIMATE SUMMARY FOR FEBRUARY 25 2017...

CLIMATE NORMAL PERIOD 1981 TO 2010
CLIMATE RECORD PERIOD 1948 TO 2017


WEATHER ITEM   OBSERVED TIME   NORMAL DEPARTURE LAST
                VALUE   (LST)  VALUE  FROM      YEAR
                                      NORMAL
......................................................
TEMPERATURE (F)
 YESTERDAY
  MAXIMUM         79    300 PM  72      7       61
  MINIMUM         57   1100 PM  45     12       43
  AVERAGE         68            59      9

PRECIPITATION (IN)
  YESTERDAY        0.00          0.16  -0.16     0.00
  MONTH TO DATE    1.12          2.78  -1.66     3.68
  SINCE DEC 1      6.42          9.34  -2.92     9.02
  SINCE JAN 1      2.55          6.82  -4.27     6.76

DEGREE DAYS
 HEATING
  YESTERDAY        0             7     -7
  MONTH TO DATE   93           220   -127
  SINCE DEC 1    466           930   -464
  SINCE JUL 1    591          1098   -507

 COOLING
  YESTERDAY        3             1      2
  MONTH TO DATE   25            19      6
  SINCE DEC 1    112            48     64
  SINCE JAN 1     59            30     29
......................................................


WIND (MPH)
  RESULTANT WIND SPEED   6   RESULTANT WIND DIRECTION   W (260)
  HIGHEST WIND SPEED    17   HIGHEST WIND DIRECTION     W (280)
  HIGHEST GUST SPEED    22   HIGHEST GUST DIRECTION     W (280)
  AVERAGE WIND SPEED     6.9



WEATHER CONDITIONS
 THE FOLLOWING WEATHER WAS RECORDED YESTERDAY.
  FOG
  FOG W/VISIBILITY <= 1/4 MILE


RELATIVE HUMIDITY (PERCENT)
 HIGHEST   100
 LOWEST     54

..........................................................




SUNRISE AND SUNSET
FEBRUARY 26 2017......SUNRISE   701 AM EST   SUNSET   630 PM EST
FEBRUARY 27 2017......SUNRISE   700 AM EST   SUNSET   631 PM EST


-  INDICATES NEGATIVE NUMBERS.
R  INDICATES RECORD WAS SET OR TIED.
MM INDICATES DATA IS MISSING.
T  INDICATES TRACE AMOUNT.




$$
