000
CDUS42 KTAE 280636
CLICTY


CLIMATE REPORT
NATIONAL WEATHER SERVICE TALLAHASSEE FL
135 AM EST SUN DEC 28 2014


...................................

...THE CROSS CITY CLIMATE SUMMARY FOR DECEMBER 27 2014...

CLIMATE NORMAL PERIOD 1981 TO 2010
CLIMATE RECORD PERIOD 1948 TO 2014


WEATHER ITEM   OBSERVED TIME   NORMAL DEPARTURE LAST
                VALUE   (LST)  VALUE  FROM      YEAR
                                      NORMAL
......................................................
TEMPERATURE (F)
 YESTERDAY
  MAXIMUM         77    420 PM  65     12
  MINIMUM         48    155 AM  40      8
  AVERAGE         63            53     10

PRECIPITATION (IN)
  YESTERDAY        0.00          0.07  -0.07     0.00
  MONTH TO DATE    3.09          2.24   0.85     1.67
  SINCE DEC 1      3.09          2.24   0.85     1.67
  SINCE JAN 1     60.05         48.08  11.97    63.14

DEGREE DAYS
 HEATING
  YESTERDAY        2            13    -11
  MONTH TO DATE  200           286    -86
  SINCE DEC 1    200           286    -86
  SINCE JUL 1    485           454     31

 COOLING
  YESTERDAY        0             0      0
  MONTH TO DATE   30            14     16
  SINCE DEC 1     30            14     16
  SINCE JAN 1   2740          2616    124
......................................................


WIND (MPH)
  RESULTANT WIND SPEED   2   RESULTANT WIND DIRECTION   E (70)
  HIGHEST WIND SPEED     8   HIGHEST WIND DIRECTION     S (190)
  HIGHEST GUST SPEED    13   HIGHEST GUST DIRECTION     S (170)
  AVERAGE WIND SPEED     2.0



WEATHER CONDITIONS
 THE FOLLOWING WEATHER WAS RECORDED YESTERDAY.
  NO SIGNIFICANT WEATHER WAS OBSERVED.


RELATIVE HUMIDITY (PERCENT)
 HIGHEST   100
 LOWEST     60

..........................................................




SUNRISE AND SUNSET
DECEMBER 28 2014......SUNRISE   726 AM EST   SUNSET   542 PM EST
DECEMBER 29 2014......SUNRISE   727 AM EST   SUNSET   543 PM EST


-  INDICATES NEGATIVE NUMBERS.
R  INDICATES RECORD WAS SET OR TIED.
MM INDICATES DATA IS MISSING.
T  INDICATES TRACE AMOUNT.




$$
