000
CDUS42 KTAE 010634
CLICTY


CLIMATE REPORT
NATIONAL WEATHER SERVICE TALLAHASSEE FL
234 AM EDT MON SEP 1 2014


...................................

...THE CROSS CITY (AWOS) CLIMATE SUMMARY FOR AUGUST 31 2014...

CLIMATE NORMAL PERIOD 1981 TO 2010
CLIMATE RECORD PERIOD 1948 TO 2014


WEATHER ITEM   OBSERVED TIME   NORMAL DEPARTURE LAST
                VALUE   (LST)  VALUE  FROM      YEAR
                                      NORMAL
......................................................
TEMPERATURE (F)
 YESTERDAY
  MAXIMUM         96    351 PM  90      6
  MINIMUM         73    633 AM  71      2
  AVERAGE         85            81      4

PRECIPITATION (IN)
  YESTERDAY        0.13          0.23  -0.10     0.02
  MONTH TO DATE    3.82          7.45  -3.63     9.88
  SINCE JUN 1     14.88         18.20  -3.32    40.24
  SINCE JAN 1     40.38         35.37   5.01    52.78

DEGREE DAYS
 HEATING
  YESTERDAY        0             0      0
  MONTH TO DATE    0             0      0
  SINCE JUN 1      0             0      0
  SINCE JUL 1      0             0      0

 COOLING
  YESTERDAY       20            16      4
  MONTH TO DATE  570           504     66
  SINCE JUN 1   1570          1459    111
  SINCE JAN 1   2062          1938    124
......................................................


WIND (MPH)
  RESULTANT WIND SPEED   1   RESULTANT WIND DIRECTION   S (170)
  HIGHEST WIND SPEED    15   HIGHEST WIND DIRECTION    SE (150)
  HIGHEST GUST SPEED    23   HIGHEST GUST DIRECTION    SE (130)
  AVERAGE WIND SPEED     3.6



WEATHER CONDITIONS
 THE FOLLOWING WEATHER WAS RECORDED YESTERDAY.
  NO SIGNIFICANT WEATHER WAS OBSERVED.


RELATIVE HUMIDITY (PERCENT)
 HIGHEST   100
 LOWEST     49

..........................................................




SUNRISE AND SUNSET
SEPTEMBER  1 2014.....SUNRISE   710 AM EDT   SUNSET   755 PM EDT
SEPTEMBER  2 2014.....SUNRISE   710 AM EDT   SUNSET   753 PM EDT


-  INDICATES NEGATIVE NUMBERS.
R  INDICATES RECORD WAS SET OR TIED.
MM INDICATES DATA IS MISSING.
T  INDICATES TRACE AMOUNT.




$$
