000
CDUS42 KTAE 010632
CLICTY


CLIMATE REPORT
NATIONAL WEATHER SERVICE TALLAHASSEE FL
231 AM EDT SAT AUG 1 2015


...................................

...THE CROSS CITY  CLIMATE SUMMARY FOR JULY 31 2015...

CLIMATE NORMAL PERIOD 1981 TO 2010
CLIMATE RECORD PERIOD 1948 TO 2015


WEATHER ITEM   OBSERVED TIME   NORMAL DEPARTURE LAST
                VALUE   (LST)  VALUE  FROM      YEAR
                                      NORMAL
......................................................
TEMPERATURE (F)
 YESTERDAY
  MAXIMUM         86   1222 PM  91     -5       93
  MINIMUM         76    414 AM  72      4       67
  AVERAGE         81            82     -1

PRECIPITATION (IN)
  YESTERDAY        0.08          0.20  -0.12     0.00
  MONTH TO DATE   18.36          5.66  12.70     7.29
  SINCE JUN 1     25.64         10.75  14.89    11.06
  SINCE JAN 1     38.78         27.92  10.86    36.56

DEGREE DAYS
 HEATING
  YESTERDAY        0             0      0
  MONTH TO DATE    0             0      0
  SINCE JUN 1      0             0      0
  SINCE JUL 1      0             0      0

 COOLING
  YESTERDAY       16            17     -1
  MONTH TO DATE  568           508     60
  SINCE JUN 1   1069           955    114
  SINCE JAN 1   1908          1434    474
......................................................


WIND (MPH)
  RESULTANT WIND SPEED   2   RESULTANT WIND DIRECTION   S (190)
  HIGHEST WIND SPEED    14   HIGHEST WIND DIRECTION     S (200)
  HIGHEST GUST SPEED    18   HIGHEST GUST DIRECTION    SW (210)
  AVERAGE WIND SPEED     3.8



WEATHER CONDITIONS
 THE FOLLOWING WEATHER WAS RECORDED YESTERDAY.
  NO SIGNIFICANT WEATHER WAS OBSERVED.


RELATIVE HUMIDITY (PERCENT)
 HIGHEST    97
 LOWEST     79

..........................................................




SUNRISE AND SUNSET
AUGUST  1 2015........SUNRISE   652 AM EDT   SUNSET   825 PM EDT
AUGUST  2 2015........SUNRISE   653 AM EDT   SUNSET   824 PM EDT


-  INDICATES NEGATIVE NUMBERS.
R  INDICATES RECORD WAS SET OR TIED.
MM INDICATES DATA IS MISSING.
T  INDICATES TRACE AMOUNT.




$$
