000
CDUS42 KCAE 060717
CLICUB


CLIMATE REPORT
NATIONAL WEATHER SERVICE COLUMBIA SC
316 AM EDT FRI MAY 6 2016


...................................

...THE HAMILTON - OWENS AIRPORT SC CLIMATE SUMMARY FOR MAY 5 2016...

CLIMATE NORMAL PERIOD 1981 TO 2010
CLIMATE RECORD PERIOD 9999 TO 9999


WEATHER ITEM   OBSERVED TIME   NORMAL DEPARTURE LAST
                VALUE   (LST)  VALUE  FROM      YEAR
                                      NORMAL
......................................................
TEMPERATURE (F)
 YESTERDAY
  MAXIMUM         69        MM  81    -12       83
  MINIMUM         52        MM  57     -5       56
  AVERAGE         61            69     -8       70

PRECIPITATION (IN)
  YESTERDAY        T             0.09  -0.09     0.00
  MONTH TO DATE    2.49          0.39   2.10      T
  SINCE MAR 1      7.04          6.96   0.08     5.65
  SINCE JAN 1     11.96         14.24  -2.28    13.57

DEGREE DAYS
 HEATING
  YESTERDAY        4             1      3        0
  MONTH TO DATE    4             5     -1        6
  SINCE MAR 1    215           377   -162      255
  SINCE JUL 1   1715          2306   -591     2381

 COOLING
  YESTERDAY        0             5     -5        5
  MONTH TO DATE   39            24     15       12
  SINCE MAR 1    224           120    104      146
  SINCE JAN 1    227           123    104      146
......................................................


WIND (MPH)
  HIGHEST WIND SPEED    22   HIGHEST WIND DIRECTION     W (290)
  HIGHEST GUST SPEED    33   HIGHEST GUST DIRECTION    NW (300)
  AVERAGE WIND SPEED     8.1


SKY COVER
  AVERAGE SKY COVER 0.4


WEATHER CONDITIONS
 THE FOLLOWING WEATHER WAS RECORDED YESTERDAY.
  NO SIGNIFICANT WEATHER WAS OBSERVED.


RELATIVE HUMIDITY (PERCENT)
 HIGHEST    83          1000 PM
 LOWEST     32           200 PM

..........................................................


THE HAMILTON - OWENS AIRPORT SC CLIMATE NORMALS FOR TODAY
                         NORMAL    RECORD    YEAR
 MAXIMUM TEMPERATURE (F)   82        MM        MM
 MINIMUM TEMPERATURE (F)   57        MM        MM


SUNRISE AND SUNSET
MAY  6 2016...........SUNRISE   630 AM EDT   SUNSET   812 PM EDT
MAY  7 2016...........SUNRISE   629 AM EDT   SUNSET   813 PM EDT


-  INDICATES NEGATIVE NUMBERS.
R  INDICATES RECORD WAS SET OR TIED.
MM INDICATES DATA IS MISSING.
T  INDICATES TRACE AMOUNT.




$$
