000
CDUS42 KCAE 250646
CLICUB


CLIMATE REPORT
NATIONAL WEATHER SERVICE COLUMBIA SC
145 AM EST SAT FEB 25 2017


...................................

...THE HAMILTON - OWENS AIRPORT SC CLIMATE SUMMARY FOR FEBRUARY 24 2017...

CLIMATE NORMAL PERIOD 1981 TO 2010
CLIMATE RECORD PERIOD 9999 TO 9999


WEATHER ITEM   OBSERVED TIME   NORMAL DEPARTURE LAST
                VALUE   (LST)  VALUE  FROM      YEAR
                                      NORMAL
......................................................
TEMPERATURE (F)
 YESTERDAY
  MAXIMUM         81    344 PM  63     18       79
  MINIMUM         52    721 AM  40     12       50
  AVERAGE         67            51     16       65

PRECIPITATION (IN)
  YESTERDAY        0.00          0.15  -0.15     0.28
  MONTH TO DATE    1.56          3.07  -1.51     3.37
  SINCE DEC 1     11.08          9.90   1.18    10.16
  SINCE JAN 1      7.70          6.70   1.00     4.92

DEGREE DAYS
 HEATING
  YESTERDAY        0            14    -14        0
  MONTH TO DATE  193           383   -190      374
  SINCE DEC 1    979          1504   -525     1181
  SINCE JUL 1   1240          1875   -635     1428

 COOLING
  YESTERDAY        2             0      2        0
  MONTH TO DATE   10             0     10        3
  SINCE DEC 1     13             5      8       59
  SINCE JAN 1     12             1     11        3
......................................................


WIND (MPH)
  HIGHEST WIND SPEED    12   HIGHEST WIND DIRECTION     S (170)
  HIGHEST GUST SPEED    14   HIGHEST GUST DIRECTION     S (170)
  AVERAGE WIND SPEED     2.0


SKY COVER
  AVERAGE SKY COVER 0.1


WEATHER CONDITIONS
 THE FOLLOWING WEATHER WAS RECORDED YESTERDAY.
  FOG


RELATIVE HUMIDITY (PERCENT)
 HIGHEST    96           700 AM
 LOWEST     36           500 PM

..........................................................


THE HAMILTON - OWENS AIRPORT SC CLIMATE NORMALS FOR TODAY
                         NORMAL    RECORD    YEAR
 MAXIMUM TEMPERATURE (F)   63        MM        MM
 MINIMUM TEMPERATURE (F)   40        MM        MM


SUNRISE AND SUNSET
FEBRUARY 25 2017......SUNRISE   657 AM EST   SUNSET   617 PM EST
FEBRUARY 26 2017......SUNRISE   656 AM EST   SUNSET   618 PM EST


-  INDICATES NEGATIVE NUMBERS.
R  INDICATES RECORD WAS SET OR TIED.
MM INDICATES DATA IS MISSING.
T  INDICATES TRACE AMOUNT.




$$
