322
CDUS42 KCAE 222120
CLICUB


CLIMATE REPORT
NATIONAL WEATHER SERVICE COLUMBIA SC
519 PM EDT FRI SEP 22 2017


...................................

...THE HAMILTON - OWENS AIRPORT SC CLIMATE SUMMARY FOR SEPTEMBER 22 2017...
VALID TODAY AS OF 0500 PM LOCAL TIME.

CLIMATE NORMAL PERIOD 1981 TO 2010
CLIMATE RECORD PERIOD 9999 TO 9999


WEATHER ITEM   OBSERVED TIME   NORMAL DEPARTURE LAST
                VALUE   (LST)  VALUE  FROM      YEAR
                                      NORMAL
......................................................
TEMPERATURE (F)
 TODAY
  MAXIMUM         91    156 PM  84      7       84
  MINIMUM         69    645 AM  64      5       71
  AVERAGE         80            74      6       78

PRECIPITATION (IN)
  TODAY            T             0.11  -0.11     0.16
  MONTH TO DATE    3.90          3.08   0.82     5.56
  SINCE SEP 1      3.90          3.08   0.82     5.56
  SINCE JAN 1     40.10         34.93   5.17    33.29

DEGREE DAYS
 HEATING
  TODAY            0             0      0        0
  MONTH TO DATE    0             0      0        0
  SINCE SEP 1      0             0      0        0
  SINCE JUL 1      0             0      0        0

 COOLING
  TODAY           15             9      6       13
  MONTH TO DATE  250           266    -16      327
  SINCE SEP 1    250           266    -16      327
  SINCE JAN 1   2350          2084    266     2561
......................................................


WIND (MPH)
  HIGHEST WIND SPEED     9   HIGHEST WIND DIRECTION    SE (130)
  HIGHEST GUST SPEED    17   HIGHEST GUST DIRECTION     E (100)
  AVERAGE WIND SPEED     2.3


SKY COVER
  AVERAGE SKY COVER 0.1


WEATHER CONDITIONS
 THE FOLLOWING WEATHER WAS RECORDED TODAY.
  THUNDERSTORM


RELATIVE HUMIDITY (PERCENT)
 HIGHEST    90           200 AM
 LOWEST     41           200 PM
 AVERAGE    66

..........................................................


THE HAMILTON - OWENS AIRPORT SC CLIMATE NORMALS FOR TOMORROW
                         NORMAL
 MAXIMUM TEMPERATURE (F)   84
 MINIMUM TEMPERATURE (F)   64


SUNRISE AND SUNSET
SEPTEMBER 22 2017.....SUNRISE   712 AM EDT   SUNSET   720 PM EDT
SEPTEMBER 23 2017.....SUNRISE   713 AM EDT   SUNSET   719 PM EDT


-  INDICATES NEGATIVE NUMBERS.
R  INDICATES RECORD WAS SET OR TIED.
MM INDICATES DATA IS MISSING.
T  INDICATES TRACE AMOUNT.




$$
