000
CDUS42 KCAE 300542
CLICUB


CLIMATE REPORT
NATIONAL WEATHER SERVICE COLUMBIA SC
141 AM EDT MON MAR 30 2015


...................................

...THE HAMILTON - OWENS AIRPORT SC CLIMATE SUMMARY FOR MARCH 29 2015...

CLIMATE NORMAL PERIOD 1981 TO 2010
CLIMATE RECORD PERIOD 9999 TO 9999


WEATHER ITEM   OBSERVED TIME   NORMAL DEPARTURE LAST
                VALUE   (LST)  VALUE  FROM      YEAR
                                      NORMAL
......................................................
TEMPERATURE (F)
 YESTERDAY
  MAXIMUM         58    447 PM  72    -14       78
  MINIMUM         30    648 AM  48    -18       56
  AVERAGE         44            60    -16       67

PRECIPITATION (IN)
  YESTERDAY        0.00          0.13  -0.13     0.17
  MONTH TO DATE    2.62          3.64  -1.02     3.89
  SINCE MAR 1      2.62          3.64  -1.02     3.89
  SINCE JAN 1     10.54         10.92  -0.38    10.27

DEGREE DAYS
 HEATING
  YESTERDAY       21             6     15        0
  MONTH TO DATE  198           263    -65      375
  SINCE MAR 1    198           263    -65      375
  SINCE JUL 1   2324          2192    132     2367

 COOLING
  YESTERDAY        0             1     -1        2
  MONTH TO DATE   21             9     12        2
  SINCE MAR 1     21             9     12        2
  SINCE JAN 1     21            12      9        8
......................................................


WIND (MPH)
  HIGHEST WIND SPEED    10   HIGHEST WIND DIRECTION     E (70)
  HIGHEST GUST SPEED    16   HIGHEST GUST DIRECTION    NE (50)
  AVERAGE WIND SPEED     2.7


SKY COVER
  AVERAGE SKY COVER 0.0


WEATHER CONDITIONS
 THE FOLLOWING WEATHER WAS RECORDED YESTERDAY.
  NO SIGNIFICANT WEATHER WAS OBSERVED.


RELATIVE HUMIDITY (PERCENT)
 HIGHEST    69           700 AM
 LOWEST     16           400 PM

..........................................................


THE HAMILTON - OWENS AIRPORT SC CLIMATE NORMALS FOR TODAY
                         NORMAL    RECORD    YEAR
 MAXIMUM TEMPERATURE (F)   73        MM        MM
 MINIMUM TEMPERATURE (F)   49        MM        MM


SUNRISE AND SUNSET
MARCH 30 2015.........SUNRISE   714 AM EDT   SUNSET   743 PM EDT
MARCH 31 2015.........SUNRISE   713 AM EDT   SUNSET   744 PM EDT


-  INDICATES NEGATIVE NUMBERS.
R  INDICATES RECORD WAS SET OR TIED.
MM INDICATES DATA IS MISSING.
T  INDICATES TRACE AMOUNT.




$$
