000
CDUS42 KCAE 230635
CLICUB


CLIMATE REPORT
NATIONAL WEATHER SERVICE COLUMBIA SC
135 AM EST SUN NOV 23 2014


...................................

...THE HAMILTON - OWENS AIRPORT SC CLIMATE SUMMARY FOR NOVEMBER 22 2014...

CLIMATE NORMAL PERIOD 1981 TO 2010
CLIMATE RECORD PERIOD 9999 TO 9999


WEATHER ITEM   OBSERVED TIME   RECORD YEAR NORMAL DEPARTURE LAST
                VALUE   (LST)  VALUE       VALUE  FROM      YEAR
                                                  NORMAL
..................................................................
TEMPERATURE (F)
 YESTERDAY
  MAXIMUM         63    334 PM  MM      MM  66     -3       75
  MINIMUM         30    708 AM  MM      MM  43    -13       55
  AVERAGE         47                        54     -7       65

PRECIPITATION (IN)
  YESTERDAY        0.00         MM      MM   0.10  -0.10     0.00
  MONTH TO DATE    1.17                      2.13  -0.96     1.08
  SINCE SEP 1      9.29                      9.49  -0.20     3.18
  SINCE JAN 1     38.95                     41.34  -2.39    46.07

DEGREE DAYS
 HEATING
  YESTERDAY       18                        11      7        0
  MONTH TO DATE  313                       185    128      196
  SINCE SEP 1    373                       274     99      256
  SINCE JUL 1    373                       274     99      256

 COOLING
  YESTERDAY        0                         0      0        0
  MONTH TO DATE    4                        11     -7       19
  SINCE SEP 1    484                       435     49      495
  SINCE JAN 1   2411                      2253    158     2223
..................................................................


WIND (MPH)
  HIGHEST WIND SPEED     9   HIGHEST WIND DIRECTION     E (70)
  HIGHEST GUST SPEED    13   HIGHEST GUST DIRECTION    NE (60)
  AVERAGE WIND SPEED     1.7


SKY COVER
  AVERAGE SKY COVER 0.1


WEATHER CONDITIONS
 THE FOLLOWING WEATHER WAS RECORDED YESTERDAY.
  HAZE


RELATIVE HUMIDITY (PERCENT)
 HIGHEST    72           400 AM
 LOWEST     19           300 PM

..........................................................


THE HAMILTON - OWENS AIRPORT SC CLIMATE NORMALS FOR TODAY
                         NORMAL    RECORD    YEAR
 MAXIMUM TEMPERATURE (F)   65        MM        MM
 MINIMUM TEMPERATURE (F)   43        MM        MM


SUNRISE AND SUNSET
NOVEMBER 23 2014......SUNRISE   704 AM EST   SUNSET   517 PM EST
NOVEMBER 24 2014......SUNRISE   705 AM EST   SUNSET   516 PM EST


-  INDICATES NEGATIVE NUMBERS.
R  INDICATES RECORD WAS SET OR TIED.
MM INDICATES DATA IS MISSING.
T  INDICATES TRACE AMOUNT.




$$
