000
CDUS42 KCAE 172240
CLICUB


CLIMATE REPORT
NATIONAL WEATHER SERVICE COLUMBIA SC
540 PM EST FRI NOV 17 2017


...................................

...THE HAMILTON - OWENS AIRPORT SC CLIMATE SUMMARY FOR NOVEMBER 17 2017...
VALID TODAY AS OF 0500 PM LOCAL TIME.

CLIMATE NORMAL PERIOD 1981 TO 2010
CLIMATE RECORD PERIOD 9999 TO 9999


WEATHER ITEM   OBSERVED TIME   NORMAL DEPARTURE LAST
                VALUE   (LST)  VALUE  FROM      YEAR
                                      NORMAL
......................................................
TEMPERATURE (F)
 TODAY
  MAXIMUM         65    251 PM  67     -2       74
  MINIMUM         38    736 AM  44     -6       43
  AVERAGE         52            56     -4       59

PRECIPITATION (IN)
  TODAY            0.00          0.09  -0.09     0.00
  MONTH TO DATE    0.99          1.61  -0.62     0.97
  SINCE SEP 1      6.44          8.97  -2.53    11.31
  SINCE JAN 1     42.64         40.82   1.82    39.04

DEGREE DAYS
 HEATING
  TODAY           13            10      3        6
  MONTH TO DATE  131           133     -2      118
  SINCE SEP 1    192           222    -30      146
  SINCE JUL 1    192           222    -30      146

 COOLING
  TODAY            0             0      0        0
  MONTH TO DATE   25            11     14        9
  SINCE SEP 1    591           435    156      604
  SINCE JAN 1   2691          2253    438     2838
......................................................


WIND (MPH)
  HIGHEST WIND SPEED     9   HIGHEST WIND DIRECTION     E (70)
  HIGHEST GUST SPEED    12   HIGHEST GUST DIRECTION     E (100)
  AVERAGE WIND SPEED     2.2


SKY COVER
  AVERAGE SKY COVER 0.0


WEATHER CONDITIONS
 THE FOLLOWING WEATHER WAS RECORDED TODAY.
  FOG


RELATIVE HUMIDITY (PERCENT)
 HIGHEST   100           400 AM
 LOWEST     28           300 PM
 AVERAGE    64

..........................................................


THE HAMILTON - OWENS AIRPORT SC CLIMATE NORMALS FOR TOMORROW
                         NORMAL
 MAXIMUM TEMPERATURE (F)   67
 MINIMUM TEMPERATURE (F)   44


SUNRISE AND SUNSET
NOVEMBER 17 2017......SUNRISE   658 AM EST   SUNSET   519 PM EST
NOVEMBER 18 2017......SUNRISE   659 AM EST   SUNSET   519 PM EST


-  INDICATES NEGATIVE NUMBERS.
R  INDICATES RECORD WAS SET OR TIED.
MM INDICATES DATA IS MISSING.
T  INDICATES TRACE AMOUNT.




$$
