000
CDUS42 KCAE 220627
CLICUB


CLIMATE REPORT
NATIONAL WEATHER SERVICE COLUMBIA SC
226 AM EDT FRI AUG 22 2014


...................................

...THE HAMILTON - OWENS AIRPORT SC CLIMATE SUMMARY FOR AUGUST 21 2014...

CLIMATE NORMAL PERIOD 1981 TO 2010
CLIMATE RECORD PERIOD 9999 TO 9999


WEATHER ITEM   OBSERVED TIME   RECORD YEAR NORMAL DEPARTURE LAST
                VALUE   (LST)  VALUE       VALUE  FROM      YEAR
                                                  NORMAL
..................................................................
TEMPERATURE (F)
 YESTERDAY
  MAXIMUM         98    309 PM  MM      MM  90      8       90
  MINIMUM         77    652 AM  MM      MM  71      6       73
  AVERAGE         88                        81      7       82

PRECIPITATION (IN)
  YESTERDAY        0.00         MM      MM   0.16  -0.16     0.06
  MONTH TO DATE    4.47                      3.51   0.96     7.27
  SINCE JUN 1     10.95                     13.60  -2.65    25.07
  SINCE JAN 1     28.91                     30.42  -1.51    42.17

DEGREE DAYS
 HEATING
  YESTERDAY        0                         0      0        0
  MONTH TO DATE    0                         0      0        0
  SINCE JUN 1      0                         0      0        0
  SINCE JUL 1      0                         0      0        0

 COOLING
  YESTERDAY       23                        16      7       17
  MONTH TO DATE  342                       351     -9      314
  SINCE JUN 1   1360                      1331     29     1271
  SINCE JAN 1   1753                      1667     86     1581
..................................................................


WIND (MPH)
  HIGHEST WIND SPEED     9   HIGHEST WIND DIRECTION     E (80)
  HIGHEST GUST SPEED    13   HIGHEST GUST DIRECTION     E (80)
  AVERAGE WIND SPEED     1.9


SKY COVER
  AVERAGE SKY COVER 0.0


WEATHER CONDITIONS
 THE FOLLOWING WEATHER WAS RECORDED YESTERDAY.
  NO SIGNIFICANT WEATHER WAS OBSERVED.


RELATIVE HUMIDITY (PERCENT)
 HIGHEST    82           300 AM
 LOWEST     33           100 PM

..........................................................


THE HAMILTON - OWENS AIRPORT SC CLIMATE NORMALS FOR TODAY
                         NORMAL    RECORD    YEAR
 MAXIMUM TEMPERATURE (F)   90        MM        MM
 MINIMUM TEMPERATURE (F)   71        MM        MM


SUNRISE AND SUNSET
AUGUST 22 2014........SUNRISE   651 AM EDT   SUNSET   802 PM EDT
AUGUST 23 2014........SUNRISE   651 AM EDT   SUNSET   801 PM EDT


-  INDICATES NEGATIVE NUMBERS.
R  INDICATES RECORD WAS SET OR TIED.
MM INDICATES DATA IS MISSING.
T  INDICATES TRACE AMOUNT.




$$
