000
CDUS42 KCAE 192230
CLICUB


CLIMATE REPORT
NATIONAL WEATHER SERVICE COLUMBIA SC
530 PM EST FRI JAN 19 2018


...................................

...THE HAMILTON - OWENS AIRPORT SC CLIMATE SUMMARY FOR JANUARY 19 2018...
VALID TODAY AS OF 0500 PM LOCAL TIME.

CLIMATE NORMAL PERIOD 1981 TO 2010
CLIMATE RECORD PERIOD 9999 TO 9999


WEATHER ITEM   OBSERVED TIME   NORMAL DEPARTURE LAST
                VALUE   (LST)  VALUE  FROM      YEAR
                                      NORMAL
......................................................
TEMPERATURE (F)
 TODAY
  MAXIMUM         60    349 PM  56      4       70
  MINIMUM         25    753 AM  36    -11       46
  AVERAGE         43            46     -3       58

PRECIPITATION (IN)
  TODAY            0.00          0.11  -0.11     0.00
  MONTH TO DATE    0.83          2.04  -1.21     4.13
  SINCE DEC 1      4.16          5.24  -1.08     7.51
  SINCE JAN 1      0.83          2.04  -1.21     4.13

DEGREE DAYS
 HEATING
  TODAY           22            19      3        7
  MONTH TO DATE  458           373     85      214
  SINCE DEC 1    937           902     35      663
  SINCE JUL 1   1290          1273     17      924

 COOLING
  TODAY            0             0      0        0
  MONTH TO DATE    1             0      1        1
  SINCE DEC 1      1             4     -3        2
  SINCE JAN 1      1             0      1        1
......................................................


WIND (MPH)
  HIGHEST WIND SPEED     9   HIGHEST WIND DIRECTION     W (270)
  HIGHEST GUST SPEED    12   HIGHEST GUST DIRECTION    SW (230)
  AVERAGE WIND SPEED     2.0


SKY COVER
  AVERAGE SKY COVER 0.0


WEATHER CONDITIONS
 THE FOLLOWING WEATHER WAS RECORDED TODAY.
  NO SIGNIFICANT WEATHER WAS OBSERVED.


RELATIVE HUMIDITY (PERCENT)
 HIGHEST    88           600 AM
 LOWEST     18           400 PM
 AVERAGE    53

..........................................................


THE HAMILTON - OWENS AIRPORT SC CLIMATE NORMALS FOR TOMORROW
                         NORMAL
 MAXIMUM TEMPERATURE (F)   56
 MINIMUM TEMPERATURE (F)   36


SUNRISE AND SUNSET
JANUARY 19 2018.......SUNRISE   728 AM EST   SUNSET   542 PM EST
JANUARY 20 2018.......SUNRISE   728 AM EST   SUNSET   543 PM EST


-  INDICATES NEGATIVE NUMBERS.
R  INDICATES RECORD WAS SET OR TIED.
MM INDICATES DATA IS MISSING.
T  INDICATES TRACE AMOUNT.




$$
