000
CDUS43 KUNR 310831
CLICUT


CLIMATE REPORT
NATIONAL WEATHER SERVICE RAPID CITY SD
230 AM MDT FRI OCT 31 2014


...................................

...THE CUSTER COUNTY AIRPORT SD CLIMATE SUMMARY FOR OCTOBER 30 2014...

CLIMATE NORMAL PERIOD 1981 TO 2010
CLIMATE RECORD PERIOD 9999 TO 9999


WEATHER ITEM   OBSERVED TIME   NORMAL DEPARTURE LAST
                VALUE   (LST)  VALUE  FROM      YEAR
                                      NORMAL
......................................................
TEMPERATURE (F)
 YESTERDAY
  MAXIMUM         55   1241 PM  50      5       41
  MINIMUM         27   1159 PM  27      0       25
  AVERAGE         41            38      3       33

PRECIPITATION (IN)
  YESTERDAY        0.00          0.02  -0.02     0.06
  MONTH TO DATE    0.21          1.45  -1.24     3.56
  SINCE SEP 1      4.63          3.02   1.61     4.86
  SINCE JAN 1     19.14         17.94   1.20    20.81

DEGREE DAYS
 HEATING
  YESTERDAY       24            27     -3       32
  MONTH TO DATE  510           667   -157      780
  SINCE SEP 1    795           999   -204     1002
  SINCE JUL 1    926          1153   -227     1099

 COOLING
  YESTERDAY        0             0      0        0
  MONTH TO DATE    0             0      0        0
  SINCE SEP 1     18            11      7       38
  SINCE JAN 1    152           177    -25      187
......................................................


WIND (MPH)
  HIGHEST WIND SPEED    15   HIGHEST WIND DIRECTION     N (340)
  HIGHEST GUST SPEED    23   HIGHEST GUST DIRECTION    NW (320)
  AVERAGE WIND SPEED     5.2


SKY COVER
  AVERAGE SKY COVER 0.3


WEATHER CONDITIONS
 THE FOLLOWING WEATHER WAS RECORDED YESTERDAY.
  FOG
  FOG W/VISIBILITY <= 1/4 MILE


RELATIVE HUMIDITY (PERCENT)
 HIGHEST    92
 LOWEST     35
 AVERAGE    64

..........................................................




SUNRISE AND SUNSET
OCTOBER 31 2014.......SUNRISE   729 AM MDT   SUNSET   546 PM MDT
NOVEMBER  1 2014......SUNRISE   730 AM MDT   SUNSET   545 PM MDT


-  INDICATES NEGATIVE NUMBERS.
R  INDICATES RECORD WAS SET OR TIED.
MM INDICATES DATA IS MISSING.
T  INDICATES TRACE AMOUNT.




$$
