000
CDUS43 KUNR 300830
CLICUT


CLIMATE REPORT
NATIONAL WEATHER SERVICE RAPID CITY SD
230 AM MDT SUN AUG 30 2015


...................................

...THE CUSTER COUNTY AIRPORT SD CLIMATE SUMMARY FOR AUGUST 29 2015...

CLIMATE NORMAL PERIOD 1981 TO 2010
CLIMATE RECORD PERIOD 9999 TO 9999


WEATHER ITEM   OBSERVED TIME   NORMAL DEPARTURE LAST
                VALUE   (LST)  VALUE  FROM      YEAR
                                      NORMAL
......................................................
TEMPERATURE (F)
 YESTERDAY
  MAXIMUM         86    246 PM  75     11       70
  MINIMUM         54    213 AM  48      6       49
  AVERAGE         70            61      9       60

PRECIPITATION (IN)
  YESTERDAY        0.00          0.08  -0.08      T
  MONTH TO DATE    2.13          1.99   0.14     1.88
  SINCE JUN 1     10.93          7.65   3.28     6.77
  SINCE JAN 1     20.24         14.76   5.48    14.49

DEGREE DAYS
 HEATING
  YESTERDAY        0             5     -5        5
  MONTH TO DATE   90            82      8       43
  SINCE JUN 1    248           363   -115      395
  SINCE JUL 1    146           143      3      122

 COOLING
  YESTERDAY        5             1      4        0
  MONTH TO DATE   79            50     29       44
  SINCE JUN 1    176           156     20      130
  SINCE JAN 1    176           157     19      134
......................................................


WIND (MPH)
  HIGHEST WIND SPEED    15   HIGHEST WIND DIRECTION    SW (240)
  HIGHEST GUST SPEED    25   HIGHEST GUST DIRECTION    SW (210)
  AVERAGE WIND SPEED     6.1


SKY COVER
  AVERAGE SKY COVER 0.0


WEATHER CONDITIONS
 THE FOLLOWING WEATHER WAS RECORDED YESTERDAY.
  NO SIGNIFICANT WEATHER WAS OBSERVED.


RELATIVE HUMIDITY (PERCENT)
 HIGHEST    72
 LOWEST     17
 AVERAGE    45

..........................................................




SUNRISE AND SUNSET
AUGUST 30 2015........SUNRISE   616 AM MDT   SUNSET   734 PM MDT
AUGUST 31 2015........SUNRISE   617 AM MDT   SUNSET   732 PM MDT


-  INDICATES NEGATIVE NUMBERS.
R  INDICATES RECORD WAS SET OR TIED.
MM INDICATES DATA IS MISSING.
T  INDICATES TRACE AMOUNT.




$$
