000
CDUS43 KUNR 300836
CLICUT


CLIMATE REPORT
NATIONAL WEATHER SERVICE RAPID CITY SD
234 AM MDT SAT MAY 30 2015


...................................

...THE CUSTER COUNTY AIRPORT SD CLIMATE SUMMARY FOR MAY 29 2015...

CLIMATE NORMAL PERIOD 1981 TO 2010
CLIMATE RECORD PERIOD 9999 TO 9999


WEATHER ITEM   OBSERVED TIME   NORMAL DEPARTURE LAST
                VALUE   (LST)  VALUE  FROM      YEAR
                                      NORMAL
......................................................
TEMPERATURE (F)
 YESTERDAY
  MAXIMUM         58    104 PM  64     -6       81
  MINIMUM         39   1159 PM  40     -1       56
  AVERAGE         49            52     -3       69

PRECIPITATION (IN)
  YESTERDAY        0.09          0.12  -0.03     0.01
  MONTH TO DATE    6.59          2.88   3.71     2.60
  SINCE MAR 1      8.90          6.01   2.89     5.87
  SINCE JAN 1      9.30          6.87   2.43     7.20

DEGREE DAYS
 HEATING
  YESTERDAY       16            13      3        0
  MONTH TO DATE  569           493     76      465
  SINCE MAR 1   2109          2308   -199     2288
  SINCE JUL 1   7558          8143   -585     8146

 COOLING
  YESTERDAY        0             0      0        4
  MONTH TO DATE    0             0      0        4
  SINCE MAR 1      0             0      0        4
  SINCE JAN 1      0             0      0        4
......................................................


WIND (MPH)
  HIGHEST WIND SPEED    16   HIGHEST WIND DIRECTION     N (340)
  HIGHEST GUST SPEED    23   HIGHEST GUST DIRECTION     N (350)
  AVERAGE WIND SPEED     5.8


SKY COVER
  AVERAGE SKY COVER 1.0


WEATHER CONDITIONS
 THE FOLLOWING WEATHER WAS RECORDED YESTERDAY.
  LIGHT RAIN
  FOG
  FOG W/VISIBILITY <= 1/4 MILE


RELATIVE HUMIDITY (PERCENT)
 HIGHEST    93
 LOWEST     57
 AVERAGE    75

..........................................................




SUNRISE AND SUNSET
MAY 30 2015...........SUNRISE   517 AM MDT   SUNSET   828 PM MDT
MAY 31 2015...........SUNRISE   516 AM MDT   SUNSET   828 PM MDT


-  INDICATES NEGATIVE NUMBERS.
R  INDICATES RECORD WAS SET OR TIED.
MM INDICATES DATA IS MISSING.
T  INDICATES TRACE AMOUNT.




$$
