000
CDUS43 KUNR 140833
CLICUT


CLIMATE REPORT
NATIONAL WEATHER SERVICE RAPID CITY SD
232 AM MDT MON JUL 14 2014


...................................

...THE CUSTER COUNTY AIRPORT SD CLIMATE SUMMARY FOR JULY 13 2014...

CLIMATE NORMAL PERIOD 1981 TO 2010
CLIMATE RECORD PERIOD 9999 TO 9999


WEATHER ITEM   OBSERVED TIME   NORMAL DEPARTURE LAST
                VALUE   (LST)  VALUE  FROM      YEAR
                                      NORMAL
......................................................
TEMPERATURE (F)
 YESTERDAY
  MAXIMUM         77   1223 PM  80     -3       86
  MINIMUM         50    333 AM  52     -2       54
  AVERAGE         64            66     -2       70

PRECIPITATION (IN)
  YESTERDAY        0.00          0.09  -0.09     0.00
  MONTH TO DATE    0.80          1.02  -0.22     2.22
  SINCE JUN 1      4.19          4.24  -0.05     3.87
  SINCE JAN 1     11.91         11.35   0.56    10.40

DEGREE DAYS
 HEATING
  YESTERDAY        1             2     -1        0
  MONTH TO DATE   36            30      6       10
  SINCE JUN 1    309           250     59      203
  SINCE JUL 1     36            30      6       10

 COOLING
  YESTERDAY        0             3     -3        5
  MONTH TO DATE   33            29      4       32
  SINCE JUN 1     34            54    -20       41
  SINCE JAN 1     38            55    -17       43
......................................................


WIND (MPH)
  HIGHEST WIND SPEED    15   HIGHEST WIND DIRECTION     W (280)
  HIGHEST GUST SPEED    20   HIGHEST GUST DIRECTION     W (260)
  AVERAGE WIND SPEED     6.4


SKY COVER
  AVERAGE SKY COVER 0.2


WEATHER CONDITIONS
 THE FOLLOWING WEATHER WAS RECORDED YESTERDAY.
  NO SIGNIFICANT WEATHER WAS OBSERVED.


RELATIVE HUMIDITY (PERCENT)
 HIGHEST    86
 LOWEST     36
 AVERAGE    61

..........................................................




SUNRISE AND SUNSET
JULY 14 2014..........SUNRISE   526 AM MDT   SUNSET   835 PM MDT
JULY 15 2014..........SUNRISE   527 AM MDT   SUNSET   834 PM MDT


-  INDICATES NEGATIVE NUMBERS.
R  INDICATES RECORD WAS SET OR TIED.
MM INDICATES DATA IS MISSING.
T  INDICATES TRACE AMOUNT.




$$
