000
CDUS43 KUNR 280836
CLICUT


CLIMATE REPORT
NATIONAL WEATHER SERVICE RAPID CITY SD
135 AM MST FRI NOV 28 2014


...................................

...THE CUSTER COUNTY AIRPORT SD CLIMATE SUMMARY FOR NOVEMBER 27 2014...

CLIMATE NORMAL PERIOD 1981 TO 2010
CLIMATE RECORD PERIOD 9999 TO 9999


WEATHER ITEM   OBSERVED TIME   NORMAL DEPARTURE LAST
                VALUE   (LST)  VALUE  FROM      YEAR
                                      NORMAL
......................................................
TEMPERATURE (F)
 YESTERDAY
  MAXIMUM         51   1232 PM  37     14       53
  MINIMUM         20   1236 AM  17      3       25
  AVERAGE         36            27      9       39

PRECIPITATION (IN)
  YESTERDAY        0.00          0.02  -0.02     0.00
  MONTH TO DATE    0.89          0.56   0.33     0.61
  SINCE SEP 1      5.52          3.60   1.92     5.47
  SINCE JAN 1     20.03         18.52   1.51    21.42

DEGREE DAYS
 HEATING
  YESTERDAY       29            38     -9       26
  MONTH TO DATE 1023           884    139      897
  SINCE SEP 1   1848          1909    -61     1928
  SINCE JUL 1   1979          2063    -84     2025

 COOLING
  YESTERDAY        0             0      0        0
  MONTH TO DATE    0             0      0        0
  SINCE SEP 1     18            11      7       38
  SINCE JAN 1    152           177    -25      187
......................................................


WIND (MPH)
  HIGHEST WIND SPEED    14   HIGHEST WIND DIRECTION     W (270)
  HIGHEST GUST SPEED    19   HIGHEST GUST DIRECTION     W (270)
  AVERAGE WIND SPEED     5.2


SKY COVER
  AVERAGE SKY COVER 0.1


WEATHER CONDITIONS
 THE FOLLOWING WEATHER WAS RECORDED YESTERDAY.
  NO SIGNIFICANT WEATHER WAS OBSERVED.


RELATIVE HUMIDITY (PERCENT)
 HIGHEST    92
 LOWEST     36
 AVERAGE    64

..........................................................




SUNRISE AND SUNSET
NOVEMBER 28 2014......SUNRISE   705 AM MST   SUNSET   420 PM MST
NOVEMBER 29 2014......SUNRISE   706 AM MST   SUNSET   419 PM MST


-  INDICATES NEGATIVE NUMBERS.
R  INDICATES RECORD WAS SET OR TIED.
MM INDICATES DATA IS MISSING.
T  INDICATES TRACE AMOUNT.




$$
