782
CDUS43 KUNR 260835
CLICUT


CLIMATE REPORT
NATIONAL WEATHER SERVICE RAPID CITY SD
234 AM MDT WED APR 26 2017


...................................

...THE CUSTER COUNTY AIRPORT SD CLIMATE SUMMARY FOR APRIL 25 2017...

CLIMATE NORMAL PERIOD 1981 TO 2010
CLIMATE RECORD PERIOD 9999 TO 9999


WEATHER ITEM   OBSERVED TIME   NORMAL DEPARTURE LAST
                VALUE   (LST)  VALUE  FROM      YEAR
                                      NORMAL
......................................................
TEMPERATURE (F)
 YESTERDAY
  MAXIMUM         34   1206 AM  54    -20       59
  MINIMUM         24   1148 PM  30     -6       28
  AVERAGE         29            42    -13       44

PRECIPITATION (IN)
  YESTERDAY        0.33          0.07   0.26     0.00
  MONTH TO DATE    2.86          1.66   1.20     0.32
  SINCE MAR 1      3.57          2.67   0.90     1.46
  SINCE JAN 1      5.58          3.53   2.05     2.07

DEGREE DAYS
 HEATING
  YESTERDAY       36            23     13       21
  MONTH TO DATE  581           666    -85      509
  SINCE MAR 1   1425          1706   -281     1381
  SINCE JUL 1   6793          7541   -748     6436

 COOLING
  YESTERDAY        0             0      0        0
  MONTH TO DATE    0             0      0        0
  SINCE MAR 1      0             0      0        0
  SINCE JAN 1      0             0      0        0
......................................................


WIND (MPH)
  HIGHEST WIND SPEED    18   HIGHEST WIND DIRECTION    NE (50)
  HIGHEST GUST SPEED    24   HIGHEST GUST DIRECTION    NE (60)
  AVERAGE WIND SPEED     8.2


SKY COVER
  AVERAGE SKY COVER 1.0


WEATHER CONDITIONS
 THE FOLLOWING WEATHER WAS RECORDED YESTERDAY.
  SNOW
  LIGHT SNOW
  FOG
  FOG W/VISIBILITY <= 1/4 MILE
  HAZE


RELATIVE HUMIDITY (PERCENT)
 HIGHEST   100
 LOWEST     75
 AVERAGE    88

..........................................................




SUNRISE AND SUNSET
APRIL 26 2017.........SUNRISE   554 AM MDT   SUNSET   752 PM MDT
APRIL 27 2017.........SUNRISE   552 AM MDT   SUNSET   753 PM MDT


-  INDICATES NEGATIVE NUMBERS.
R  INDICATES RECORD WAS SET OR TIED.
MM INDICATES DATA IS MISSING.
T  INDICATES TRACE AMOUNT.




$$
