000
CDUS43 KUNR 210832
CLICUT


CLIMATE REPORT
NATIONAL WEATHER SERVICE RAPID CITY SD
231 AM MDT SAT OCT 21 2017


...................................

...THE CUSTER COUNTY AIRPORT SD CLIMATE SUMMARY FOR OCTOBER 20 2017...

CLIMATE NORMAL PERIOD 1981 TO 2010
CLIMATE RECORD PERIOD 9999 TO 9999


WEATHER ITEM   OBSERVED TIME   NORMAL DEPARTURE LAST
                VALUE   (LST)  VALUE  FROM      YEAR
                                      NORMAL
......................................................
TEMPERATURE (F)
 YESTERDAY
  MAXIMUM         72    153 PM  53     19       50
  MINIMUM         48   1159 PM  30     18       27
  AVERAGE         60            42     18       39

PRECIPITATION (IN)
  YESTERDAY        T             0.05  -0.05     0.00
  MONTH TO DATE    0.72          1.14  -0.42     0.51
  SINCE SEP 1      2.29          2.71  -0.42     2.28
  SINCE JAN 1     19.86         17.63   2.23    15.12

DEGREE DAYS
 HEATING
  YESTERDAY        5            24    -19       26
  MONTH TO DATE  398           415    -17      344
  SINCE SEP 1    682           747    -65      598
  SINCE JUL 1    783           901   -118      734

 COOLING
  YESTERDAY        0             0      0        0
  MONTH TO DATE    0             0      0        0
  SINCE SEP 1     27            11     16        7
  SINCE JAN 1    235           177     58      259
......................................................


WIND (MPH)
  HIGHEST WIND SPEED    22   HIGHEST WIND DIRECTION     W (260)
  HIGHEST GUST SPEED    35   HIGHEST GUST DIRECTION     W (270)
  AVERAGE WIND SPEED     9.2


SKY COVER
  AVERAGE SKY COVER 0.1


WEATHER CONDITIONS
 THE FOLLOWING WEATHER WAS RECORDED YESTERDAY.
  LIGHT RAIN


RELATIVE HUMIDITY (PERCENT)
 HIGHEST    35
 LOWEST     20
 AVERAGE    28

..........................................................




SUNRISE AND SUNSET
OCTOBER 21 2017.......SUNRISE   717 AM MDT   SUNSET   601 PM MDT
OCTOBER 22 2017.......SUNRISE   718 AM MDT   SUNSET   559 PM MDT


-  INDICATES NEGATIVE NUMBERS.
R  INDICATES RECORD WAS SET OR TIED.
MM INDICATES DATA IS MISSING.
T  INDICATES TRACE AMOUNT.




$$
