000
CDUS43 KUNR 280833
CLICUT


CLIMATE REPORT
NATIONAL WEATHER SERVICE RAPID CITY SD
132 AM MST TUE FEB 28 2017


...................................

...THE CUSTER COUNTY AIRPORT SD CLIMATE SUMMARY FOR FEBRUARY 27 2017...

CLIMATE NORMAL PERIOD 1981 TO 2010
CLIMATE RECORD PERIOD 9999 TO 9999


WEATHER ITEM   OBSERVED TIME   NORMAL DEPARTURE LAST
                VALUE   (LST)  VALUE  FROM      YEAR
                                      NORMAL
......................................................
TEMPERATURE (F)
 YESTERDAY
  MAXIMUM         33    253 PM  38     -5       61
  MINIMUM         14   1146 PM  17     -3       34
  AVERAGE         24            28     -4       48

PRECIPITATION (IN)
  YESTERDAY        0.06          0.02   0.04     0.01
  MONTH TO DATE    1.02          0.51   0.51     0.52
  SINCE DEC 1      3.29          1.22   2.07     0.94
  SINCE JAN 1      2.01          0.84   1.17     0.56

DEGREE DAYS
 HEATING
  YESTERDAY       41            37      4       17
  MONTH TO DATE  926          1063   -137      896
  SINCE DEC 1   3708          3617     91     3213
  SINCE JUL 1   5327          5798   -471     5001

 COOLING
  YESTERDAY        0             0      0        0
  MONTH TO DATE    0             0      0        0
  SINCE DEC 1      0             0      0        0
  SINCE JAN 1      0             0      0        0
......................................................


WIND (MPH)
  HIGHEST WIND SPEED    15   HIGHEST WIND DIRECTION     W (290)
  HIGHEST GUST SPEED    21   HIGHEST GUST DIRECTION     W (250)
  AVERAGE WIND SPEED     6.0


SKY COVER
  AVERAGE SKY COVER 0.6


WEATHER CONDITIONS
 THE FOLLOWING WEATHER WAS RECORDED YESTERDAY.
  HEAVY SNOW
  SNOW
  LIGHT SNOW
  FOG
  HAZE


RELATIVE HUMIDITY (PERCENT)
 HIGHEST    81
 LOWEST     45
 AVERAGE    63

..........................................................




SUNRISE AND SUNSET
FEBRUARY 28 2017......SUNRISE   632 AM MST   SUNSET   542 PM MST
MARCH  1 2017.........SUNRISE   631 AM MST   SUNSET   543 PM MST


-  INDICATES NEGATIVE NUMBERS.
R  INDICATES RECORD WAS SET OR TIED.
MM INDICATES DATA IS MISSING.
T  INDICATES TRACE AMOUNT.




$$
