000
CDUS41 KILN 252055
CLICVG


CLIMATE REPORT
NATIONAL WEATHER SERVICE WILMINGTON OH
455 PM EDT TUE APR 25 2017


...................................

...THE CINCINNATI OH CLIMATE SUMMARY FOR APRIL 25 2017...
VALID TODAY AS OF 0400 PM LOCAL TIME.

CLIMATE NORMAL PERIOD 1981 TO 2010
CLIMATE RECORD PERIOD 1869 TO 2017


WEATHER ITEM   OBSERVED TIME   RECORD YEAR NORMAL DEPARTURE LAST
                VALUE   (LST)  VALUE       VALUE  FROM      YEAR
                                                  NORMAL
..................................................................
TEMPERATURE (F)
 TODAY
  MAXIMUM         74    330 PM  87    1954  68      6       80
  MINIMUM         53    412 AM  26    1919  47      6       53
  AVERAGE         64                        57      7       67

PRECIPITATION (IN)
  TODAY            0.00          1.44 1880   0.13  -0.13     0.00
  MONTH TO DATE    2.52                      3.20  -0.68     2.12
  SINCE MAR 1      7.33                      7.16   0.17     7.42
  SINCE JAN 1     14.55                     12.97   1.58    14.05

SNOWFALL (IN)
  TODAY            0.0           0.0    MM   0.0    0.0      0.0
  MONTH TO DATE    0.0                       0.5   -0.5       T
  SINCE MAR 1      2.0                       3.5   -1.5      2.3
  SINCE JUL 1     10.0                      22.1  -12.1     19.2
  SNOW DEPTH       0

DEGREE DAYS
 HEATING
  TODAY            1                         8     -7        0
  MONTH TO DATE  159                       303   -144      293
  SINCE MAR 1    782                       969   -187      747
  SINCE JUL 1   3862                      4796   -934     3955

 COOLING
  TODAY            0                         1     -1        2
  MONTH TO DATE   33                        13     20        9
  SINCE MAR 1     34                        13     21        9
  SINCE JAN 1     34                        13     21        9
..................................................................


WIND (MPH)
  HIGHEST WIND SPEED    15   HIGHEST WIND DIRECTION     E (100)
  HIGHEST GUST SPEED    18   HIGHEST GUST DIRECTION     E (110)
  AVERAGE WIND SPEED     6.7


SKY COVER
  POSSIBLE SUNSHINE  MM
  AVERAGE SKY COVER 0.5


WEATHER CONDITIONS
 THE FOLLOWING WEATHER WAS RECORDED TODAY.
  NO SIGNIFICANT WEATHER WAS OBSERVED.


RELATIVE HUMIDITY (PERCENT)
 HIGHEST    89           400 AM
 LOWEST     57           100 PM
 AVERAGE    73

..........................................................


THE CINCINNATI OH CLIMATE NORMALS FOR TOMORROW
                         NORMAL    RECORD    YEAR
 MAXIMUM TEMPERATURE (F)   68        89      1915
 MINIMUM TEMPERATURE (F)   47        29      1919


SUNRISE AND SUNSET
APRIL 25 2017.........SUNRISE   648 AM EDT   SUNSET   826 PM EDT
APRIL 26 2017.........SUNRISE   647 AM EDT   SUNSET   827 PM EDT


-  INDICATES NEGATIVE NUMBERS.
R  INDICATES RECORD WAS SET OR TIED.
MM INDICATES DATA IS MISSING.
T  INDICATES TRACE AMOUNT.




$$
