000
CDUS41 KILN 250544
CLICVG


CLIMATE REPORT
NATIONAL WEATHER SERVICE WILMINGTON OH
144 AM EDT MON SEP 25 2017


...................................

...THE CINCINNATI OH CLIMATE SUMMARY FOR SEPTEMBER 24 2017...

CLIMATE NORMAL PERIOD 1981 TO 2010
CLIMATE RECORD PERIOD 1869 TO 2017


WEATHER ITEM   OBSERVED TIME   RECORD YEAR NORMAL DEPARTURE LAST
                VALUE   (LST)  VALUE       VALUE  FROM      YEAR
                                                  NORMAL
..................................................................
TEMPERATURE (F)
 YESTERDAY
  MAXIMUM         90    230 PM  94    2007  75     15       83
  MINIMUM         66    534 AM  33    1983  54     12       66
  AVERAGE         78                        64     14       75

PRECIPITATION (IN)
  YESTERDAY        0.00          1.87 1972   0.09  -0.09     0.00
  MONTH TO DATE    2.41                      2.08   0.33     1.26
  SINCE SEP 1      2.41                      2.08   0.33     1.26
  SINCE JAN 1     39.20                     31.87   7.33    34.34

SNOWFALL (IN)
  YESTERDAY        0.0          MM      MM   0.0    0.0      0.0
  MONTH TO DATE    0.0                       0.0    0.0      0.0
  SINCE SEP 1      0.0                       0.0    0.0      0.0
  SINCE JUL 1      0.0                       0.0    0.0      0.0
  SNOW DEPTH       0

DEGREE DAYS
 HEATING
  YESTERDAY        0                         3     -3        0
  MONTH TO DATE   39                        31      8        0
  SINCE SEP 1     39                        31      8        0
  SINCE JUL 1     40                        31      9        0

 COOLING
  YESTERDAY       13                         3     10       10
  MONTH TO DATE  101                       125    -24      226
  SINCE SEP 1    101                       125    -24      226
  SINCE JAN 1   1032                      1093    -61     1401
..................................................................


WIND (MPH)
  RESULTANT WIND SPEED   5   RESULTANT WIND DIRECTION  SE (120)
  HIGHEST WIND SPEED    13   HIGHEST WIND DIRECTION    SE (130)
  HIGHEST GUST SPEED    20   HIGHEST GUST DIRECTION    SE (140)
  AVERAGE WIND SPEED     5.6


SKY COVER
  POSSIBLE SUNSHINE  MM
  AVERAGE SKY COVER 0.2


WEATHER CONDITIONS
 THE FOLLOWING WEATHER WAS RECORDED YESTERDAY.
  NO SIGNIFICANT WEATHER WAS OBSERVED.


RELATIVE HUMIDITY (PERCENT)
 HIGHEST    87           500 AM
 LOWEST     31           400 PM
 AVERAGE    59

..........................................................


THE CINCINNATI OH CLIMATE NORMALS FOR TODAY
                         NORMAL    RECORD    YEAR
 MAXIMUM TEMPERATURE (F)   74        93      2007
 MINIMUM TEMPERATURE (F)   53        35      1950


SUNRISE AND SUNSET
SEPTEMBER 25 2017.....SUNRISE   729 AM EDT   SUNSET   730 PM EDT
SEPTEMBER 26 2017.....SUNRISE   730 AM EDT   SUNSET   729 PM EDT


-  INDICATES NEGATIVE NUMBERS.
R  INDICATES RECORD WAS SET OR TIED.
MM INDICATES DATA IS MISSING.
T  INDICATES TRACE AMOUNT.




$$
