000
CDUS41 KILN 270549
CLICVG


CLIMATE REPORT
NATIONAL WEATHER SERVICE WILMINGTON OH
149 AM EDT FRI MAY 27 2016


...................................

...THE CINCINNATI OH CLIMATE SUMMARY FOR MAY 26 2016...

CLIMATE NORMAL PERIOD 1981 TO 2010
CLIMATE RECORD PERIOD 1869 TO 2016


WEATHER ITEM   OBSERVED TIME   RECORD YEAR NORMAL DEPARTURE LAST
                VALUE   (LST)  VALUE       VALUE  FROM      YEAR
                                                  NORMAL
..................................................................
TEMPERATURE (F)
 YESTERDAY
  MAXIMUM         79    217 PM  95    1911  76      3       85
  MINIMUM         63   1159 PM  37    1983  56      7       64
  AVERAGE         71                        66      5       75

PRECIPITATION (IN)
  YESTERDAY        0.09          2.78 1879   0.16  -0.07     0.39
  MONTH TO DATE    2.80                      4.13  -1.33     1.34
  SINCE MAR 1     12.98                     11.98   1.00    12.79
  SINCE JAN 1     19.61                     17.79   1.82    16.94

SNOWFALL (IN)
  YESTERDAY        0.0           0.0    MM   0.0    0.0      0.0
  MONTH TO DATE    0.0                       0.0    0.0      0.0
  SINCE MAR 1      2.3                       3.5   -1.2      4.9
  SINCE JUL 1     19.2                      22.1   -2.9     29.9
  SNOW DEPTH       0

DEGREE DAYS
 HEATING
  YESTERDAY        0                         2     -2        0
  MONTH TO DATE  161                       116     45       67
  SINCE MAR 1    926                      1123   -197     1049
  SINCE JUL 1   4134                      4950   -816     5276

 COOLING
  YESTERDAY        6                         4      2       10
  MONTH TO DATE   27                        56    -29      108
  SINCE MAR 1     45                        74    -29      113
  SINCE JAN 1     45                        74    -29      113
..................................................................


WIND (MPH)
  RESULTANT WIND SPEED   8   RESULTANT WIND DIRECTION   S (200)
  HIGHEST WIND SPEED    28   HIGHEST WIND DIRECTION     W (290)
  HIGHEST GUST SPEED    31   HIGHEST GUST DIRECTION     W (290)
  AVERAGE WIND SPEED     8.0


SKY COVER
  POSSIBLE SUNSHINE  MM
  AVERAGE SKY COVER 0.9


WEATHER CONDITIONS
 THE FOLLOWING WEATHER WAS RECORDED YESTERDAY.
  THUNDERSTORM
  RAIN
  LIGHT RAIN
  FOG


RELATIVE HUMIDITY (PERCENT)
 HIGHEST    93           900 PM
 LOWEST     67           100 PM
 AVERAGE    80

..........................................................


THE CINCINNATI OH CLIMATE NORMALS FOR TODAY
                         NORMAL    RECORD    YEAR
 MAXIMUM TEMPERATURE (F)   77        95      1911
 MINIMUM TEMPERATURE (F)   57        34      1961


SUNRISE AND SUNSET
MAY 27 2016...........SUNRISE   617 AM EDT   SUNSET   855 PM EDT
MAY 28 2016...........SUNRISE   616 AM EDT   SUNSET   856 PM EDT


-  INDICATES NEGATIVE NUMBERS.
R  INDICATES RECORD WAS SET OR TIED.
MM INDICATES DATA IS MISSING.
T  INDICATES TRACE AMOUNT.




$$
