000
CDUS41 KILN 190538
CLICVG


CLIMATE REPORT
NATIONAL WEATHER SERVICE WILMINGTON OH
1238 AM EST MON FEB 19 2018


...................................

...THE CINCINNATI OH CLIMATE SUMMARY FOR FEBRUARY 18 2018...

CLIMATE NORMAL PERIOD 1981 TO 2010
CLIMATE RECORD PERIOD 1869 TO 2018


WEATHER ITEM   OBSERVED TIME   RECORD YEAR NORMAL DEPARTURE LAST
                VALUE   (LST)  VALUE       VALUE  FROM      YEAR
                                                  NORMAL
..................................................................
TEMPERATURE (F)
 YESTERDAY
  MAXIMUM         48    404 PM  68    1948  44      4       62
  MINIMUM         32    803 AM  -8    1936  27      5       41
  AVERAGE         40                        35      5       52

PRECIPITATION (IN)
  YESTERDAY        0.00          2.38 2000   0.10  -0.10      T
  MONTH TO DATE    2.50                      1.83   0.67     1.52
  SINCE DEC 1      7.10                      8.20  -1.10     9.62
  SINCE JAN 1      4.71                      4.83  -0.12     5.19

SNOWFALL (IN)
  YESTERDAY        0.0           4.5  2015   0.2   -0.2      0.0
  MONTH TO DATE    1.6                       4.6   -3.0      1.6
  SINCE DEC 1     11.6                      15.9   -4.3      8.0
  SINCE JUL 1     11.6                      16.7   -5.1      8.0
  SNOW DEPTH       0

DEGREE DAYS
 HEATING
  YESTERDAY       25                        30     -5       13
  MONTH TO DATE  545                       572    -27      451
  SINCE DEC 1   2667                      2584     83     2268
  SINCE JUL 1   3558                      3544     14     2950

 COOLING
  YESTERDAY        0                         0      0        0
  MONTH TO DATE    0                         0      0        0
  SINCE DEC 1      0                         0      0        0
  SINCE JAN 1      0                         0      0        0
..................................................................


WIND (MPH)
  RESULTANT WIND SPEED   4   RESULTANT WIND DIRECTION  SE (130)
  HIGHEST WIND SPEED    18   HIGHEST WIND DIRECTION    NW (300)
  HIGHEST GUST SPEED    23   HIGHEST GUST DIRECTION    NW (300)
  AVERAGE WIND SPEED     7.9


SKY COVER
  POSSIBLE SUNSHINE  MM
  AVERAGE SKY COVER 0.8


WEATHER CONDITIONS
 THE FOLLOWING WEATHER WAS RECORDED YESTERDAY.
  NO SIGNIFICANT WEATHER WAS OBSERVED.


RELATIVE HUMIDITY (PERCENT)
 HIGHEST    92           100 AM
 LOWEST     60           300 PM
 AVERAGE    76

..........................................................


THE CINCINNATI OH CLIMATE NORMALS FOR TODAY
                         NORMAL    RECORD    YEAR
 MAXIMUM TEMPERATURE (F)   44        74      1939
 MINIMUM TEMPERATURE (F)   27        -6      2015


SUNRISE AND SUNSET
FEBRUARY 19 2018......SUNRISE   725 AM EST   SUNSET   620 PM EST
FEBRUARY 20 2018......SUNRISE   724 AM EST   SUNSET   622 PM EST


-  INDICATES NEGATIVE NUMBERS.
R  INDICATES RECORD WAS SET OR TIED.
MM INDICATES DATA IS MISSING.
T  INDICATES TRACE AMOUNT.




$$
