000
CDUS41 KILN 220536
CLICVG


CLIMATE REPORT
NATIONAL WEATHER SERVICE WILMINGTON OH
135 AM EDT SAT JUL 22 2017


...................................

...THE CINCINNATI OH CLIMATE SUMMARY FOR JULY 21 2017...

CLIMATE NORMAL PERIOD 1981 TO 2010
CLIMATE RECORD PERIOD 1869 TO 2017


WEATHER ITEM   OBSERVED TIME   RECORD YEAR NORMAL DEPARTURE LAST
                VALUE   (LST)  VALUE       VALUE  FROM      YEAR
                                                  NORMAL
..................................................................
TEMPERATURE (F)
 YESTERDAY
  MAXIMUM         90    555 PM 108    1934  86      4       91
  MINIMUM         73    939 AM  50    1970  66      7       67
  AVERAGE         82                        76      6       79

PRECIPITATION (IN)
  YESTERDAY        0.28          3.21 1949   0.12   0.16     0.00
  MONTH TO DATE    2.41                      2.52  -0.11     2.57
  SINCE JUN 1      7.66                      6.55   1.11     5.06
  SINCE JAN 1     31.06                     25.14   5.92    24.67

SNOWFALL (IN)
  YESTERDAY        0.0           0.0    MM   0.0    0.0      0.0
  MONTH TO DATE    0.0                       0.0    0.0      0.0
  SINCE JUN 1      0.0                       0.0    0.0      0.0
  SINCE JUL 1      0.0                       0.0    0.0      0.0
  SNOW DEPTH       0

DEGREE DAYS
 HEATING
  YESTERDAY        0                         0      0        0
  MONTH TO DATE    0                         0      0        0
  SINCE JUN 1      7                        15     -8        2
  SINCE JUL 1      0                         0      0        0

 COOLING
  YESTERDAY       17                        11      6       14
  MONTH TO DATE  236                       229      7      224
  SINCE JUN 1    437                       455    -18      507
  SINCE JAN 1    571                       549     22      600
..................................................................


WIND (MPH)
  RESULTANT WIND SPEED   5   RESULTANT WIND DIRECTION  SW (210)
  HIGHEST WIND SPEED    30   HIGHEST WIND DIRECTION    NW (320)
  HIGHEST GUST SPEED    36   HIGHEST GUST DIRECTION    NW (320)
  AVERAGE WIND SPEED     6.0


SKY COVER
  POSSIBLE SUNSHINE  MM
  AVERAGE SKY COVER 0.7


WEATHER CONDITIONS
 THE FOLLOWING WEATHER WAS RECORDED YESTERDAY.
  THUNDERSTORM
  HEAVY RAIN
  RAIN
  LIGHT RAIN
  FOG


RELATIVE HUMIDITY (PERCENT)
 HIGHEST   100          1000 AM
 LOWEST     68           300 PM
 AVERAGE    84

..........................................................


THE CINCINNATI OH CLIMATE NORMALS FOR TODAY
                         NORMAL    RECORD    YEAR
 MAXIMUM TEMPERATURE (F)   86       108      1934
 MINIMUM TEMPERATURE (F)   66        51      1947


SUNRISE AND SUNSET
JULY 22 2017..........SUNRISE   631 AM EDT   SUNSET   859 PM EDT
JULY 23 2017..........SUNRISE   632 AM EDT   SUNSET   858 PM EDT


-  INDICATES NEGATIVE NUMBERS.
R  INDICATES RECORD WAS SET OR TIED.
MM INDICATES DATA IS MISSING.
T  INDICATES TRACE AMOUNT.




$$
