000
CDUS41 KILN 250622
CLICVG


CLIMATE REPORT
NATIONAL WEATHER SERVICE WILMINGTON OH
121 AM EST TUE NOV 25 2014


...................................

...THE CINCINNATI OH CLIMATE SUMMARY FOR NOVEMBER 24 2014...

CLIMATE NORMAL PERIOD 1981 TO 2010
CLIMATE RECORD PERIOD 1869 TO 2014


WEATHER ITEM   OBSERVED TIME   RECORD YEAR NORMAL DEPARTURE LAST
                VALUE   (LST)  VALUE       VALUE  FROM      YEAR
                                                  NORMAL
..................................................................
TEMPERATURE (F)
 YESTERDAY
  MAXIMUM         62    956 AM  70    1931  50     12       29
  MINIMUM         40   1159 PM   5    1950  33      7       15
  AVERAGE         51                        42      9       22

PRECIPITATION (IN)
  YESTERDAY        0.11          1.45 1900   0.13  -0.02      T
  MONTH TO DATE    1.67                      2.72  -1.05     2.07
  SINCE SEP 1      8.13                      8.65  -0.52    11.40
  SINCE JAN 1     38.59                     38.44   0.15    44.45

SNOWFALL (IN)
  YESTERDAY        0.0           2.1  1938   0.0    0.0       T
  MONTH TO DATE    5.1                       0.2    4.9      0.7
  SINCE SEP 1      5.1                       0.6    4.5      0.7
  SINCE JUL 1      5.1                       0.6    4.5      0.7
  SNOW DEPTH       0

DEGREE DAYS
 HEATING
  YESTERDAY       14                        23     -9       43
  MONTH TO DATE  633                       448    185      498
  SINCE SEP 1    984                       810    174      827
  SINCE JUL 1    989                       810    179      831

 COOLING
  YESTERDAY        0                         0      0        0
  MONTH TO DATE    0                         0      0        0
  SINCE SEP 1    131                       153    -22      174
  SINCE JAN 1   1077                      1121    -44     1150
..................................................................


WIND (MPH)
  RESULTANT WIND SPEED  15   RESULTANT WIND DIRECTION  SW (220)
  HIGHEST WIND SPEED    31   HIGHEST WIND DIRECTION    SW (220)
  HIGHEST GUST SPEED    46   HIGHEST GUST DIRECTION    SW (240)
  AVERAGE WIND SPEED    15.8


SKY COVER
  POSSIBLE SUNSHINE  MM
  AVERAGE SKY COVER 0.9


WEATHER CONDITIONS
 THE FOLLOWING WEATHER WAS RECORDED YESTERDAY.
  HEAVY RAIN
  RAIN
  LIGHT RAIN
  FOG
  HAZE


RELATIVE HUMIDITY (PERCENT)
 HIGHEST    80           100 AM
 LOWEST     56          1000 AM
 AVERAGE    68

..........................................................


THE CINCINNATI OH CLIMATE NORMALS FOR TODAY
                         NORMAL    RECORD    YEAR
 MAXIMUM TEMPERATURE (F)   49        70      1908
                                             1896
 MINIMUM TEMPERATURE (F)   33         0      1950


SUNRISE AND SUNSET
NOVEMBER 25 2014......SUNRISE   733 AM EST   SUNSET   519 PM EST
NOVEMBER 26 2014......SUNRISE   734 AM EST   SUNSET   518 PM EST


-  INDICATES NEGATIVE NUMBERS.
R  INDICATES RECORD WAS SET OR TIED.
MM INDICATES DATA IS MISSING.
T  INDICATES TRACE AMOUNT.




$$
