000
CDUS45 KCYS 040729
CLICYS


CLIMATE REPORT
NATIONAL WEATHER SERVICE CHEYENNE WY
128 AM MDT FRI SEP 4 2015


...................................

...THE CHEYENNE WYOMING AIRPORT CLIMATE SUMMARY FOR SEPTEMBER 3 2015...

CLIMATE NORMAL PERIOD 1981 TO 2010
CLIMATE RECORD PERIOD 1871 TO 2015


WEATHER ITEM   OBSERVED TIME   RECORD YEAR NORMAL DEPARTURE LAST
                VALUE   (LST)  VALUE       VALUE  FROM      YEAR
                                                  NORMAL
..................................................................
TEMPERATURE (F)
 YESTERDAY
  MAXIMUM         84   1206 PM  92    2013  77      7       90
                                      1960
  MINIMUM         54    957 PM  32    1874  50      4       51
  AVERAGE         69                        64      5       71

PRECIPITATION (IN)
  YESTERDAY        T             0.91 1936   0.05  -0.05     0.00
  MONTH TO DATE    T                         0.15  -0.15     0.00
  SINCE JAN 1     13.61                     12.60   1.01    13.66

SNOWFALL (IN)
  YESTERDAY        0.0          MM      MM   0.0    0.0      0.0
  MONTH TO DATE    0.0                       0.0    0.0      0.0
  SINCE JUL 1      0.0                       0.0    0.0      0.0
  SNOW DEPTH       0

DEGREE DAYS
 HEATING
  YESTERDAY        0                         3     -3        0
  MONTH TO DATE    0                         9     -9        7
  SINCE SEP 1      0                         9     -9        7
  SINCE JUL 1     66                        65      1       65

 COOLING
  YESTERDAY        4                         2      2        6
  MONTH TO DATE   17                         6     11        6
  SINCE SEP 1     17                         6     11        6
  SINCE JAN 1    365                       332     33      272
..................................................................


WIND (MPH)
  HIGHEST WIND SPEED    26   HIGHEST WIND DIRECTION    SE (140)
  HIGHEST GUST SPEED    36   HIGHEST GUST DIRECTION    SE (140)
  AVERAGE WIND SPEED    10.4


SKY COVER
  AVERAGE SKY COVER 0.5


WEATHER CONDITIONS
 THE FOLLOWING WEATHER WAS RECORDED YESTERDAY.
  LIGHT RAIN


RELATIVE HUMIDITY (PERCENT)
 HIGHEST    72          1000 PM
 LOWEST     20          1200 PM
 AVERAGE    46

..........................................................


THE CHEYENNE WYOMING AIRPORT CLIMATE NORMALS FOR TODAY
                         NORMAL    RECORD    YEAR
 MAXIMUM TEMPERATURE (F)   77        93      1960
 MINIMUM TEMPERATURE (F)   49        35      1968
                                             1953


SUNRISE AND SUNSET
SEPTEMBER  4 2015.....SUNRISE   629 AM MDT   SUNSET   727 PM MDT
SEPTEMBER  5 2015.....SUNRISE   630 AM MDT   SUNSET   726 PM MDT


-  INDICATES NEGATIVE NUMBERS.
R  INDICATES RECORD WAS SET OR TIED.
MM INDICATES DATA IS MISSING.
T  INDICATES TRACE AMOUNT.




$$
