000
CDUS45 KCYS 290735
CLICYS


CLIMATE REPORT
NATIONAL WEATHER SERVICE CHEYENNE WY
135 AM MDT TUE JUL 29 2014


...................................

...THE CHEYENNE WYOMING CLIMATE SUMMARY FOR JULY 28 2014...

CLIMATE NORMAL PERIOD 1981 TO 2010
CLIMATE RECORD PERIOD 1871 TO 2014


WEATHER ITEM   OBSERVED TIME   RECORD YEAR NORMAL DEPARTURE LAST
                VALUE   (LST)  VALUE       VALUE  FROM      YEAR
                                                  NORMAL
..................................................................
TEMPERATURE (F)
 YESTERDAY
  MAXIMUM         84    402 PM  93    2006  84      0       69
                                      1995
                                      1959
  MINIMUM         54    401 AM  43    1971  56     -2       55
  AVERAGE         69                        70     -1       62

PRECIPITATION (IN)
  YESTERDAY        T             1.23 1997   0.07  -0.07     0.08
  MONTH TO DATE    2.16                      1.96   0.20     1.50
  SINCE JAN 1     11.10                     10.27   0.83     7.14

SNOWFALL (IN)
  YESTERDAY        0.0          MM      MM   0.0    0.0      0.0
  MONTH TO DATE    0.0                       0.0    0.0      0.0
  SINCE JUL 1      0.0                       0.0    0.0      0.0
  SNOW DEPTH       0

DEGREE DAYS
 HEATING
  YESTERDAY        0                         1     -1        3
  MONTH TO DATE   21                        28     -7        7
  SINCE JUN 1    147                       162    -15       69
  SINCE JUL 1     21                        28     -7        7

 COOLING
  YESTERDAY        4                         6     -2        0
  MONTH TO DATE  158                       147     11      150
  SINCE JUN 1    172                       194    -22      267
  SINCE JAN 1    173                       197    -24      273
..................................................................


WIND (MPH)
  HIGHEST WIND SPEED    22   HIGHEST WIND DIRECTION     S (170)
  HIGHEST GUST SPEED    27   HIGHEST GUST DIRECTION     S (180)
  AVERAGE WIND SPEED     7.7


SKY COVER
  AVERAGE SKY COVER 0.1


WEATHER CONDITIONS
 THE FOLLOWING WEATHER WAS RECORDED YESTERDAY.
  THUNDERSTORM
  LIGHT RAIN
  FOG
  HAZE


RELATIVE HUMIDITY (PERCENT)
 HIGHEST    93           400 AM
 LOWEST     31           400 PM
 AVERAGE    62

..........................................................


THE CHEYENNE WYOMING CLIMATE NORMALS FOR TODAY
                         NORMAL    RECORD    YEAR
 MAXIMUM TEMPERATURE (F)   84        95      2006
                                             2001
                                             1995
 MINIMUM TEMPERATURE (F)   56        43      1971


SUNRISE AND SUNSET
JULY 29 2014..........SUNRISE   552 AM MDT   SUNSET   819 PM MDT
JULY 30 2014..........SUNRISE   553 AM MDT   SUNSET   818 PM MDT


-  INDICATES NEGATIVE NUMBERS.
R  INDICATES RECORD WAS SET OR TIED.
MM INDICATES DATA IS MISSING.
T  INDICATES TRACE AMOUNT.




$$
