000
CDUS45 KCYS 290728
CLICYS


CLIMATE REPORT
NATIONAL WEATHER SERVICE CHEYENNE WY
127 AM MDT SUN MAR 29 2015


...................................

...THE CHEYENNE WYOMING AIRPORT CLIMATE SUMMARY FOR MARCH 28 2015...

CLIMATE NORMAL PERIOD 1981 TO 2010
CLIMATE RECORD PERIOD 1871 TO 2015


WEATHER ITEM   OBSERVED TIME   RECORD YEAR NORMAL DEPARTURE LAST
                VALUE   (LST)  VALUE       VALUE  FROM      YEAR
                                                  NORMAL
..................................................................
TEMPERATURE (F)
 YESTERDAY
  MAXIMUM         75R   140 PM  74    1986  50     25       47
  MINIMUM         38    612 AM -16    1886  27     11       30
  AVERAGE         57                        38     19       39

PRECIPITATION (IN)
  YESTERDAY        0.00          0.34 1980   0.04  -0.04     0.00
                                      1909
  MONTH TO DATE    0.11                      0.92  -0.81     0.90
  SINCE JAN 1      0.87                      1.72  -0.85     3.06

SNOWFALL (IN)
  YESTERDAY        0.0           6.7  1909   0.4   -0.4      0.0
  MONTH TO DATE    1.7                      10.1   -8.4     11.4
  SINCE MAR 1      1.7                      10.1   -8.4     11.4
  SNOW DEPTH       0

DEGREE DAYS
 HEATING
  YESTERDAY        8                        27    -19       26
  MONTH TO DATE  670                       823   -153      807
  SINCE MAR 1    670                       823   -153      807
  SINCE JUL 1   5316                      5842   -526     6011

 COOLING
  YESTERDAY        0                         0      0        0
  MONTH TO DATE    0                         0      0        0
  SINCE MAR 1      0                         0      0        0
  SINCE JAN 1      0                         0      0        0
..................................................................


WIND (MPH)
  HIGHEST WIND SPEED    33   HIGHEST WIND DIRECTION     W (260)
  HIGHEST GUST SPEED    43   HIGHEST GUST DIRECTION     W (250)
  AVERAGE WIND SPEED    19.3


SKY COVER
  AVERAGE SKY COVER 0.0


WEATHER CONDITIONS
 THE FOLLOWING WEATHER WAS RECORDED YESTERDAY.
  NO SIGNIFICANT WEATHER WAS OBSERVED.


RELATIVE HUMIDITY (PERCENT)
 HIGHEST    50           600 AM
 LOWEST     13           200 PM
 AVERAGE    32

..........................................................


THE CHEYENNE WYOMING AIRPORT CLIMATE NORMALS FOR TODAY
                         NORMAL    RECORD    YEAR
 MAXIMUM TEMPERATURE (F)   50        73      1986
                                             1967
                                             1943
 MINIMUM TEMPERATURE (F)   27        -3      1975


SUNRISE AND SUNSET
MARCH 29 2015.........SUNRISE   648 AM MDT   SUNSET   721 PM MDT
MARCH 30 2015.........SUNRISE   646 AM MDT   SUNSET   722 PM MDT


-  INDICATES NEGATIVE NUMBERS.
R  INDICATES RECORD WAS SET OR TIED.
MM INDICATES DATA IS MISSING.
T  INDICATES TRACE AMOUNT.




$$
