896
CDUS45 KCYS 302130
CLICYS


CLIMATE REPORT
NATIONAL WEATHER SERVICE CHEYENNE WY
330 PM MDT MON MAY 30 2016


...................................

...THE CHEYENNE WYOMING AIRPORT CLIMATE SUMMARY FOR MAY 30 2016...
VALID AS OF 0300 PM LOCAL TIME.

CLIMATE NORMAL PERIOD 1981 TO 2010
CLIMATE RECORD PERIOD 1871 TO 2016


WEATHER ITEM   OBSERVED TIME   RECORD YEAR NORMAL DEPARTURE LAST
                VALUE   (LST)  VALUE       VALUE  FROM      YEAR
                                                  NORMAL
..................................................................
TEMPERATURE (F)
 TODAY
  MAXIMUM         71   1005 AM  88    2002  69      2       66
                                      1966
  MINIMUM         43    357 AM  25    1883  44     -1       40
  AVERAGE         57                        57      0       53

PRECIPITATION (IN)
  TODAY            0.13          2.06 1896   0.08   0.05     0.00
  MONTH TO DATE    2.01                      2.25  -0.24     5.90
  SINCE MAR 1      7.40                      5.08   2.32     8.73
  SINCE JAN 1      8.60                      5.88   2.72     9.49

SNOWFALL (IN)
  TODAY            0.0           0.1  1990   0.0    0.0      0.0
                                      1937
  MONTH TO DATE    1.6                       2.3   -0.7      4.4
  SINCE JUL 1     91.7                      60.3   31.4     54.5
  SNOW DEPTH       0

DEGREE DAYS
 HEATING
  TODAY            8                         9     -1       12
  MONTH TO DATE  448                       383     65      510
  SINCE MAR 1   1937                      1949    -12     1844
  SINCE JUL 1   6454                      6968   -514     6495

 COOLING
  TODAY            0                         0      0        0
  MONTH TO DATE    0                         0      0        0
  SINCE MAR 1      0                         0      0        0
  SINCE JAN 1      0                         0      0        0
..................................................................


WIND (MPH)
  HIGHEST WIND SPEED    18   HIGHEST WIND DIRECTION     N (350)
  HIGHEST GUST SPEED    25   HIGHEST GUST DIRECTION    SE (150)
  AVERAGE WIND SPEED     6.8


SKY COVER
  AVERAGE SKY COVER 0.1


WEATHER CONDITIONS
 THE FOLLOWING WEATHER WAS RECORDED TODAY.
  THUNDERSTORM
  RAIN
  LIGHT RAIN
  HAIL


RELATIVE HUMIDITY (PERCENT)
 HIGHEST    82           400 AM
 LOWEST     31           900 AM
 AVERAGE    57

..........................................................


THE CHEYENNE WYOMING AIRPORT CLIMATE NORMALS FOR TOMORROW
                         NORMAL    RECORD    YEAR
 MAXIMUM TEMPERATURE (F)   69        87      2002
 MINIMUM TEMPERATURE (F)   45        30      1917


SUNRISE AND SUNSET
MAY 30 2016...........SUNRISE   530 AM MDT   SUNSET   825 PM MDT
MAY 31 2016...........SUNRISE   529 AM MDT   SUNSET   825 PM MDT


-  INDICATES NEGATIVE NUMBERS.
R  INDICATES RECORD WAS SET OR TIED.
MM INDICATES DATA IS MISSING.
T  INDICATES TRACE AMOUNT.




$$
