000
CDUS45 KCYS 020729
CLICYS


CLIMATE REPORT
NATIONAL WEATHER SERVICE CHEYENNE WY
129 AM MDT MON MAY 2 2016


...................................

...THE CHEYENNE WYOMING AIRPORT CLIMATE SUMMARY FOR MAY 1 2016...

CLIMATE NORMAL PERIOD 1981 TO 2010
CLIMATE RECORD PERIOD 1871 TO 2016


WEATHER ITEM   OBSERVED TIME   RECORD YEAR NORMAL DEPARTURE LAST
                VALUE   (LST)  VALUE       VALUE  FROM      YEAR
                                                  NORMAL
..................................................................
TEMPERATURE (F)
 YESTERDAY
  MAXIMUM         41    411 PM  81    1959  60    -19       60
  MINIMUM         28   1159 PM  16    2013  35     -7       45
  AVERAGE         35                        48    -13       53

PRECIPITATION (IN)
  YESTERDAY        0.01          1.49 1977   0.06  -0.05     0.02
  MONTH TO DATE    0.01                      0.06  -0.05     0.02
  SINCE JAN 1      6.67                      3.69   2.98     3.61

SNOWFALL (IN)
  YESTERDAY        T             5.6  2013   0.2   -0.2      0.0
  MONTH TO DATE    T                         0.2   -0.2      0.0
  SINCE JUL 1     90.4                      58.2   32.2     50.1
  SNOW DEPTH       1

DEGREE DAYS
 HEATING
  YESTERDAY       30                        17     13       12
  MONTH TO DATE   30                        17     13       12
  SINCE MAR 1   1519                      1583    -64     1346
  SINCE JUL 1   6036                      6602   -566     5997

 COOLING
  YESTERDAY        0                         0      0        0
  MONTH TO DATE    0                         0      0        0
  SINCE MAR 1      0                         0      0        0
  SINCE JAN 1      0                         0      0        0
..................................................................


WIND (MPH)
  HIGHEST WIND SPEED    21   HIGHEST WIND DIRECTION     N (360)
  HIGHEST GUST SPEED    26   HIGHEST GUST DIRECTION     N (10)
  AVERAGE WIND SPEED    10.5


SKY COVER
  AVERAGE SKY COVER 0.6


WEATHER CONDITIONS
 THE FOLLOWING WEATHER WAS RECORDED YESTERDAY.
  LIGHT SNOW
  FOG


RELATIVE HUMIDITY (PERCENT)
 HIGHEST    92          1200 AM
 LOWEST     50           600 PM
 AVERAGE    71

..........................................................


THE CHEYENNE WYOMING AIRPORT CLIMATE NORMALS FOR TODAY
                         NORMAL    RECORD    YEAR
 MAXIMUM TEMPERATURE (F)   60        84      1879
 MINIMUM TEMPERATURE (F)   36         9      2013


SUNRISE AND SUNSET
MAY  2 2016...........SUNRISE   555 AM MDT   SUNSET   758 PM MDT
MAY  3 2016...........SUNRISE   554 AM MDT   SUNSET   759 PM MDT


-  INDICATES NEGATIVE NUMBERS.
R  INDICATES RECORD WAS SET OR TIED.
MM INDICATES DATA IS MISSING.
T  INDICATES TRACE AMOUNT.




$$
