000
CDUS45 KCYS 030733
CLICYS


CLIMATE REPORT
NATIONAL WEATHER SERVICE CHEYENNE WY
1232 AM MST TUE MAR 3 2015


...................................

...THE CHEYENNE WYOMING CLIMATE SUMMARY FOR MARCH 2 2015...

CLIMATE NORMAL PERIOD 1981 TO 2010
CLIMATE RECORD PERIOD 1871 TO 2015


WEATHER ITEM   OBSERVED TIME   RECORD YEAR NORMAL DEPARTURE LAST
                VALUE   (LST)  VALUE       VALUE  FROM      YEAR
                                                  NORMAL
..................................................................
TEMPERATURE (F)
 YESTERDAY
  MAXIMUM         42   1130 PM  69    2009  44     -2       31
  MINIMUM         19    454 AM -21    1943  21     -2       -1
  AVERAGE         31                        33     -2       15

PRECIPITATION (IN)
  YESTERDAY        T             0.43 1945   0.03  -0.03      T
  MONTH TO DATE    0.01                      0.05  -0.04     0.07
  SINCE JAN 1      0.77                      0.85  -0.08     2.23

SNOWFALL (IN)
  YESTERDAY        T             5.9  1945   0.3   -0.3       T
  MONTH TO DATE    0.2                       0.6   -0.4      1.4
  SINCE JUL 1     33.2                      37.1   -3.9     61.5
  SNOW DEPTH       T

DEGREE DAYS
 HEATING
  YESTERDAY       34                        32      2       50
  MONTH TO DATE   81                        65     16      104
  SINCE MAR 1     81                        65     16      104
  SINCE JUL 1   4727                      5084   -357     5308

 COOLING
  YESTERDAY        0                         0      0        0
  MONTH TO DATE    0                         0      0        0
  SINCE MAR 1      0                         0      0        0
  SINCE JAN 1      0                         0      0        0
..................................................................


WIND (MPH)
  HIGHEST WIND SPEED    29   HIGHEST WIND DIRECTION     W (250)
  HIGHEST GUST SPEED    40   HIGHEST GUST DIRECTION    SW (240)
  AVERAGE WIND SPEED    10.6


SKY COVER
  AVERAGE SKY COVER 0.5


WEATHER CONDITIONS
 THE FOLLOWING WEATHER WAS RECORDED YESTERDAY.
  LIGHT SNOW
  FOG
  HAZE


RELATIVE HUMIDITY (PERCENT)
 HIGHEST    92          1000 AM
 LOWEST     59           300 PM
 AVERAGE    76

..........................................................


THE CHEYENNE WYOMING CLIMATE NORMALS FOR TODAY
                         NORMAL    RECORD    YEAR
 MAXIMUM TEMPERATURE (F)   44        65      1994
 MINIMUM TEMPERATURE (F)   22       -11      1954


SUNRISE AND SUNSET
MARCH  3 2015.........SUNRISE   631 AM MST   SUNSET   552 PM MST
MARCH  4 2015.........SUNRISE   629 AM MST   SUNSET   553 PM MST


-  INDICATES NEGATIVE NUMBERS.
R  INDICATES RECORD WAS SET OR TIED.
MM INDICATES DATA IS MISSING.
T  INDICATES TRACE AMOUNT.




$$
