000
CDUS45 KCYS 260730
CLICYS


CLIMATE REPORT
NATIONAL WEATHER SERVICE CHEYENNE WY
130 AM MDT TUE MAY 26 2015


...................................

...THE CHEYENNE WYOMING AIRPORT CLIMATE SUMMARY FOR MAY 25 2015...

CLIMATE NORMAL PERIOD 1981 TO 2010
CLIMATE RECORD PERIOD 1871 TO 2015


WEATHER ITEM   OBSERVED TIME   RECORD YEAR NORMAL DEPARTURE LAST
                VALUE   (LST)  VALUE       VALUE  FROM      YEAR
                                                  NORMAL
..................................................................
TEMPERATURE (F)
 YESTERDAY
  MAXIMUM         58    317 PM  88    1874  67     -9       67
  MINIMUM         43   1148 PM  29    1950  43      0       46
  AVERAGE         51                        55     -4       57

PRECIPITATION (IN)
  YESTERDAY        0.11          1.61 1917   0.09   0.02      T
  MONTH TO DATE    5.45                      1.82   3.63     2.72
  SINCE JAN 1      9.04                      5.45   3.59     6.69

SNOWFALL (IN)
  YESTERDAY        0.0           5.6  1950   0.1   -0.1      0.0
  MONTH TO DATE    4.4                       2.2    2.2     12.9
  SINCE JUL 1     54.5                      60.2   -5.7     91.6
  SNOW DEPTH       0

DEGREE DAYS
 HEATING
  YESTERDAY       14                        10      4        8
  MONTH TO DATE  457                       337    120      378
  SINCE MAR 1   1791                      1903   -112     1884
  SINCE JUL 1   6437                      6922   -485     7088

 COOLING
  YESTERDAY        0                         0      0        0
  MONTH TO DATE    0                         0      0        0
  SINCE MAR 1      0                         0      0        0
  SINCE JAN 1      0                         0      0        0
..................................................................


WIND (MPH)
  HIGHEST WIND SPEED    23   HIGHEST WIND DIRECTION     N (20)
  HIGHEST GUST SPEED    31   HIGHEST GUST DIRECTION    NW (330)
  AVERAGE WIND SPEED    10.6


SKY COVER
  AVERAGE SKY COVER 0.8


WEATHER CONDITIONS
 THE FOLLOWING WEATHER WAS RECORDED YESTERDAY.
  RAIN
  LIGHT RAIN
  FOG


RELATIVE HUMIDITY (PERCENT)
 HIGHEST    89           100 AM
 LOWEST     47           400 PM
 AVERAGE    68

..........................................................


THE CHEYENNE WYOMING AIRPORT CLIMATE NORMALS FOR TODAY
                         NORMAL    RECORD    YEAR
 MAXIMUM TEMPERATURE (F)   68        86      1969
 MINIMUM TEMPERATURE (F)   43        30      1950
                                             1893


SUNRISE AND SUNSET
MAY 26 2015...........SUNRISE   532 AM MDT   SUNSET   821 PM MDT
MAY 27 2015...........SUNRISE   532 AM MDT   SUNSET   822 PM MDT


-  INDICATES NEGATIVE NUMBERS.
R  INDICATES RECORD WAS SET OR TIED.
MM INDICATES DATA IS MISSING.
T  INDICATES TRACE AMOUNT.




$$
