000
CDUS45 KCYS 142240
CLICYS


CLIMATE REPORT
NATIONAL WEATHER SERVICE CHEYENNE WY
339 PM MST SUN FEB 14 2016


...................................

...THE CHEYENNE WYOMING AIRPORT CLIMATE SUMMARY FOR FEBRUARY 14 2016...
VALID AS OF 0300 PM LOCAL TIME.

CLIMATE NORMAL PERIOD 1981 TO 2010
CLIMATE RECORD PERIOD 1871 TO 2016


WEATHER ITEM   OBSERVED TIME   RECORD YEAR NORMAL DEPARTURE LAST
                VALUE   (LST)  VALUE       VALUE  FROM      YEAR
                                                  NORMAL
..................................................................
TEMPERATURE (F)
 TODAY
  MAXIMUM         46   1252 PM  64    1924  40      6       55
  MINIMUM         32    155 AM -20    1895  18     14       31
  AVERAGE         39                        29     10       43

PRECIPITATION (IN)
  TODAY            0.00          0.53 1885   0.02  -0.02     0.00
  MONTH TO DATE    0.67                      0.20   0.47     0.31
  SINCE DEC 1      2.00                      1.02   0.98     1.04
  SINCE JAN 1      1.15                      0.53   0.62     0.37

SNOWFALL (IN)
  TODAY            0.0           5.3  1885   0.3   -0.3      0.0
  MONTH TO DATE   10.9                       3.7    7.2      3.9
  SINCE JUL 1     45.6                      32.3   13.3     27.3
  SNOW DEPTH       0

DEGREE DAYS
 HEATING
  TODAY           26                        36    -10       22
  MONTH TO DATE  466                       512    -46      325
  SINCE DEC 1   2713                      2791    -78     2448
  SINCE JUL 1   4140                      4539   -399     4051

 COOLING
  TODAY            0                         0      0        0
  MONTH TO DATE    0                         0      0        0
  SINCE DEC 1      0                         0      0        0
  SINCE JAN 1      0                         0      0        0
..................................................................


WIND (MPH)
  HIGHEST WIND SPEED    37   HIGHEST WIND DIRECTION     W (290)
  HIGHEST GUST SPEED    50   HIGHEST GUST DIRECTION     W (290)
  AVERAGE WIND SPEED    19.0


SKY COVER
  AVERAGE SKY COVER 0.1


WEATHER CONDITIONS
 THE FOLLOWING WEATHER WAS RECORDED TODAY.
  NO SIGNIFICANT WEATHER WAS OBSERVED.


RELATIVE HUMIDITY (PERCENT)
 HIGHEST    56          1200 AM
 LOWEST     32           500 AM
 AVERAGE    44

..........................................................


THE CHEYENNE WYOMING AIRPORT CLIMATE NORMALS FOR TOMORROW
                         NORMAL    RECORD    YEAR
 MAXIMUM TEMPERATURE (F)   40        60      1916
 MINIMUM TEMPERATURE (F)   18       -20      1903


SUNRISE AND SUNSET
FEBRUARY 14 2016......SUNRISE   656 AM MST   SUNSET   532 PM MST
FEBRUARY 15 2016......SUNRISE   654 AM MST   SUNSET   533 PM MST


-  INDICATES NEGATIVE NUMBERS.
R  INDICATES RECORD WAS SET OR TIED.
MM INDICATES DATA IS MISSING.
T  INDICATES TRACE AMOUNT.




$$
