000
CDUS46 KSGX 211518
CLICZZ


CLIMATE REPORT
NATIONAL WEATHER SERVICE SAN DIEGO, CA
718 AM PST SAT JAN 21 2017


...................................

...THE CAMPO ASOS CA CLIMATE SUMMARY FOR JANUARY 20 2017...

CLIMATE NORMAL PERIOD 1981 TO 2010
CLIMATE RECORD PERIOD 1948 TO 2017


WEATHER ITEM   OBSERVED TIME   RECORD YEAR NORMAL DEPARTURE LAST
                VALUE   (LST)  VALUE       VALUE  FROM      YEAR
                                                  NORMAL
..................................................................
TEMPERATURE (F)
 YESTERDAY
  MAXIMUM         48    528 PM  77    1975  63    -15       66
  MINIMUM         43   1159 PM  20    1973  35      8       43
  AVERAGE         46                        49     -3       55

PRECIPITATION (IN)
  YESTERDAY        1.41R         1.11 2010   0.09   1.32     0.00
  MONTH TO DATE    3.78                      1.95   1.83     2.93
  SINCE OCT 1      9.01                      6.17   2.84     5.88
  SINCE JAN 1      3.78                      1.95   1.83     2.93

DEGREE DAYS
 HEATING
  YESTERDAY       19                        16      3       10
  MONTH TO DATE  344                       331     13      380
  SINCE DEC 1    809                       867    -58      980
  SINCE JUL 1   1227                      1437   -210     1396

 COOLING
  YESTERDAY        0                         0      0        0
  MONTH TO DATE    0                         0      0        0
  SINCE DEC 1      0                         0      0        0
  SINCE JAN 1      0                         0      0        0
..................................................................


WIND (MPH)
  RESULTANT WIND SPEED  18   RESULTANT WIND DIRECTION  SW (240)
  HIGHEST WIND SPEED    48   HIGHEST WIND DIRECTION    SW (230)
  HIGHEST GUST SPEED    59   HIGHEST GUST DIRECTION    SW (220)
  AVERAGE WIND SPEED    19.8


SKY COVER
  POSSIBLE SUNSHINE  MM
  AVERAGE SKY COVER 0.0



RELATIVE HUMIDITY (PERCENT)
 HIGHEST   100          1200 AM
 LOWEST     89          1100 PM
 AVERAGE    95

..........................................................


THE CAMPO ASOS CA CLIMATE NORMALS FOR TODAY
                         NORMAL    RECORD    YEAR
 MAXIMUM TEMPERATURE (F)   63        78      1994
 MINIMUM TEMPERATURE (F)   35        18      1966


SUNRISE AND SUNSET
JANUARY 21 2017.......SUNRISE   646 AM PST   SUNSET   509 PM PST
JANUARY 22 2017.......SUNRISE   646 AM PST   SUNSET   510 PM PST


-  INDICATES NEGATIVE NUMBERS.
R  INDICATES RECORD WAS SET OR TIED.
MM INDICATES DATA IS MISSING.
T  INDICATES TRACE AMOUNT.




$$
