295
CDUS46 KSGX 251137
CLICZZ


CLIMATE REPORT
NATIONAL WEATHER SERVICE SAN DIEGO, CA
437 AM PDT MON SEP 25 2017


...................................

...THE CAMPO ASOS CA CLIMATE SUMMARY FOR SEPTEMBER 24 2017...

CLIMATE NORMAL PERIOD 1981 TO 2010
CLIMATE RECORD PERIOD 1948 TO 2017


WEATHER ITEM   OBSERVED TIME   RECORD YEAR NORMAL DEPARTURE LAST
                VALUE   (LST)  VALUE       VALUE  FROM      YEAR
                                                  NORMAL
..................................................................
TEMPERATURE (F)
 YESTERDAY
  MAXIMUM         77    141 PM  98    2002  87    -10       85
  MINIMUM         38    221 AM  35    2007  47     -9       47
  AVERAGE         58                        67     -9       66

PRECIPITATION (IN)
  YESTERDAY        0.00          0.29 1986   0.01  -0.01     0.00
  MONTH TO DATE    0.21                      0.27  -0.06     1.00
  SINCE OCT 1     16.95                     15.66   1.29    10.32
  SINCE JAN 1     11.72                     11.44   0.28     7.37

DEGREE DAYS
 HEATING
  YESTERDAY        7                         2      5        0
  MONTH TO DATE   60                        25     35       37
  SINCE SEP 1     60                        25     35       37
  SINCE JUL 1     64                        39     25       37

 COOLING
  YESTERDAY        0                         4     -4        1
  MONTH TO DATE  132                       143    -11       78
  SINCE SEP 1    132                       143    -11       78
  SINCE JAN 1   1009                       793    216      898
..................................................................


WIND (MPH)
  RESULTANT WIND SPEED   8   RESULTANT WIND DIRECTION   E (70)
  HIGHEST WIND SPEED    22   HIGHEST WIND DIRECTION     E (70)
  HIGHEST GUST SPEED    27   HIGHEST GUST DIRECTION     E (80)
  AVERAGE WIND SPEED     8.6


SKY COVER
  POSSIBLE SUNSHINE  MM
  AVERAGE SKY COVER 0.0



RELATIVE HUMIDITY (PERCENT)
 HIGHEST    92          1200 AM
 LOWEST     13          1100 AM
 AVERAGE    53

..........................................................


THE CAMPO ASOS CA CLIMATE NORMALS FOR TODAY
                         NORMAL    RECORD    YEAR
 MAXIMUM TEMPERATURE (F)   87       100      1989
 MINIMUM TEMPERATURE (F)   47        35      1973


SUNRISE AND SUNSET
SEPTEMBER 25 2017.....SUNRISE   636 AM PDT   SUNSET   638 PM PDT
SEPTEMBER 26 2017.....SUNRISE   637 AM PDT   SUNSET   637 PM PDT


-  INDICATES NEGATIVE NUMBERS.
R  INDICATES RECORD WAS SET OR TIED.
MM INDICATES DATA IS MISSING.
T  INDICATES TRACE AMOUNT.




$$
