000
CDUS46 KSGX 031435
CLICZZ


CLIMATE REPORT
NATIONAL WEATHER SERVICE SAN DIEGO, CA
735 AM PDT THU SEP 3 2015


...................................

...THE CAMPO ASOS CA CLIMATE SUMMARY FOR SEPTEMBER 2 2015...

CLIMATE NORMAL PERIOD 1981 TO 2010
CLIMATE RECORD PERIOD 1948 TO 2015


WEATHER ITEM   OBSERVED TIME   RECORD YEAR NORMAL DEPARTURE LAST
                VALUE   (LST)  VALUE       VALUE  FROM      YEAR
                                                  NORMAL
..................................................................
TEMPERATURE (F)
 YESTERDAY
  MAXIMUM         85    133 PM 107    1982  93     -8       93
  MINIMUM         45    510 AM  30    1973  51     -6       50
  AVERAGE         65                        72     -7       72

PRECIPITATION (IN)
  YESTERDAY        0.00          0.33 1997   0.02  -0.02     0.00
  MONTH TO DATE    0.00                      0.03  -0.03     0.00
  SINCE OCT 1     10.12                     15.42  -5.30     5.63
  SINCE JAN 1      6.25                     11.20  -4.95     3.38

DEGREE DAYS
 HEATING
  YESTERDAY        0                         0      0        0
  MONTH TO DATE    0                         0      0        0
  SINCE SEP 1      0                         0      0        0
  SINCE JUL 1     10                        14     -4        2

 COOLING
  YESTERDAY        0                         8     -8        7
  MONTH TO DATE    2                        16    -14       14
  SINCE SEP 1      2                        16    -14       14
  SINCE JAN 1    692                       666     26      646
..................................................................


WIND (MPH)
  RESULTANT WIND SPEED   2   RESULTANT WIND DIRECTION  SW (220)
  HIGHEST WIND SPEED    17   HIGHEST WIND DIRECTION    SW (210)
  HIGHEST GUST SPEED    20   HIGHEST GUST DIRECTION    SW (220)
  AVERAGE WIND SPEED     7.8


SKY COVER
  POSSIBLE SUNSHINE  MM
  AVERAGE SKY COVER 0.0



RELATIVE HUMIDITY (PERCENT)
 HIGHEST    77          1200 AM
 LOWEST     13           900 AM
 AVERAGE    45

..........................................................


THE CAMPO ASOS CA CLIMATE NORMALS FOR TODAY
                         NORMAL    RECORD    YEAR
 MAXIMUM TEMPERATURE (F)   93       106      1982
 MINIMUM TEMPERATURE (F)   51        38      1999


SUNRISE AND SUNSET
SEPTEMBER  3 2015.....SUNRISE   622 AM PDT   SUNSET   708 PM PDT
SEPTEMBER  4 2015.....SUNRISE   622 AM PDT   SUNSET   707 PM PDT


-  INDICATES NEGATIVE NUMBERS.
R  INDICATES RECORD WAS SET OR TIED.
MM INDICATES DATA IS MISSING.
T  INDICATES TRACE AMOUNT.




$$
