000
CDUS46 KSGX 251417
CLICZZ


CLIMATE REPORT
NATIONAL WEATHER SERVICE SAN DIEGO, CA
617 AM PST THU DEC 25 2014


...................................

...THE CAMPO ASOS CA CLIMATE SUMMARY FOR DECEMBER 24 2014...

CLIMATE NORMAL PERIOD 1981 TO 2010
CLIMATE RECORD PERIOD 1948 TO 2014


WEATHER ITEM   OBSERVED TIME   RECORD YEAR NORMAL DEPARTURE LAST
                VALUE   (LST)  VALUE       VALUE  FROM      YEAR
                                                  NORMAL
..................................................................
TEMPERATURE (F)
 YESTERDAY
  MAXIMUM         69   1156 AM  78    1960  62      7       69
  MINIMUM         37   1142 PM  19    1976  33      4       48
  AVERAGE         53                        47      6       59

PRECIPITATION (IN)
  YESTERDAY        0.00          1.16 1959   0.08  -0.08     0.00
  MONTH TO DATE    3.07                      1.66   1.41     0.55
  SINCE JUL 1      5.36                      4.97   0.39     4.19
  SINCE JAN 1      8.12                     15.12  -7.00     8.97

SNOWFALL (IN)
  YESTERDAY        0.0
  MONTH TO DATE    0.0
  SINCE JAN 1      0.0
  SINCE JUL 1      0.0
  SNOW DEPTH       0

DEGREE DAYS
 HEATING
  YESTERDAY       12                        18     -6        6
  MONTH TO DATE  318                       418   -100      409
  SINCE DEC 1    318                       418   -100      409
  SINCE JUL 1    699                       988   -289     1038

 COOLING
  YESTERDAY        0                         0      0        0
  MONTH TO DATE    0                         0      0        2
  SINCE DEC 1      0                         0      0        2
  SINCE JAN 1    900                       841     59      911
..................................................................


WIND (MPH)
  RESULTANT WIND SPEED   0   RESULTANT WIND DIRECTION   E (80)
  HIGHEST WIND SPEED    20   HIGHEST WIND DIRECTION     E (80)
  HIGHEST GUST SPEED    24   HIGHEST GUST DIRECTION     E (80)
  AVERAGE WIND SPEED     7.4


SKY COVER
  POSSIBLE SUNSHINE  MM
  AVERAGE SKY COVER 0.0



RELATIVE HUMIDITY (PERCENT)
 HIGHEST    73           900 PM
 LOWEST     16          1000 AM
 AVERAGE    45

..........................................................


THE CAMPO ASOS CA CLIMATE NORMALS FOR TODAY
                         NORMAL    RECORD    YEAR
 MAXIMUM TEMPERATURE (F)   62        75      1985
 MINIMUM TEMPERATURE (F)   33        15      1987


SUNRISE AND SUNSET
DECEMBER 25 2014......SUNRISE   646 AM PST   SUNSET   446 PM PST
DECEMBER 26 2014......SUNRISE   646 AM PST   SUNSET   447 PM PST


-  INDICATES NEGATIVE NUMBERS.
R  INDICATES RECORD WAS SET OR TIED.
MM INDICATES DATA IS MISSING.
T  INDICATES TRACE AMOUNT.




$$
