000
CDUS46 KSGX 030029
CLICZZ


CLIMATE REPORT
NATIONAL WEATHER SERVICE SAN DIEGO, CA
519 PM PDT SUN AUG 2 2015


...................................

...THE CAMPO ASOS CA CLIMATE SUMMARY FOR AUGUST 2 2015...
VALID TODAY AS OF 0500 PM LOCAL TIME.

CLIMATE NORMAL PERIOD 1981 TO 2010
CLIMATE RECORD PERIOD 1948 TO 2015


WEATHER ITEM   OBSERVED TIME   RECORD YEAR NORMAL DEPARTURE LAST
                VALUE   (LST)  VALUE       VALUE  FROM      YEAR
                                                  NORMAL
..................................................................
TEMPERATURE (F)
 TODAY
  MAXIMUM         94   1236 PM 104    1997  95     -1       79
  MINIMUM         53    452 AM  39    1985  54     -1       68
  AVERAGE         74                        74      0       74

PRECIPITATION (IN)
  TODAY            0.00          0.26 2014   0.02  -0.02     0.26
  MONTH TO DATE    0.00                      0.04  -0.04     0.40
  SINCE OCT 1     10.11                     14.73  -4.62     5.55
  SINCE JAN 1      6.24                     10.51  -4.27     3.30

DEGREE DAYS
 HEATING
  TODAY            0                         0      0        0
  MONTH TO DATE    0                         0      0        0
  SINCE JUN 1     60                        63     -3       28
  SINCE JUL 1     10                         7      3        0

 COOLING
  TODAY            9                         9      0        9
  MONTH TO DATE   17                        18     -1       23
  SINCE JUN 1    385                       360     25      369
  SINCE JAN 1    402                       390     12      421
..................................................................


WIND (MPH)
  RESULTANT WIND SPEED   4   RESULTANT WIND DIRECTION  SW (210)
  HIGHEST WIND SPEED    22   HIGHEST WIND DIRECTION    SW (210)
  HIGHEST GUST SPEED    27   HIGHEST GUST DIRECTION    SW (210)
  AVERAGE WIND SPEED     8.5


SKY COVER
  POSSIBLE SUNSHINE  MM
  AVERAGE SKY COVER 0.0



RELATIVE HUMIDITY (PERCENT)
 HIGHEST    84           100 AM
 LOWEST     18          1200 PM
 AVERAGE    51

..........................................................


THE CAMPO ASOS CA CLIMATE NORMALS FOR TOMORROW
                         NORMAL    RECORD    YEAR
 MAXIMUM TEMPERATURE (F)   95       106      1998
 MINIMUM TEMPERATURE (F)   54        35      1956


SUNRISE AND SUNSET
AUGUST  2 2015........SUNRISE   601 AM PDT   SUNSET   743 PM PDT
AUGUST  3 2015........SUNRISE   601 AM PDT   SUNSET   742 PM PDT


-  INDICATES NEGATIVE NUMBERS.
R  INDICATES RECORD WAS SET OR TIED.
MM INDICATES DATA IS MISSING.
T  INDICATES TRACE AMOUNT.




$$
