000
CDUS46 KSGX 121231
CLICZZ


CLIMATE REPORT
NATIONAL WEATHER SERVICE SAN DIEGO, CA
430 AM PST TUE DEC 12 2017


...................................

...THE CAMPO ASOS CA CLIMATE SUMMARY FOR DECEMBER 11 2017...

CLIMATE NORMAL PERIOD 1981 TO 2010
CLIMATE RECORD PERIOD 1948 TO 2017


WEATHER ITEM   OBSERVED TIME   RECORD YEAR NORMAL DEPARTURE LAST
                VALUE   (LST)  VALUE       VALUE  FROM      YEAR
                                                  NORMAL
..................................................................
TEMPERATURE (F)
 YESTERDAY
  MAXIMUM         71    209 PM  86    1950  63      8       66
  MINIMUM         41    759 PM  22    1999  32      9       44
  AVERAGE         56                        48      8       55

PRECIPITATION (IN)
  YESTERDAY        0.00          1.13 1985   0.07  -0.07     0.00
  MONTH TO DATE    0.00                      0.72  -0.72     0.00
  SINCE OCT 1      0.34                      2.67  -2.33     0.94
  SINCE JAN 1     12.06                     14.18  -2.12     8.32

DEGREE DAYS
 HEATING
  YESTERDAY        9                        17     -8       10
  MONTH TO DATE  110                       184    -74      178
  SINCE DEC 1    110                       184    -74      178
  SINCE JUL 1    506                       754   -248      596

 COOLING
  YESTERDAY        0                         0      0        0
  MONTH TO DATE    0                         0      0        0
  SINCE DEC 1      0                         0      0        0
  SINCE JAN 1   1087                       841    246      955
..................................................................


WIND (MPH)
  RESULTANT WIND SPEED   9   RESULTANT WIND DIRECTION  NE (60)
  HIGHEST WIND SPEED    33   HIGHEST WIND DIRECTION    NE (50)
  HIGHEST GUST SPEED    44   HIGHEST GUST DIRECTION    NE (50)
  AVERAGE WIND SPEED    12.7


SKY COVER
  POSSIBLE SUNSHINE  MM
  AVERAGE SKY COVER 0.0



RELATIVE HUMIDITY (PERCENT)
 HIGHEST    14           800 PM
 LOWEST      6          1200 PM
 AVERAGE    10

..........................................................


THE CAMPO ASOS CA CLIMATE NORMALS FOR TODAY
                         NORMAL    RECORD    YEAR
 MAXIMUM TEMPERATURE (F)   63        81      1950
 MINIMUM TEMPERATURE (F)   32        21      1985


SUNRISE AND SUNSET
DECEMBER 12 2017......SUNRISE   639 AM PST   SUNSET   441 PM PST
DECEMBER 13 2017......SUNRISE   639 AM PST   SUNSET   441 PM PST


-  INDICATES NEGATIVE NUMBERS.
R  INDICATES RECORD WAS SET OR TIED.
MM INDICATES DATA IS MISSING.
T  INDICATES TRACE AMOUNT.




$$
