000
CDUS46 KSGX 100139
CLICZZ


CLIMATE REPORT
NATIONAL WEATHER SERVICE SAN DIEGO, CA
529 PM PST TUE FEB 9 2016


...................................

...THE CAMPO ASOS CA CLIMATE SUMMARY FOR FEBRUARY 9 2016...
VALID TODAY AS OF 0500 PM LOCAL TIME.

CLIMATE NORMAL PERIOD 1981 TO 2010
CLIMATE RECORD PERIOD 1948 TO 2016


WEATHER ITEM   OBSERVED TIME   RECORD YEAR NORMAL DEPARTURE LAST
                VALUE   (LST)  VALUE       VALUE  FROM      YEAR
                                                  NORMAL
..................................................................
TEMPERATURE (F)
 TODAY
  MAXIMUM         76    136 PM  82    1951  64     12       76
  MINIMUM         39    209 AM  21    1956  35      4       37
  AVERAGE         58                        49      9       57

PRECIPITATION (IN)
  TODAY            0.00          1.79 1981   0.11  -0.11     0.00
  MONTH TO DATE    0.20                      0.94  -0.74     0.00
  SINCE OCT 1      6.75                      8.14  -1.39     4.23
  SINCE JAN 1      3.80                      3.92  -0.12     0.36

DEGREE DAYS
 HEATING
  TODAY            7                        16     -9        8
  MONTH TO DATE  133                       144    -11       83
  SINCE DEC 1   1293                      1190    103     1022
  SINCE JUL 1   1709                      1760    -51     1403

 COOLING
  TODAY            0                         0      0        0
  MONTH TO DATE    0                         0      0        0
  SINCE DEC 1      0                         0      0        0
  SINCE JAN 1      0                         0      0        0
..................................................................


WIND (MPH)
  RESULTANT WIND SPEED  11   RESULTANT WIND DIRECTION  NE (60)
  HIGHEST WIND SPEED    26   HIGHEST WIND DIRECTION     E (70)
  HIGHEST GUST SPEED    31   HIGHEST GUST DIRECTION     E (70)
  AVERAGE WIND SPEED    10.8


SKY COVER
  POSSIBLE SUNSHINE  MM
  AVERAGE SKY COVER 0.0



RELATIVE HUMIDITY (PERCENT)
 HIGHEST    45           200 AM
 LOWEST     15          1200 PM
 AVERAGE    30

..........................................................


THE CAMPO ASOS CA CLIMATE NORMALS FOR TOMORROW
                         NORMAL    RECORD    YEAR
 MAXIMUM TEMPERATURE (F)   64        80      1951
 MINIMUM TEMPERATURE (F)   35        19      1953


SUNRISE AND SUNSET
FEBRUARY  9 2016......SUNRISE   635 AM PST   SUNSET   526 PM PST
FEBRUARY 10 2016......SUNRISE   634 AM PST   SUNSET   527 PM PST


-  INDICATES NEGATIVE NUMBERS.
R  INDICATES RECORD WAS SET OR TIED.
MM INDICATES DATA IS MISSING.
T  INDICATES TRACE AMOUNT.




$$
