000
CDUS43 KUNR 310831
CLID07


CLIMATE REPORT
NATIONAL WEATHER SERVICE RAPID CITY SD
131 AM MST SAT JAN 31 2015


...................................

...THE FAITH SD CLIMATE SUMMARY FOR JANUARY 30 2015...

CLIMATE NORMAL PERIOD 1981 TO 2010
CLIMATE RECORD PERIOD 9999 TO 9999


WEATHER ITEM   OBSERVED TIME   NORMAL DEPARTURE LAST
                VALUE   (LST)  VALUE  FROM      YEAR
                                      NORMAL
......................................................
TEMPERATURE (F)
 YESTERDAY
  MAXIMUM         53    207 PM  31     22       16
  MINIMUM         19    737 AM  11      8        1
  AVERAGE         36            21     15        9

PRECIPITATION (IN)
  YESTERDAY        0.00          0.00   0.00     0.05
  MONTH TO DATE    0.14          0.19  -0.05     0.19
  SINCE DEC 1      0.42          0.59  -0.17     1.09
  SINCE JAN 1      0.14          0.19  -0.05     0.19

DEGREE DAYS
 HEATING
  YESTERDAY       29            44    -15       56
  MONTH TO DATE 1167          1346   -179     1322
  SINCE DEC 1   2384          2706   -322     2892
  SINCE JUL 1   4260          4489   -229     4642

 COOLING
  YESTERDAY        0             0      0        0
  MONTH TO DATE    0             0      0        0
  SINCE DEC 1      0             0      0        0
  SINCE JAN 1      0             0      0        0
......................................................


WIND (MPH)
  HIGHEST WIND SPEED    20   HIGHEST WIND DIRECTION     S (170)
  HIGHEST GUST SPEED    23   HIGHEST GUST DIRECTION    SE (150)
  AVERAGE WIND SPEED    10.9




RELATIVE HUMIDITY (PERCENT)
 HIGHEST    84           200 AM
 LOWEST     30           200 PM
 AVERAGE    57

..........................................................




SUNRISE AND SUNSET
JANUARY 31 2015.......SUNRISE   709 AM MST   SUNSET   454 PM MST
FEBRUARY  1 2015......SUNRISE   708 AM MST   SUNSET   456 PM MST


-  INDICATES NEGATIVE NUMBERS.
R  INDICATES RECORD WAS SET OR TIED.
MM INDICATES DATA IS MISSING.
T  INDICATES TRACE AMOUNT.




$$
