000
CDUS43 KUNR 200849
CLID07


CLIMATE REPORT
NATIONAL WEATHER SERVICE RAPID CITY SD
248 AM MDT WED SEP 20 2017


...................................

...THE FAITH SD CLIMATE SUMMARY FOR SEPTEMBER 19 2017...

CLIMATE NORMAL PERIOD 1981 TO 2010
CLIMATE RECORD PERIOD 9999 TO 9999


WEATHER ITEM   OBSERVED TIME   NORMAL DEPARTURE LAST
                VALUE   (LST)  VALUE  FROM      YEAR
                                      NORMAL
......................................................
TEMPERATURE (F)
 YESTERDAY
  MAXIMUM         70   1049 AM  72     -2       81
  MINIMUM         43   1107 PM  45     -2       52
  AVERAGE         57            58     -1       67

PRECIPITATION (IN)
  YESTERDAY        0.05          0.04   0.01     0.00
  MONTH TO DATE    0.24          0.91  -0.67     1.17
  SINCE SEP 1      0.24          0.91  -0.67     1.17
  SINCE JAN 1      8.71         14.73  -6.02    12.79

DEGREE DAYS
 HEATING
  YESTERDAY        8             8      0        0
  MONTH TO DATE   76            87    -11       66
  SINCE SEP 1     76            87    -11       66
  SINCE JUL 1     88           120    -32       95

 COOLING
  YESTERDAY        0             1     -1        2
  MONTH TO DATE   84            54     30       44
  SINCE SEP 1     84            54     30       44
  SINCE JAN 1    748           629    119      730
......................................................


WIND (MPH)
  HIGHEST WIND SPEED    24   HIGHEST WIND DIRECTION    NW (310)
  HIGHEST GUST SPEED    28   HIGHEST GUST DIRECTION    NW (300)
  AVERAGE WIND SPEED    13.9




RELATIVE HUMIDITY (PERCENT)
 HIGHEST   100           800 PM
 LOWEST     40          1100 AM
 AVERAGE    70

..........................................................




SUNRISE AND SUNSET
SEPTEMBER 20 2017.....SUNRISE   633 AM MDT   SUNSET   649 PM MDT
SEPTEMBER 21 2017.....SUNRISE   634 AM MDT   SUNSET   647 PM MDT


-  INDICATES NEGATIVE NUMBERS.
R  INDICATES RECORD WAS SET OR TIED.
MM INDICATES DATA IS MISSING.
T  INDICATES TRACE AMOUNT.




$$
