000
CDUS43 KUNR 250834
CLID07


CLIMATE REPORT
NATIONAL WEATHER SERVICE RAPID CITY SD
233 AM MDT MON JUL 25 2016


...................................

...THE FAITH SD CLIMATE SUMMARY FOR JULY 24 2016...

CLIMATE NORMAL PERIOD 1981 TO 2010
CLIMATE RECORD PERIOD 9999 TO 9999


WEATHER ITEM   OBSERVED TIME   NORMAL DEPARTURE LAST
                VALUE   (LST)  VALUE  FROM      YEAR
                                      NORMAL
......................................................
TEMPERATURE (F)
 YESTERDAY
  MAXIMUM         87    434 PM  87      0       94
  MINIMUM         55    302 AM  60     -5       60
  AVERAGE         71            73     -2       77

PRECIPITATION (IN)
  YESTERDAY        0.01          0.06  -0.05     0.00
  MONTH TO DATE    0.77          2.40  -1.63     0.26
  SINCE JUN 1      2.46          5.49  -3.03     2.90
  SINCE JAN 1      9.31         11.79  -2.48    10.14

DEGREE DAYS
 HEATING
  YESTERDAY        0             0      0        0
  MONTH TO DATE    3             5     -2        0
  SINCE JUN 1     18            95    -77       34
  SINCE JUL 1      3             5     -2        0

 COOLING
  YESTERDAY        6             9     -3       12
  MONTH TO DATE  224           185     39      196
  SINCE JUN 1    399           273    126      291
  SINCE JAN 1    401           285    116      293
......................................................


WIND (MPH)
  HIGHEST WIND SPEED    15   HIGHEST WIND DIRECTION     S (160)
  HIGHEST GUST SPEED    19   HIGHEST GUST DIRECTION     S (160)
  AVERAGE WIND SPEED     7.6




RELATIVE HUMIDITY (PERCENT)
 HIGHEST    72           700 AM
 LOWEST     20           300 PM
 AVERAGE    46

..........................................................




SUNRISE AND SUNSET
JULY 25 2016..........SUNRISE   526 AM MDT   SUNSET   822 PM MDT
JULY 26 2016..........SUNRISE   527 AM MDT   SUNSET   821 PM MDT


-  INDICATES NEGATIVE NUMBERS.
R  INDICATES RECORD WAS SET OR TIED.
MM INDICATES DATA IS MISSING.
T  INDICATES TRACE AMOUNT.




$$
