690
CDUS43 KUNR 280832
CLID07


CLIMATE REPORT
NATIONAL WEATHER SERVICE RAPID CITY SD
231 AM MDT THU APR 28 2016


...................................

...THE FAITH SD CLIMATE SUMMARY FOR APRIL 27 2016...

CLIMATE NORMAL PERIOD 1981 TO 2010
CLIMATE RECORD PERIOD 9999 TO 9999


WEATHER ITEM   OBSERVED TIME   NORMAL DEPARTURE LAST
                VALUE   (LST)  VALUE  FROM      YEAR
                                      NORMAL
......................................................
TEMPERATURE (F)
 YESTERDAY
  MAXIMUM         38   1215 AM  62    -24       49
  MINIMUM         32   1159 PM  37     -5       42
  AVERAGE         35            49    -14       46

PRECIPITATION (IN)
  YESTERDAY        1.08          0.09   0.99     0.03
  MONTH TO DATE    3.99          1.36   2.63     0.50
  SINCE MAR 1      4.82          2.34   2.48     0.65
  SINCE JAN 1      6.33          2.96   3.37     1.08

DEGREE DAYS
 HEATING
  YESTERDAY       30            16     14       19
  MONTH TO DATE  498           565    -67      511
  SINCE MAR 1   1268          1568   -300     1235
  SINCE JUL 1   6214          7256  -1042     6734

 COOLING
  YESTERDAY        0             0      0        0
  MONTH TO DATE    0             0      0        0
  SINCE MAR 1      0             0      0        2
  SINCE JAN 1      0             0      0        2
......................................................


WIND (MPH)
  HIGHEST WIND SPEED    29   HIGHEST WIND DIRECTION    NE (30)
  HIGHEST GUST SPEED    33   HIGHEST GUST DIRECTION     N (20)
  AVERAGE WIND SPEED    14.9




RELATIVE HUMIDITY (PERCENT)
 HIGHEST    92          1200 AM
 LOWEST     85           300 AM
 AVERAGE    89

..........................................................




SUNRISE AND SUNSET
APRIL 28 2016.........SUNRISE   541 AM MDT   SUNSET   751 PM MDT
APRIL 29 2016.........SUNRISE   540 AM MDT   SUNSET   752 PM MDT


-  INDICATES NEGATIVE NUMBERS.
R  INDICATES RECORD WAS SET OR TIED.
MM INDICATES DATA IS MISSING.
T  INDICATES TRACE AMOUNT.




$$
