000
CDUS43 KUNR 270833
CLID07


CLIMATE REPORT
NATIONAL WEATHER SERVICE RAPID CITY SD
133 AM MST FRI FEB 27 2015


...................................

...THE FAITH SD CLIMATE SUMMARY FOR FEBRUARY 26 2015...

CLIMATE NORMAL PERIOD 1981 TO 2010
CLIMATE RECORD PERIOD 9999 TO 9999


WEATHER ITEM   OBSERVED TIME   NORMAL DEPARTURE LAST
                VALUE   (LST)  VALUE  FROM      YEAR
                                      NORMAL
......................................................
TEMPERATURE (F)
 YESTERDAY
  MAXIMUM         13    357 PM  36    -23       30
  MINIMUM         -8    706 AM  17    -25       -8
  AVERAGE          3            26    -23       11

PRECIPITATION (IN)
  YESTERDAY        0.00          0.01  -0.01     0.00
  MONTH TO DATE    0.26          0.40  -0.14     0.61
  SINCE DEC 1      0.71          1.00  -0.29     1.71
  SINCE JAN 1      0.43          0.60  -0.17     0.81

DEGREE DAYS
 HEATING
  YESTERDAY       62            38     24       54
  MONTH TO DATE 1087          1084      3     1333
  SINCE DEC 1   3520          3830   -310     4277
  SINCE JUL 1   5396          5613   -217     6027

 COOLING
  YESTERDAY        0             0      0        0
  MONTH TO DATE    0             0      0        0
  SINCE DEC 1      0             0      0        0
  SINCE JAN 1      0             0      0        0
......................................................


WIND (MPH)
  HIGHEST WIND SPEED    15   HIGHEST WIND DIRECTION     N (360)
  HIGHEST GUST SPEED    21   HIGHEST GUST DIRECTION     N (360)
  AVERAGE WIND SPEED     8.7




RELATIVE HUMIDITY (PERCENT)
 HIGHEST    79           100 AM
 LOWEST     46           200 PM
 AVERAGE    63

..........................................................




SUNRISE AND SUNSET
FEBRUARY 27 2015......SUNRISE   630 AM MST   SUNSET   532 PM MST
FEBRUARY 28 2015......SUNRISE   628 AM MST   SUNSET   534 PM MST


-  INDICATES NEGATIVE NUMBERS.
R  INDICATES RECORD WAS SET OR TIED.
MM INDICATES DATA IS MISSING.
T  INDICATES TRACE AMOUNT.




$$
