000
CDUS43 KUNR 210834
CLID07


CLIMATE REPORT
NATIONAL WEATHER SERVICE RAPID CITY SD
134 AM MST FRI NOV 21 2014


...................................

...THE FAITH SD CLIMATE SUMMARY FOR NOVEMBER 20 2014...

CLIMATE NORMAL PERIOD 1981 TO 2010
CLIMATE RECORD PERIOD 9999 TO 9999


WEATHER ITEM   OBSERVED TIME   NORMAL DEPARTURE LAST
                VALUE   (LST)  VALUE  FROM      YEAR
                                      NORMAL
......................................................
TEMPERATURE (F)
 YESTERDAY
  MAXIMUM         26    246 PM  40    -14       44
  MINIMUM         11   1237 AM  19     -8       12
  AVERAGE         19            30    -11       28

PRECIPITATION (IN)
  YESTERDAY        0.00          0.01  -0.01     0.00
  MONTH TO DATE    0.21          0.49  -0.28     0.22
  SINCE SEP 1      1.89          3.40  -1.51     3.96
  SINCE JAN 1     18.40         17.22   1.18    16.33

DEGREE DAYS
 HEATING
  YESTERDAY       46            35     11       37
  MONTH TO DATE  786           600    186      580
  SINCE SEP 1   1438          1366     72     1347
  SINCE JUL 1   1481          1399     82     1362

 COOLING
  YESTERDAY        0             0      0        0
  MONTH TO DATE    0             0      0        0
  SINCE SEP 1     46            60    -14      130
  SINCE JAN 1    445           635   -190      720
......................................................


WIND (MPH)
  HIGHEST WIND SPEED    22   HIGHEST WIND DIRECTION     S (170)
  HIGHEST GUST SPEED    25   HIGHEST GUST DIRECTION     S (170)
  AVERAGE WIND SPEED    11.8




RELATIVE HUMIDITY (PERCENT)
 HIGHEST    92           100 AM
 LOWEST     68           100 PM
 AVERAGE    80

..........................................................




SUNRISE AND SUNSET
NOVEMBER 21 2014......SUNRISE   654 AM MST   SUNSET   414 PM MST
NOVEMBER 22 2014......SUNRISE   655 AM MST   SUNSET   413 PM MST


-  INDICATES NEGATIVE NUMBERS.
R  INDICATES RECORD WAS SET OR TIED.
MM INDICATES DATA IS MISSING.
T  INDICATES TRACE AMOUNT.




$$
