000
CDUS43 KUNR 300832
CLID07


CLIMATE REPORT
NATIONAL WEATHER SERVICE RAPID CITY SD
231 AM MDT SAT AUG 30 2014


...................................

...THE FAITH SD CLIMATE SUMMARY FOR AUGUST 29 2014...

CLIMATE NORMAL PERIOD 1981 TO 2010
CLIMATE RECORD PERIOD 9999 TO 9999


WEATHER ITEM   OBSERVED TIME   NORMAL DEPARTURE LAST
                VALUE   (LST)  VALUE  FROM      YEAR
                                      NORMAL
......................................................
TEMPERATURE (F)
 YESTERDAY
  MAXIMUM         76    328 PM  83     -7       95
  MINIMUM         55   1159 PM  55      0       65
  AVERAGE         66            69     -3       80

PRECIPITATION (IN)
  YESTERDAY        0.00          0.06  -0.06     0.00
  MONTH TO DATE    5.51          1.52   3.99     1.90
  SINCE JUN 1     11.87          7.41   4.46     4.73
  SINCE JAN 1     16.45         13.71   2.74    12.37

DEGREE DAYS
 HEATING
  YESTERDAY        0             2     -2        0
  MONTH TO DATE   22            14      8        2
  SINCE JUN 1    144           116     28       88
  SINCE JUL 1     39            26     13       15

 COOLING
  YESTERDAY        1             5     -4       15
  MONTH TO DATE  170           221    -51      210
  SINCE JUN 1    368           554   -186      555
  SINCE JAN 1    398           566   -168      568
......................................................


WIND (MPH)
  HIGHEST WIND SPEED    32   HIGHEST WIND DIRECTION     N (360)
  HIGHEST GUST SPEED    39   HIGHEST GUST DIRECTION     N (10)
  AVERAGE WIND SPEED    13.0




RELATIVE HUMIDITY (PERCENT)
 HIGHEST   100           100 AM
 LOWEST     49          1000 AM
 AVERAGE    75

..........................................................




SUNRISE AND SUNSET
AUGUST 30 2014........SUNRISE   608 AM MDT   SUNSET   729 PM MDT
AUGUST 31 2014........SUNRISE   609 AM MDT   SUNSET   727 PM MDT


-  INDICATES NEGATIVE NUMBERS.
R  INDICATES RECORD WAS SET OR TIED.
MM INDICATES DATA IS MISSING.
T  INDICATES TRACE AMOUNT.




$$
