000
CDUS43 KUNR 070831
CLID07


CLIMATE REPORT
NATIONAL WEATHER SERVICE RAPID CITY SD
130 AM MST WED DEC 7 2016


...................................

...THE FAITH SD CLIMATE SUMMARY FOR DECEMBER 6 2016...

CLIMATE NORMAL PERIOD 1981 TO 2010
CLIMATE RECORD PERIOD 9999 TO 9999


WEATHER ITEM   OBSERVED TIME   NORMAL DEPARTURE LAST
                VALUE   (LST)  VALUE  FROM      YEAR
                                      NORMAL
......................................................
TEMPERATURE (F)
 YESTERDAY
  MAXIMUM         10   1225 AM  32    -22       43
  MINIMUM          1   1159 PM  13    -12       22
  AVERAGE          6            22    -16       33

PRECIPITATION (IN)
  YESTERDAY        0.00          0.01  -0.01     0.00
  MONTH TO DATE    0.12          0.06   0.06     0.07
  SINCE DEC 1      0.12          0.06   0.06     0.07
  SINCE JAN 1     14.22         17.32  -3.10    15.46

DEGREE DAYS
 HEATING
  YESTERDAY       59            43     16       32
  MONTH TO DATE  258           251      7      197
  SINCE DEC 1    258           251      7      197
  SINCE JUL 1   1509          2034   -525     1583

 COOLING
  YESTERDAY        0             0      0        0
  MONTH TO DATE    0             0      0        0
  SINCE DEC 1      0             0      0        0
  SINCE JAN 1    734           635     99      691
......................................................


WIND (MPH)
  HIGHEST WIND SPEED    36   HIGHEST WIND DIRECTION    NW (300)
  HIGHEST GUST SPEED    44   HIGHEST GUST DIRECTION    NW (300)
  AVERAGE WIND SPEED    26.4




RELATIVE HUMIDITY (PERCENT)
 HIGHEST    88           200 AM
 LOWEST     73           100 PM
 AVERAGE    81

..........................................................




SUNRISE AND SUNSET
DECEMBER  7 2016......SUNRISE   713 AM MST   SUNSET   406 PM MST
DECEMBER  8 2016......SUNRISE   714 AM MST   SUNSET   406 PM MST


-  INDICATES NEGATIVE NUMBERS.
R  INDICATES RECORD WAS SET OR TIED.
MM INDICATES DATA IS MISSING.
T  INDICATES TRACE AMOUNT.




$$
