000
CDUS43 KUNR 230832
CLID07


CLIMATE REPORT
NATIONAL WEATHER SERVICE RAPID CITY SD
231 AM MDT SUN JUL 23 2017


...................................

...THE FAITH SD CLIMATE SUMMARY FOR JULY 22 2017...

CLIMATE NORMAL PERIOD 1981 TO 2010
CLIMATE RECORD PERIOD 9999 TO 9999


WEATHER ITEM   OBSERVED TIME   NORMAL DEPARTURE LAST
                VALUE   (LST)  VALUE  FROM      YEAR
                                      NORMAL
......................................................
TEMPERATURE (F)
 YESTERDAY
  MAXIMUM         93    222 PM  87      6      105
  MINIMUM         59    501 AM  60     -1       70
  AVERAGE         76            73      3       88

PRECIPITATION (IN)
  YESTERDAY        0.00          0.07  -0.07     0.00
  MONTH TO DATE    0.50          2.27  -1.77     0.76
  SINCE JUN 1      2.98          5.36  -2.38     2.45
  SINCE JAN 1      7.26         11.66  -4.40     9.30

DEGREE DAYS
 HEATING
  YESTERDAY        0             0      0        0
  MONTH TO DATE    0             5     -5        3
  SINCE JUN 1     30            95    -65       18
  SINCE JUL 1      0             5     -5        3

 COOLING
  YESTERDAY       11             9      2       23
  MONTH TO DATE  291           167    124      206
  SINCE JUN 1    417           255    162      381
  SINCE JAN 1    429           267    162      383
......................................................


WIND (MPH)
  HIGHEST WIND SPEED    25   HIGHEST WIND DIRECTION    NW (330)
  HIGHEST GUST SPEED    30   HIGHEST GUST DIRECTION     N (340)
  AVERAGE WIND SPEED    10.1




RELATIVE HUMIDITY (PERCENT)
 HIGHEST    62           400 AM
 LOWEST     14           200 PM
 AVERAGE    38

..........................................................




SUNRISE AND SUNSET
JULY 23 2017..........SUNRISE   524 AM MDT   SUNSET   825 PM MDT
JULY 24 2017..........SUNRISE   525 AM MDT   SUNSET   824 PM MDT


-  INDICATES NEGATIVE NUMBERS.
R  INDICATES RECORD WAS SET OR TIED.
MM INDICATES DATA IS MISSING.
T  INDICATES TRACE AMOUNT.




$$
