000
CDUS42 KMLB 282020
CLIDAB


CLIMATE REPORT
NATIONAL WEATHER SERVICE MELBOURNE FL
420 PM EDT SUN AUG 28 2016


...................................

...THE DAYTONA BEACH CLIMATE SUMMARY FOR AUGUST 28 2016...
VALID TODAY AS OF 0400 PM LOCAL TIME.

CLIMATE NORMAL PERIOD 1981 TO 2010
CLIMATE RECORD PERIOD 1923 TO 2016


WEATHER ITEM   OBSERVED TIME   RECORD YEAR NORMAL DEPARTURE LAST
                VALUE   (LST)  VALUE       VALUE  FROM      YEAR
                                                  NORMAL
..................................................................
TEMPERATURE (F)
 TODAY
  MAXIMUM         92    232 PM  95    1965  89      3       88
  MINIMUM         81    613 AM  67    1997  73      8       72
                                      1984
  AVERAGE         87                        81      6       80

PRECIPITATION (IN)
  TODAY            0.00          1.78 1940   0.22  -0.22     0.01
  MONTH TO DATE    1.29                      5.76  -4.47     5.31
  SINCE JUN 1      5.57                     17.42 -11.85    14.74
  SINCE JAN 1     25.57                     32.49  -6.92    29.08

SNOWFALL (IN)
  TODAY            0.0
  MONTH TO DATE    0.0
  SINCE JUL 1      0.0

DEGREE DAYS
 HEATING
  TODAY            0                         0      0        0
  MONTH TO DATE    0                         0      0        0
  SINCE JUN 1      0                         0      0        0
  SINCE JUL 1      0                         0      0        0

 COOLING
  TODAY           22                        16      6       15
  MONTH TO DATE  540                       465     75      489
  SINCE JUN 1   1642                      1427    215     1534
  SINCE JAN 1   2416                      2028    388     2447
..................................................................


WIND (MPH)
  HIGHEST WIND SPEED    21   HIGHEST WIND DIRECTION    NE (40)
  HIGHEST GUST SPEED    27   HIGHEST GUST DIRECTION    NE (50)
  AVERAGE WIND SPEED    12.3


SKY COVER
  AVERAGE SKY COVER 0.5


WEATHER CONDITIONS
 THE FOLLOWING WEATHER WAS RECORDED TODAY.
  NO SIGNIFICANT WEATHER WAS OBSERVED.


RELATIVE HUMIDITY (PERCENT)
 HIGHEST    91           300 AM
 LOWEST     60           100 PM
 AVERAGE    76

..........................................................


THE DAYTONA BEACH CLIMATE NORMALS FOR TOMORROW
                         NORMAL    RECORD    YEAR
 MAXIMUM TEMPERATURE (F)   89        96      1938
 MINIMUM TEMPERATURE (F)   73        68      1984
                                             1955
                                             1930


SUNRISE AND SUNSET
AUGUST 28 2016........SUNRISE   700 AM EDT   SUNSET   750 PM EDT
AUGUST 29 2016........SUNRISE   701 AM EDT   SUNSET   749 PM EDT


-  INDICATES NEGATIVE NUMBERS.
R  INDICATES RECORD WAS SET OR TIED.
MM INDICATES DATA IS MISSING.
T  INDICATES TRACE AMOUNT.




$$
