000
CDUS42 KMLB 190652
CLIDAB


CLIMATE REPORT
NATIONAL WEATHER SERVICE MELBOURNE FL
241 AM EDT TUE SEP 19 2017


...................................

...THE DAYTONA BEACH CLIMATE SUMMARY FOR SEPTEMBER 18 2017...

CLIMATE NORMAL PERIOD 1981 TO 2010
CLIMATE RECORD PERIOD 1923 TO 2017


WEATHER ITEM   OBSERVED TIME   RECORD YEAR NORMAL DEPARTURE LAST
                VALUE   (LST)  VALUE       VALUE  FROM      YEAR
                                                  NORMAL
..................................................................
TEMPERATURE (F)
 YESTERDAY
  MAXIMUM         85   1202 PM  93    1987  87     -2       91
  MINIMUM         74    710 AM  64    1981  72      2       74
                                      1936
  AVERAGE         80                        80      0       83

PRECIPITATION (IN)
  YESTERDAY        1.13          2.20 2011   0.24   0.89     0.00
  MONTH TO DATE    9.06                      4.36   4.70     5.41
  SINCE SEP 1      9.06                      4.36   4.70     5.41
  SINCE JAN 1     38.73                     37.49   1.24    33.04

SNOWFALL (IN)
  YESTERDAY        0.0
  MONTH TO DATE    0.0
  SINCE JUL 1      0.0

DEGREE DAYS
 HEATING
  YESTERDAY        0                         0      0        0
  MONTH TO DATE    0                         0      0        0
  SINCE SEP 1      0                         0      0        0
  SINCE JUL 1      0                         0      0        0

 COOLING
  YESTERDAY       15                        14      1       18
  MONTH TO DATE  293                       274     19      288
  SINCE SEP 1    293                       274     19      288
  SINCE JAN 1   2720                      2348    372     2753
..................................................................


WIND (MPH)
  HIGHEST WIND SPEED    20   HIGHEST WIND DIRECTION     N (350)
  HIGHEST GUST SPEED    24   HIGHEST GUST DIRECTION     N (350)
  AVERAGE WIND SPEED     8.9


SKY COVER
  AVERAGE SKY COVER 0.7


WEATHER CONDITIONS
 THE FOLLOWING WEATHER WAS RECORDED YESTERDAY.
  HEAVY RAIN
  RAIN
  LIGHT RAIN
  FOG


RELATIVE HUMIDITY (PERCENT)
 HIGHEST   100           700 AM
 LOWEST     69           300 PM
 AVERAGE    85

..........................................................


THE DAYTONA BEACH CLIMATE NORMALS FOR TODAY
                         NORMAL    RECORD    YEAR
 MAXIMUM TEMPERATURE (F)   87        94      1936
 MINIMUM TEMPERATURE (F)   72        56      1981


SUNRISE AND SUNSET
SEPTEMBER 19 2017.....SUNRISE   711 AM EDT   SUNSET   724 PM EDT
SEPTEMBER 20 2017.....SUNRISE   712 AM EDT   SUNSET   723 PM EDT


-  INDICATES NEGATIVE NUMBERS.
R  INDICATES RECORD WAS SET OR TIED.
MM INDICATES DATA IS MISSING.
T  INDICATES TRACE AMOUNT.




$$
