000
CDUS42 KMLB 272021
CLIDAB


CLIMATE REPORT
NATIONAL WEATHER SERVICE MELBOURNE FL
421 PM EDT THU APR 27 2017


...................................

...THE DAYTONA BEACH CLIMATE SUMMARY FOR APRIL 27 2017...
VALID TODAY AS OF 0400 PM LOCAL TIME.

CLIMATE NORMAL PERIOD 1981 TO 2010
CLIMATE RECORD PERIOD 1923 TO 2017


WEATHER ITEM   OBSERVED TIME   RECORD YEAR NORMAL DEPARTURE LAST
                VALUE   (LST)  VALUE       VALUE  FROM      YEAR
                                                  NORMAL
..................................................................
TEMPERATURE (F)
 TODAY
  MAXIMUM         91    117 PM  93    1989  81     10       85
  MINIMUM         65    625 AM  46    1926  61      4       64
  AVERAGE         78                        71      7       75

PRECIPITATION (IN)
  TODAY            0.00          0.90 2005   0.05  -0.05     0.00
  MONTH TO DATE    1.22                      2.02  -0.80     2.05
  SINCE MAR 1      2.29                      6.26  -3.97     3.48
  SINCE JAN 1      6.30                     11.78  -5.48    14.19

SNOWFALL (IN)
  TODAY            0.0
  MONTH TO DATE    0.0
  SINCE JUL 1      0.0

DEGREE DAYS
 HEATING
  TODAY            0                         0      0        0
  MONTH TO DATE   13                        27    -14        5
  SINCE MAR 1     95                       124    -29       43
  SINCE JUL 1    401                       806   -405      508

 COOLING
  TODAY           13                         6      7       10
  MONTH TO DATE  179                       125     54      166
  SINCE MAR 1    300                       202     98      346
  SINCE JAN 1    420                       267    153      396
..................................................................


WIND (MPH)
  HIGHEST WIND SPEED    15   HIGHEST WIND DIRECTION     E (90)
  HIGHEST GUST SPEED    21   HIGHEST GUST DIRECTION     E (100)
  AVERAGE WIND SPEED     6.2


SKY COVER
  AVERAGE SKY COVER 0.1


WEATHER CONDITIONS
 THE FOLLOWING WEATHER WAS RECORDED TODAY.
  FOG


RELATIVE HUMIDITY (PERCENT)
 HIGHEST   100           500 AM
 LOWEST     38           100 PM
 AVERAGE    69

..........................................................


THE DAYTONA BEACH CLIMATE NORMALS FOR TOMORROW
                         NORMAL    RECORD    YEAR
 MAXIMUM TEMPERATURE (F)   81        95      1968
 MINIMUM TEMPERATURE (F)   61        46      1977
                                             1946


SUNRISE AND SUNSET
APRIL 27 2017.........SUNRISE   646 AM EDT   SUNSET   758 PM EDT
APRIL 28 2017.........SUNRISE   645 AM EDT   SUNSET   759 PM EDT


-  INDICATES NEGATIVE NUMBERS.
R  INDICATES RECORD WAS SET OR TIED.
MM INDICATES DATA IS MISSING.
T  INDICATES TRACE AMOUNT.




$$
