000
CDUS42 KMLB 282017
CLIDAB


CLIMATE REPORT
NATIONAL WEATHER SERVICE MELBOURNE FL
415 PM EDT TUE JUL 28 2015


...................................

...THE DAYTONA BEACH CLIMATE SUMMARY FOR JULY 28 2015...
VALID TODAY AS OF 0400 PM LOCAL TIME.

CLIMATE NORMAL PERIOD 1981 TO 2010
CLIMATE RECORD PERIOD 1923 TO 2015


WEATHER ITEM   OBSERVED TIME   RECORD YEAR NORMAL DEPARTURE LAST
                VALUE   (LST)  VALUE       VALUE  FROM      YEAR
                                                  NORMAL
..................................................................
TEMPERATURE (F)
 TODAY
  MAXIMUM         85   1148 AM  98    1992  91     -6       93
  MINIMUM         76    552 AM  66    1947  73      3       77
  AVERAGE         81                        82     -1       85

PRECIPITATION (IN)
  TODAY            0.12          6.70 1926   0.19  -0.07     0.00
  MONTH TO DATE    3.37                      5.24  -1.87     7.21
  SINCE JUN 1      8.76                     11.07  -2.31    10.96
  SINCE JAN 1     23.10                     26.14  -3.04    30.71

SNOWFALL (IN)
  TODAY            0.0
  MONTH TO DATE    0.0
  SINCE JUL 1      0.0

DEGREE DAYS
 HEATING
  TODAY            0                         0      0        0
  MONTH TO DATE    0                         0      0        0
  SINCE JUN 1      0                         0      0        0
  SINCE JUL 1      0                         0      0        0

 COOLING
  TODAY           16                        17     -1       20
  MONTH TO DATE  492                       465     27      462
  SINCE JUN 1    989                       912     77      910
  SINCE JAN 1   1902                      1513    389     1576
..................................................................


WIND (MPH)
  HIGHEST WIND SPEED    17   HIGHEST WIND DIRECTION     W (260)
  HIGHEST GUST SPEED    22   HIGHEST GUST DIRECTION     W (260)
  AVERAGE WIND SPEED     6.5


SKY COVER
  AVERAGE SKY COVER 0.8


WEATHER CONDITIONS
 THE FOLLOWING WEATHER WAS RECORDED TODAY.
  THUNDERSTORM
  HEAVY RAIN
  RAIN
  LIGHT RAIN
  FOG
  HAZE


RELATIVE HUMIDITY (PERCENT)
 HIGHEST    94           100 AM
 LOWEST     74          1200 PM
 AVERAGE    84

..........................................................


THE DAYTONA BEACH CLIMATE NORMALS FOR TOMORROW
                         NORMAL    RECORD    YEAR
 MAXIMUM TEMPERATURE (F)   91        98      1992
 MINIMUM TEMPERATURE (F)   73        67      1940
                                             1938


SUNRISE AND SUNSET
JULY 28 2015..........SUNRISE   642 AM EDT   SUNSET   819 PM EDT
JULY 29 2015..........SUNRISE   643 AM EDT   SUNSET   818 PM EDT


-  INDICATES NEGATIVE NUMBERS.
R  INDICATES RECORD WAS SET OR TIED.
MM INDICATES DATA IS MISSING.
T  INDICATES TRACE AMOUNT.

&&

DAYTONA BEACH SURF TEMPERATURE 79 DEGREES.

$$
