000
CDUS42 KMLB 302019
CLIDAB


CLIMATE REPORT
NATIONAL WEATHER SERVICE MELBOURNE FL
419 PM EDT SAT MAY 30 2015


...................................

...THE DAYTONA BEACH CLIMATE SUMMARY FOR MAY 30 2015...
VALID TODAY AS OF 0400 PM LOCAL TIME.

CLIMATE NORMAL PERIOD 1981 TO 2010
CLIMATE RECORD PERIOD 1923 TO 2015


WEATHER ITEM   OBSERVED TIME   RECORD YEAR NORMAL DEPARTURE LAST
                VALUE   (LST)  VALUE       VALUE  FROM      YEAR
                                                  NORMAL
..................................................................
TEMPERATURE (F)
 TODAY
  MAXIMUM         86   1203 PM  98    1945  87     -1       84
  MINIMUM         70    523 AM  53    1935  69      1       69
  AVERAGE         78                        78      0       77

PRECIPITATION (IN)
  TODAY            0.01          1.56 1930   0.16  -0.15     0.15
  MONTH TO DATE    2.62                      2.96  -0.34     2.83
  SINCE MAR 1      8.91                      9.38  -0.47    11.89
  SINCE JAN 1     14.34                     14.90  -0.56    18.47

SNOWFALL (IN)
  TODAY            0.0
  MONTH TO DATE    0.0
  SINCE JUL 1      0.0

DEGREE DAYS
 HEATING
  TODAY            0                         0      0        0
  MONTH TO DATE    0                         0      0        0
  SINCE MAR 1     35                       125    -90       89
  SINCE JUL 1    682                       807   -125      602

 COOLING
  TODAY           13                        13      0       12
  MONTH TO DATE  355                       300     55      318
  SINCE MAR 1    860                       522    338      569
  SINCE JAN 1    900                       587    313      653
..................................................................


WIND (MPH)
  HIGHEST WIND SPEED    17   HIGHEST WIND DIRECTION     E (70)
  HIGHEST GUST SPEED    22   HIGHEST GUST DIRECTION     E (70)
  AVERAGE WIND SPEED     6.3


SKY COVER
  AVERAGE SKY COVER 0.5


WEATHER CONDITIONS
 THE FOLLOWING WEATHER WAS RECORDED TODAY.
  LIGHT RAIN
  FOG


RELATIVE HUMIDITY (PERCENT)
 HIGHEST    93           500 AM
 LOWEST     61          1200 PM
 AVERAGE    77

..........................................................


THE DAYTONA BEACH CLIMATE NORMALS FOR TOMORROW
                         NORMAL    RECORD    YEAR
 MAXIMUM TEMPERATURE (F)   87        99      2004
 MINIMUM TEMPERATURE (F)   69        54      1935


SUNRISE AND SUNSET
MAY 30 2015...........SUNRISE   626 AM EDT   SUNSET   818 PM EDT
MAY 31 2015...........SUNRISE   626 AM EDT   SUNSET   818 PM EDT


-  INDICATES NEGATIVE NUMBERS.
R  INDICATES RECORD WAS SET OR TIED.
MM INDICATES DATA IS MISSING.
T  INDICATES TRACE AMOUNT.




$$
