000
CDUS42 KMLB 282018
CLIDAB


CLIMATE REPORT
NATIONAL WEATHER SERVICE MELBOURNE FL
417 PM EDT WED SEP 28 2016


...................................

...THE DAYTONA BEACH CLIMATE SUMMARY FOR SEPTEMBER 28 2016...
VALID TODAY AS OF 0400 PM LOCAL TIME.

CLIMATE NORMAL PERIOD 1981 TO 2010
CLIMATE RECORD PERIOD 1923 TO 2016


WEATHER ITEM   OBSERVED TIME   RECORD YEAR NORMAL DEPARTURE LAST
                VALUE   (LST)  VALUE       VALUE  FROM      YEAR
                                                  NORMAL
..................................................................
TEMPERATURE (F)
 TODAY
  MAXIMUM         89    109 PM  92    1974  85      4       86
                                      1939
  MINIMUM         71    644 AM  62    1931  71      0       76
  AVERAGE         80                        78      2       81

PRECIPITATION (IN)
  TODAY            0.68          3.79 1995   0.21   0.47     0.09
  MONTH TO DATE    7.45                      6.54   0.91     5.08
  SINCE SEP 1      7.45                      6.54   0.91     5.08
  SINCE JAN 1     35.08                     39.67  -4.59    36.37

SNOWFALL (IN)
  TODAY            0.0
  MONTH TO DATE    0.0
  SINCE JUL 1      0.0

DEGREE DAYS
 HEATING
  TODAY            0                         0      0        0
  MONTH TO DATE    0                         0      0        0
  SINCE SEP 1      0                         0      0        0
  SINCE JUL 1      0                         0      0        0

 COOLING
  TODAY           15                        13      2       16
  MONTH TO DATE  449                       411     38      433
  SINCE SEP 1    449                       411     38      433
  SINCE JAN 1   2914                      2485    429     2927
..................................................................


WIND (MPH)
  HIGHEST WIND SPEED    14   HIGHEST WIND DIRECTION     W (280)
  HIGHEST GUST SPEED    19   HIGHEST GUST DIRECTION     W (260)
  AVERAGE WIND SPEED     4.6


SKY COVER
  AVERAGE SKY COVER 0.3


WEATHER CONDITIONS
 THE FOLLOWING WEATHER WAS RECORDED TODAY.
  THUNDERSTORM
  HEAVY RAIN
  RAIN
  LIGHT RAIN
  FOG
  HAZE


RELATIVE HUMIDITY (PERCENT)
 HIGHEST   100           200 AM
 LOWEST     59          1200 PM
 AVERAGE    80

..........................................................


THE DAYTONA BEACH CLIMATE NORMALS FOR TOMORROW
                         NORMAL    RECORD    YEAR
 MAXIMUM TEMPERATURE (F)   85        93      1980
                                             1944
 MINIMUM TEMPERATURE (F)   71        61      1962


SUNRISE AND SUNSET
SEPTEMBER 28 2016.....SUNRISE   716 AM EDT   SUNSET   713 PM EDT
SEPTEMBER 29 2016.....SUNRISE   717 AM EDT   SUNSET   712 PM EDT


-  INDICATES NEGATIVE NUMBERS.
R  INDICATES RECORD WAS SET OR TIED.
MM INDICATES DATA IS MISSING.
T  INDICATES TRACE AMOUNT.




$$
