000
CDUS42 KMLB 020643
CLIDAB


CLIMATE REPORT
NATIONAL WEATHER SERVICE MELBOURNE FL
233 AM EDT THU OCT 2 2014


...................................

...THE DAYTONA BEACH CLIMATE SUMMARY FOR OCTOBER 1 2014...

CLIMATE NORMAL PERIOD 1981 TO 2010
CLIMATE RECORD PERIOD 1923 TO 2014


WEATHER ITEM   OBSERVED TIME   RECORD YEAR NORMAL DEPARTURE LAST
                VALUE   (LST)  VALUE       VALUE  FROM      YEAR
                                                  NORMAL
..................................................................
TEMPERATURE (F)
 YESTERDAY
  MAXIMUM         85   1225 PM  94    1959  85      0       83
  MINIMUM         74    652 AM  58    2009  70      4       71
                                      2001
  AVERAGE         80                        78      2       77

PRECIPITATION (IN)
  YESTERDAY        0.05          3.86 2003   0.19  -0.14     0.00
  MONTH TO DATE    0.05                      0.19  -0.14     0.00
  SINCE SEP 1     18.20                      7.15  11.05     5.77
  SINCE JAN 1     51.37                     40.28  11.09    40.99

SNOWFALL (IN)
  YESTERDAY        0.0
  MONTH TO DATE    0.0
  SINCE JUL 1      0.0

DEGREE DAYS
 HEATING
  YESTERDAY        0                         0      0        0
  MONTH TO DATE    0                         0      0        0
  SINCE SEP 1      0                         0      0        0
  SINCE JUL 1      0                         0      0        0

 COOLING
  YESTERDAY       15                        13      2       12
  MONTH TO DATE   15                        13      2       12
  SINCE SEP 1    469                       449     20      474
  SINCE JAN 1   2661                      2523    138     2670
..................................................................


WIND (MPH)
  HIGHEST WIND SPEED    14   HIGHEST WIND DIRECTION    NE (50)
  HIGHEST GUST SPEED    17   HIGHEST GUST DIRECTION    NE (50)
  AVERAGE WIND SPEED     4.6


SKY COVER
  AVERAGE SKY COVER 0.6


WEATHER CONDITIONS
 THE FOLLOWING WEATHER WAS RECORDED YESTERDAY.
  LIGHT RAIN
  FOG


RELATIVE HUMIDITY (PERCENT)
 HIGHEST   100           600 AM
 LOWEST     65          1200 PM
 AVERAGE    83

..........................................................


THE DAYTONA BEACH CLIMATE NORMALS FOR TODAY
                         NORMAL    RECORD    YEAR
 MAXIMUM TEMPERATURE (F)   85        95      1959
 MINIMUM TEMPERATURE (F)   70        56      2011


SUNRISE AND SUNSET
OCTOBER  2 2014.......SUNRISE   718 AM EDT   SUNSET   709 PM EDT
OCTOBER  3 2014.......SUNRISE   718 AM EDT   SUNSET   707 PM EDT


-  INDICATES NEGATIVE NUMBERS.
R  INDICATES RECORD WAS SET OR TIED.
MM INDICATES DATA IS MISSING.
T  INDICATES TRACE AMOUNT.




$$
