000
CDUS42 KMLB 172124
CLIDAB


CLIMATE REPORT
NATIONAL WEATHER SERVICE MELBOURNE FL
424 PM EST WED JAN 17 2018


...................................

...THE DAYTONA BEACH CLIMATE SUMMARY FOR JANUARY 17 2018...
VALID TODAY AS OF 0400 PM LOCAL TIME.

CLIMATE NORMAL PERIOD 1981 TO 2010
CLIMATE RECORD PERIOD 1923 TO 2018


WEATHER ITEM   OBSERVED TIME   RECORD YEAR NORMAL DEPARTURE LAST
                VALUE   (LST)  VALUE       VALUE  FROM      YEAR
                                                  NORMAL
..................................................................
TEMPERATURE (F)
 TODAY
  MAXIMUM         71    156 PM  86    1943  68      3       79
  MINIMUM         46    742 AM  26    1940  47     -1       53
  AVERAGE         59                        58      1       66

PRECIPITATION (IN)
  TODAY            0.00          1.45 2016   0.08  -0.08     0.00
  MONTH TO DATE    4.87                      1.48   3.39     1.32
  SINCE DEC 1      6.06                      4.11   1.95     2.02
  SINCE JAN 1      4.87                      1.48   3.39     1.32

SNOWFALL (IN)
  TODAY            0.0
  MONTH TO DATE    0.0
  SINCE JUL 1      0.0

DEGREE DAYS
 HEATING
  TODAY            6                         8     -2        0
  MONTH TO DATE  201                       136     65       64
  SINCE DEC 1    332                       328      4      143
  SINCE JUL 1    366                       402    -36      180

 COOLING
  TODAY            0                         1     -1        1
  MONTH TO DATE   14                        17     -3       33
  SINCE DEC 1     83                        68     15      141
  SINCE JAN 1     14                        17     -3       33
..................................................................


WIND (MPH)
  HIGHEST WIND SPEED    16   HIGHEST WIND DIRECTION     W (290)
  HIGHEST GUST SPEED    20   HIGHEST GUST DIRECTION     W (270)
  AVERAGE WIND SPEED     4.9


SKY COVER
  AVERAGE SKY COVER 0.3


WEATHER CONDITIONS
 THE FOLLOWING WEATHER WAS RECORDED TODAY.
  HAZE


RELATIVE HUMIDITY (PERCENT)
 HIGHEST   100          1200 AM
 LOWEST     44           200 PM
 AVERAGE    72

..........................................................


THE DAYTONA BEACH CLIMATE NORMALS FOR TOMORROW
                         NORMAL    RECORD    YEAR
 MAXIMUM TEMPERATURE (F)   68        85      1937
 MINIMUM TEMPERATURE (F)   47        25      1981


SUNRISE AND SUNSET
JANUARY 17 2018.......SUNRISE   719 AM EST   SUNSET   550 PM EST
JANUARY 18 2018.......SUNRISE   719 AM EST   SUNSET   551 PM EST


-  INDICATES NEGATIVE NUMBERS.
R  INDICATES RECORD WAS SET OR TIED.
MM INDICATES DATA IS MISSING.
T  INDICATES TRACE AMOUNT.




$$
