000
CDUS42 KMLB 292049
CLIDAB


CLIMATE REPORT
NATIONAL WEATHER SERVICE MELBOURNE FL
448 PM EDT MON JUN 29 2015


...................................

...THE DAYTONA BEACH CLIMATE SUMMARY FOR JUNE 29 2015...
VALID TODAY AS OF 0400 PM LOCAL TIME.

CLIMATE NORMAL PERIOD 1981 TO 2010
CLIMATE RECORD PERIOD 1923 TO 2015


WEATHER ITEM   OBSERVED TIME   RECORD YEAR NORMAL DEPARTURE LAST
                VALUE   (LST)  VALUE       VALUE  FROM      YEAR
                                                  NORMAL
..................................................................
TEMPERATURE (F)
 TODAY
  MAXIMUM         89    954 AM  98    1998  89      0       90
  MINIMUM         73   1140 AM  66    1963  73      0       74
  AVERAGE         81                        81      0       82

PRECIPITATION (IN)
  TODAY            0.18          1.92 2011   0.19  -0.01     0.00
  MONTH TO DATE    5.39                      5.64  -0.25     3.75
  SINCE JUN 1      5.39                      5.64  -0.25     3.75
  SINCE JAN 1     19.73                     20.71  -0.98    23.50

SNOWFALL (IN)
  TODAY            0.0
  MONTH TO DATE    0.0
  SINCE JUL 1      0.0

DEGREE DAYS
 HEATING
  TODAY            0                         0      0        0
  MONTH TO DATE    0                         0      0        0
  SINCE JUN 1      0                         0      0        0
  SINCE JUL 1    682                       809   -127      602

 COOLING
  TODAY           16                        16      0       17
  MONTH TO DATE  478                       432     46      431
  SINCE JUN 1    478                       432     46      431
  SINCE JAN 1   1391                      1033    358     1097
..................................................................


WIND (MPH)
  HIGHEST WIND SPEED    22   HIGHEST WIND DIRECTION     W (280)
  HIGHEST GUST SPEED    34   HIGHEST GUST DIRECTION     W (250)
  AVERAGE WIND SPEED     5.9


SKY COVER
  AVERAGE SKY COVER 0.8


WEATHER CONDITIONS
 THE FOLLOWING WEATHER WAS RECORDED TODAY.
  THUNDERSTORM
  HEAVY RAIN
  RAIN
  LIGHT RAIN
  FOG


RELATIVE HUMIDITY (PERCENT)
 HIGHEST    93           400 AM
 LOWEST     65           900 AM
 AVERAGE    79

..........................................................


THE DAYTONA BEACH CLIMATE NORMALS FOR TOMORROW
                         NORMAL    RECORD    YEAR
 MAXIMUM TEMPERATURE (F)   89       100      1998
 MINIMUM TEMPERATURE (F)   73        65      1981


SUNRISE AND SUNSET
JUNE 29 2015..........SUNRISE   628 AM EDT   SUNSET   827 PM EDT
JUNE 30 2015..........SUNRISE   628 AM EDT   SUNSET   827 PM EDT


-  INDICATES NEGATIVE NUMBERS.
R  INDICATES RECORD WAS SET OR TIED.
MM INDICATES DATA IS MISSING.
T  INDICATES TRACE AMOUNT.

&&

DAYTONA BEACH SURF TEMPERATURE 77 DEGREES.

$$
