000
CDUS41 KRNK 300627
CLIDAN


CLIMATE REPORT
NATIONAL WEATHER SERVICE BLACKSBURG VA
226 AM EDT SAT APR 30 2016


...................................

...THE DANVILLE VA CLIMATE SUMMARY FOR APRIL 29 2016...

CLIMATE NORMAL PERIOD 1981 TO 2010
CLIMATE RECORD PERIOD 1948 TO 2016


WEATHER ITEM   OBSERVED TIME   RECORD YEAR NORMAL DEPARTURE LAST
                VALUE   (LST)  VALUE       VALUE  FROM      YEAR
                                                  NORMAL
..................................................................
TEMPERATURE (F)
 YESTERDAY
  MAXIMUM         78    421 PM  91    1981  74      4       70
  MINIMUM         57    659 AM  35    2010  50      7       40
                                      1973
  AVERAGE         68                        62      6       55

PRECIPITATION (IN)
  YESTERDAY        0.00          2.00 1997   0.11  -0.11     0.00
  MONTH TO DATE    2.62                      3.36  -0.74     2.68
  SINCE MAR 1      4.95                      7.47  -2.52     4.80
  SINCE JAN 1     11.80                     13.90  -2.10     8.59

SNOWFALL (IN)
  YESTERDAY        0.0                                       0.0
  MONTH TO DATE    0.0                                       0.0
  SINCE MAR 1      0.0                                        T
  SINCE JUL 1     11.1                                       9.8
  SNOW DEPTH       0

DEGREE DAYS
 HEATING
  YESTERDAY        0                         5     -5       10
  MONTH TO DATE  220                       227     -7      179
  SINCE MAR 1    513                       737   -224      651
  SINCE JUL 1   2975                      3738   -763     3745

 COOLING
  YESTERDAY        3                         2      1        0
  MONTH TO DATE   26                        29     -3       34
  SINCE MAR 1     47                        32     15       34
  SINCE JAN 1     47                        32     15       34
..................................................................


WIND (MPH)
  HIGHEST WIND SPEED    13   HIGHEST WIND DIRECTION    NE (60)
  HIGHEST GUST SPEED    18   HIGHEST GUST DIRECTION     E (100)
  AVERAGE WIND SPEED     5.4


SKY COVER
  AVERAGE SKY COVER 0.5


WEATHER CONDITIONS
 THE FOLLOWING WEATHER WAS RECORDED YESTERDAY.
  FOG


RELATIVE HUMIDITY (PERCENT)
 HIGHEST   100           100 AM
 LOWEST     50          1200 PM
 AVERAGE    75

..........................................................


THE DANVILLE VA CLIMATE NORMALS FOR TODAY
                         NORMAL    RECORD    YEAR
 MAXIMUM TEMPERATURE (F)   74        92      1974
 MINIMUM TEMPERATURE (F)   51        30      1961


SUNRISE AND SUNSET
APRIL 30 2016.........SUNRISE   624 AM EDT   SUNSET   805 PM EDT
MAY  1 2016...........SUNRISE   623 AM EDT   SUNSET   806 PM EDT


-  INDICATES NEGATIVE NUMBERS.
R  INDICATES RECORD WAS SET OR TIED.
MM INDICATES DATA IS MISSING.
T  INDICATES TRACE AMOUNT.

REMARKS:

DUE TO A SENSOR FAILURE CAUSING MISSING TEMPERATURES ON FEBRUARY
25...THE SEASONAL HEATING DEGREE DAY TOTAL AND DEPARTURE FROM
NORMAL WILL BE CALCULATED WITHOUT DATA FROM THIS DATE.

$$
