000
CDUS41 KRNK 240912
CLIDAN


CLIMATE REPORT
NATIONAL WEATHER SERVICE BLACKSBURG VA
508 AM EDT THU JUL 24 2014


...................................

...THE DANVILLE VA CLIMATE SUMMARY FOR JULY 23 2014...

CLIMATE NORMAL PERIOD 1981 TO 2010
CLIMATE RECORD PERIOD 1948 TO 2014


WEATHER ITEM   OBSERVED TIME   RECORD YEAR NORMAL DEPARTURE LAST
                VALUE   (LST)  VALUE       VALUE  FROM      YEAR
                                                  NORMAL
..................................................................
TEMPERATURE (F)
 YESTERDAY
  MAXIMUM         94    210 PM 103    1952  88      6       90
  MINIMUM         68    547 AM  56    1974  69     -1       73
  AVERAGE         81                        78      3

PRECIPITATION (IN)
  YESTERDAY        0.02          1.30 2008   0.14  -0.12     0.00
  MONTH TO DATE    2.63                      3.47  -0.84     9.00
  SINCE JUN 1      3.86                      7.32  -3.46    14.94
  SINCE JAN 1     22.42                     25.20  -2.78    35.15

SNOWFALL (IN)
  YESTERDAY        0.0
  MONTH TO DATE    0.0
  SINCE JUN 1      0.0
  SINCE JUL 1      0.0
  SNOW DEPTH       0

DEGREE DAYS
 HEATING
  YESTERDAY        0                         0      0
  MONTH TO DATE    0                         0      0
  SINCE JUN 1      0                         3     -3
  SINCE JUL 1      0                         0      0

 COOLING
  YESTERDAY       16                        13      3
  MONTH TO DATE  302                       299      3
  SINCE JUN 1    647                       596     51
  SINCE JAN 1    808                       740     68
..................................................................


WIND (MPH)
  HIGHEST WIND SPEED    15   HIGHEST WIND DIRECTION     W (250)
  HIGHEST GUST SPEED    21   HIGHEST GUST DIRECTION     W (280)
  AVERAGE WIND SPEED     5.0


SKY COVER
  POSSIBLE SUNSHINE  MM
  AVERAGE SKY COVER 0.1


WEATHER CONDITIONS
 THE FOLLOWING WEATHER WAS RECORDED YESTERDAY.
  THUNDERSTORM
  LIGHT RAIN
  FOG


RELATIVE HUMIDITY (PERCENT)
 HIGHEST    97           200 AM
 LOWEST     46           400 PM
 AVERAGE    72

..........................................................


THE DANVILLE VA CLIMATE NORMALS FOR TODAY
                         NORMAL    RECORD    YEAR
 MAXIMUM TEMPERATURE (F)   88       101      2010
 MINIMUM TEMPERATURE (F)   69        54      1969


SUNRISE AND SUNSET
JULY 24 2014..........SUNRISE   617 AM EDT   SUNSET   830 PM EDT
JULY 25 2014..........SUNRISE   618 AM EDT   SUNSET   829 PM EDT


-  INDICATES NEGATIVE NUMBERS.
R  INDICATES RECORD WAS SET OR TIED.
MM INDICATES DATA IS MISSING.
T  INDICATES TRACE AMOUNT.




$$
