000
CDUS41 KRNK 220922
CLIDAN


CLIMATE REPORT
NATIONAL WEATHER SERVICE BLACKSBURG VA
517 AM EDT FRI AUG 22 2014


...................................

...THE DANVILLE VA CLIMATE SUMMARY FOR AUGUST 21 2014...

CLIMATE NORMAL PERIOD 1981 TO 2010
CLIMATE RECORD PERIOD 1948 TO 2014


WEATHER ITEM   OBSERVED TIME   RECORD YEAR NORMAL DEPARTURE LAST
                VALUE   (LST)  VALUE       VALUE  FROM      YEAR
                                                  NORMAL
..................................................................
TEMPERATURE (F)
 YESTERDAY
  MAXIMUM         88    431 PM 104    1983  86      2       84
  MINIMUM         68    434 AM  53    1981  68      0       69
  AVERAGE         78                        77      1

PRECIPITATION (IN)
  YESTERDAY        0.09          2.17 1961   0.14  -0.05     0.07
  MONTH TO DATE    6.14                      2.58   3.56     3.45
  SINCE JUN 1     11.10                     11.02   0.08    20.89
  SINCE JAN 1     29.66                     28.90   0.76    41.10

SNOWFALL (IN)
  YESTERDAY        0.0
  MONTH TO DATE    0.0
  SINCE JUN 1      0.0
  SINCE JUL 1      0.0
  SNOW DEPTH       0

DEGREE DAYS
 HEATING
  YESTERDAY        0                         0      0
  MONTH TO DATE    0                         0      0
  SINCE JUN 1      0                         3     -3
  SINCE JUL 1      0                         0      0

 COOLING
  YESTERDAY       13                        12      1
  MONTH TO DATE  192                       266    -74
  SINCE JUN 1    920                       975    -55
  SINCE JAN 1   1081                      1119    -38
..................................................................


WIND (MPH)
  HIGHEST WIND SPEED    18   HIGHEST WIND DIRECTION    NW (320)
  HIGHEST GUST SPEED    24   HIGHEST GUST DIRECTION    NW (310)
  AVERAGE WIND SPEED     3.4


SKY COVER
  POSSIBLE SUNSHINE  MM
  AVERAGE SKY COVER 0.1


WEATHER CONDITIONS
 THE FOLLOWING WEATHER WAS RECORDED YESTERDAY.
  THUNDERSTORM
  LIGHT RAIN
  FOG


RELATIVE HUMIDITY (PERCENT)
 HIGHEST    97           200 AM
 LOWEST     55          1200 PM
 AVERAGE    76

..........................................................


THE DANVILLE VA CLIMATE NORMALS FOR TODAY
                         NORMAL    RECORD    YEAR
 MAXIMUM TEMPERATURE (F)   86       103      1983
 MINIMUM TEMPERATURE (F)   67        54      1981


SUNRISE AND SUNSET
AUGUST 22 2014........SUNRISE   641 AM EDT   SUNSET   759 PM EDT
AUGUST 23 2014........SUNRISE   641 AM EDT   SUNSET   758 PM EDT


-  INDICATES NEGATIVE NUMBERS.
R  INDICATES RECORD WAS SET OR TIED.
MM INDICATES DATA IS MISSING.
T  INDICATES TRACE AMOUNT.



$$
