000
CDUS41 KRNK 210714
CLIDAN


CLIMATE REPORT
NATIONAL WEATHER SERVICE BLACKSBURG VA
312 AM EDT THU SEP 21 2017


...................................

...THE DANVILLE VA CLIMATE SUMMARY FOR SEPTEMBER 20 2017...

CLIMATE NORMAL PERIOD 1981 TO 2010
CLIMATE RECORD PERIOD 1948 TO 2017


WEATHER ITEM   OBSERVED TIME   RECORD YEAR NORMAL DEPARTURE LAST
                VALUE   (LST)  VALUE       VALUE  FROM      YEAR
                                                  NORMAL
..................................................................
TEMPERATURE (F)
 YESTERDAY
  MAXIMUM         88    307 PM  96    1978  78     10       82
  MINIMUM         61    552 AM  41    1959  59      2       68
  AVERAGE         75                        68      7       75

PRECIPITATION (IN)
  YESTERDAY        T             2.58 1966   0.12  -0.12      T
  MONTH TO DATE    2.60                      2.67  -0.07     0.87
  SINCE SEP 1      2.60                      2.67  -0.07     0.87
  SINCE JAN 1     36.70                     32.96   3.74    37.13

SNOWFALL (IN)
  YESTERDAY        0.0                                       0.0
  MONTH TO DATE    0.0                                       0.0
  SINCE SEP 1      0.0                                       0.0
  SINCE JUL 1      0.0                                       0.0
  SNOW DEPTH       0

DEGREE DAYS
 HEATING
  YESTERDAY        0                         1     -1        0
  MONTH TO DATE   30                         7     23        0
  SINCE SEP 1     30                         7     23        0
  SINCE JUL 1     30                         7     23        0

 COOLING
  YESTERDAY       10                         5      5       10
  MONTH TO DATE   81                       143    -62      219
  SINCE SEP 1     81                       143    -62      219
  SINCE JAN 1   1255                      1370   -115     1524
..................................................................


WIND (MPH)
  HIGHEST WIND SPEED    14   HIGHEST WIND DIRECTION    NW (330)
  HIGHEST GUST SPEED    18   HIGHEST GUST DIRECTION    NW (310)
  AVERAGE WIND SPEED     3.6


SKY COVER
  AVERAGE SKY COVER 0.1


WEATHER CONDITIONS
 THE FOLLOWING WEATHER WAS RECORDED YESTERDAY.
  THUNDERSTORM
  FOG


RELATIVE HUMIDITY (PERCENT)
 HIGHEST   100          1200 AM
 LOWEST     50           100 PM
 AVERAGE    75

..........................................................


THE DANVILLE VA CLIMATE NORMALS FOR TODAY
                         NORMAL    RECORD    YEAR
 MAXIMUM TEMPERATURE (F)   78        95      1948
 MINIMUM TEMPERATURE (F)   58        40      1956


SUNRISE AND SUNSET
SEPTEMBER 21 2017.....SUNRISE   705 AM EDT   SUNSET   715 PM EDT
SEPTEMBER 22 2017.....SUNRISE   705 AM EDT   SUNSET   714 PM EDT


-  INDICATES NEGATIVE NUMBERS.
R  INDICATES RECORD WAS SET OR TIED.
MM INDICATES DATA IS MISSING.
T  INDICATES TRACE AMOUNT.

REMARKS:
DUE TO MISSING RAINFALL ON AUGUST 21-24...ALL PRECIPITATION DATA
WILL BE CALCULATED WITHOUT DATA FROM THESE DATES.

$$
