000
CDUS41 KILN 260622
CLIDAY


CLIMATE REPORT
NATIONAL WEATHER SERVICE WILMINGTON OH
221 AM EDT THU MAY 26 2016


...................................

...THE DAYTON OH CLIMATE SUMMARY FOR MAY 25 2016...

CLIMATE NORMAL PERIOD 1981 TO 2010
CLIMATE RECORD PERIOD 1869 TO 2016


WEATHER ITEM   OBSERVED TIME   RECORD YEAR NORMAL DEPARTURE LAST
                VALUE   (LST)  VALUE       VALUE  FROM      YEAR
                                                  NORMAL
..................................................................
TEMPERATURE (F)
 YESTERDAY
  MAXIMUM         82    406 PM  92    1939  74      8       77
  MINIMUM         62    539 AM  33    1925  54      8       69
  AVERAGE         72                        64      8       73

PRECIPITATION (IN)
  YESTERDAY        0.03          1.56 1939   0.15  -0.12     0.02
  MONTH TO DATE    2.75                      3.75  -1.00     1.30
  SINCE MAR 1     11.20                     11.18   0.02    10.47
  SINCE JAN 1     16.02                     16.13  -0.11    14.83

SNOWFALL (IN)
  YESTERDAY        0.0           0.0    MM   0.0    0.0      0.0
  MONTH TO DATE    0.0                       0.0    0.0      0.0
  SINCE MAR 1      2.1                       4.0   -1.9      5.7
  SINCE JUL 1     12.7                      23.3  -10.6     27.7
  SNOW DEPTH       0

DEGREE DAYS
 HEATING
  YESTERDAY        0                         4     -4        0
  MONTH TO DATE  188                       151     37       67
  SINCE MAR 1   1136                      1327   -191     1198
  SINCE JUL 1   4677                      5602   -925     5761

 COOLING
  YESTERDAY        7                         3      4        8
  MONTH TO DATE   17                        41    -24      117
  SINCE MAR 1     21                        51    -30      121
  SINCE JAN 1     21                        51    -30      121
..................................................................


WIND (MPH)
  RESULTANT WIND SPEED  10   RESULTANT WIND DIRECTION   S (180)
  HIGHEST WIND SPEED    21   HIGHEST WIND DIRECTION     S (190)
  HIGHEST GUST SPEED    26   HIGHEST GUST DIRECTION     S (190)
  AVERAGE WIND SPEED    10.3



WEATHER CONDITIONS
 THE FOLLOWING WEATHER WAS RECORDED YESTERDAY.
  LIGHT RAIN


RELATIVE HUMIDITY (PERCENT)
 HIGHEST    78          1100 AM
 LOWEST     47           400 PM
 AVERAGE    63

..........................................................


THE DAYTON OH CLIMATE NORMALS FOR TODAY
                         NORMAL    RECORD    YEAR
 MAXIMUM TEMPERATURE (F)   74        95      1911
 MINIMUM TEMPERATURE (F)   55        37      1983
                                             1897


SUNRISE AND SUNSET
MAY 26 2016...........SUNRISE   613 AM EDT   SUNSET   855 PM EDT
MAY 27 2016...........SUNRISE   613 AM EDT   SUNSET   856 PM EDT


-  INDICATES NEGATIVE NUMBERS.
R  INDICATES RECORD WAS SET OR TIED.
MM INDICATES DATA IS MISSING.
T  INDICATES TRACE AMOUNT.




$$
