000
CDUS41 KILN 270545
CLIDAY


CLIMATE REPORT
NATIONAL WEATHER SERVICE WILMINGTON OH
143 AM EDT TUE SEP 27 2016


...................................

...THE DAYTON OH CLIMATE SUMMARY FOR SEPTEMBER 26 2016...

CLIMATE NORMAL PERIOD 1981 TO 2010
CLIMATE RECORD PERIOD 1869 TO 2016


WEATHER ITEM   OBSERVED TIME   RECORD YEAR NORMAL DEPARTURE LAST
                VALUE   (LST)  VALUE       VALUE  FROM      YEAR
                                                  NORMAL
..................................................................
TEMPERATURE (F)
 YESTERDAY
  MAXIMUM         71    415 AM  96    1900  72     -1       75
  MINIMUM         52   1156 PM  35    1940  51      1       60
                                      1928
  AVERAGE         62                        61      1       68

PRECIPITATION (IN)
  YESTERDAY        0.08          3.10 2011   0.11  -0.03      T
  MONTH TO DATE    1.98                      2.88  -0.90     0.77
  SINCE SEP 1      1.98                      2.88  -0.90     0.77
  SINCE JAN 1     28.51                     31.19  -2.68    30.51

SNOWFALL (IN)
  YESTERDAY        0.0          MM      MM   0.0    0.0      0.0
  MONTH TO DATE    0.0                       0.0    0.0      0.0
  SINCE SEP 1      0.0                       0.0    0.0      0.0
  SINCE JUL 1      0.0                       0.0    0.0      0.0
  SNOW DEPTH       0

DEGREE DAYS
 HEATING
  YESTERDAY        3                         5     -2        0
  MONTH TO DATE    3                        63    -60       23
  SINCE SEP 1      3                        63    -60       23
  SINCE JUL 1      6                        65    -59       32

 COOLING
  YESTERDAY        0                         2     -2        3
  MONTH TO DATE  175                        94     81      150
  SINCE SEP 1    175                        94     81      150
  SINCE JAN 1   1203                       876    327     1051
..................................................................


WIND (MPH)
  RESULTANT WIND SPEED   8   RESULTANT WIND DIRECTION   W (250)
  HIGHEST WIND SPEED    25   HIGHEST WIND DIRECTION    NW (300)
  HIGHEST GUST SPEED    32   HIGHEST GUST DIRECTION    NW (310)
  AVERAGE WIND SPEED    11.2



WEATHER CONDITIONS
 THE FOLLOWING WEATHER WAS RECORDED YESTERDAY.
  RAIN
  LIGHT RAIN
  FOG


RELATIVE HUMIDITY (PERCENT)
 HIGHEST    90          1000 AM
 LOWEST     45           400 PM
 AVERAGE    68

..........................................................


THE DAYTON OH CLIMATE NORMALS FOR TODAY
                         NORMAL    RECORD    YEAR
 MAXIMUM TEMPERATURE (F)   71        91      1998
 MINIMUM TEMPERATURE (F)   50        33      1899


SUNRISE AND SUNSET
SEPTEMBER 27 2016.....SUNRISE   730 AM EDT   SUNSET   725 PM EDT
SEPTEMBER 28 2016.....SUNRISE   731 AM EDT   SUNSET   723 PM EDT


-  INDICATES NEGATIVE NUMBERS.
R  INDICATES RECORD WAS SET OR TIED.
MM INDICATES DATA IS MISSING.
T  INDICATES TRACE AMOUNT.




$$
