000
CDUS41 KILN 232053
CLIDAY


CLIMATE REPORT
NATIONAL WEATHER SERVICE WILMINGTON OH
452 PM EDT SUN APR 23 2017


...................................

...THE DAYTON OH CLIMATE SUMMARY FOR APRIL 23 2017...
VALID TODAY AS OF 0400 PM LOCAL TIME.

CLIMATE NORMAL PERIOD 1981 TO 2010
CLIMATE RECORD PERIOD 1869 TO 2017


WEATHER ITEM   OBSERVED TIME   RECORD YEAR NORMAL DEPARTURE LAST
                VALUE   (LST)  VALUE       VALUE  FROM      YEAR
                                                  NORMAL
..................................................................
TEMPERATURE (F)
 TODAY
  MAXIMUM         69    200 PM  86    1960  65      4       61
                                      1925
  MINIMUM         35    553 AM  26    1986  44     -9       43
  AVERAGE         52                        54     -2       52

PRECIPITATION (IN)
  TODAY            0.00          1.93 1996   0.15  -0.15     0.00
  MONTH TO DATE    2.22                      3.11  -0.89     1.45
  SINCE MAR 1      7.17                      6.45   0.72     6.95
  SINCE JAN 1     12.11                     11.40   0.71    11.77

SNOWFALL (IN)
  TODAY            0.0           0.5  2005   0.0    0.0      0.0
  MONTH TO DATE    T                         0.6   -0.6      0.7
  SINCE MAR 1      1.3                       4.0   -2.7      2.1
  SINCE JUL 1      8.5                      23.3  -14.8     12.7
  SNOW DEPTH       0

DEGREE DAYS
 HEATING
  TODAY           13                        11      2       13
  MONTH TO DATE  206                       342   -136      361
  SINCE MAR 1    937                      1106   -169      898
  SINCE JUL 1   4367                      5381  -1014     4439

 COOLING
  TODAY            0                         1     -1        0
  MONTH TO DATE   26                         3     23        3
  SINCE MAR 1     28                         3     25        3
  SINCE JAN 1     28                         3     25        3
..................................................................


WIND (MPH)
  RESULTANT WIND SPEED  10   RESULTANT WIND DIRECTION  NE (50)
  HIGHEST WIND SPEED    20   HIGHEST WIND DIRECTION    NE (40)
  HIGHEST GUST SPEED    25   HIGHEST GUST DIRECTION    NE (50)
  AVERAGE WIND SPEED    10.6


SKY COVER
  POSSIBLE SUNSHINE  MM
  AVERAGE SKY COVER 0.2


WEATHER CONDITIONS
 THE FOLLOWING WEATHER WAS RECORDED TODAY.
  NO SIGNIFICANT WEATHER WAS OBSERVED.


RELATIVE HUMIDITY (PERCENT)
 HIGHEST    89           400 AM
 LOWEST     26           300 PM
 AVERAGE    58

..........................................................


THE DAYTON OH CLIMATE NORMALS FOR TOMORROW
                         NORMAL    RECORD    YEAR
 MAXIMUM TEMPERATURE (F)   65        88      1925
 MINIMUM TEMPERATURE (F)   44        24      1911


SUNRISE AND SUNSET
APRIL 23 2017.........SUNRISE   647 AM EDT   SUNSET   824 PM EDT
APRIL 24 2017.........SUNRISE   646 AM EDT   SUNSET   825 PM EDT


-  INDICATES NEGATIVE NUMBERS.
R  INDICATES RECORD WAS SET OR TIED.
MM INDICATES DATA IS MISSING.
T  INDICATES TRACE AMOUNT.




$$
