000
CDUS41 KILN 180533
CLIDAY


CLIMATE REPORT
NATIONAL WEATHER SERVICE WILMINGTON OH
133 AM EDT WED OCT 18 2017


...................................

...THE DAYTON OH CLIMATE SUMMARY FOR OCTOBER 17 2017...

CLIMATE NORMAL PERIOD 1981 TO 2010
CLIMATE RECORD PERIOD 1869 TO 2017


WEATHER ITEM   OBSERVED TIME   RECORD YEAR NORMAL DEPARTURE LAST
                VALUE   (LST)  VALUE       VALUE  FROM      YEAR
                                                  NORMAL
..................................................................
TEMPERATURE (F)
 YESTERDAY
  MAXIMUM         65    338 PM  86    1910  63      2       81
  MINIMUM         40    644 AM  25    1977  44     -4       65
  AVERAGE         53                        54     -1       73

PRECIPITATION (IN)
  YESTERDAY        0.00          1.21 1948   0.10  -0.10     0.00
  MONTH TO DATE    2.52                      1.65   0.87     0.28
  SINCE SEP 1      4.68                      4.95  -0.27     3.56
  SINCE JAN 1     41.79                     33.26   8.53    30.09

SNOWFALL (IN)
  YESTERDAY        0.0          MM      MM   0.0    0.0      0.0
  MONTH TO DATE    0.0                       0.0    0.0      0.0
  SINCE SEP 1      0.0                       0.0    0.0      0.0
  SINCE JUL 1      0.0                       0.0    0.0      0.0
  SNOW DEPTH       0

DEGREE DAYS
 HEATING
  YESTERDAY       12                        12      0        0
  MONTH TO DATE   52                       161   -109       74
  SINCE SEP 1    125                       249   -124      104
  SINCE JUL 1    130                       251   -121      107

 COOLING
  YESTERDAY        0                         0      0        8
  MONTH TO DATE   28                        10     18       27
  SINCE SEP 1    150                       109     41      202
  SINCE JAN 1    899                       891      8     1230
..................................................................


WIND (MPH)
  RESULTANT WIND SPEED   8   RESULTANT WIND DIRECTION  SW (210)
  HIGHEST WIND SPEED    16   HIGHEST WIND DIRECTION     S (190)
  HIGHEST GUST SPEED    21   HIGHEST GUST DIRECTION     W (250)
  AVERAGE WIND SPEED     8.4



WEATHER CONDITIONS
 THE FOLLOWING WEATHER WAS RECORDED YESTERDAY.
  NO SIGNIFICANT WEATHER WAS OBSERVED.


RELATIVE HUMIDITY (PERCENT)
 HIGHEST    89           400 AM
 LOWEST     43           200 PM
 AVERAGE    66

..........................................................


THE DAYTON OH CLIMATE NORMALS FOR TODAY
                         NORMAL    RECORD    YEAR
 MAXIMUM TEMPERATURE (F)   63        86      1910
                                             1908
 MINIMUM TEMPERATURE (F)   43        24      1976


SUNRISE AND SUNSET
OCTOBER 18 2017.......SUNRISE   751 AM EDT   SUNSET   653 PM EDT
OCTOBER 19 2017.......SUNRISE   752 AM EDT   SUNSET   651 PM EDT


-  INDICATES NEGATIVE NUMBERS.
R  INDICATES RECORD WAS SET OR TIED.
MM INDICATES DATA IS MISSING.
T  INDICATES TRACE AMOUNT.




$$
