000
CDUS41 KILN 200534
CLIDAY


CLIMATE REPORT
NATIONAL WEATHER SERVICE WILMINGTON OH
134 AM EDT SUN APR 20 2014


...................................

...THE DAYTON OH CLIMATE SUMMARY FOR APRIL 19 2014...

CLIMATE NORMAL PERIOD 1981 TO 2010
CLIMATE RECORD PERIOD 1869 TO 2014


WEATHER ITEM   OBSERVED TIME   RECORD YEAR NORMAL DEPARTURE LAST
                VALUE   (LST)  VALUE       VALUE  FROM      YEAR
                                                  NORMAL
..................................................................
TEMPERATURE (F)
 YESTERDAY
  MAXIMUM         66    255 PM  84    1985  63      3       73
  MINIMUM         42    525 AM  22    1983  43     -1       34
                                      1953
  AVERAGE         54                        53      1       54

PRECIPITATION (IN)
  YESTERDAY        0.00          1.86 2011   0.14  -0.14     0.53
  MONTH TO DATE    3.94                      2.53   1.41     2.79
  SINCE MAR 1      6.56                      5.87   0.69     5.95
  SINCE JAN 1     11.54                     10.82   0.72    10.34

SNOWFALL (IN)
  YESTERDAY        0.0           0.3  1969   0.0    0.0       T
                                      1953
                                      1907
  MONTH TO DATE    1.1                       0.6    0.5       T
  SINCE MAR 1      8.2                       4.0    4.2     14.2
  SINCE JUL 1     53.6                      23.3   30.3     35.9
  SNOW DEPTH       0

DEGREE DAYS
 HEATING
  YESTERDAY       11                        12     -1       11
  MONTH TO DATE  248                       295    -47      230
  SINCE MAR 1   1125                      1059     66     1142
  SINCE JUL 1   5724                      5334    390     5192

 COOLING
  YESTERDAY        0                         0      0        0
  MONTH TO DATE    8                         0      8       16
  SINCE MAR 1      8                         0      8       16
  SINCE JAN 1      8                         0      8       16
..................................................................


WIND (MPH)
  RESULTANT WIND SPEED   9   RESULTANT WIND DIRECTION  NE (40)
  HIGHEST WIND SPEED    20   HIGHEST WIND DIRECTION    NE (30)
  HIGHEST GUST SPEED    28   HIGHEST GUST DIRECTION     E (70)
  AVERAGE WIND SPEED    10.0



WEATHER CONDITIONS
 THE FOLLOWING WEATHER WAS RECORDED YESTERDAY.
  FOG
  HAZE


RELATIVE HUMIDITY (PERCENT)
 HIGHEST    83           500 AM
 LOWEST     34           400 PM
 AVERAGE    59

..........................................................


THE DAYTON OH CLIMATE NORMALS FOR TODAY
                         NORMAL    RECORD    YEAR
 MAXIMUM TEMPERATURE (F)   64        85      1915
 MINIMUM TEMPERATURE (F)   43        21      1897


SUNRISE AND SUNSET
APRIL 20 2014.........SUNRISE   652 AM EDT   SUNSET   820 PM EDT
APRIL 21 2014.........SUNRISE   650 AM EDT   SUNSET   821 PM EDT


-  INDICATES NEGATIVE NUMBERS.
R  INDICATES RECORD WAS SET OR TIED.
MM INDICATES DATA IS MISSING.
T  INDICATES TRACE AMOUNT.




$$
