000
CDUS41 KILN 060545
CLIDAY


CLIMATE REPORT
NATIONAL WEATHER SERVICE WILMINGTON OH
145 AM EDT FRI MAY 6 2016


...................................

...THE DAYTON OH CLIMATE SUMMARY FOR MAY 5 2016...

CLIMATE NORMAL PERIOD 1981 TO 2010
CLIMATE RECORD PERIOD 1869 TO 2016


WEATHER ITEM   OBSERVED TIME   RECORD YEAR NORMAL DEPARTURE LAST
                VALUE   (LST)  VALUE       VALUE  FROM      YEAR
                                                  NORMAL
..................................................................
TEMPERATURE (F)
 YESTERDAY
  MAXIMUM         63    455 PM  90    1952  69     -6       82
                                      1895
  MINIMUM         38    441 AM  30    1907  48    -10       62
                                      1900
  AVERAGE         51                        58     -7       72

PRECIPITATION (IN)
  YESTERDAY        T             1.16 2003   0.15  -0.15     0.57
  MONTH TO DATE    0.76                      0.75   0.01     0.88
  SINCE MAR 1      9.21                      8.18   1.03    10.05
  SINCE JAN 1     14.03                     13.13   0.90    14.41

SNOWFALL (IN)
  YESTERDAY        0.0           0.0    MM   0.0    0.0      0.0
  MONTH TO DATE    0.0                       0.0    0.0      0.0
  SINCE MAR 1      2.1                       4.0   -1.9      5.7
  SINCE JUL 1     12.7                      23.3  -10.6     27.7
  SNOW DEPTH       0

DEGREE DAYS
 HEATING
  YESTERDAY       14                         8      6        0
  MONTH TO DATE   49                        41      8        8
  SINCE MAR 1    997                      1217   -220     1139
  SINCE JUL 1   4538                      5492   -954     5702

 COOLING
  YESTERDAY        0                         1     -1        7
  MONTH TO DATE    3                         5     -2       12
  SINCE MAR 1      7                        15     -8       16
  SINCE JAN 1      7                        15     -8       16
..................................................................


WIND (MPH)
  RESULTANT WIND SPEED   8   RESULTANT WIND DIRECTION   N (350)
  HIGHEST WIND SPEED    22   HIGHEST WIND DIRECTION    NE (40)
  HIGHEST GUST SPEED    30   HIGHEST GUST DIRECTION     N (10)
  AVERAGE WIND SPEED     8.7



WEATHER CONDITIONS
 THE FOLLOWING WEATHER WAS RECORDED YESTERDAY.
  LIGHT RAIN
  FOG
  HAZE


RELATIVE HUMIDITY (PERCENT)
 HIGHEST    92           200 AM
 LOWEST     46           500 PM
 AVERAGE    69

..........................................................


THE DAYTON OH CLIMATE NORMALS FOR TODAY
                         NORMAL    RECORD    YEAR
 MAXIMUM TEMPERATURE (F)   69        89      1949
 MINIMUM TEMPERATURE (F)   48        31      1968


SUNRISE AND SUNSET
MAY  6 2016...........SUNRISE   631 AM EDT   SUNSET   837 PM EDT
MAY  7 2016...........SUNRISE   629 AM EDT   SUNSET   838 PM EDT


-  INDICATES NEGATIVE NUMBERS.
R  INDICATES RECORD WAS SET OR TIED.
MM INDICATES DATA IS MISSING.
T  INDICATES TRACE AMOUNT.




$$
