000
CDUS41 KILN 282053
CLIDAY


CLIMATE REPORT
NATIONAL WEATHER SERVICE WILMINGTON OH
452 PM EDT SUN AUG 28 2016


...................................

...THE DAYTON OH CLIMATE SUMMARY FOR AUGUST 28 2016...
VALID TODAY AS OF 0400 PM LOCAL TIME.

CLIMATE NORMAL PERIOD 1981 TO 2010
CLIMATE RECORD PERIOD 1869 TO 2016


WEATHER ITEM   OBSERVED TIME   RECORD YEAR NORMAL DEPARTURE LAST
                VALUE   (LST)  VALUE       VALUE  FROM      YEAR
                                                  NORMAL
..................................................................
TEMPERATURE (F)
 TODAY
  MAXIMUM         89    331 PM  96    1953  82      7       78
  MINIMUM         68    519 AM  40    1910  61      7       54
  AVERAGE         79                        71      8       66

PRECIPITATION (IN)
  TODAY            0.00          2.47 1912   0.10  -0.10     0.00
  MONTH TO DATE    3.34                      2.67   0.67     1.75
  SINCE JUN 1      9.91                     10.95  -1.04    14.23
  SINCE JAN 1     26.13                     27.99  -1.86    29.55

SNOWFALL (IN)
  TODAY            0.0           0.0    MM   0.0    0.0      0.0
  MONTH TO DATE    0.0                       0.0    0.0      0.0
  SINCE JUN 1      0.0                       0.0    0.0      0.0
  SINCE JUL 1      0.0                       0.0    0.0      0.0
  SNOW DEPTH       0

DEGREE DAYS
 HEATING
  TODAY            0                         0      0        0
  MONTH TO DATE    0                         0      0        9
  SINCE JUN 1      7                        22    -15       29
  SINCE JUL 1      3                         0      3        9

 COOLING
  TODAY           14                         7      7        1
  MONTH TO DATE  335                       224    111      162
  SINCE JUN 1    912                       693    219      695
  SINCE JAN 1    991                       763    228      870
..................................................................


WIND (MPH)
  RESULTANT WIND SPEED   1   RESULTANT WIND DIRECTION  NE (30)
  HIGHEST WIND SPEED     8   HIGHEST WIND DIRECTION    NW (330)
  HIGHEST GUST SPEED    10   HIGHEST GUST DIRECTION    NW (320)
  AVERAGE WIND SPEED     3.2


SKY COVER
  POSSIBLE SUNSHINE  MM
  AVERAGE SKY COVER 0.4


WEATHER CONDITIONS
 THE FOLLOWING WEATHER WAS RECORDED TODAY.
  NO SIGNIFICANT WEATHER WAS OBSERVED.


RELATIVE HUMIDITY (PERCENT)
 HIGHEST    97           400 AM
 LOWEST     56           300 PM
 AVERAGE    77

..........................................................


THE DAYTON OH CLIMATE NORMALS FOR TOMORROW
                         NORMAL    RECORD    YEAR
 MAXIMUM TEMPERATURE (F)   82        96      1953
 MINIMUM TEMPERATURE (F)   61        41      1986


SUNRISE AND SUNSET
AUGUST 28 2016........SUNRISE   701 AM EDT   SUNSET   814 PM EDT
AUGUST 29 2016........SUNRISE   702 AM EDT   SUNSET   812 PM EDT


-  INDICATES NEGATIVE NUMBERS.
R  INDICATES RECORD WAS SET OR TIED.
MM INDICATES DATA IS MISSING.
T  INDICATES TRACE AMOUNT.




$$
