000
CDUS43 KDVN 232120
CLIDBQ


CLIMATE REPORT
NATIONAL WEATHER SERVICE QUAD CITIES IA IL
420 PM CDT TUE SEP 23 2014


...................................

...THE DUBUQUE IA CLIMATE SUMMARY FOR SEPTEMBER 23 2014...
VALID TODAY AS OF 0400 PM LOCAL TIME.

CLIMATE NORMAL PERIOD 1981 TO 2010
CLIMATE RECORD PERIOD 1873 TO 2014


WEATHER ITEM   OBSERVED TIME   RECORD YEAR NORMAL DEPARTURE LAST
                VALUE   (LST)  VALUE       VALUE  FROM      YEAR
                                                  NORMAL
..................................................................
TEMPERATURE (F)
 TODAY
  MAXIMUM         72    259 PM  91    1891  70      2       70
                                      1886
  MINIMUM         43    545 AM  31    2012  48     -5       48
                                      1974
  AVERAGE         58                        59     -1       59

PRECIPITATION (IN)
  TODAY            0.00          1.57 1945   0.12  -0.12     0.00
  MONTH TO DATE    2.14                      2.72  -0.58     2.06
  SINCE SEP 1      2.14                      2.72  -0.58     2.06
  SINCE JAN 1     32.29                     28.70   3.59    32.75

SNOWFALL (IN)
  TODAY            0.0          MM      MM   0.0    0.0      0.0
  MONTH TO DATE    0.0                       0.0    0.0      0.0
  SINCE SEP 1      0.0                       0.0    0.0      0.0
  SINCE JUL 1      0.0                       0.0    0.0      0.0
  SNOW DEPTH       0

DEGREE DAYS
 HEATING
  TODAY            7                         7      0        6
  MONTH TO DATE  155                        92     63       79
  SINCE SEP 1    155                        92     63       79
  SINCE JUL 1    184                       119     65      111

 COOLING
  TODAY            0                         1     -1        0
  MONTH TO DATE   31                        55    -24       93
  SINCE SEP 1     31                        55    -24       93
  SINCE JAN 1    513                       631   -118      629
..................................................................


WIND (MPH)
  HIGHEST WIND SPEED    15   HIGHEST WIND DIRECTION     S (170)
  HIGHEST GUST SPEED    19   HIGHEST GUST DIRECTION     S (200)
  AVERAGE WIND SPEED     6.5


SKY COVER
  POSSIBLE SUNSHINE  MM
  AVERAGE SKY COVER 0.0


WEATHER CONDITIONS
 THE FOLLOWING WEATHER WAS RECORDED TODAY.
  NO SIGNIFICANT WEATHER WAS OBSERVED.


RELATIVE HUMIDITY (PERCENT)
 HIGHEST    93          1200 AM
 LOWEST     41           200 PM
 AVERAGE    67

..........................................................


THE DUBUQUE IA CLIMATE NORMALS FOR TOMORROW
                         NORMAL    RECORD    YEAR
 MAXIMUM TEMPERATURE (F)   69        90      1935
                                             1891
 MINIMUM TEMPERATURE (F)   48        28      2012


SUNRISE AND SUNSET
SEPTEMBER 23 2014.....SUNRISE   651 AM CDT   SUNSET   658 PM CDT
SEPTEMBER 24 2014.....SUNRISE   652 AM CDT   SUNSET   656 PM CDT


-  INDICATES NEGATIVE NUMBERS.
R  INDICATES RECORD WAS SET OR TIED.
MM INDICATES DATA IS MISSING.
T  INDICATES TRACE AMOUNT.




$$
