000
CDUS43 KDVN 281020
CLIDBQ


CLIMATE REPORT
NATIONAL WEATHER SERVICE QUAD CITIES IA IL
419 AM CST FRI NOV 28 2014


...................................

...THE DUBUQUE IA CLIMATE SUMMARY FOR NOVEMBER 27 2014...

CLIMATE NORMAL PERIOD 1981 TO 2010
CLIMATE RECORD PERIOD 1873 TO 2014


WEATHER ITEM   OBSERVED TIME   RECORD YEAR NORMAL DEPARTURE LAST
                VALUE   (LST)  VALUE       VALUE  FROM      YEAR
                                                  NORMAL
..................................................................
TEMPERATURE (F)
 YESTERDAY
  MAXIMUM         23    456 AM  67    1909  38    -15       23
  MINIMUM          5    709 PM  -5    1887  23    -18        8
  AVERAGE         14                        30    -16       16

PRECIPITATION (IN)
  YESTERDAY        T             1.23 1983   0.08  -0.08     0.00
  MONTH TO DATE    1.18                      2.12  -0.94     1.93
  SINCE SEP 1      6.37                      8.24  -1.87     6.12
  SINCE JAN 1     36.52                     34.22   2.30    36.81

SNOWFALL (IN)
  YESTERDAY        T            MM      MM   0.2   -0.2      0.0
  MONTH TO DATE    3.4                       2.2    1.2      3.9
  SINCE SEP 1      3.4                       2.2    1.2      3.9
  SINCE JUL 1      3.4                       2.2    1.2      3.9
  SNOW DEPTH       1

DEGREE DAYS
 HEATING
  YESTERDAY       51                        35     16       49
  MONTH TO DATE  982                       743    239      845
  SINCE SEP 1   1646                      1365    281     1444
  SINCE JUL 1   1675                      1392    283     1476

 COOLING
  YESTERDAY        0                         0      0        0
  MONTH TO DATE    0                         0      0        0
  SINCE SEP 1     44                        67    -23      104
  SINCE JAN 1    526                       643   -117      640
..................................................................


WIND (MPH)
  HIGHEST WIND SPEED    20   HIGHEST WIND DIRECTION    NW (320)
  HIGHEST GUST SPEED    22   HIGHEST GUST DIRECTION    NW (330)
  AVERAGE WIND SPEED     9.7


SKY COVER
  POSSIBLE SUNSHINE  MM
  AVERAGE SKY COVER 0.6


WEATHER CONDITIONS
 THE FOLLOWING WEATHER WAS RECORDED YESTERDAY.
  FOG


RELATIVE HUMIDITY (PERCENT)
 HIGHEST    96          1200 AM
 LOWEST     53           300 PM
 AVERAGE    75

..........................................................


THE DUBUQUE IA CLIMATE NORMALS FOR TODAY
                         NORMAL    RECORD    YEAR
 MAXIMUM TEMPERATURE (F)   38        63      1909
 MINIMUM TEMPERATURE (F)   22       -12      1887


SUNRISE AND SUNSET
NOVEMBER 28 2014......SUNRISE   709 AM CST   SUNSET   432 PM CST
NOVEMBER 29 2014......SUNRISE   710 AM CST   SUNSET   432 PM CST


-  INDICATES NEGATIVE NUMBERS.
R  INDICATES RECORD WAS SET OR TIED.
MM INDICATES DATA IS MISSING.
T  INDICATES TRACE AMOUNT.




$$
