000
CDUS43 KDVN 231016
CLIDBQ


CLIMATE REPORT
NATIONAL WEATHER SERVICE QUAD CITIES IA IL
416 AM CST THU FEB 23 2017


...................................

...THE DUBUQUE IA CLIMATE SUMMARY FOR FEBRUARY 22 2017...

CLIMATE NORMAL PERIOD 1981 TO 2010
CLIMATE RECORD PERIOD 1873 TO 2017


WEATHER ITEM   OBSERVED TIME   RECORD YEAR NORMAL DEPARTURE LAST
                VALUE   (LST)  VALUE       VALUE  FROM      YEAR
                                                  NORMAL
..................................................................
TEMPERATURE (F)
 YESTERDAY
  MAXIMUM         71R   242 PM  61    1984  34     37       42
  MINIMUM         42    659 AM -16    1936  18     24       28
  AVERAGE         57                        26     31       35

PRECIPITATION (IN)
  YESTERDAY        0.00          1.34 1981   0.06  -0.06     0.00
  MONTH TO DATE    1.25                      1.08   0.17     0.55
  SINCE DEC 1      4.80                      4.09   0.71     5.20
  SINCE JAN 1      3.26                      2.25   1.01     1.01

SNOWFALL (IN)
  YESTERDAY        0.0          MM      MM   0.3   -0.3      0.0
  MONTH TO DATE    T                         7.4   -7.4      7.0
  SINCE DEC 1     21.2                      29.2   -8.0     19.1
  SINCE JUL 1     21.2                      32.0  -10.8     30.9
  SNOW DEPTH       0

DEGREE DAYS
 HEATING
  YESTERDAY        8                        39    -31       30
  MONTH TO DATE  685                       930   -245      896
  SINCE DEC 1   3310                      3667   -357     3074
  SINCE JUL 1   4302                      5167   -865     4281

 COOLING
  YESTERDAY        0                         0      0        0
  MONTH TO DATE    0                         0      0        0
  SINCE DEC 1      0                         0      0        0
  SINCE JAN 1      0                         0      0        0
..................................................................


WIND (MPH)
  HIGHEST WIND SPEED    25   HIGHEST WIND DIRECTION    SW (210)
  HIGHEST GUST SPEED    30   HIGHEST GUST DIRECTION    SW (210)
  AVERAGE WIND SPEED    15.2


SKY COVER
  POSSIBLE SUNSHINE  MM
  AVERAGE SKY COVER 0.2


WEATHER CONDITIONS
 THE FOLLOWING WEATHER WAS RECORDED YESTERDAY.
  FOG
  FOG W/VISIBILITY <= 1/4 MILE


RELATIVE HUMIDITY (PERCENT)
 HIGHEST   100           400 AM
 LOWEST     44           200 PM
 AVERAGE    72

..........................................................


THE DUBUQUE IA CLIMATE NORMALS FOR TODAY
                         NORMAL    RECORD    YEAR
 MAXIMUM TEMPERATURE (F)   34        60      1933
                                             1930
 MINIMUM TEMPERATURE (F)   19       -16      1889


SUNRISE AND SUNSET
FEBRUARY 23 2017......SUNRISE   647 AM CST   SUNSET   546 PM CST
FEBRUARY 24 2017......SUNRISE   646 AM CST   SUNSET   547 PM CST


-  INDICATES NEGATIVE NUMBERS.
R  INDICATES RECORD WAS SET OR TIED.
MM INDICATES DATA IS MISSING.
T  INDICATES TRACE AMOUNT.




$$
