000
CDUS43 KDVN 052228
CLIDBQ


CLIMATE REPORT
NATIONAL WEATHER SERVICE QUAD CITIES IA IL
427 PM CST FRI FEB 5 2016


...................................

...THE DUBUQUE IA CLIMATE SUMMARY FOR FEBRUARY 5 2016...
VALID TODAY AS OF 0400 PM LOCAL TIME.

CLIMATE NORMAL PERIOD 1981 TO 2010
CLIMATE RECORD PERIOD 1873 TO 2016


WEATHER ITEM   OBSERVED TIME   RECORD YEAR NORMAL DEPARTURE LAST
                VALUE   (LST)  VALUE       VALUE  FROM      YEAR
                                                  NORMAL
..................................................................
TEMPERATURE (F)
 TODAY
  MAXIMUM         26    359 PM  60    1946  29     -3       11
  MINIMUM         16    741 AM -27    1979  13      3      -15
  AVERAGE         21                        21      0       -2

PRECIPITATION (IN)
  TODAY            0.00          0.94 1911   0.04  -0.04     0.00
  MONTH TO DATE    0.32                      0.21   0.11     1.09
  SINCE DEC 1      4.97                      3.22   1.75     2.95
  SINCE JAN 1      0.78                      1.38  -0.60     2.02

SNOWFALL (IN)
  TODAY            0.0          MM      MM   0.3   -0.3      0.0
  MONTH TO DATE    3.2                       1.8    1.4     10.6
  SINCE DEC 1     15.3                      23.6   -8.3     21.3
  SINCE JUL 1     27.1                      26.4    0.7     24.8
  SNOW DEPTH       3

DEGREE DAYS
 HEATING
  TODAY           44                        44      0       67
  MONTH TO DATE  198                       223    -25      286
  SINCE DEC 1   2376                      2960   -584     2832
  SINCE JUL 1   3583                      4460   -877     4614

 COOLING
  TODAY            0                         0      0        0
  MONTH TO DATE    0                         0      0        0
  SINCE DEC 1      0                         0      0        0
  SINCE JAN 1      0                         0      0        0
..................................................................


WIND (MPH)
  HIGHEST WIND SPEED    18   HIGHEST WIND DIRECTION    NW (320)
  HIGHEST GUST SPEED    22   HIGHEST GUST DIRECTION    NW (320)
  AVERAGE WIND SPEED     7.6


SKY COVER
  POSSIBLE SUNSHINE  MM
  AVERAGE SKY COVER 0.6


WEATHER CONDITIONS
 THE FOLLOWING WEATHER WAS RECORDED TODAY.
  FOG
  HAZE


RELATIVE HUMIDITY (PERCENT)
 HIGHEST    88          1200 AM
 LOWEST     68           300 PM
 AVERAGE    78

..........................................................


THE DUBUQUE IA CLIMATE NORMALS FOR TOMORROW
                         NORMAL    RECORD    YEAR
 MAXIMUM TEMPERATURE (F)   29        58      1904
                                             1882
 MINIMUM TEMPERATURE (F)   13       -18      1982


SUNRISE AND SUNSET
FEBRUARY  5 2016......SUNRISE   713 AM CST   SUNSET   521 PM CST
FEBRUARY  6 2016......SUNRISE   711 AM CST   SUNSET   523 PM CST


-  INDICATES NEGATIVE NUMBERS.
R  INDICATES RECORD WAS SET OR TIED.
MM INDICATES DATA IS MISSING.
T  INDICATES TRACE AMOUNT.




$$
