000
CDUS43 KDVN 270917
CLIDBQ


CLIMATE REPORT
NATIONAL WEATHER SERVICE QUAD CITIES IA IL
417 AM CDT TUE JUN 27 2017


...................................

...THE DUBUQUE IA CLIMATE SUMMARY FOR JUNE 26 2017...

CLIMATE NORMAL PERIOD 1981 TO 2010
CLIMATE RECORD PERIOD 1873 TO 2017


WEATHER ITEM   OBSERVED TIME   RECORD YEAR NORMAL DEPARTURE LAST
                VALUE   (LST)  VALUE       VALUE  FROM      YEAR
                                                  NORMAL
..................................................................
TEMPERATURE (F)
 YESTERDAY
  MAXIMUM         70    230 PM 102    1931  81    -11       87
  MINIMUM         48    356 AM  47    2004  61    -13       66
                                      1926
  AVERAGE         59                        71    -12       77

PRECIPITATION (IN)
  YESTERDAY        0.00          2.71 1944   0.15  -0.15     0.65
  MONTH TO DATE    1.69                      3.85  -2.16     7.01
  SINCE JUN 1      1.69                      3.85  -2.16     7.01
  SINCE JAN 1     15.40                     16.72  -1.32    17.96

SNOWFALL (IN)
  YESTERDAY        0.0          MM      MM   0.0    0.0      0.0
  MONTH TO DATE    0.0                       0.0    0.0      0.0
  SINCE JUN 1      0.0                       0.0    0.0      0.0
  SINCE JUL 1     27.2                      41.9  -14.7     34.8
  SNOW DEPTH       0

DEGREE DAYS
 HEATING
  YESTERDAY        6                         0      6        0
  MONTH TO DATE   21                        40    -19        9
  SINCE JUN 1     21                        40    -19        9
  SINCE JUL 1   6073                      7086  -1013     5976

 COOLING
  YESTERDAY        0                         6     -6       12
  MONTH TO DATE  158                       112     46      163
  SINCE JUN 1    158                       112     46      163
  SINCE JAN 1    182                       149     33      214
..................................................................


WIND (MPH)
  HIGHEST WIND SPEED    23   HIGHEST WIND DIRECTION    NW (330)
  HIGHEST GUST SPEED    29   HIGHEST GUST DIRECTION    NW (330)
  AVERAGE WIND SPEED     8.8


SKY COVER
  POSSIBLE SUNSHINE  MM
  AVERAGE SKY COVER 0.2


WEATHER CONDITIONS
 THE FOLLOWING WEATHER WAS RECORDED YESTERDAY.
  NO SIGNIFICANT WEATHER WAS OBSERVED.


RELATIVE HUMIDITY (PERCENT)
 HIGHEST    86           300 AM
 LOWEST     37           400 PM
 AVERAGE    62

..........................................................


THE DUBUQUE IA CLIMATE NORMALS FOR TODAY
                         NORMAL    RECORD    YEAR
 MAXIMUM TEMPERATURE (F)   81       102      1934
 MINIMUM TEMPERATURE (F)   61        43      1992


SUNRISE AND SUNSET
JUNE 27 2017..........SUNRISE   528 AM CDT   SUNSET   844 PM CDT
JUNE 28 2017..........SUNRISE   528 AM CDT   SUNSET   844 PM CDT


-  INDICATES NEGATIVE NUMBERS.
R  INDICATES RECORD WAS SET OR TIED.
MM INDICATES DATA IS MISSING.
T  INDICATES TRACE AMOUNT.




$$
