000
CDUS43 KDVN 300917
CLIDBQ


CLIMATE REPORT
NATIONAL WEATHER SERVICE QUAD CITIES IA IL
415 AM CDT TUE JUN 30 2015


...................................

...THE DUBUQUE IA CLIMATE SUMMARY FOR JUNE 29 2015...

CLIMATE NORMAL PERIOD 1981 TO 2010
CLIMATE RECORD PERIOD 1873 TO 2015


WEATHER ITEM   OBSERVED TIME   RECORD YEAR NORMAL DEPARTURE LAST
                VALUE   (LST)  VALUE       VALUE  FROM      YEAR
                                                  NORMAL
..................................................................
TEMPERATURE (F)
 YESTERDAY
  MAXIMUM         80    332 PM 101    1931  82     -2       80
  MINIMUM         55    336 AM  47    1951  61     -6       65
  AVERAGE         68                        72     -4       73

PRECIPITATION (IN)
  YESTERDAY        0.75          1.46 1959   0.14   0.61     0.39
  MONTH TO DATE    8.34                      4.27   4.07    11.12
  SINCE JUN 1      8.34                      4.27   4.07    11.12
  SINCE JAN 1     19.11                     17.14   1.97    23.50

SNOWFALL (IN)
  YESTERDAY        0.0          MM      MM   0.0    0.0      0.0
  MONTH TO DATE    0.0                       0.0    0.0      0.0
  SINCE JUN 1      0.0                       0.0    0.0      0.0
  SINCE JUL 1     33.7                      41.9   -8.2     63.3
  SNOW DEPTH       0

DEGREE DAYS
 HEATING
  YESTERDAY        0                         0      0        0
  MONTH TO DATE   23                        40    -17       10
  SINCE JUN 1     23                        40    -17       10
  SINCE JUL 1   7409                      7086    323     8334

 COOLING
  YESTERDAY        3                         7     -4        8
  MONTH TO DATE  116                       133    -17      147
  SINCE JUN 1    116                       133    -17      147
  SINCE JAN 1    152                       170    -18      201
..................................................................


WIND (MPH)
  HIGHEST WIND SPEED    26   HIGHEST WIND DIRECTION     N (10)
  HIGHEST GUST SPEED    36   HIGHEST GUST DIRECTION     N (340)
  AVERAGE WIND SPEED     4.6


SKY COVER
  POSSIBLE SUNSHINE  MM
  AVERAGE SKY COVER 0.5


WEATHER CONDITIONS
 THE FOLLOWING WEATHER WAS RECORDED YESTERDAY.
  THUNDERSTORM
  HEAVY RAIN
  RAIN
  LIGHT RAIN
  FOG
  FOG W/VISIBILITY <= 1/4 MILE


RELATIVE HUMIDITY (PERCENT)
 HIGHEST   100           100 AM
 LOWEST     58           200 PM
 AVERAGE    79

..........................................................


THE DUBUQUE IA CLIMATE NORMALS FOR TODAY
                         NORMAL    RECORD    YEAR
 MAXIMUM TEMPERATURE (F)   82       101      1931
 MINIMUM TEMPERATURE (F)   62        48      1988
                                             1943


SUNRISE AND SUNSET
JUNE 30 2015..........SUNRISE   529 AM CDT   SUNSET   844 PM CDT
JULY  1 2015..........SUNRISE   530 AM CDT   SUNSET   844 PM CDT


-  INDICATES NEGATIVE NUMBERS.
R  INDICATES RECORD WAS SET OR TIED.
MM INDICATES DATA IS MISSING.
T  INDICATES TRACE AMOUNT.




$$
