000
CDUS43 KDVN 230930
CLIDBQ


CLIMATE REPORT
NATIONAL WEATHER SERVICE QUAD CITIES IA IL
427 AM CDT MON OCT 23 2017


...................................

...THE DUBUQUE IA CLIMATE SUMMARY FOR OCTOBER 22 2017...

CLIMATE NORMAL PERIOD 1981 TO 2010
CLIMATE RECORD PERIOD 1873 TO 2017


WEATHER ITEM   OBSERVED TIME   RECORD YEAR NORMAL DEPARTURE LAST
                VALUE   (LST)  VALUE       VALUE  FROM      YEAR
                                                  NORMAL
..................................................................
TEMPERATURE (F)
 YESTERDAY
  MAXIMUM         64   1213 AM  83    1947  58      6       64
                                      1899
  MINIMUM         42   1156 PM  19    1976  38      4       40
  AVERAGE         53                        48      5       52

PRECIPITATION (IN)
  YESTERDAY        0.08          2.38 2001   0.08   0.00     0.00
  MONTH TO DATE    6.12                      1.88   4.24     1.42
  SINCE SEP 1      7.14                      5.34   1.80     6.59
  SINCE JAN 1     34.56                     31.32   3.24    35.75

SNOWFALL (IN)
  YESTERDAY        0.0          MM      MM   0.0    0.0      0.0
  MONTH TO DATE    0.0                       0.0    0.0      0.0
  SINCE SEP 1      0.0                       0.0    0.0      0.0
  SINCE JUL 1      0.0                       0.0    0.0      0.0
  SNOW DEPTH       0

DEGREE DAYS
 HEATING
  YESTERDAY       12                        17     -5       13
  MONTH TO DATE  148                       300   -152      184
  SINCE SEP 1    237                       451   -214      235
  SINCE JUL 1    263                       478   -215      242

 COOLING
  YESTERDAY        0                         0      0        0
  MONTH TO DATE   12                         4      8       14
  SINCE SEP 1    114                        65     49      101
  SINCE JAN 1    569                       641    -72      781
..................................................................


WIND (MPH)
  HIGHEST WIND SPEED    17   HIGHEST WIND DIRECTION    NW (330)
  HIGHEST GUST SPEED    22   HIGHEST GUST DIRECTION    NW (330)
  AVERAGE WIND SPEED     6.5


SKY COVER
  POSSIBLE SUNSHINE  MM
  AVERAGE SKY COVER 0.6


WEATHER CONDITIONS
 THE FOLLOWING WEATHER WAS RECORDED YESTERDAY.
  RAIN
  LIGHT RAIN
  FOG


RELATIVE HUMIDITY (PERCENT)
 HIGHEST   100           400 AM
 LOWEST     71           300 PM
 AVERAGE    86

..........................................................


THE DUBUQUE IA CLIMATE NORMALS FOR TODAY
                         NORMAL    RECORD    YEAR
 MAXIMUM TEMPERATURE (F)   57        85      1899
 MINIMUM TEMPERATURE (F)   38        21      1895


SUNRISE AND SUNSET
OCTOBER 23 2017.......SUNRISE   725 AM CDT   SUNSET   608 PM CDT
OCTOBER 24 2017.......SUNRISE   727 AM CDT   SUNSET   607 PM CDT


-  INDICATES NEGATIVE NUMBERS.
R  INDICATES RECORD WAS SET OR TIED.
MM INDICATES DATA IS MISSING.
T  INDICATES TRACE AMOUNT.




$$
