000
CDUS41 KLWX 192122
CLIDCA


CLIMATE REPORT
NATIONAL WEATHER SERVICE BALTIMORE MD/WASHINGTON DC
522 PM EDT SAT APR 19 2014


...................................

...THE WASHINGTON NATIONAL DC CLIMATE SUMMARY FOR APRIL 19 2014...
VALID TODAY AS OF 0500 PM LOCAL TIME.

CLIMATE NORMAL PERIOD 1981 TO 2010
CLIMATE RECORD PERIOD 1871 TO 2014


WEATHER ITEM   OBSERVED TIME   RECORD YEAR NORMAL DEPARTURE LAST
                VALUE   (LST)  VALUE       VALUE  FROM      YEAR
                                                  NORMAL
..................................................................
TEMPERATURE (F)
 TODAY
  MAXIMUM         71    254 PM  93    1976  68      3       79
  MINIMUM         47    609 AM  22    1875  48     -1       52
  AVERAGE         59                        58      1       66

PRECIPITATION (IN)
  TODAY            0.00          1.75 1877   0.09  -0.09     1.37
  MONTH TO DATE    2.01                      1.94   0.07     2.49
  SINCE MAR 1      6.27                      5.42   0.85     5.29
  SINCE JAN 1     12.87                     10.85   2.02     9.49

SNOWFALL (IN)
  TODAY            0.0           T    1983   0.0    0.0
                                      1926
  MONTH TO DATE    T                         0.0    0.0
  SINCE JUL 1     32.0                      15.4   16.6
  SNOW DEPTH       0

DEGREE DAYS
 HEATING
  TODAY            6                         8     -2        0
  MONTH TO DATE  163                       199    -36      127
  SINCE MAR 1    841                       767     74      778
  SINCE JUL 1   4007                      3875    132     3592

 COOLING
  TODAY            0                         1     -1        1
  MONTH TO DATE   21                        10     11       41
  SINCE MAR 1     21                        12      9       41
  SINCE JAN 1     21                        12      9       41
..................................................................


WIND (MPH)
  HIGHEST WIND SPEED    14   HIGHEST WIND DIRECTION    NE (40)
  HIGHEST GUST SPEED    20   HIGHEST GUST DIRECTION     N (20)
  AVERAGE WIND SPEED     4.9


SKY COVER
  POSSIBLE SUNSHINE  MM
  AVERAGE SKY COVER 1.0


WEATHER CONDITIONS
 THE FOLLOWING WEATHER WAS RECORDED TODAY.
  NO SIGNIFICANT WEATHER WAS OBSERVED.


RELATIVE HUMIDITY (PERCENT)
 HIGHEST    76           500 AM
 LOWEST     25           400 PM
 AVERAGE    51

..........................................................


THE WASHINGTON NATIONAL DC CLIMATE NORMALS FOR TOMORROW
                         NORMAL    RECORD    YEAR
 MAXIMUM TEMPERATURE (F)   68        94      1941
 MINIMUM TEMPERATURE (F)   48        28      1904


SUNRISE AND SUNSET
APRIL 19 2014.........SUNRISE   626 AM EDT   SUNSET   749 PM EDT
APRIL 20 2014.........SUNRISE   625 AM EDT   SUNSET   750 PM EDT


-  INDICATES NEGATIVE NUMBERS.
R  INDICATES RECORD WAS SET OR TIED.
MM INDICATES DATA IS MISSING.
T  INDICATES TRACE AMOUNT.




$$
