060
CDUS41 KLWX 240523
CLIDCA


CLIMATE REPORT
NATIONAL WEATHER SERVICE BALTIMORE MD/WASHINGTON DC
123 AM EDT FRI MAR 24 2017


...................................

...THE WASHINGTON NATIONAL DC CLIMATE SUMMARY FOR MARCH 23 2017...

CLIMATE NORMAL PERIOD 1981 TO 2010
CLIMATE RECORD PERIOD 1871 TO 2017


WEATHER ITEM   OBSERVED TIME   RECORD YEAR NORMAL DEPARTURE LAST
                VALUE   (LST)  VALUE       VALUE  FROM      YEAR
                                                  NORMAL
..................................................................
TEMPERATURE (F)
 YESTERDAY
  MAXIMUM         48    435 PM  93    1907  58    -10       75
  MINIMUM         30    700 AM  16    1888  40    -10       53
  AVERAGE         39                        49    -10       64

PRECIPITATION (IN)
  YESTERDAY        0.00          1.85 2005   0.12  -0.12     0.00
  MONTH TO DATE    2.07                      2.50  -0.43     0.79
  SINCE MAR 1      2.07                      2.50  -0.43     0.79
  SINCE JAN 1      5.50                      7.93  -2.43     7.26

SNOWFALL (IN)
  YESTERDAY        0.0           2.8  1934   0.0    0.0
  MONTH TO DATE    2.0                       1.2    0.8
  SINCE JUL 1      3.4                      15.3  -11.9
  SNOW DEPTH       0

DEGREE DAYS
 HEATING
  YESTERDAY       26                        16     10        1
  MONTH TO DATE  481                       450     31      290
  SINCE MAR 1    481                       450     31      290
  SINCE JUL 1   2857                      3558   -701     2891

 COOLING
  YESTERDAY        0                         0      0        0
  MONTH TO DATE    3                         0      3        3
  SINCE MAR 1      3                         0      3        3
  SINCE JAN 1      4                         0      4        3
..................................................................


WIND (MPH)
  HIGHEST WIND SPEED    16   HIGHEST WIND DIRECTION     N (10)
  HIGHEST GUST SPEED    19   HIGHEST GUST DIRECTION     N (10)
  AVERAGE WIND SPEED     7.6


SKY COVER
  POSSIBLE SUNSHINE  MM
  AVERAGE SKY COVER 0.1


WEATHER CONDITIONS
 THE FOLLOWING WEATHER WAS RECORDED YESTERDAY.
  NO SIGNIFICANT WEATHER WAS OBSERVED.


RELATIVE HUMIDITY (PERCENT)
 HIGHEST    52          1100 PM
 LOWEST     17           400 PM
 AVERAGE    35

..........................................................


THE WASHINGTON NATIONAL DC CLIMATE NORMALS FOR TODAY
                         NORMAL    RECORD    YEAR
 MAXIMUM TEMPERATURE (F)   59        85      1907
 MINIMUM TEMPERATURE (F)   40        17      1885


SUNRISE AND SUNSET
MARCH 24 2017.........SUNRISE   705 AM EDT   SUNSET   724 PM EDT
MARCH 25 2017.........SUNRISE   703 AM EDT   SUNSET   725 PM EDT


-  INDICATES NEGATIVE NUMBERS.
R  INDICATES RECORD WAS SET OR TIED.
MM INDICATES DATA IS MISSING.
T  INDICATES TRACE AMOUNT.




$$
