000
CDUS41 KLWX 240528
CLIDCA


CLIMATE REPORT
NATIONAL WEATHER SERVICE BALTIMORE MD/WASHINGTON DC
127 AM EDT WED AUG 24 2016


...................................

...THE WASHINGTON NATIONAL DC CLIMATE SUMMARY FOR AUGUST 23 2016...

CLIMATE NORMAL PERIOD 1981 TO 2010
CLIMATE RECORD PERIOD 1871 TO 2016


WEATHER ITEM   OBSERVED TIME   RECORD YEAR NORMAL DEPARTURE LAST
                VALUE   (LST)  VALUE       VALUE  FROM      YEAR
                                                  NORMAL
..................................................................
TEMPERATURE (F)
 YESTERDAY
  MAXIMUM         84    405 PM  98    1936  86     -2       85
  MINIMUM         67    554 AM  52    1925  69     -2       64
                                      1923
  AVERAGE         76                        78     -2       75

PRECIPITATION (IN)
  YESTERDAY        0.00          6.39 1933   0.09  -0.09     0.00
  MONTH TO DATE    2.79                      2.22   0.57     0.75
  SINCE JUN 1      9.60                      9.73  -0.13    17.70
  SINCE JAN 1     24.93                     25.69  -0.76    32.48

SNOWFALL (IN)
  YESTERDAY        0.0          MM      MM   0.0    0.0
  MONTH TO DATE    0.0                       0.0    0.0
  SINCE JUL 1      0.0                       0.0    0.0
  SNOW DEPTH       0

DEGREE DAYS
 HEATING
  YESTERDAY        0                         0      0        0
  MONTH TO DATE    0                         0      0        0
  SINCE JUN 1      0                         6     -6        6
  SINCE JUL 1      0                         0      0        0

 COOLING
  YESTERDAY       11                        12     -1       10
  MONTH TO DATE  418                       312    106      352
  SINCE JUN 1   1320                      1083    237     1279
  SINCE JAN 1   1448                      1217    231     1577
..................................................................


WIND (MPH)
  HIGHEST WIND SPEED    13   HIGHEST WIND DIRECTION    SE (130)
  HIGHEST GUST SPEED    15   HIGHEST GUST DIRECTION    SE (130)
  AVERAGE WIND SPEED     5.7


SKY COVER
  POSSIBLE SUNSHINE  MM
  AVERAGE SKY COVER 0.4


WEATHER CONDITIONS
 THE FOLLOWING WEATHER WAS RECORDED YESTERDAY.
  HAZE


RELATIVE HUMIDITY (PERCENT)
 HIGHEST    81           600 AM
 LOWEST     42          1100 AM
 AVERAGE    62

..........................................................


THE WASHINGTON NATIONAL DC CLIMATE NORMALS FOR TODAY
                         NORMAL    RECORD    YEAR
 MAXIMUM TEMPERATURE (F)   86        98      1968
 MINIMUM TEMPERATURE (F)   69        49      1890


SUNRISE AND SUNSET
AUGUST 24 2016........SUNRISE   630 AM EDT   SUNSET   750 PM EDT
AUGUST 25 2016........SUNRISE   631 AM EDT   SUNSET   748 PM EDT


-  INDICATES NEGATIVE NUMBERS.
R  INDICATES RECORD WAS SET OR TIED.
MM INDICATES DATA IS MISSING.
T  INDICATES TRACE AMOUNT.




$$
