036
CDUS41 KLWX 062122
CLIDCA


CLIMATE REPORT
NATIONAL WEATHER SERVICE BALTIMORE MD/WASHINGTON DC
422 PM EST SAT FEB 6 2016


...................................

...THE WASHINGTON NATIONAL DC CLIMATE SUMMARY FOR FEBRUARY 6 2016...
VALID TODAY AS OF 0400 PM LOCAL TIME.

CLIMATE NORMAL PERIOD 1981 TO 2010
CLIMATE RECORD PERIOD 1871 TO 2016


WEATHER ITEM   OBSERVED TIME   RECORD YEAR NORMAL DEPARTURE
                VALUE   (LST)  VALUE       VALUE  FROM
                                                  NORMAL
...............................................................
TEMPERATURE (F)
 TODAY
  MAXIMUM         44    359 PM  74    2008  45     -1
  MINIMUM         28    406 AM   1    1895  30     -2
  AVERAGE         36                        37     -1

PRECIPITATION (IN)
  TODAY            0.00          2.29 1896   0.09  -0.09
  MONTH TO DATE    0.68                      0.57   0.11
  SINCE DEC 1      8.20                      6.43   1.77
  SINCE JAN 1      3.36                      3.38  -0.02

SNOWFALL (IN)
  TODAY            0.0           9.1  2010   0.2   -0.2
  MONTH TO DATE    T                         1.4   -1.4
  SINCE JUL 1     18.8                       9.8    9.0
  SNOW DEPTH       0

DEGREE DAYS
 HEATING
  TODAY           29                                1
  MONTH TO DATE  119                              -49
  SINCE DEC 1   1463                             -390
  SINCE JUL 1   1998                             -550

 COOLING
  TODAY            0                                0
  MONTH TO DATE    0                                0
  SINCE DEC 1      1                                1
  SINCE JAN 1      0                                0
...............................................................


WIND (MPH)
  HIGHEST WIND SPEED    16   HIGHEST WIND DIRECTION     S (200)
  HIGHEST GUST SPEED    19   HIGHEST GUST DIRECTION    SW (220)
  AVERAGE WIND SPEED     6.0




RELATIVE HUMIDITY (PERCENT)
 HIGHEST    78
 LOWEST     39
 AVERAGE    59

..........................................................


THE WASHINGTON NATIONAL DC CLIMATE NORMALS FOR TOMORROW
                         NORMAL    RECORD    YEAR
 MAXIMUM TEMPERATURE (F)   45        64      2008
                                             1887
 MINIMUM TEMPERATURE (F)   30         3      1907


SUNRISE AND SUNSET
FEBRUARY  6 2016......SUNRISE   710 AM EST   SUNSET   535 PM EST
FEBRUARY  7 2016......SUNRISE   709 AM EST   SUNSET   536 PM EST


-  INDICATES NEGATIVE NUMBERS.
R  INDICATES RECORD WAS SET OR TIED.
MM INDICATES DATA IS MISSING.
T  INDICATES TRACE AMOUNT.




$$
