000
CDUS41 KLWX 231957
CLIDCA


CLIMATE REPORT
NATIONAL WEATHER SERVICE BALTIMORE MD/WASHINGTON DC
346 PM EDT WED JUL 23 2014


...................................

...THE WASHINGTON NATIONAL DC CLIMATE SUMMARY FOR JULY 22 2014...

CLIMATE NORMAL PERIOD 1981 TO 2010
CLIMATE RECORD PERIOD 1871 TO 2014


WEATHER ITEM   OBSERVED TIME   RECORD YEAR NORMAL DEPARTURE LAST
                VALUE   (LST)  VALUE       VALUE  FROM      YEAR
                                                  NORMAL
..................................................................
TEMPERATURE (F)
 YESTERDAY
  MAXIMUM         88    330 PM 103    1926  89     -1       89
  MINIMUM         74    550 AM  53    1890  71      3       76
  AVERAGE         81                        80      1       83

PRECIPITATION (IN)
  YESTERDAY        0.00          4.35 1969   0.11  -0.11     0.10
  MONTH TO DATE    4.57                      2.68   1.89     4.17
  SINCE JUN 1      7.88                      6.46   1.42    14.14
  SINCE JAN 1     30.17                     22.42   7.75    26.72

SNOWFALL (IN)
  YESTERDAY        0.0          MM      MM   0.0    0.0
  MONTH TO DATE    0.0                       0.0    0.0
  SINCE JUL 1      0.0                       0.0    0.0
  SNOW DEPTH       0

DEGREE DAYS
 HEATING
  YESTERDAY        0                         0      0        0
  MONTH TO DATE    0                         0      0        0
  SINCE JUN 1      0                         6     -6        0
  SINCE JUL 1      0                         0      0        0

 COOLING
  YESTERDAY       16                        15      1       18
  MONTH TO DATE  342                       325     17      397
  SINCE JUN 1    714                       639     75      748
  SINCE JAN 1    883                       773    110      933
..................................................................


WIND (MPH)
  HIGHEST WIND SPEED    14   HIGHEST WIND DIRECTION     S (180)
  HIGHEST GUST SPEED    17   HIGHEST GUST DIRECTION     S (180)
  AVERAGE WIND SPEED     8.3


SKY COVER
  POSSIBLE SUNSHINE  MM
  AVERAGE SKY COVER 0.6


WEATHER CONDITIONS
 THE FOLLOWING WEATHER WAS RECORDED YESTERDAY.
  NO SIGNIFICANT WEATHER WAS OBSERVED.


RELATIVE HUMIDITY (PERCENT)
 HIGHEST    84           200 AM
 LOWEST     50           300 PM
 AVERAGE    67

..........................................................


THE WASHINGTON NATIONAL DC CLIMATE NORMALS FOR TODAY
                         NORMAL    RECORD    YEAR
 MAXIMUM TEMPERATURE (F)   88       102      2011
 MINIMUM TEMPERATURE (F)   71        56      1890


SUNRISE AND SUNSET
JULY 23 2014..........SUNRISE   601 AM EDT   SUNSET   827 PM EDT
JULY 24 2014..........SUNRISE   602 AM EDT   SUNSET   826 PM EDT


-  INDICATES NEGATIVE NUMBERS.
R  INDICATES RECORD WAS SET OR TIED.
MM INDICATES DATA IS MISSING.
T  INDICATES TRACE AMOUNT.




$$
