000
CDUS41 KALY 170623
CLIDDH


CLIMATE REPORT
NATIONAL WEATHER SERVICE ALBANY NY
122 AM EST WED DEC 17 2014


...................................

...THE BENNINGTON VT CLIMATE SUMMARY FOR DECEMBER 16 2014...

CLIMATE NORMAL PERIOD 1981 TO 2010
CLIMATE RECORD PERIOD 9999 TO 9999


WEATHER ITEM   OBSERVED TIME   NORMAL DEPARTURE LAST
                VALUE   (LST)  VALUE  FROM      YEAR
                                      NORMAL
......................................................
TEMPERATURE (F)
 YESTERDAY
  MAXIMUM         42   1159 PM  35      7       25
  MINIMUM         23    247 AM  20      3        4
  AVERAGE         33            27      6       15

PRECIPITATION (IN)
  YESTERDAY        0.16          0.08   0.08      T
  MONTH TO DATE    2.30          1.51   0.79     0.70
  SINCE DEC 1      2.30          1.51   0.79     0.70
  SINCE JAN 1     35.35         39.42  -4.07    42.60

DEGREE DAYS
 HEATING
  YESTERDAY       32            38     -6       50
  MONTH TO DATE  549           554     -5      591
  SINCE DEC 1    549           554     -5      591
  SINCE JUL 1   2042          2167   -125     2122

 COOLING
  YESTERDAY        0             0      0        0
  MONTH TO DATE    0             0      0        0
  SINCE DEC 1      0             0      0        0
  SINCE JAN 1    308           313     -5      503
......................................................


WIND (MPH)
  HIGHEST WIND SPEED    15   HIGHEST WIND DIRECTION    SE (140)
  HIGHEST GUST SPEED    30   HIGHEST GUST DIRECTION     S (190)
  AVERAGE WIND SPEED     5.8


SKY COVER
  AVERAGE SKY COVER 0.9



RELATIVE HUMIDITY (PERCENT)
 HIGHEST    92           100 AM
 LOWEST     79           600 PM
 AVERAGE    86

..........................................................


THE BENNINGTON VT CLIMATE NORMALS FOR TODAY
                         NORMAL
 MAXIMUM TEMPERATURE (F)   35
 MINIMUM TEMPERATURE (F)   19


SUNRISE AND SUNSET
DECEMBER 17 2014......SUNRISE   718 AM EST   SUNSET   420 PM EST
DECEMBER 18 2014......SUNRISE   719 AM EST   SUNSET   420 PM EST


-  INDICATES NEGATIVE NUMBERS.
R  INDICATES RECORD WAS SET OR TIED.
MM INDICATES DATA IS MISSING.
T  INDICATES TRACE AMOUNT.




$$
