000
CDUS41 KALY 070627
CLIDDH


CLIMATE REPORT
NATIONAL WEATHER SERVICE ALBANY NY
126 AM EST SUN FEB 7 2016


...................................

...THE BENNINGTON VT CLIMATE SUMMARY FOR FEBRUARY 6 2016...

CLIMATE NORMAL PERIOD 1981 TO 2010
CLIMATE RECORD PERIOD 9999 TO 9999


WEATHER ITEM   OBSERVED TIME   NORMAL DEPARTURE LAST
                VALUE   (LST)  VALUE  FROM      YEAR
                                      NORMAL
......................................................
TEMPERATURE (F)
 YESTERDAY
  MAXIMUM         41    158 PM  33      8       20
  MINIMUM         16    231 AM  14      2      -14
  AVERAGE         29            23      6        3

PRECIPITATION (IN)
  YESTERDAY        0.00          0.06  -0.06      T
  MONTH TO DATE    0.72          0.39   0.33     0.37
  SINCE DEC 1      5.58          5.93  -0.35     6.68
  SINCE JAN 1      1.83          3.14  -1.31     2.77

DEGREE DAYS
 HEATING
  YESTERDAY       36            42     -6       62
  MONTH TO DATE  160           254    -94      335
  SINCE DEC 1   2122          2772   -650     2822
  SINCE JUL 1   3465          4385   -920     4315

 COOLING
  YESTERDAY        0             0      0        0
  MONTH TO DATE    0             0      0        0
  SINCE DEC 1      0             0      0        0
  SINCE JAN 1      0             0      0        0
......................................................


WIND (MPH)
  HIGHEST WIND SPEED    15   HIGHEST WIND DIRECTION     S (200)
  HIGHEST GUST SPEED    21   HIGHEST GUST DIRECTION    SW (220)
  AVERAGE WIND SPEED     4.7


SKY COVER
  AVERAGE SKY COVER 0.6



RELATIVE HUMIDITY (PERCENT)
 HIGHEST    91           800 AM
 LOWEST     37           200 PM
 AVERAGE    64

..........................................................


THE BENNINGTON VT CLIMATE NORMALS FOR TODAY
                         NORMAL
 MAXIMUM TEMPERATURE (F)   33
 MINIMUM TEMPERATURE (F)   14


SUNRISE AND SUNSET
FEBRUARY  7 2016......SUNRISE   702 AM EST   SUNSET   513 PM EST
FEBRUARY  8 2016......SUNRISE   700 AM EST   SUNSET   515 PM EST


-  INDICATES NEGATIVE NUMBERS.
R  INDICATES RECORD WAS SET OR TIED.
MM INDICATES DATA IS MISSING.
T  INDICATES TRACE AMOUNT.




$$
