000
CDUS41 KALY 222043
CLIDDH


CLIMATE REPORT
NATIONAL WEATHER SERVICE ALBANY NY
443 PM EDT FRI SEP 22 2017


...................................

...THE BENNINGTON VT CLIMATE SUMMARY FOR SEPTEMBER 22 2017...
VALID TODAY AS OF 0400 PM LOCAL TIME.

CLIMATE NORMAL PERIOD 1981 TO 2010
CLIMATE RECORD PERIOD 9999 TO 9999


WEATHER ITEM   OBSERVED TIME   NORMAL DEPARTURE LAST
                VALUE   (LST)  VALUE  FROM      YEAR
                                      NORMAL
......................................................
TEMPERATURE (F)
 TODAY
  MAXIMUM         79    319 PM  68     11       82
  MINIMUM         49    604 AM  45      4       47
  AVERAGE         64            57      7       65

PRECIPITATION (IN)
  TODAY            0.00          0.13  -0.13     0.00
  MONTH TO DATE    3.37          2.49   0.88     2.34
  SINCE SEP 1      3.37          2.49   0.88     2.34
  SINCE JAN 1     35.72         30.03   5.69    23.65

DEGREE DAYS
 HEATING
  TODAY            1             9     -8        0
  MONTH TO DATE   97           121    -24       49
  SINCE SEP 1     97           121    -24       49
  SINCE JUL 1    164           193    -29       71

 COOLING
  TODAY            0             0      0        0
  MONTH TO DATE   42            22     20       45
  SINCE SEP 1     42            22     20       45
  SINCE JAN 1    349           310     39      484
......................................................


WIND (MPH)
  HIGHEST WIND SPEED     9   HIGHEST WIND DIRECTION     W (280)
  HIGHEST GUST SPEED    MM   HIGHEST GUST DIRECTION    MM
  AVERAGE WIND SPEED     2.8


SKY COVER
  AVERAGE SKY COVER 0.1



RELATIVE HUMIDITY (PERCENT)
 HIGHEST    93
 LOWEST     46
 AVERAGE    70

..........................................................


THE BENNINGTON VT CLIMATE NORMALS FOR TOMORROW
                         NORMAL
 MAXIMUM TEMPERATURE (F)   68
 MINIMUM TEMPERATURE (F)   45


SUNRISE AND SUNSET
SEPTEMBER 22 2017.....SUNRISE   640 AM EDT   SUNSET   650 PM EDT
SEPTEMBER 23 2017.....SUNRISE   642 AM EDT   SUNSET   648 PM EDT


-  INDICATES NEGATIVE NUMBERS.
R  INDICATES RECORD WAS SET OR TIED.
MM INDICATES DATA IS MISSING.
T  INDICATES TRACE AMOUNT.




$$
