000
CDUS41 KALY 242145
CLIDDH


CLIMATE REPORT
NATIONAL WEATHER SERVICE ALBANY NY
445 PM EST FRI NOV 24 2017


...................................

...THE BENNINGTON VT CLIMATE SUMMARY FOR NOVEMBER 24 2017...
VALID TODAY AS OF 0400 PM LOCAL TIME.

CLIMATE NORMAL PERIOD 1981 TO 2010
CLIMATE RECORD PERIOD 9999 TO 9999


WEATHER ITEM   OBSERVED TIME   NORMAL DEPARTURE LAST
                VALUE   (LST)  VALUE  FROM      YEAR
                                      NORMAL
......................................................
TEMPERATURE (F)
 TODAY
  MAXIMUM         49    309 PM  44      5       39
  MINIMUM         27    657 AM  28     -1       22
  AVERAGE         38            36      2       31

PRECIPITATION (IN)
  TODAY            0.00          0.10  -0.10     0.04
  MONTH TO DATE    1.31          2.46  -1.15     1.79
  SINCE SEP 1      7.07          9.72  -2.65     8.39
  SINCE JAN 1     39.42         37.26   2.16    29.70

DEGREE DAYS
 HEATING
  TODAY           27            29     -2       34
  MONTH TO DATE  629           611     18      609
  SINCE SEP 1   1063          1360   -297     1186
  SINCE JUL 1   1130          1432   -302     1208

 COOLING
  TODAY            0             0      0        0
  MONTH TO DATE    0             0      0        0
  SINCE SEP 1     88            25     63       49
  SINCE JAN 1    395           313     82      488
......................................................


WIND (MPH)
  HIGHEST WIND SPEED    12   HIGHEST WIND DIRECTION     S (190)
  HIGHEST GUST SPEED    15   HIGHEST GUST DIRECTION     S (190)
  AVERAGE WIND SPEED     2.2


SKY COVER
  AVERAGE SKY COVER 0.7



RELATIVE HUMIDITY (PERCENT)
 HIGHEST    85
 LOWEST     42
 AVERAGE    64

..........................................................


THE BENNINGTON VT CLIMATE NORMALS FOR TOMORROW
                         NORMAL
 MAXIMUM TEMPERATURE (F)   44
 MINIMUM TEMPERATURE (F)   28


SUNRISE AND SUNSET
NOVEMBER 24 2017......SUNRISE   656 AM EST   SUNSET   423 PM EST
NOVEMBER 25 2017......SUNRISE   658 AM EST   SUNSET   422 PM EST


-  INDICATES NEGATIVE NUMBERS.
R  INDICATES RECORD WAS SET OR TIED.
MM INDICATES DATA IS MISSING.
T  INDICATES TRACE AMOUNT.




$$
