000
CDUS41 KALY 152044
CLIDDH


CLIMATE REPORT
NATIONAL WEATHER SERVICE ALBANY NY
443 PM EDT MON SEP 15 2014


...................................

...THE BENNINGTON VT CLIMATE SUMMARY FOR SEPTEMBER 15 2014...
VALID TODAY AS OF 0400 PM LOCAL TIME.

CLIMATE NORMAL PERIOD 1981 TO 2010
CLIMATE RECORD PERIOD 9999 TO 9999


WEATHER ITEM   OBSERVED TIME   NORMAL DEPARTURE LAST
                VALUE   (LST)  VALUE  FROM      YEAR
                                      NORMAL
......................................................
TEMPERATURE (F)
 TODAY
  MAXIMUM         64    221 PM  71     -7       67
  MINIMUM         35    242 AM  48    -13       37
  AVERAGE         50            59     -9       52

PRECIPITATION (IN)
  TODAY            0.00          0.11  -0.11     0.00
  MONTH TO DATE    0.83          1.62  -0.79     3.26
  SINCE SEP 1      0.83          1.62  -0.79     3.26
  SINCE JAN 1     26.79         29.16  -2.37    34.98

DEGREE DAYS
 HEATING
  TODAY           15             6      9       13
  MONTH TO DATE   75            67      8       84
  SINCE SEP 1     75            67      8       84
  SINCE JUL 1    128           139    -11      147

 COOLING
  TODAY            0             1     -1        0
  MONTH TO DATE   40            19     21       44
  SINCE SEP 1     40            19     21       44
  SINCE JAN 1    293           307    -14      503
......................................................


WIND (MPH)
  HIGHEST WIND SPEED     7   HIGHEST WIND DIRECTION    NW (330)
  HIGHEST GUST SPEED    MM   HIGHEST GUST DIRECTION    MM
  AVERAGE WIND SPEED     1.8


SKY COVER
  AVERAGE SKY COVER 0.2



RELATIVE HUMIDITY (PERCENT)
 HIGHEST   100
 LOWEST     42
 AVERAGE    71

..........................................................


THE BENNINGTON VT CLIMATE NORMALS FOR TOMORROW
                         NORMAL
 MAXIMUM TEMPERATURE (F)   71
 MINIMUM TEMPERATURE (F)   47


SUNRISE AND SUNSET
SEPTEMBER 15 2014.....SUNRISE   633 AM EDT   SUNSET   703 PM EDT
SEPTEMBER 16 2014.....SUNRISE   634 AM EDT   SUNSET   701 PM EDT


-  INDICATES NEGATIVE NUMBERS.
R  INDICATES RECORD WAS SET OR TIED.
MM INDICATES DATA IS MISSING.
T  INDICATES TRACE AMOUNT.




$$
