000
CDUS41 KALY 050622
CLIDDH


CLIMATE REPORT
NATIONAL WEATHER SERVICE ALBANY NY
221 AM EDT SAT SEP 5 2015


...................................

...THE BENNINGTON VT CLIMATE SUMMARY FOR SEPTEMBER 4 2015...

CLIMATE NORMAL PERIOD 1981 TO 2010
CLIMATE RECORD PERIOD 9999 TO 9999


WEATHER ITEM   OBSERVED TIME   NORMAL DEPARTURE LAST
                VALUE   (LST)  VALUE  FROM      YEAR
                                      NORMAL
......................................................
TEMPERATURE (F)
 YESTERDAY
  MAXIMUM         82    233 PM  74      8       82
  MINIMUM         60    538 AM  51      9       50
  AVERAGE         71            63      8       66

PRECIPITATION (IN)
  YESTERDAY        0.00          0.11  -0.11     0.00
  MONTH TO DATE    0.00          0.41  -0.41     0.23
  SINCE SEP 1      0.00          0.41  -0.41     0.23
  SINCE JAN 1     14.23         27.95 -13.72    26.19

DEGREE DAYS
 HEATING
  YESTERDAY        0             4     -4        0
  MONTH TO DATE    0            13    -13        0
  SINCE SEP 1      0            13    -13        0
  SINCE JUL 1     39            85    -46       53

 COOLING
  YESTERDAY        6             2      4        1
  MONTH TO DATE   24             8     16       22
  SINCE SEP 1     24             8     16       22
  SINCE JAN 1    392           296     96      275
......................................................


WIND (MPH)
  HIGHEST WIND SPEED    13   HIGHEST WIND DIRECTION    SE (120)
  HIGHEST GUST SPEED    19   HIGHEST GUST DIRECTION    SE (120)
  AVERAGE WIND SPEED     5.6


SKY COVER
  AVERAGE SKY COVER 0.1



RELATIVE HUMIDITY (PERCENT)
 HIGHEST    97           400 AM
 LOWEST     49           100 PM
 AVERAGE    73

..........................................................


THE BENNINGTON VT CLIMATE NORMALS FOR TODAY
                         NORMAL
 MAXIMUM TEMPERATURE (F)   74
 MINIMUM TEMPERATURE (F)   51


SUNRISE AND SUNSET
SEPTEMBER  5 2015.....SUNRISE   622 AM EDT   SUNSET   721 PM EDT
SEPTEMBER  6 2015.....SUNRISE   623 AM EDT   SUNSET   719 PM EDT


-  INDICATES NEGATIVE NUMBERS.
R  INDICATES RECORD WAS SET OR TIED.
MM INDICATES DATA IS MISSING.
T  INDICATES TRACE AMOUNT.




$$
