000
CDUS43 KILX 112246
CLIDEC


CLIMATE REPORT
NATIONAL WEATHER SERVICE LINCOLN IL
445 PM CST MON DEC 11 2017


...................................

...THE DECATUR IL AIRPORT CLIMATE SUMMARY FOR DECEMBER 11 2017...
VALID TODAY AS OF 0400 PM LOCAL TIME.

CLIMATE NORMAL PERIOD 1981 TO 2010
CLIMATE RECORD PERIOD 9999 TO 9999


WEATHER ITEM   OBSERVED TIME   RECORD YEAR NORMAL DEPARTURE LAST
                VALUE   (LST)  VALUE       VALUE  FROM      YEAR
                                                  NORMAL
..................................................................
TEMPERATURE (F)
 TODAY
  MAXIMUM         51    304 PM  MM      MM  40     11       39
  MINIMUM         21    212 AM  MM      MM  24     -3       30
  AVERAGE         36                        32      4       35

PRECIPITATION (IN)
  TODAY            0.00         MM      MM   0.08  -0.08     0.04
  MONTH TO DATE    0.12                      0.90  -0.78     0.04
  SINCE DEC 1      0.12                      0.90  -0.78     0.04
  SINCE JAN 1     32.64                     36.81  -4.17    31.68

DEGREE DAYS
 HEATING
  TODAY           29                        33     -4       30
  MONTH TO DATE  309                       345    -36      302
  SINCE DEC 1    309                       345    -36      302
  SINCE JUL 1   1251                      1426   -175      998

 COOLING
  TODAY            0                         0      0        0
  MONTH TO DATE    0                         0      0        0
  SINCE DEC 1      0                         0      0        0
  SINCE JAN 1   1120                      1048     72     1434
..................................................................


WIND (MPH)
  HIGHEST WIND SPEED    26   HIGHEST WIND DIRECTION     W (280)
  HIGHEST GUST SPEED    38   HIGHEST GUST DIRECTION     W (260)
  AVERAGE WIND SPEED    10.0


SKY COVER
  POSSIBLE SUNSHINE  MM
  AVERAGE SKY COVER 0.0


WEATHER CONDITIONS
 THE FOLLOWING WEATHER WAS RECORDED TODAY.
  NO SIGNIFICANT WEATHER WAS OBSERVED.


RELATIVE HUMIDITY (PERCENT)
 HIGHEST    92           100 AM
 LOWEST     32           300 PM
 AVERAGE    62

..........................................................


THE DECATUR IL AIRPORT CLIMATE NORMALS FOR TOMORROW
                         NORMAL    RECORD    YEAR
 MAXIMUM TEMPERATURE (F)   39        MM        MM
 MINIMUM TEMPERATURE (F)   24        MM        MM


SUNRISE AND SUNSET
DECEMBER 11 2017......SUNRISE   707 AM CST   SUNSET   431 PM CST
DECEMBER 12 2017......SUNRISE   708 AM CST   SUNSET   431 PM CST


-  INDICATES NEGATIVE NUMBERS.
R  INDICATES RECORD WAS SET OR TIED.
MM INDICATES DATA IS MISSING.
T  INDICATES TRACE AMOUNT.




$$
