949
CDUS43 KILX 270643
CLIDEC


CLIMATE REPORT
NATIONAL WEATHER SERVICE LINCOLN IL
142 AM CDT WED JUL 27 2016


...................................

...THE DECATUR IL AIRPORT CLIMATE SUMMARY FOR JULY 26 2016...

CLIMATE NORMAL PERIOD 1981 TO 2010
CLIMATE RECORD PERIOD 9999 TO 9999


WEATHER ITEM   OBSERVED TIME   RECORD YEAR NORMAL DEPARTURE LAST
                VALUE   (LST)  VALUE       VALUE  FROM      YEAR
                                                  NORMAL
..................................................................
TEMPERATURE (F)
 YESTERDAY
  MAXIMUM         85    426 PM  MM      MM  86     -1       85
  MINIMUM         67   1143 PM  MM      MM  64      3       71
  AVERAGE         76                        75      1       78

PRECIPITATION (IN)
  YESTERDAY        0.00         MM      MM   0.11  -0.11     0.02
  MONTH TO DATE    4.45                      3.30   1.15     4.65
  SINCE JUN 1      6.61                      7.65  -1.04     9.91
  SINCE JAN 1     17.47                     22.10  -4.63    20.61

DEGREE DAYS
 HEATING
  YESTERDAY        0                         0      0        0
  MONTH TO DATE    5                         0      5        1
  SINCE JUN 1      5                        17    -12        8
  SINCE JUL 1      5                         0      5        1

 COOLING
  YESTERDAY       11                        10      1       13
  MONTH TO DATE  303                       282     21      226
  SINCE JUN 1    626                       511    115      484
  SINCE JAN 1    716                       598    118      628
..................................................................


WIND (MPH)
  HIGHEST WIND SPEED    14   HIGHEST WIND DIRECTION     E (110)
  HIGHEST GUST SPEED    17   HIGHEST GUST DIRECTION     E (100)
  AVERAGE WIND SPEED     5.9


SKY COVER
  POSSIBLE SUNSHINE  MM
  AVERAGE SKY COVER 0.2


WEATHER CONDITIONS
 THE FOLLOWING WEATHER WAS RECORDED YESTERDAY.
  NO SIGNIFICANT WEATHER WAS OBSERVED.


RELATIVE HUMIDITY (PERCENT)
 HIGHEST    97          1000 PM
 LOWEST     55          1000 AM
 AVERAGE    76

..........................................................


THE DECATUR IL AIRPORT CLIMATE NORMALS FOR TODAY
                         NORMAL    RECORD    YEAR
 MAXIMUM TEMPERATURE (F)   86        MM        MM
 MINIMUM TEMPERATURE (F)   64        MM        MM


SUNRISE AND SUNSET
JULY 27 2016..........SUNRISE   550 AM CDT   SUNSET   813 PM CDT
JULY 28 2016..........SUNRISE   551 AM CDT   SUNSET   812 PM CDT


-  INDICATES NEGATIVE NUMBERS.
R  INDICATES RECORD WAS SET OR TIED.
MM INDICATES DATA IS MISSING.
T  INDICATES TRACE AMOUNT.




$$
