000
CDUS43 KILX 290630
CLIDEC


CLIMATE REPORT
NATIONAL WEATHER SERVICE LINCOLN IL
130 AM CDT WED MAR 29 2017


...................................

...THE DECATUR IL AIRPORT CLIMATE SUMMARY FOR MARCH 28 2017...

CLIMATE NORMAL PERIOD 1981 TO 2010
CLIMATE RECORD PERIOD 9999 TO 9999


WEATHER ITEM   OBSERVED TIME   RECORD YEAR NORMAL DEPARTURE LAST
                VALUE   (LST)  VALUE       VALUE  FROM      YEAR
                                                  NORMAL
..................................................................
TEMPERATURE (F)
 YESTERDAY
  MAXIMUM         57    249 PM  MM      MM  57      0       57
  MINIMUM         44   1159 PM  MM      MM  36      8       37
  AVERAGE         51                        46      5       47

PRECIPITATION (IN)
  YESTERDAY        0.00         MM      MM   0.09  -0.09     0.00
  MONTH TO DATE    1.29                      2.35  -1.06     2.06
  SINCE MAR 1      1.29                      2.35  -1.06     2.06
  SINCE JAN 1      3.39                      6.07  -2.68     3.25

DEGREE DAYS
 HEATING
  YESTERDAY       14                        19     -5       18
  MONTH TO DATE  614                       671    -57      464
  SINCE MAR 1    614                       671    -57      464
  SINCE JUL 1   3973                      4928   -955     3956

 COOLING
  YESTERDAY        0                         0      0        0
  MONTH TO DATE    0                         0      0        0
  SINCE MAR 1      0                         0      0        0
  SINCE JAN 1      0                         0      0        0
..................................................................


WIND (MPH)
  HIGHEST WIND SPEED    17   HIGHEST WIND DIRECTION    NE (40)
  HIGHEST GUST SPEED    21   HIGHEST GUST DIRECTION    NE (50)
  AVERAGE WIND SPEED    10.5


SKY COVER
  POSSIBLE SUNSHINE  MM
  AVERAGE SKY COVER 1.0


WEATHER CONDITIONS
 THE FOLLOWING WEATHER WAS RECORDED YESTERDAY.
  FOG


RELATIVE HUMIDITY (PERCENT)
 HIGHEST    96          1200 AM
 LOWEST     66          1100 AM
 AVERAGE    81

..........................................................


THE DECATUR IL AIRPORT CLIMATE NORMALS FOR TODAY
                         NORMAL    RECORD    YEAR
 MAXIMUM TEMPERATURE (F)   57        MM        MM
 MINIMUM TEMPERATURE (F)   36        MM        MM


SUNRISE AND SUNSET
MARCH 29 2017.........SUNRISE   644 AM CDT   SUNSET   717 PM CDT
MARCH 30 2017.........SUNRISE   642 AM CDT   SUNSET   718 PM CDT


-  INDICATES NEGATIVE NUMBERS.
R  INDICATES RECORD WAS SET OR TIED.
MM INDICATES DATA IS MISSING.
T  INDICATES TRACE AMOUNT.




$$
