000
CDUS43 KILX 062229
CLIDEC


CLIMATE REPORT
NATIONAL WEATHER SERVICE LINCOLN IL
429 PM CST FRI MAR 6 2015


...................................

...THE DECATUR IL AIRPORT CLIMATE SUMMARY FOR MARCH 6 2015...
VALID TODAY AS OF 0400 PM LOCAL TIME.

CLIMATE NORMAL PERIOD 1981 TO 2010
CLIMATE RECORD PERIOD 9999 TO 9999


WEATHER ITEM   OBSERVED TIME   RECORD YEAR NORMAL DEPARTURE LAST
                VALUE   (LST)  VALUE       VALUE  FROM      YEAR
                                                  NORMAL
..................................................................
TEMPERATURE (F)
 TODAY
  MAXIMUM         31    359 PM  MM      MM  47    -16       42
  MINIMUM         -9    203 AM  MM      MM  29    -38       19
  AVERAGE         11                        38    -27       31

PRECIPITATION (IN)
  TODAY            0.00         MM      MM   0.07  -0.07     0.00
  MONTH TO DATE    0.14                      0.46  -0.32      T
  SINCE MAR 1      0.14                      0.46  -0.32      T
  SINCE JAN 1      1.39                      4.18  -2.79     1.12

DEGREE DAYS
 HEATING
  TODAY           54                        27     27       34
  MONTH TO DATE  268                       169     99      254
  SINCE MAR 1    268                       169     99      254
  SINCE JUL 1   4914                      4426    488     5066

 COOLING
  TODAY            0                         0      0        0
  MONTH TO DATE    0                         0      0        0
  SINCE MAR 1      0                         0      0        0
  SINCE JAN 1      0                         0      0        0
..................................................................


WIND (MPH)
  HIGHEST WIND SPEED    25   HIGHEST WIND DIRECTION     S (180)
  HIGHEST GUST SPEED    31   HIGHEST GUST DIRECTION     S (180)
  AVERAGE WIND SPEED    11.0


SKY COVER
  POSSIBLE SUNSHINE  MM
  AVERAGE SKY COVER 0.0


WEATHER CONDITIONS
 THE FOLLOWING WEATHER WAS RECORDED TODAY.
  NO SIGNIFICANT WEATHER WAS OBSERVED.


RELATIVE HUMIDITY (PERCENT)
 HIGHEST    87           600 AM
 LOWEST     53           300 PM
 AVERAGE    70

..........................................................


THE DECATUR IL AIRPORT CLIMATE NORMALS FOR TOMORROW
                         NORMAL    RECORD    YEAR
 MAXIMUM TEMPERATURE (F)   48        MM        MM
 MINIMUM TEMPERATURE (F)   29        MM        MM


SUNRISE AND SUNSET
MARCH  6 2015.........SUNRISE   621 AM CST   SUNSET   553 PM CST
MARCH  7 2015.........SUNRISE   620 AM CST   SUNSET   554 PM CST


-  INDICATES NEGATIVE NUMBERS.
R  INDICATES RECORD WAS SET OR TIED.
MM INDICATES DATA IS MISSING.
T  INDICATES TRACE AMOUNT.




$$
