000
CDUS43 KILX 240642
CLIDEC


CLIMATE REPORT
NATIONAL WEATHER SERVICE LINCOLN IL
142 AM CDT SAT JUN 24 2017


...................................

...THE DECATUR IL AIRPORT CLIMATE SUMMARY FOR JUNE 23 2017...

CLIMATE NORMAL PERIOD 1981 TO 2010
CLIMATE RECORD PERIOD 9999 TO 9999


WEATHER ITEM   OBSERVED TIME   RECORD YEAR NORMAL DEPARTURE LAST
                VALUE   (LST)  VALUE       VALUE  FROM      YEAR
                                                  NORMAL
..................................................................
TEMPERATURE (F)
 YESTERDAY
  MAXIMUM         82    309 PM  MM      MM  85     -3       91
  MINIMUM         65   1153 PM  MM      MM  64      1       70
  AVERAGE         74                        74      0       81

PRECIPITATION (IN)
  YESTERDAY        0.47         MM      MM   0.14   0.33     0.00
  MONTH TO DATE    1.33                      3.48  -2.15     2.16
  SINCE JUN 1      1.33                      3.48  -2.15     2.16
  SINCE JAN 1     20.26                     17.93   2.33    13.02

DEGREE DAYS
 HEATING
  YESTERDAY        0                         0      0        0
  MONTH TO DATE    0                        14    -14        0
  SINCE JUN 1      0                        14    -14        0
  SINCE JUL 1   4411                      5518  -1107     4485

 COOLING
  YESTERDAY        9                        10     -1       16
  MONTH TO DATE  219                       158     61      255
  SINCE JUN 1    219                       158     61      255
  SINCE JAN 1    316                       245     71      345
..................................................................


WIND (MPH)
  HIGHEST WIND SPEED    21   HIGHEST WIND DIRECTION    NW (300)
  HIGHEST GUST SPEED    28   HIGHEST GUST DIRECTION    NW (320)
  AVERAGE WIND SPEED    10.9


SKY COVER
  POSSIBLE SUNSHINE  MM
  AVERAGE SKY COVER 0.5


WEATHER CONDITIONS
 THE FOLLOWING WEATHER WAS RECORDED YESTERDAY.
  THUNDERSTORM
  HEAVY RAIN
  RAIN
  LIGHT RAIN
  FOG


RELATIVE HUMIDITY (PERCENT)
 HIGHEST   100           200 AM
 LOWEST     39           400 PM
 AVERAGE    70

..........................................................


THE DECATUR IL AIRPORT CLIMATE NORMALS FOR TODAY
                         NORMAL    RECORD    YEAR
 MAXIMUM TEMPERATURE (F)   85        MM        MM
 MINIMUM TEMPERATURE (F)   64        MM        MM


SUNRISE AND SUNSET
JUNE 24 2017..........SUNRISE   528 AM CDT   SUNSET   828 PM CDT
JUNE 25 2017..........SUNRISE   528 AM CDT   SUNSET   828 PM CDT


-  INDICATES NEGATIVE NUMBERS.
R  INDICATES RECORD WAS SET OR TIED.
MM INDICATES DATA IS MISSING.
T  INDICATES TRACE AMOUNT.




$$
