000
CDUS45 KBOU 060758
CLIDEN


CLIMATE REPORT
NATIONAL WEATHER SERVICE DENVER CO
156 AM MDT MON JUL 6 2015


...................................

...THE DENVER CO CLIMATE SUMMARY FOR JULY 5 2015...

CLIMATE NORMAL PERIOD 1981 TO 2010
CLIMATE RECORD PERIOD 1872 TO 2015


WEATHER ITEM   OBSERVED TIME   RECORD YEAR NORMAL DEPARTURE LAST
                VALUE   (LST)  VALUE       VALUE  FROM      YEAR
                                                  NORMAL
..................................................................
TEMPERATURE (F)
 YESTERDAY
  MAXIMUM         91   1207 PM 101    1989  88      3       96
  MINIMUM         61    429 AM  43    1972  57      4       58
  AVERAGE         76                        73      3       77

PRECIPITATION (IN)
  YESTERDAY        0.01          1.04 1900   0.06  -0.05     0.00
  MONTH TO DATE    0.13                      0.28  -0.15      T
  SINCE JUN 1      2.66                      2.26   0.40     1.82
  SINCE JAN 1     11.49                      7.79   3.70     8.53

SNOWFALL (IN)
  YESTERDAY        0.0
  MONTH TO DATE      0
  SINCE JUN 1        0
  SINCE JUL 1        0
  SNOW DEPTH       0


DEGREE DAYS
 HEATING
  YESTERDAY        0                         0      0        0
  MONTH TO DATE    0                         1     -1        0
  SINCE JUN 1     11                        63    -52       30
  SINCE JUL 1      0                         1     -1        0

 COOLING
  YESTERDAY       11                         8      3       12
  MONTH TO DATE   46                        39      7       40
  SINCE JUN 1    200                       172     28      146
  SINCE JAN 1    204                       194     10      167
..................................................................


WIND (MPH)
  HIGHEST WIND SPEED    29   HIGHEST WIND DIRECTION    NW (330)
  HIGHEST GUST SPEED    39   HIGHEST GUST DIRECTION    NW (330)
  AVERAGE WIND SPEED     8.9


SKY COVER **
  POSSIBLE SUNSHINE  MM
  AVERAGE SKY COVER 0.7


WEATHER CONDITIONS
 THE FOLLOWING WEATHER WAS RECORDED YESTERDAY.
  LIGHT RAIN
  FOG


RELATIVE HUMIDITY (PERCENT)
 HIGHEST    78           900 PM
 LOWEST     21          1200 PM
 AVERAGE    50

..........................................................


THE DENVER CO CLIMATE NORMALS FOR TODAY
                         NORMAL    RECORD    YEAR
 MAXIMUM TEMPERATURE (F)   89       103      1973
 MINIMUM TEMPERATURE (F)   58        44      1908


SUNRISE AND SUNSET
JULY  6 2015..........SUNRISE   537 AM MST   SUNSET   830 PM MST
JULY  7 2015..........SUNRISE   537 AM MST   SUNSET   830 PM MST


-  INDICATES NEGATIVE NUMBERS.
R  INDICATES RECORD WAS SET OR TIED.
MM INDICATES DATA IS MISSING.
T  INDICATES TRACE AMOUNT.

&&

** SUNSHINE DATA WILL NO LONGER BE AVAILABLE EFFECTIVE OCTOBER 1ST 2009.




$$
