000
CDUS45 KBOU 240801
CLIDEN


CLIMATE REPORT
NATIONAL WEATHER SERVICE DENVER/BOULDER CO
159 AM MDT SUN SEP 24 2017


...................................

...THE DENVER CO CLIMATE SUMMARY FOR SEPTEMBER 23 2017...

CLIMATE NORMAL PERIOD 1981 TO 2010
CLIMATE RECORD PERIOD 1872 TO 2017


WEATHER ITEM   OBSERVED TIME   RECORD YEAR NORMAL DEPARTURE LAST
                VALUE   (LST)  VALUE       VALUE  FROM      YEAR
                                                  NORMAL
..................................................................
TEMPERATURE (F)
 YESTERDAY
  MAXIMUM         54   1256 PM  90    1905  75    -21       88
                                      1885
  MINIMUM         44    816 PM  29    1895  45     -1       51
  AVERAGE         49                        60    -11       70

PRECIPITATION (IN)
  YESTERDAY        0.83R         0.64 2013   0.03   0.80     0.00
  MONTH TO DATE    0.85                      0.74   0.11     0.28
  SINCE SEP 1      0.85                      0.74   0.11     0.28
  SINCE JAN 1      9.82                     12.10  -2.28    10.29

SNOWFALL (IN)
  YESTERDAY        0.0
  MONTH TO DATE      0
  SINCE SEP 1        0
  SINCE JUL 1        0
  SNOW DEPTH       0


DEGREE DAYS
 HEATING
  YESTERDAY       16                         6     10        0
  MONTH TO DATE   38                        72    -34       35
  SINCE SEP 1     38                        72    -34       35
  SINCE JUL 1     46                        88    -42       50

 COOLING
  YESTERDAY        0                         1     -1        5
  MONTH TO DATE  131                        70     61       96
  SINCE SEP 1    131                        70     61       96
  SINCE JAN 1    880                       758    122      858
..................................................................


WIND (MPH)
  HIGHEST WIND SPEED    21   HIGHEST WIND DIRECTION    NE (30)
  HIGHEST GUST SPEED    25   HIGHEST GUST DIRECTION     N (350)
  AVERAGE WIND SPEED     9.7


SKY COVER **
  POSSIBLE SUNSHINE  MM
  AVERAGE SKY COVER 0.9


WEATHER CONDITIONS
 THE FOLLOWING WEATHER WAS RECORDED YESTERDAY.
  HEAVY RAIN
  RAIN
  LIGHT RAIN
  FOG


RELATIVE HUMIDITY (PERCENT)
 HIGHEST    93           500 PM
 LOWEST     59           200 AM
 AVERAGE    76

..........................................................


THE DENVER CO CLIMATE NORMALS FOR TODAY
                         NORMAL    RECORD    YEAR
 MAXIMUM TEMPERATURE (F)   75        89      1992
 MINIMUM TEMPERATURE (F)   45        29      2000
                                             1926


SUNRISE AND SUNSET
SEPTEMBER 24 2017.....SUNRISE   649 AM MDT   SUNSET   652 PM MDT
SEPTEMBER 25 2017.....SUNRISE   650 AM MDT   SUNSET   651 PM MDT


-  INDICATES NEGATIVE NUMBERS.
R  INDICATES RECORD WAS SET OR TIED.
MM INDICATES DATA IS MISSING.
T  INDICATES TRACE AMOUNT.

&&

** SUNSHINE DATA WILL NO LONGER BE AVAILABLE EFFECTIVE OCTOBER 1ST 2009.




$$
