000
CDUS45 KBOU 171232
CLIDEN


CLIMATE REPORT
NATIONAL WEATHER SERVICE DENVER CO
632 AM MDT WED SEP 17 2014


...................................

...THE DENVER CO CLIMATE SUMMARY FOR SEPTEMBER 17 2014...
VALID AS OF 0600 AM LOCAL TIME.

CLIMATE NORMAL PERIOD 1981 TO 2010
CLIMATE RECORD PERIOD 1872 TO 2014


WEATHER ITEM   OBSERVED TIME   RECORD YEAR NORMAL DEPARTURE LAST
                VALUE   (LST)  VALUE       VALUE  FROM      YEAR
                                                  NORMAL
..................................................................
TEMPERATURE (F)
 TODAY
  MAXIMUM         64    120 AM  95    2000  78    -14       82
  MINIMUM         56    459 AM  30    1965  48      8       58
  AVERAGE         60                        63     -3       70

PRECIPITATION (IN)
  TODAY            0.00          1.17 1971   0.03  -0.03     0.00
  MONTH TO DATE    0.65                      0.56   0.09     4.65
  SINCE SEP 1      0.65                      0.56   0.09     4.65
  SINCE JAN 1     15.76                     11.92   3.84    15.40

..................................................................


WIND (MPH)
  HIGHEST WIND SPEED    21   HIGHEST WIND DIRECTION    SW (220)
  HIGHEST GUST SPEED    31   HIGHEST GUST DIRECTION    SW (230)
  AVERAGE WIND SPEED    13.8




RELATIVE HUMIDITY (PERCENT)
 HIGHEST    55           500 AM
 LOWEST     39           200 AM
 AVERAGE    47

..........................................................


THE DENVER CO CLIMATE NORMALS FOR TOMORROW
                         NORMAL    RECORD    YEAR
 MAXIMUM TEMPERATURE (F)   78        93      1895
 MINIMUM TEMPERATURE (F)   47        23      1971


SUNRISE AND SUNSET
SEPTEMBER 17 2014.....SUNRISE   642 AM MDT   SUNSET   705 PM MDT
SEPTEMBER 18 2014.....SUNRISE   642 AM MDT   SUNSET   704 PM MDT


-  INDICATES NEGATIVE NUMBERS.
R  INDICATES RECORD WAS SET OR TIED.
MM INDICATES DATA IS MISSING.
T  INDICATES TRACE AMOUNT.




$$
