000
CDUS45 KBOU 171329
CLIDEN


CLIMATE REPORT
NATIONAL WEATHER SERVICE DENVER/BOULDER CO
629 AM MST TUE JAN 17 2017


...................................

...THE DENVER CO CLIMATE SUMMARY FOR JANUARY 17 2017...
VALID AS OF 0600 AM LOCAL TIME.

CLIMATE NORMAL PERIOD 1981 TO 2010
CLIMATE RECORD PERIOD 1872 TO 2017


WEATHER ITEM   OBSERVED TIME   RECORD YEAR NORMAL DEPARTURE LAST
                VALUE   (LST)  VALUE       VALUE  FROM      YEAR
                                                  NORMAL
..................................................................
TEMPERATURE (F)
 TODAY
  MAXIMUM         28   1203 AM  65    1971  44    -16       38
  MINIMUM         17    542 AM -20    1930  18     -1       12
  AVERAGE         23                        31     -8       25

PRECIPITATION (IN)
  TODAY            0.00          0.62 1905   0.01  -0.01     0.00
  MONTH TO DATE    0.54                      0.22   0.32     0.39
  SINCE DEC 1      1.32                      0.57   0.75     1.10
  SINCE JAN 1      0.54                      0.22   0.32     0.39

..................................................................


WIND (MPH)
  HIGHEST WIND SPEED    13   HIGHEST WIND DIRECTION     S (160)
  HIGHEST GUST SPEED    13   HIGHEST GUST DIRECTION     S (170)
  AVERAGE WIND SPEED     8.7




RELATIVE HUMIDITY (PERCENT)
 HIGHEST    84           500 AM
 LOWEST     71           300 AM
 AVERAGE    78

..........................................................


THE DENVER CO CLIMATE NORMALS FOR TOMORROW
                         NORMAL    RECORD    YEAR
 MAXIMUM TEMPERATURE (F)   44        65      1920
 MINIMUM TEMPERATURE (F)   18       -19      1984


SUNRISE AND SUNSET
JANUARY 17 2017.......SUNRISE   717 AM MST   SUNSET   501 PM MST
JANUARY 18 2017.......SUNRISE   717 AM MST   SUNSET   502 PM MST


-  INDICATES NEGATIVE NUMBERS.
R  INDICATES RECORD WAS SET OR TIED.
MM INDICATES DATA IS MISSING.
T  INDICATES TRACE AMOUNT.




$$
