000
CDUS45 KBOU 272331
CLIDEN


CLIMATE REPORT
NATIONAL WEATHER SERVICE DENVER/BOULDER CO
529 PM MDT SAT MAY 27 2017


...................................

...THE DENVER CO CLIMATE SUMMARY FOR MAY 27 2017...
VALID TODAY AS OF 0500 PM LOCAL TIME.

CLIMATE NORMAL PERIOD 1981 TO 2010
CLIMATE RECORD PERIOD 1872 TO 2017


WEATHER ITEM   OBSERVED TIME   RECORD YEAR NORMAL DEPARTURE LAST
                VALUE   (LST)  VALUE       VALUE  FROM      YEAR
                                                  NORMAL
..................................................................
TEMPERATURE (F)
 TODAY
  MAXIMUM         58    343 PM  93    2006  76    -18       58
  MINIMUM         46    100 PM  34    1950  46      0       45
  AVERAGE         52                        61     -9       52

PRECIPITATION (IN)
  TODAY            0.20          1.41 1897   0.07   0.13     0.23
  MONTH TO DATE    3.52                      1.81   1.71     2.32
  SINCE MAR 1      5.40                      4.44   0.96     6.06
  SINCE JAN 1      6.17                      5.22   0.95     7.04

DEGREE DAYS
 HEATING
  TODAY           13                         5      8       13
  MONTH TO DATE  259                       245     14      303
  SINCE MAR 1   1260                      1537   -277     1545
  SINCE JUL 1   5062                      5976   -914     5533

 COOLING
  TODAY            0                         1     -1        0
  MONTH TO DATE    6                        12     -6        3
  SINCE MAR 1      6                        13     -7        3
  SINCE JAN 1      6                        13     -7        3
..................................................................


WIND (MPH)
  HIGHEST WIND SPEED    20   HIGHEST WIND DIRECTION     N (10)
  HIGHEST GUST SPEED    25   HIGHEST GUST DIRECTION     N (20)
  AVERAGE WIND SPEED     7.2


SKY COVER **
  POSSIBLE SUNSHINE  MM
  AVERAGE SKY COVER 0.8


WEATHER CONDITIONS
 THE FOLLOWING WEATHER WAS RECORDED TODAY.
  THUNDERSTORM
  RAIN
  LIGHT RAIN
  FOG


RELATIVE HUMIDITY (PERCENT)
 HIGHEST    86           100 AM
 LOWEST     51          1100 AM
 AVERAGE    69

..........................................................


THE DENVER CO CLIMATE NORMALS FOR TOMORROW
                         NORMAL    RECORD    YEAR
 MAXIMUM TEMPERATURE (F)   76        93      1974
 MINIMUM TEMPERATURE (F)   47        32      1947


SUNRISE AND SUNSET
MAY 27 2017...........SUNRISE   534 AM MDT   SUNSET   817 PM MDT
MAY 28 2017...........SUNRISE   534 AM MDT   SUNSET   818 PM MDT


-  INDICATES NEGATIVE NUMBERS.
R  INDICATES RECORD WAS SET OR TIED.
MM INDICATES DATA IS MISSING.
T  INDICATES TRACE AMOUNT.




$$
