000
CDUS45 KBOU 231229
CLIDEN


CLIMATE REPORT
NATIONAL WEATHER SERVICE DENVER/BOULDER CO
629 AM MDT SUN APR 23 2017


...................................

...THE DENVER CO CLIMATE SUMMARY FOR APRIL 23 2017...
VALID AS OF 0600 AM LOCAL TIME.

CLIMATE NORMAL PERIOD 1981 TO 2010
CLIMATE RECORD PERIOD 1872 TO 2017


WEATHER ITEM   OBSERVED TIME   RECORD YEAR NORMAL DEPARTURE LAST
                VALUE   (LST)  VALUE       VALUE  FROM      YEAR
                                                  NORMAL
..................................................................
TEMPERATURE (F)
 TODAY
  MAXIMUM         44    252 AM  85    1989  63    -19       77
  MINIMUM         41    415 AM  17    1873  35      6       49
  AVERAGE         43                        49     -6       63

PRECIPITATION (IN)
  TODAY            0.00          2.26 1885   0.07  -0.07     0.00
  MONTH TO DATE    0.57                      1.22  -0.65     1.64
  SINCE MAR 1      1.47                      2.14  -0.67     2.82
  SINCE JAN 1      2.24                      2.92  -0.68     3.80

..................................................................


WIND (MPH)
  HIGHEST WIND SPEED    24   HIGHEST WIND DIRECTION     S (190)
  HIGHEST GUST SPEED    30   HIGHEST GUST DIRECTION     S (190)
  AVERAGE WIND SPEED    16.7




RELATIVE HUMIDITY (PERCENT)
 HIGHEST    65           400 AM
 LOWEST     58           200 AM
 AVERAGE    62

..........................................................


THE DENVER CO CLIMATE NORMALS FOR TOMORROW
                         NORMAL    RECORD    YEAR
 MAXIMUM TEMPERATURE (F)   64        88      2012
 MINIMUM TEMPERATURE (F)   35        15      1873


SUNRISE AND SUNSET
APRIL 23 2017.........SUNRISE   609 AM MDT   SUNSET   745 PM MDT
APRIL 24 2017.........SUNRISE   607 AM MDT   SUNSET   746 PM MDT


-  INDICATES NEGATIVE NUMBERS.
R  INDICATES RECORD WAS SET OR TIED.
MM INDICATES DATA IS MISSING.
T  INDICATES TRACE AMOUNT.




$$
