000
CDUS45 KBOU 122335
CLIDEN


CLIMATE REPORT
NATIONAL WEATHER SERVICE DENVER CO
534 PM MDT SAT JUL 12 2014


...................................

...THE DENVER CO CLIMATE SUMMARY FOR JULY 12 2014...
VALID TODAY AS OF 0500 PM LOCAL TIME.

CLIMATE NORMAL PERIOD 1981 TO 2010
CLIMATE RECORD PERIOD 1872 TO 2014


WEATHER ITEM   OBSERVED TIME   RECORD YEAR NORMAL DEPARTURE LAST
                VALUE   (LST)  VALUE       VALUE  FROM      YEAR
                                                  NORMAL
..................................................................
TEMPERATURE (F)
 TODAY
  MAXIMUM         86    239 PM 101    1971  90     -4       95
                                      1954
  MINIMUM         59    443 AM  48    1987  59      0       67
                                      1961
  AVERAGE         73                        74     -1       81

PRECIPITATION (IN)
  TODAY            T             0.63 1935   0.06  -0.06     0.01
  MONTH TO DATE    0.27                      0.69  -0.42     0.11
  SINCE JUN 1      2.09                      2.67  -0.58     0.86
  SINCE JAN 1      8.80                      8.20   0.60     6.10

DEGREE DAYS
 HEATING
  TODAY            0                         0      0        0
  MONTH TO DATE    0                         1     -1        0
  SINCE JUN 1     30                        63    -33       29
  SINCE JUL 1      0                         1     -1        0

 COOLING
  TODAY            8                         9     -1       16
  MONTH TO DATE  127                       101     26      143
  SINCE JUN 1    233                       234     -1      364
  SINCE JAN 1    254                       256     -2      406
..................................................................


WIND (MPH)
  HIGHEST WIND SPEED    31   HIGHEST WIND DIRECTION     N (10)
  HIGHEST GUST SPEED    37   HIGHEST GUST DIRECTION     N (10)
  AVERAGE WIND SPEED     7.7


SKY COVER **
  POSSIBLE SUNSHINE  MM
  AVERAGE SKY COVER 0.6


WEATHER CONDITIONS
 THE FOLLOWING WEATHER WAS RECORDED TODAY.
  THUNDERSTORM
  LIGHT RAIN
  FOG
  HAZE


RELATIVE HUMIDITY (PERCENT)
 HIGHEST    97           500 AM
 LOWEST     40           300 PM
 AVERAGE    69

..........................................................


THE DENVER CO CLIMATE NORMALS FOR TOMORROW
                         NORMAL    RECORD    YEAR
 MAXIMUM TEMPERATURE (F)   90       100      2003
 MINIMUM TEMPERATURE (F)   59        47      1987


SUNRISE AND SUNSET
JULY 12 2014..........SUNRISE   541 AM MDT   SUNSET   828 PM MDT
JULY 13 2014..........SUNRISE   542 AM MDT   SUNSET   827 PM MDT


-  INDICATES NEGATIVE NUMBERS.
R  INDICATES RECORD WAS SET OR TIED.
MM INDICATES DATA IS MISSING.
T  INDICATES TRACE AMOUNT.




$$
