088
CDUS45 KBOU 060757
CLIDEN


CLIMATE REPORT
NATIONAL WEATHER SERVICE DENVER/BOULDER CO
156 AM MDT FRI MAY 6 2016


...................................

...THE DENVER CO CLIMATE SUMMARY FOR MAY 5 2016...

CLIMATE NORMAL PERIOD 1981 TO 2010
CLIMATE RECORD PERIOD 1872 TO 2016


WEATHER ITEM   OBSERVED TIME   RECORD YEAR NORMAL DEPARTURE LAST
                VALUE   (LST)  VALUE       VALUE  FROM      YEAR
                                                  NORMAL
..................................................................
TEMPERATURE (F)
 YESTERDAY
  MAXIMUM         79    256 PM  89    2000  67     12       56
  MINIMUM         44    131 AM  27    1917  39      5       47
  AVERAGE         62                        53      9       52

PRECIPITATION (IN)
  YESTERDAY        0.00          1.14 1917   0.07  -0.07     0.24
  MONTH TO DATE    0.05                      0.35  -0.30     0.46
  SINCE MAR 1      3.79                      2.98   0.81     3.90
  SINCE JAN 1      4.77                      3.76   1.01     5.53

SNOWFALL (IN)
  YESTERDAY        0.0
  MONTH TO DATE      T
  SINCE MAR 1       34
  SINCE JUL 1     72.8
  SNOW DEPTH       0


DEGREE DAYS
 HEATING
  YESTERDAY        3                        12     -9       13
  MONTH TO DATE   70                        63      7       39
  SINCE MAR 1   1312                      1355    -43     1131
  SINCE JUL 1   5300                      5794   -494     5244

 COOLING
  YESTERDAY        0                         0      0        0
  MONTH TO DATE    0                         0      0        0
  SINCE MAR 1      0                         1     -1        0
  SINCE JAN 1      0                         1     -1        0
..................................................................


WIND (MPH)
  HIGHEST WIND SPEED    21   HIGHEST WIND DIRECTION     S (160)
  HIGHEST GUST SPEED    26   HIGHEST GUST DIRECTION     S (170)
  AVERAGE WIND SPEED    10.0


SKY COVER **
  POSSIBLE SUNSHINE  MM
  AVERAGE SKY COVER 0.6


WEATHER CONDITIONS
 THE FOLLOWING WEATHER WAS RECORDED YESTERDAY.
  NO SIGNIFICANT WEATHER WAS OBSERVED.


RELATIVE HUMIDITY (PERCENT)
 HIGHEST    61          1200 AM
 LOWEST     16          1200 PM
 AVERAGE    39

..........................................................


THE DENVER CO CLIMATE NORMALS FOR TODAY
                         NORMAL    RECORD    YEAR
 MAXIMUM TEMPERATURE (F)   68        86      1963
                                             1875
 MINIMUM TEMPERATURE (F)   39        23      1917


SUNRISE AND SUNSET
MAY  6 2016...........SUNRISE   552 AM MDT   SUNSET   759 PM MDT
MAY  7 2016...........SUNRISE   551 AM MDT   SUNSET   800 PM MDT


-  INDICATES NEGATIVE NUMBERS.
R  INDICATES RECORD WAS SET OR TIED.
MM INDICATES DATA IS MISSING.
T  INDICATES TRACE AMOUNT.

&&

** SUNSHINE DATA WILL NO LONGER BE AVAILABLE EFFECTIVE OCTOBER 1ST 2009.




$$
