000
CDUS45 KBOU 110758
CLIDEN


CLIMATE REPORT
NATIONAL WEATHER SERVICE DENVER/BOULDER CO
1257 AM MST SUN DEC 11 2016


...................................

...THE DENVER CO CLIMATE SUMMARY FOR DECEMBER 10 2016...

CLIMATE NORMAL PERIOD 1981 TO 2010
CLIMATE RECORD PERIOD 1872 TO 2016


WEATHER ITEM   OBSERVED TIME   RECORD YEAR NORMAL DEPARTURE LAST
                VALUE   (LST)  VALUE       VALUE  FROM      YEAR
                                                  NORMAL
..................................................................
TEMPERATURE (F)
 YESTERDAY
  MAXIMUM         55    404 PM  70    1939  43     12       64
  MINIMUM         15    404 AM -18    1972  17     -2       34
  AVERAGE         35                        30      5       49

PRECIPITATION (IN)
  YESTERDAY        0.00          0.44 1989   0.01  -0.01     0.00
  MONTH TO DATE    0.06                      0.12  -0.06     0.00
  SINCE DEC 1      0.06                      0.12  -0.06     0.00
  SINCE JAN 1     11.13                     14.07  -2.94    17.60

SNOWFALL (IN)
  YESTERDAY        0.0
  MONTH TO DATE    1.3
  SINCE DEC 1      1.3
  SINCE JUL 1        3
  SNOW DEPTH       0


DEGREE DAYS
 HEATING
  YESTERDAY       30                        35     -5       16
  MONTH TO DATE  410                       342     68      242
  SINCE DEC 1    410                       342     68      242
  SINCE JUL 1   1306                      1724   -418     1332

 COOLING
  YESTERDAY        0                         0      0        0
  MONTH TO DATE    0                         0      0        0
  SINCE DEC 1      0                         0      0        0
  SINCE JAN 1    878                       769    109      877
..................................................................


WIND (MPH)
  HIGHEST WIND SPEED    17   HIGHEST WIND DIRECTION    SW (240)
  HIGHEST GUST SPEED    19   HIGHEST GUST DIRECTION    SW (240)
  AVERAGE WIND SPEED     6.3


SKY COVER **
  POSSIBLE SUNSHINE  MM
  AVERAGE SKY COVER 0.6


WEATHER CONDITIONS
 THE FOLLOWING WEATHER WAS RECORDED YESTERDAY.
  FOG
  HAZE


RELATIVE HUMIDITY (PERCENT)
 HIGHEST    88           100 AM
 LOWEST     38           400 PM
 AVERAGE    63

..........................................................


THE DENVER CO CLIMATE NORMALS FOR TODAY
                         NORMAL    RECORD    YEAR
 MAXIMUM TEMPERATURE (F)   43        74      1939
 MINIMUM TEMPERATURE (F)   17       -13      1932


SUNRISE AND SUNSET
DECEMBER 11 2016......SUNRISE   711 AM MST   SUNSET   434 PM MST
DECEMBER 12 2016......SUNRISE   712 AM MST   SUNSET   434 PM MST


-  INDICATES NEGATIVE NUMBERS.
R  INDICATES RECORD WAS SET OR TIED.
MM INDICATES DATA IS MISSING.
T  INDICATES TRACE AMOUNT.

&&

** SUNSHINE DATA WILL NO LONGER BE AVAILABLE EFFECTIVE OCTOBER 1ST 2009.




$$
