000
CDUS45 KBOU 280755
CLIDEN


CLIMATE REPORT
NATIONAL WEATHER SERVICE DENVER CO
155 AM MDT TUE JUL 28 2015


...................................

...THE DENVER CO CLIMATE SUMMARY FOR JULY 27 2015...

CLIMATE NORMAL PERIOD 1981 TO 2010
CLIMATE RECORD PERIOD 1872 TO 2015


WEATHER ITEM   OBSERVED TIME   RECORD YEAR NORMAL DEPARTURE LAST
                VALUE   (LST)  VALUE       VALUE  FROM      YEAR
                                                  NORMAL
..................................................................
TEMPERATURE (F)
 YESTERDAY
  MAXIMUM         97    344 PM  98    1964  90      7       85
  MINIMUM         62    524 AM  51    1958  60      2       57
  AVERAGE         80                        75      5       71

PRECIPITATION (IN)
  YESTERDAY        T             1.37 1955   0.08  -0.08      T
  MONTH TO DATE    1.06                      1.85  -0.79     0.92
  SINCE JUN 1      3.59                      3.83  -0.24     2.74
  SINCE JAN 1     12.42                      9.36   3.06     9.45

SNOWFALL (IN)
  YESTERDAY        0.0
  MONTH TO DATE      0
  SINCE JUN 1        0
  SINCE JUL 1        0
  SNOW DEPTH       0


DEGREE DAYS
 HEATING
  YESTERDAY        0                         0      0        0
  MONTH TO DATE    5                         1      4        0
  SINCE JUN 1     16                        63    -47       30
  SINCE JUL 1      5                         1      4        0

 COOLING
  YESTERDAY       15                        10      5        6
  MONTH TO DATE  221                       249    -28      287
  SINCE JUN 1    375                       382     -7      393
  SINCE JAN 1    379                       404    -25      414
..................................................................


WIND (MPH)
  HIGHEST WIND SPEED    33   HIGHEST WIND DIRECTION    SW (230)
  HIGHEST GUST SPEED    43   HIGHEST GUST DIRECTION    SW (220)
  AVERAGE WIND SPEED     8.6


SKY COVER **
  POSSIBLE SUNSHINE  MM
  AVERAGE SKY COVER 0.6


WEATHER CONDITIONS
 THE FOLLOWING WEATHER WAS RECORDED YESTERDAY.
  NO SIGNIFICANT WEATHER WAS OBSERVED.


RELATIVE HUMIDITY (PERCENT)
 HIGHEST    78           100 AM
 LOWEST     15           300 PM
 AVERAGE    47

..........................................................


THE DENVER CO CLIMATE NORMALS FOR TODAY
                         NORMAL    RECORD    YEAR
 MAXIMUM TEMPERATURE (F)   90        98      1876
 MINIMUM TEMPERATURE (F)   60        49      1892


SUNRISE AND SUNSET
JULY 28 2015..........SUNRISE   554 AM MST   SUNSET   817 PM MST
JULY 29 2015..........SUNRISE   555 AM MST   SUNSET   816 PM MST


-  INDICATES NEGATIVE NUMBERS.
R  INDICATES RECORD WAS SET OR TIED.
MM INDICATES DATA IS MISSING.
T  INDICATES TRACE AMOUNT.

&&

** SUNSHINE DATA WILL NO LONGER BE AVAILABLE EFFECTIVE OCTOBER 1ST 2009.




$$
