000
CDUS45 KBOU 050744
CLIDEN


CLIMATE REPORT
NATIONAL WEATHER SERVICE DENVER CO
144 AM MDT SAT SEP 5 2015


...................................

...THE DENVER CO CLIMATE SUMMARY FOR SEPTEMBER 4 2015...

CLIMATE NORMAL PERIOD 1981 TO 2010
CLIMATE RECORD PERIOD 1872 TO 2015


WEATHER ITEM   OBSERVED TIME   RECORD YEAR NORMAL DEPARTURE LAST
                VALUE   (LST)  VALUE       VALUE  FROM      YEAR
                                                  NORMAL
..................................................................
TEMPERATURE (F)
 YESTERDAY
  MAXIMUM         89   1228 PM  97    1995  83      6       72
  MINIMUM         53    149 AM  40    1968  53      0       53
  AVERAGE         71                        68      3       63

PRECIPITATION (IN)
  YESTERDAY        T             1.08 1926   0.04  -0.04     0.24
  MONTH TO DATE    0.03                      0.13  -0.10     0.24
  SINCE SEP 1      0.03                      0.13  -0.10     0.24
  SINCE JAN 1     13.63                     11.49   2.14    15.35

SNOWFALL (IN)
  YESTERDAY        0.0
  MONTH TO DATE      0
  SINCE SEP 1        0
  SINCE JUL 1        0
  SNOW DEPTH       0


DEGREE DAYS
 HEATING
  YESTERDAY        0                         2     -2        2
  MONTH TO DATE    0                         5     -5        2
  SINCE SEP 1      0                         5     -5        2
  SINCE JUL 1     18                        21     -3        9

 COOLING
  YESTERDAY        6                         5      1        0
  MONTH TO DATE   34                        20     14       14
  SINCE SEP 1     34                        20     14       14
  SINCE JAN 1    747                       708     39      627
..................................................................


WIND (MPH)
  HIGHEST WIND SPEED    22   HIGHEST WIND DIRECTION    SE (140)
  HIGHEST GUST SPEED    29   HIGHEST GUST DIRECTION     E (110)
  AVERAGE WIND SPEED    10.4


SKY COVER **
  POSSIBLE SUNSHINE  MM
  AVERAGE SKY COVER 0.6


WEATHER CONDITIONS
 THE FOLLOWING WEATHER WAS RECORDED YESTERDAY.
  LIGHT RAIN


RELATIVE HUMIDITY (PERCENT)
 HIGHEST    89           200 AM
 LOWEST     15           300 PM
 AVERAGE    52

..........................................................


THE DENVER CO CLIMATE NORMALS FOR TODAY
                         NORMAL    RECORD    YEAR
 MAXIMUM TEMPERATURE (F)   83        97      2013
                                             1899
 MINIMUM TEMPERATURE (F)   53        38      1962


SUNRISE AND SUNSET
SEPTEMBER  5 2015.....SUNRISE   630 AM MST   SUNSET   725 PM MST
SEPTEMBER  6 2015.....SUNRISE   631 AM MST   SUNSET   724 PM MST


-  INDICATES NEGATIVE NUMBERS.
R  INDICATES RECORD WAS SET OR TIED.
MM INDICATES DATA IS MISSING.
T  INDICATES TRACE AMOUNT.

&&

** SUNSHINE DATA WILL NO LONGER BE AVAILABLE EFFECTIVE OCTOBER 1ST 2009.




$$
