000
CDUS45 KBOU 302323
CLIDEN


CLIMATE REPORT
NATIONAL WEATHER SERVICE DENVER CO
523 PM MDT SAT AUG 30 2014


...................................

...THE DENVER CO CLIMATE SUMMARY FOR AUGUST 30 2014...
VALID TODAY AS OF 0500 PM LOCAL TIME.

CLIMATE NORMAL PERIOD 1981 TO 2010
CLIMATE RECORD PERIOD 1872 TO 2014


WEATHER ITEM   OBSERVED TIME   RECORD YEAR NORMAL DEPARTURE LAST
                VALUE   (LST)  VALUE       VALUE  FROM      YEAR
                                                  NORMAL
..................................................................
TEMPERATURE (F)
 TODAY
  MAXIMUM         87    207 PM  98    1990  85      2       90
  MINIMUM         52    444 AM  42    1968  55     -3       70
  AVERAGE         70                        70      0       80

PRECIPITATION (IN)
  TODAY            0.00          0.77 2003   0.03  -0.03      T
  MONTH TO DATE    2.73                      1.65   1.08     2.78
  SINCE JUN 1      8.40                      5.79   2.61     5.51
  SINCE JAN 1     15.11                     11.32   3.79    10.75

DEGREE DAYS
 HEATING
  TODAY            0                         1     -1        0
  MONTH TO DATE    2                         4     -2        0
  SINCE JUN 1     37                        72    -35       29
  SINCE JUL 1      7                        10     -3        0

 COOLING
  TODAY            5                         5      0       15
  MONTH TO DATE  182                       239    -57      295
  SINCE JUN 1    592                       661    -69      811
  SINCE JAN 1    613                       683    -70      853
..................................................................


WIND (MPH)
  HIGHEST WIND SPEED    18   HIGHEST WIND DIRECTION    SW (220)
  HIGHEST GUST SPEED    20   HIGHEST GUST DIRECTION    SW (220)
  AVERAGE WIND SPEED     7.9


SKY COVER **
  POSSIBLE SUNSHINE  MM
  AVERAGE SKY COVER 0.2


WEATHER CONDITIONS
 THE FOLLOWING WEATHER WAS RECORDED TODAY.
  NO SIGNIFICANT WEATHER WAS OBSERVED.


RELATIVE HUMIDITY (PERCENT)
 HIGHEST    72           200 AM
 LOWEST     17           200 PM
 AVERAGE    45

..........................................................


THE DENVER CO CLIMATE NORMALS FOR TOMORROW
                         NORMAL    RECORD    YEAR
 MAXIMUM TEMPERATURE (F)   84        98      2011
                                             1960
 MINIMUM TEMPERATURE (F)   54        43      1962


SUNRISE AND SUNSET
AUGUST 30 2014........SUNRISE   625 AM MDT   SUNSET   734 PM MDT
AUGUST 31 2014........SUNRISE   626 AM MDT   SUNSET   733 PM MDT


-  INDICATES NEGATIVE NUMBERS.
R  INDICATES RECORD WAS SET OR TIED.
MM INDICATES DATA IS MISSING.
T  INDICATES TRACE AMOUNT.




$$
