000
CDUS45 KBOU 250758
CLIDEN


CLIMATE REPORT
NATIONAL WEATHER SERVICE DENVER CO
1257 AM MST THU DEC 25 2014


...................................

...THE DENVER CO CLIMATE SUMMARY FOR DECEMBER 24 2014...

CLIMATE NORMAL PERIOD 1981 TO 2010
CLIMATE RECORD PERIOD 1872 TO 2014


WEATHER ITEM   OBSERVED TIME   RECORD YEAR NORMAL DEPARTURE LAST
                VALUE   (LST)  VALUE       VALUE  FROM      YEAR
                                                  NORMAL
..................................................................
TEMPERATURE (F)
 YESTERDAY
  MAXIMUM         52    309 PM  70    1955  42     10       54
  MINIMUM         16    255 AM -25    1876  17     -1       16
  AVERAGE         34                        30      4       35

PRECIPITATION (IN)
  YESTERDAY        0.00          2.00 1982   0.01  -0.01      T
  MONTH TO DATE    0.20                      0.28  -0.08     0.21
  SINCE DEC 1      0.20                      0.28  -0.08     0.21
  SINCE JAN 1     18.38                     14.23   4.15    17.56

SNOWFALL (IN)
  YESTERDAY        0.0
  MONTH TO DATE      1
  SINCE DEC 1        1
  SINCE JUL 1        5
  SNOW DEPTH       0


DEGREE DAYS
 HEATING
  YESTERDAY       31                        35     -4       30
  MONTH TO DATE  679                       842   -163      925
  SINCE DEC 1    679                       842   -163      925
  SINCE JUL 1   1933                      2224   -291     2248

 COOLING
  YESTERDAY        0                         0      0        0
  MONTH TO DATE    0                         0      0        0
  SINCE DEC 1      0                         0      0        0
  SINCE JAN 1    701                       769    -68      999
..................................................................


WIND (MPH)
  HIGHEST WIND SPEED    22   HIGHEST WIND DIRECTION    SW (220)
  HIGHEST GUST SPEED    26   HIGHEST GUST DIRECTION    SW (210)
  AVERAGE WIND SPEED    11.0


SKY COVER **
  POSSIBLE SUNSHINE  MM
  AVERAGE SKY COVER 0.5


WEATHER CONDITIONS
 THE FOLLOWING WEATHER WAS RECORDED YESTERDAY.
  NO SIGNIFICANT WEATHER WAS OBSERVED.


RELATIVE HUMIDITY (PERCENT)
 HIGHEST    67           100 AM
 LOWEST     23           400 PM
 AVERAGE    45

..........................................................


THE DENVER CO CLIMATE NORMALS FOR TODAY
                         NORMAL    RECORD    YEAR
 MAXIMUM TEMPERATURE (F)   42        69      2005
 MINIMUM TEMPERATURE (F)   17       -15      1876


SUNRISE AND SUNSET
DECEMBER 25 2014......SUNRISE   718 AM MST   SUNSET   440 PM MST
DECEMBER 26 2014......SUNRISE   719 AM MST   SUNSET   440 PM MST


-  INDICATES NEGATIVE NUMBERS.
R  INDICATES RECORD WAS SET OR TIED.
MM INDICATES DATA IS MISSING.
T  INDICATES TRACE AMOUNT.

&&

** SUNSHINE DATA WILL NO LONGER BE AVAILABLE EFFECTIVE OCTOBER 1ST 2009.




$$
