000
CDUS44 KSHV 280843
CLIDEQ


CLIMATE REPORT
NATIONAL WEATHER SERVICE SHREVEPORT, LA
243 AM CST WED JAN 28 2015


...................................

...THE DE QUEEN CLIMATE SUMMARY FOR JANUARY 27 2015...

CLIMATE NORMAL PERIOD 1981 TO 2010
CLIMATE RECORD PERIOD 1902 TO 2015


WEATHER ITEM   OBSERVED TIME   RECORD YEAR NORMAL DEPARTURE LAST
                VALUE   (LST)  VALUE       VALUE  FROM      YEAR
                                                  NORMAL
..................................................................
TEMPERATURE (F)
 YESTERDAY
  MAXIMUM         75R   424 PM  75    1970  54     21       47
  MINIMUM         31    710 AM   7    1963  29      2       28
  AVERAGE         53                        42     11       38

PRECIPITATION (IN)
  YESTERDAY        0.00          1.47 1994   0.11  -0.11     0.00
  MONTH TO DATE    5.08                      2.88   2.20     0.92
  SINCE DEC 1      6.80                      7.24  -0.44     2.85
  SINCE JAN 1      5.08                      2.88   2.20     0.92

SNOWFALL (IN)
  YESTERDAY        0.0
  MONTH TO DATE    T
  SINCE DEC 1      T
  SINCE JUL 1      0.5
  SNOW DEPTH       0

DEGREE DAYS
 HEATING
  YESTERDAY       12                        23    -11       27
  MONTH TO DATE  675                       638     37      710
  SINCE DEC 1   1274                      1321    -47     1410
  SINCE JUL 1   1896                      1847     49     2023

 COOLING
  YESTERDAY        0                         0      0        0
  MONTH TO DATE    0                         0      0        0
  SINCE DEC 1      0                         0      0        3
  SINCE JAN 1      0                         0      0        0
..................................................................


WIND (MPH)
  HIGHEST WIND SPEED     8   HIGHEST WIND DIRECTION     W (270)
  HIGHEST GUST SPEED    10   HIGHEST GUST DIRECTION     W (260)
  AVERAGE WIND SPEED     1.0


SKY COVER
  POSSIBLE SUNSHINE  MM
  AVERAGE SKY COVER 0.0


WEATHER CONDITIONS
 THE FOLLOWING WEATHER WAS RECORDED YESTERDAY.
  FOG
  HAZE


RELATIVE HUMIDITY (PERCENT)
 HIGHEST   100           400 AM
 LOWEST     21           400 PM
 AVERAGE    61

..........................................................


THE DE QUEEN CLIMATE NORMALS FOR TODAY
                         NORMAL    RECORD    YEAR
 MAXIMUM TEMPERATURE (F)   54        78      1970
 MINIMUM TEMPERATURE (F)   29        10      1963


SUNRISE AND SUNSET
JANUARY 28 2015.......SUNRISE   717 AM CST   SUNSET   544 PM CST
JANUARY 29 2015.......SUNRISE   717 AM CST   SUNSET   545 PM CST


-  INDICATES NEGATIVE NUMBERS.
R  INDICATES RECORD WAS SET OR TIED.
MM INDICATES DATA IS MISSING.
T  INDICATES TRACE AMOUNT.




$$
