000
CDUS44 KSHV 030732
CLIDEQ


CLIMATE REPORT
NATIONAL WEATHER SERVICE SHREVEPORT, LA
232 AM CDT TUE MAY 3 2016


...................................

...THE DE QUEEN CLIMATE SUMMARY FOR MAY 2 2016...

CLIMATE NORMAL PERIOD 1981 TO 2010
CLIMATE RECORD PERIOD 1902 TO 2016


WEATHER ITEM   OBSERVED TIME   RECORD YEAR NORMAL DEPARTURE LAST
                VALUE   (LST)  VALUE       VALUE  FROM      YEAR
                                                  NORMAL
..................................................................
TEMPERATURE (F)
 YESTERDAY
  MAXIMUM         68    110 PM  90    1943  78    -10       79
  MINIMUM         48   1159 PM  32    1903  54     -6       48
  AVERAGE         58                        66     -8       64

PRECIPITATION (IN)
  YESTERDAY        0.30          3.72 1984   0.23   0.07     0.00
  MONTH TO DATE    0.30                      0.47  -0.17     0.00
  SINCE DEC 1     27.78                     20.40   7.38    17.94
  SINCE JAN 1     17.50                     16.04   1.46    16.22

SNOWFALL (IN)
  YESTERDAY        0.0
  MONTH TO DATE    0.0
  SINCE MAR 1      0.0
  SINCE JUL 1      0.0
  SNOW DEPTH       0

DEGREE DAYS
 HEATING
  YESTERDAY        7                         2      5        1
  MONTH TO DATE    7                         4      3        2
  SINCE MAR 1    350                       534   -184      447
  SINCE JUL 1   2302                      3025   -723     3099

 COOLING
  YESTERDAY        0                         3     -3        0
  MONTH TO DATE    3                         6     -3        0
  SINCE MAR 1     53                        51      2       48
  SINCE JAN 1     53                        53      0       48
..................................................................


WIND (MPH)
  HIGHEST WIND SPEED    13   HIGHEST WIND DIRECTION    NW (320)
  HIGHEST GUST SPEED    17   HIGHEST GUST DIRECTION    NW (310)
  AVERAGE WIND SPEED     4.2


SKY COVER
  POSSIBLE SUNSHINE  MM
  AVERAGE SKY COVER 0.8


WEATHER CONDITIONS
 THE FOLLOWING WEATHER WAS RECORDED YESTERDAY.
  THUNDERSTORM
  HEAVY RAIN
  LIGHT RAIN
  FOG


RELATIVE HUMIDITY (PERCENT)
 HIGHEST   100          1100 PM
 LOWEST     60           100 AM
 AVERAGE    80

..........................................................


THE DE QUEEN CLIMATE NORMALS FOR TODAY
                         NORMAL    RECORD    YEAR
 MAXIMUM TEMPERATURE (F)   78        89      1943
 MINIMUM TEMPERATURE (F)   55        37      2013


SUNRISE AND SUNSET
MAY  3 2016...........SUNRISE   626 AM CDT   SUNSET   803 PM CDT
MAY  4 2016...........SUNRISE   625 AM CDT   SUNSET   804 PM CDT


-  INDICATES NEGATIVE NUMBERS.
R  INDICATES RECORD WAS SET OR TIED.
MM INDICATES DATA IS MISSING.
T  INDICATES TRACE AMOUNT.




$$
