000
CDUS44 KSHV 222253
CLIDEQ


CLIMATE REPORT
NATIONAL WEATHER SERVICE SHREVEPORT, LA
553 PM CDT FRI MAY 22 2015


...................................

...THE DE QUEEN CLIMATE SUMMARY FOR MAY 22 2015...
VALID TODAY AS OF 0500 PM LOCAL TIME.

CLIMATE NORMAL PERIOD 1981 TO 2010
CLIMATE RECORD PERIOD 1902 TO 2015


WEATHER ITEM   OBSERVED TIME   RECORD YEAR NORMAL DEPARTURE LAST
                VALUE   (LST)  VALUE       VALUE  FROM      YEAR
                                                  NORMAL
..................................................................
TEMPERATURE (F)
 TODAY
  MAXIMUM         69    327 PM  93    2005  82    -13       86
  MINIMUM         52    556 AM  44    1981  61     -9       60
  AVERAGE         61                        71    -10       73

PRECIPITATION (IN)
  TODAY            T             1.60 1984   0.15  -0.15     0.00
  MONTH TO DATE   10.30                      4.36   5.94     5.04
  SINCE DEC 1     28.24                     24.29   3.95    15.37
  SINCE JAN 1     26.52                     19.93   6.59    13.44

DEGREE DAYS
 HEATING
  TODAY            4                         0      4        0
  MONTH TO DATE   10                        21    -11       51
  SINCE MAR 1    455                       551    -96      692
  SINCE JUL 1   3107                      3042     65     3464

 COOLING
  TODAY            0                         7     -7        8
  MONTH TO DATE  115                       100     15       93
  SINCE MAR 1    163                       145     18      131
  SINCE JAN 1    163                       147     16      131
..................................................................


WIND (MPH)
  HIGHEST WIND SPEED    16   HIGHEST WIND DIRECTION     E (90)
  HIGHEST GUST SPEED    22   HIGHEST GUST DIRECTION     E (70)
  AVERAGE WIND SPEED     7.6


SKY COVER
  POSSIBLE SUNSHINE  MM
  AVERAGE SKY COVER 0.2


WEATHER CONDITIONS
 THE FOLLOWING WEATHER WAS RECORDED TODAY.
  LIGHT RAIN
  FOG


RELATIVE HUMIDITY (PERCENT)
 HIGHEST   100           300 AM
 LOWEST     55           100 PM
 AVERAGE    78

..........................................................


THE DE QUEEN CLIMATE NORMALS FOR TOMORROW
                         NORMAL    RECORD    YEAR
 MAXIMUM TEMPERATURE (F)   82        92      1958
 MINIMUM TEMPERATURE (F)   61        43      1963


SUNRISE AND SUNSET
MAY 22 2015...........SUNRISE   612 AM CDT   SUNSET   817 PM CDT
MAY 23 2015...........SUNRISE   611 AM CDT   SUNSET   818 PM CDT


-  INDICATES NEGATIVE NUMBERS.
R  INDICATES RECORD WAS SET OR TIED.
MM INDICATES DATA IS MISSING.
T  INDICATES TRACE AMOUNT.




$$
