000
CDUS44 KSHV 200735
CLIDEQ


CLIMATE REPORT
NATIONAL WEATHER SERVICE SHREVEPORT, LA
235 AM CDT MON OCT 20 2014


...................................

...THE DE QUEEN CLIMATE SUMMARY FOR OCTOBER 19 2014...

CLIMATE NORMAL PERIOD 1981 TO 2010
CLIMATE RECORD PERIOD 1902 TO 2014


WEATHER ITEM   OBSERVED TIME   RECORD YEAR NORMAL DEPARTURE LAST
                VALUE   (LST)  VALUE       VALUE  FROM      YEAR
                                                  NORMAL
..................................................................
TEMPERATURE (F)
 YESTERDAY
  MAXIMUM         71    403 PM  91    2004  75     -4       65
  MINIMUM         46    628 AM  30    1948  50     -4       39
  AVERAGE         59                        62     -3       52

PRECIPITATION (IN)
  YESTERDAY        0.00          3.17 2002   0.16  -0.16      T
  MONTH TO DATE    2.62                      2.83  -0.21     1.22
  SINCE DEC 1     37.99                     42.39  -4.40    31.52
  SINCE JAN 1     36.06                     38.03  -1.97    27.47

SNOWFALL (IN)
  YESTERDAY        0.0
  MONTH TO DATE    0.0
  SINCE SEP 1      0.0
  SINCE JUL 1      0.0
  SNOW DEPTH       0

DEGREE DAYS
 HEATING
  YESTERDAY        6                         4      2       13
  MONTH TO DATE   40                        53    -13       57
  SINCE SEP 1     41                        62    -21       57
  SINCE JUL 1     41                        62    -21       57

 COOLING
  YESTERDAY        0                         2     -2        0
  MONTH TO DATE   67                        52     15       79
  SINCE SEP 1    369                       325     44      452
  SINCE JAN 1   1699                      1917   -218     2015
..................................................................


WIND (MPH)
  HIGHEST WIND SPEED    12   HIGHEST WIND DIRECTION     E (100)
  HIGHEST GUST SPEED    16   HIGHEST GUST DIRECTION    SE (120)
  AVERAGE WIND SPEED     2.6


SKY COVER
  POSSIBLE SUNSHINE  MM
  AVERAGE SKY COVER 0.0


WEATHER CONDITIONS
 THE FOLLOWING WEATHER WAS RECORDED YESTERDAY.
  FOG
  FOG W/VISIBILITY <= 1/4 MILE


RELATIVE HUMIDITY (PERCENT)
 HIGHEST   100          1200 AM
 LOWEST     44           200 PM
 AVERAGE    72

..........................................................


THE DE QUEEN CLIMATE NORMALS FOR TODAY
                         NORMAL    RECORD    YEAR
 MAXIMUM TEMPERATURE (F)   75        90      1969
 MINIMUM TEMPERATURE (F)   49        27      2011
                                             1989


SUNRISE AND SUNSET
OCTOBER 20 2014.......SUNRISE   727 AM CDT   SUNSET   637 PM CDT
OCTOBER 21 2014.......SUNRISE   728 AM CDT   SUNSET   636 PM CDT


-  INDICATES NEGATIVE NUMBERS.
R  INDICATES RECORD WAS SET OR TIED.
MM INDICATES DATA IS MISSING.
T  INDICATES TRACE AMOUNT.




$$
