554
CDUS44 KSHV 182207
CLIDEQ


CLIMATE REPORT
NATIONAL WEATHER SERVICE SHREVEPORT, LA
507 PM CDT WED OCT 18 2017


...................................

...THE DE QUEEN CLIMATE SUMMARY FOR OCTOBER 18 2017...
VALID TODAY AS OF 0500 PM LOCAL TIME.

CLIMATE NORMAL PERIOD 1981 TO 2010
CLIMATE RECORD PERIOD 1902 TO 2017


WEATHER ITEM   OBSERVED TIME   RECORD YEAR NORMAL DEPARTURE LAST
                VALUE   (LST)  VALUE       VALUE  FROM      YEAR
                                                  NORMAL
..................................................................
TEMPERATURE (F)
 TODAY
  MAXIMUM         79    259 PM  90    2005  76      3       89
                                      2004
                                      1953
  MINIMUM         38    612 AM  28    1948  50    -12       63
  AVERAGE         59                        63     -4       76

PRECIPITATION (IN)
  TODAY            0.00          3.10 1979   0.17  -0.17     0.00
  MONTH TO DATE    0.42                      2.67  -2.25     0.54
  SINCE DEC 1     36.38                     42.23  -5.85    40.81
  SINCE JAN 1     33.67                     37.87  -4.20    30.53

SNOWFALL (IN)
  TODAY            0.0
  MONTH TO DATE    0.0
  SINCE SEP 1      0.0
  SINCE JUL 1      0.0
  SNOW DEPTH       0

DEGREE DAYS
 HEATING
  TODAY            6                         4      2        0
  MONTH TO DATE   38                        49    -11        8
  SINCE SEP 1     38                        58    -20       10
  SINCE JUL 1     38                        58    -20       10

 COOLING
  TODAY            0                         2     -2       11
  MONTH TO DATE  108                        50     58      105
  SINCE SEP 1    400                       323     77      450
  SINCE JAN 1   2034                      1915    119     2187
..................................................................


WIND (MPH)
  HIGHEST WIND SPEED    12   HIGHEST WIND DIRECTION     S (180)
  HIGHEST GUST SPEED    15   HIGHEST GUST DIRECTION     S (180)
  AVERAGE WIND SPEED     2.8


SKY COVER
  POSSIBLE SUNSHINE  MM
  AVERAGE SKY COVER 0.0


WEATHER CONDITIONS
 THE FOLLOWING WEATHER WAS RECORDED TODAY.
  FOG
  FOG W/VISIBILITY <= 1/4 MILE


RELATIVE HUMIDITY (PERCENT)
 HIGHEST   100          1200 AM
 LOWEST     32           300 PM
 AVERAGE    66

..........................................................


THE DE QUEEN CLIMATE NORMALS FOR TOMORROW
                         NORMAL    RECORD    YEAR
 MAXIMUM TEMPERATURE (F)   75        91      2004
 MINIMUM TEMPERATURE (F)   50        30      1948


SUNRISE AND SUNSET
OCTOBER 18 2017.......SUNRISE   725 AM CDT   SUNSET   639 PM CDT
OCTOBER 19 2017.......SUNRISE   726 AM CDT   SUNSET   638 PM CDT


-  INDICATES NEGATIVE NUMBERS.
R  INDICATES RECORD WAS SET OR TIED.
MM INDICATES DATA IS MISSING.
T  INDICATES TRACE AMOUNT.




$$
