000
CDUS44 KSHV 242148
CLIDEQ


CLIMATE REPORT
NATIONAL WEATHER SERVICE SHREVEPORT, LA
447 PM CDT SUN JUL 24 2016


...................................

...THE DE QUEEN CLIMATE SUMMARY FOR JULY 24 2016...
VALID TODAY AS OF 0400 PM LOCAL TIME.

CLIMATE NORMAL PERIOD 1981 TO 2010
CLIMATE RECORD PERIOD 1902 TO 2016


WEATHER ITEM   OBSERVED TIME   RECORD YEAR NORMAL DEPARTURE LAST
                VALUE   (LST)  VALUE       VALUE  FROM      YEAR
                                                  NORMAL
..................................................................
TEMPERATURE (F)
 TODAY
  MAXIMUM         99    215 PM 108    1954  93      6       97
  MINIMUM         69    523 AM  59    1947  70     -1       71
  AVERAGE         84                        81      3       84

PRECIPITATION (IN)
  TODAY            0.00          1.95 1971   0.10  -0.10     0.00
  MONTH TO DATE    0.40                      3.09  -2.69     2.69
  SINCE DEC 1     33.03                     33.09  -0.06    37.52
  SINCE JAN 1     22.75                     28.73  -5.98    35.80

DEGREE DAYS
 HEATING
  TODAY            0                         0      0        0
  MONTH TO DATE    0                         0      0        0
  SINCE JUN 1      0                         0      0        0
  SINCE JUL 1      0                         0      0        0

 COOLING
  TODAY           19                        16      3       19
  MONTH TO DATE  456                       383     73      405
  SINCE JUN 1    898                       761    137      838
  SINCE JAN 1   1095                       978    117     1072
..................................................................


WIND (MPH)
  HIGHEST WIND SPEED    12   HIGHEST WIND DIRECTION    NE (50)
  HIGHEST GUST SPEED    15   HIGHEST GUST DIRECTION    NE (60)
  AVERAGE WIND SPEED     1.7


SKY COVER
  POSSIBLE SUNSHINE  MM
  AVERAGE SKY COVER 0.2


WEATHER CONDITIONS
 THE FOLLOWING WEATHER WAS RECORDED TODAY.
  THUNDERSTORM
  FOG
  FOG W/VISIBILITY <= 1/4 MILE


RELATIVE HUMIDITY (PERCENT)
 HIGHEST   100          1200 AM
 LOWEST     48           200 PM
 AVERAGE    74

..........................................................


THE DE QUEEN CLIMATE NORMALS FOR TOMORROW
                         NORMAL    RECORD    YEAR
 MAXIMUM TEMPERATURE (F)   93       103      1998
 MINIMUM TEMPERATURE (F)   70        60      2000


SUNRISE AND SUNSET
JULY 24 2016..........SUNRISE   624 AM CDT   SUNSET   824 PM CDT
JULY 25 2016..........SUNRISE   624 AM CDT   SUNSET   823 PM CDT


-  INDICATES NEGATIVE NUMBERS.
R  INDICATES RECORD WAS SET OR TIED.
MM INDICATES DATA IS MISSING.
T  INDICATES TRACE AMOUNT.




$$
