000
CDUS44 KSHV 180852
CLIDEQ


CLIMATE REPORT
NATIONAL WEATHER SERVICE SHREVEPORT, LA
247 AM CST SUN FEB 18 2018


...................................

...THE DE QUEEN CLIMATE SUMMARY FOR FEBRUARY 17 2018...

CLIMATE NORMAL PERIOD 1981 TO 2010
CLIMATE RECORD PERIOD 1902 TO 2018


WEATHER ITEM   OBSERVED TIME   RECORD YEAR NORMAL DEPARTURE LAST
                VALUE   (LST)  VALUE       VALUE  FROM      YEAR
                                                  NORMAL
..................................................................
TEMPERATURE (F)
 YESTERDAY
  MAXIMUM         53    523 PM  78    1986  59     -6       62
  MINIMUM         35   1147 PM  14    1980  33      2       32
  AVERAGE         44                        46     -2       47

PRECIPITATION (IN)
  YESTERDAY       MM             2.59 1938   0.13  MM         T
  MONTH TO DATE    1.49                      2.49  -1.00     0.44
  SINCE DEC 1      8.97                     10.17  -1.20     5.76
  SINCE JAN 1      3.72                      5.81  -2.09     3.05

SNOWFALL (IN)
  YESTERDAY       MM
  MONTH TO DATE    T
  SINCE DEC 1      0.1
  SINCE JUL 1      0.1
  SNOW DEPTH       0

DEGREE DAYS
 HEATING
  YESTERDAY       21                        19      2       18
  MONTH TO DATE  358                       362     -4      229
  SINCE DEC 1   1795                      1772     23     1366
  SINCE JUL 1   2258                      2298    -40     1680

 COOLING
  YESTERDAY        0                         0      0        0
  MONTH TO DATE    0                         0      0        4
  SINCE DEC 1      1                         1      0        9
  SINCE JAN 1      0                         1     -1        7
..................................................................


WIND (MPH)
  HIGHEST WIND SPEED    14   HIGHEST WIND DIRECTION    NW (300)
  HIGHEST GUST SPEED    18   HIGHEST GUST DIRECTION    NW (300)
  AVERAGE WIND SPEED     2.7


SKY COVER
  POSSIBLE SUNSHINE  MM
  AVERAGE SKY COVER 0.9


WEATHER CONDITIONS
 THE FOLLOWING WEATHER WAS RECORDED YESTERDAY.
  THUNDERSTORM
  HEAVY RAIN
  RAIN
  LIGHT RAIN
  FOG
  FOG W/VISIBILITY <= 1/4 MILE


RELATIVE HUMIDITY (PERCENT)
 HIGHEST   100           500 AM
 LOWEST     82          1200 AM
 AVERAGE    91

..........................................................


THE DE QUEEN CLIMATE NORMALS FOR TODAY
                         NORMAL    RECORD    YEAR
 MAXIMUM TEMPERATURE (F)   59        80      1986
 MINIMUM TEMPERATURE (F)   33        15      1980


SUNRISE AND SUNSET
FEBRUARY 18 2018......SUNRISE   659 AM CST   SUNSET   604 PM CST
FEBRUARY 19 2018......SUNRISE   658 AM CST   SUNSET   605 PM CST


-  INDICATES NEGATIVE NUMBERS.
R  INDICATES RECORD WAS SET OR TIED.
MM INDICATES DATA IS MISSING.
T  INDICATES TRACE AMOUNT.




$$
