000
CDUS44 KSHV 222139
CLIDEQ


CLIMATE REPORT
NATIONAL WEATHER SERVICE SHREVEPORT, LA
438 PM CDT TUE JUL 22 2014


...................................

...THE DE QUEEN CLIMATE SUMMARY FOR JULY 22 2014...
VALID TODAY AS OF 0400 PM LOCAL TIME.

CLIMATE NORMAL PERIOD 1981 TO 2010
CLIMATE RECORD PERIOD 1902 TO 2014


WEATHER ITEM   OBSERVED TIME   RECORD YEAR NORMAL DEPARTURE LAST
                VALUE   (LST)  VALUE       VALUE  FROM      YEAR
                                                  NORMAL
..................................................................
TEMPERATURE (F)
 TODAY
  MAXIMUM         90    259 PM 105    1939  93     -3       94
  MINIMUM         64    537 AM  54    1970  70     -6       72
  AVERAGE         77                        81     -4       83

PRECIPITATION (IN)
  TODAY            0.00          2.14 1936   0.11  -0.11      T
  MONTH TO DATE    3.76                      2.89   0.87     1.47
  SINCE DEC 1     22.10                     32.89 -10.79    19.48
  SINCE JAN 1     20.17                     28.53  -8.36    15.43

DEGREE DAYS
 HEATING
  TODAY            0                         0      0        0
  MONTH TO DATE    0                         0      0        0
  SINCE JUN 1      0                         0      0        0
  SINCE JUL 1      0                         0      0        0

 COOLING
  TODAY           12                        16     -4       18
  MONTH TO DATE  258                       351    -93      319
  SINCE JUN 1    580                       729   -149      707
  SINCE JAN 1    787                       946   -159      939
..................................................................


WIND (MPH)
  HIGHEST WIND SPEED     7   HIGHEST WIND DIRECTION    SE (150)
  HIGHEST GUST SPEED    11   HIGHEST GUST DIRECTION    NE (50)
  AVERAGE WIND SPEED     1.6


SKY COVER
  POSSIBLE SUNSHINE  MM
  AVERAGE SKY COVER 0.5


WEATHER CONDITIONS
 THE FOLLOWING WEATHER WAS RECORDED TODAY.
  FOG
  FOG W/VISIBILITY <= 1/4 MILE


RELATIVE HUMIDITY (PERCENT)
 HIGHEST   100          1200 AM
 LOWEST     52           300 PM
 AVERAGE    76

..........................................................


THE DE QUEEN CLIMATE NORMALS FOR TOMORROW
                         NORMAL    RECORD    YEAR
 MAXIMUM TEMPERATURE (F)   93       106      1943
 MINIMUM TEMPERATURE (F)   70        57      1947


SUNRISE AND SUNSET
JULY 22 2014..........SUNRISE   622 AM CDT   SUNSET   826 PM CDT
JULY 23 2014..........SUNRISE   623 AM CDT   SUNSET   825 PM CDT


-  INDICATES NEGATIVE NUMBERS.
R  INDICATES RECORD WAS SET OR TIED.
MM INDICATES DATA IS MISSING.
T  INDICATES TRACE AMOUNT.




$$
