000
CDUS44 KSHV 240751
CLIDEQ


CLIMATE REPORT
NATIONAL WEATHER SERVICE SHREVEPORT, LA
241 AM CDT FRI OCT 24 2014


...................................

...THE DE QUEEN CLIMATE SUMMARY FOR OCTOBER 23 2014...

CLIMATE NORMAL PERIOD 1981 TO 2010
CLIMATE RECORD PERIOD 1902 TO 2014


WEATHER ITEM   OBSERVED TIME   RECORD YEAR NORMAL DEPARTURE LAST
                VALUE   (LST)  VALUE       VALUE  FROM      YEAR
                                                  NORMAL
..................................................................
TEMPERATURE (F)
 YESTERDAY
  MAXIMUM         69    342 PM  93    1939  74     -5       74
                                      1956
  MINIMUM         52   1159 PM  28    1937  48      4       41
  AVERAGE         61                        61      0       58

PRECIPITATION (IN)
  YESTERDAY        0.00          1.02 1970   0.16  -0.16     0.00
  MONTH TO DATE    2.62                      3.45  -0.83     1.70
  SINCE DEC 1     37.99                     43.01  -5.02    32.00
  SINCE JAN 1     36.06                     38.65  -2.59    27.95

SNOWFALL (IN)
  YESTERDAY        0.0
  MONTH TO DATE    0.0
  SINCE SEP 1      0.0
  SINCE JUL 1      0.0
  SNOW DEPTH       0

DEGREE DAYS
 HEATING
  YESTERDAY        4                         5     -1        7
  MONTH TO DATE   47                        73    -26       96
  SINCE SEP 1     48                        82    -34       96
  SINCE JUL 1     48                        82    -34       96

 COOLING
  YESTERDAY        0                         2     -2        0
  MONTH TO DATE   70                        60     10       79
  SINCE SEP 1    372                       333     39      452
  SINCE JAN 1   1702                      1925   -223     2015
..................................................................


WIND (MPH)
  HIGHEST WIND SPEED     8   HIGHEST WIND DIRECTION     E (110)
  HIGHEST GUST SPEED    11   HIGHEST GUST DIRECTION     E (80)
  AVERAGE WIND SPEED     1.9


SKY COVER
  POSSIBLE SUNSHINE  MM
  AVERAGE SKY COVER 0.1


WEATHER CONDITIONS
 THE FOLLOWING WEATHER WAS RECORDED YESTERDAY.
  FOG
  FOG W/VISIBILITY <= 1/4 MILE


RELATIVE HUMIDITY (PERCENT)
 HIGHEST   100           800 PM
 LOWEST     52          1200 PM
 AVERAGE    76

..........................................................


THE DE QUEEN CLIMATE NORMALS FOR TODAY
                         NORMAL    RECORD    YEAR
 MAXIMUM TEMPERATURE (F)   74        85      1975
 MINIMUM TEMPERATURE (F)   48        25      1938


SUNRISE AND SUNSET
OCTOBER 24 2014.......SUNRISE   730 AM CDT   SUNSET   633 PM CDT
OCTOBER 25 2014.......SUNRISE   731 AM CDT   SUNSET   632 PM CDT


-  INDICATES NEGATIVE NUMBERS.
R  INDICATES RECORD WAS SET OR TIED.
MM INDICATES DATA IS MISSING.
T  INDICATES TRACE AMOUNT.




$$
