000
CDUS44 KSHV 250751
CLIDEQ


CLIMATE REPORT
NATIONAL WEATHER SERVICE SHREVEPORT, LA
250 AM CDT TUE APR 25 2017


...................................

...THE DE QUEEN CLIMATE SUMMARY FOR APRIL 24 2017...

CLIMATE NORMAL PERIOD 1981 TO 2010
CLIMATE RECORD PERIOD 1902 TO 2017


WEATHER ITEM   OBSERVED TIME   RECORD YEAR NORMAL DEPARTURE LAST
                VALUE   (LST)  VALUE       VALUE  FROM      YEAR
                                                  NORMAL
..................................................................
TEMPERATURE (F)
 YESTERDAY
  MAXIMUM         77    325 PM  88    1987  76      1       78
  MINIMUM         42    610 AM  35    2005  51     -9       53
  AVERAGE         60                        64     -4       66

PRECIPITATION (IN)
  YESTERDAY        0.00          2.90 1953   0.15  -0.15     0.00
  MONTH TO DATE    6.58                      2.88   3.70     4.23
  SINCE DEC 1     17.36                     18.88  -1.52    21.07
  SINCE JAN 1     14.65                     14.52   0.13    10.79

SNOWFALL (IN)
  YESTERDAY        0.0
  MONTH TO DATE    0.0
  SINCE MAR 1      0.0
  SINCE JUL 1      0.3
  SNOW DEPTH       0

DEGREE DAYS
 HEATING
  YESTERDAY        5                         3      2        0
  MONTH TO DATE   56                       138    -82       89
  SINCE MAR 1    289                       515   -226      343
  SINCE JUL 1   2058                      3006   -948     2295

 COOLING
  YESTERDAY        0                         2     -2        1
  MONTH TO DATE   54                        26     28        9
  SINCE MAR 1     81                        35     46       17
  SINCE JAN 1     91                        37     54       17
..................................................................


WIND (MPH)
  HIGHEST WIND SPEED    12   HIGHEST WIND DIRECTION     S (180)
  HIGHEST GUST SPEED    16   HIGHEST GUST DIRECTION    SW (230)
  AVERAGE WIND SPEED     2.7


SKY COVER
  POSSIBLE SUNSHINE  MM
  AVERAGE SKY COVER 0.0


WEATHER CONDITIONS
 THE FOLLOWING WEATHER WAS RECORDED YESTERDAY.
  FOG


RELATIVE HUMIDITY (PERCENT)
 HIGHEST   100          1200 AM
 LOWEST     31          1100 AM
 AVERAGE    66

..........................................................


THE DE QUEEN CLIMATE NORMALS FOR TODAY
                         NORMAL    RECORD    YEAR
 MAXIMUM TEMPERATURE (F)   76        88      1955
 MINIMUM TEMPERATURE (F)   52        34      2013


SUNRISE AND SUNSET
APRIL 25 2017.........SUNRISE   634 AM CDT   SUNSET   757 PM CDT
APRIL 26 2017.........SUNRISE   633 AM CDT   SUNSET   758 PM CDT


-  INDICATES NEGATIVE NUMBERS.
R  INDICATES RECORD WAS SET OR TIED.
MM INDICATES DATA IS MISSING.
T  INDICATES TRACE AMOUNT.




$$
