000
CDUS44 KSHV 140846
CLIDEQ


CLIMATE REPORT
NATIONAL WEATHER SERVICE SHREVEPORT, LA
242 AM CST THU DEC 14 2017


...................................

...THE DE QUEEN CLIMATE SUMMARY FOR DECEMBER 13 2017...

CLIMATE NORMAL PERIOD 1981 TO 2010
CLIMATE RECORD PERIOD 1902 TO 2017


WEATHER ITEM   OBSERVED TIME   RECORD YEAR NORMAL DEPARTURE LAST
                VALUE   (LST)  VALUE       VALUE  FROM      YEAR
                                                  NORMAL
..................................................................
TEMPERATURE (F)
 YESTERDAY
  MAXIMUM         69    346 PM  78    1948  55     14       61
  MINIMUM         23    742 AM  14    1989  30     -7       42
  AVERAGE         46                        43      3       52

PRECIPITATION (IN)
  YESTERDAY        0.00          2.96 2015   0.13  -0.13      T
  MONTH TO DATE    0.90                      1.60  -0.70     0.89
  SINCE DEC 1      0.90                      1.60  -0.70     0.89
  SINCE JAN 1     36.42                     46.23  -9.81    35.71

SNOWFALL (IN)
  YESTERDAY        0.0
  MONTH TO DATE    0.0
  SINCE DEC 1      0.0
  SINCE JUL 1      0.0
  SNOW DEPTH       0

DEGREE DAYS
 HEATING
  YESTERDAY       19                        22     -3       13
  MONTH TO DATE  226                       271    -45      252
  SINCE DEC 1    226                       271    -45      252
  SINCE JUL 1    689                       797   -108      566

 COOLING
  YESTERDAY        0                         0      0        0
  MONTH TO DATE    1                         0      1        0
  SINCE DEC 1      1                         0      1        0
  SINCE JAN 1   2089                      1941    148     2239
..................................................................


WIND (MPH)
  HIGHEST WIND SPEED    18   HIGHEST WIND DIRECTION     W (250)
  HIGHEST GUST SPEED    22   HIGHEST GUST DIRECTION     W (250)
  AVERAGE WIND SPEED     3.0


SKY COVER
  POSSIBLE SUNSHINE  MM
  AVERAGE SKY COVER 0.0


WEATHER CONDITIONS
 THE FOLLOWING WEATHER WAS RECORDED YESTERDAY.
  NO SIGNIFICANT WEATHER WAS OBSERVED.


RELATIVE HUMIDITY (PERCENT)
 HIGHEST   100           200 AM
 LOWEST     20           300 PM
 AVERAGE    60

..........................................................


THE DE QUEEN CLIMATE NORMALS FOR TODAY
                         NORMAL    RECORD    YEAR
 MAXIMUM TEMPERATURE (F)   55        74      1995
 MINIMUM TEMPERATURE (F)   30        14      1989


SUNRISE AND SUNSET
DECEMBER 14 2017......SUNRISE   715 AM CST   SUNSET   510 PM CST
DECEMBER 15 2017......SUNRISE   716 AM CST   SUNSET   510 PM CST


-  INDICATES NEGATIVE NUMBERS.
R  INDICATES RECORD WAS SET OR TIED.
MM INDICATES DATA IS MISSING.
T  INDICATES TRACE AMOUNT.




$$
