000
CDUS46 KOTX 240824
CLIDEW


CLIMATE REPORT
NATIONAL WEATHER SERVICE SPOKANE, WA
1224 AM PST FRI NOV 24 2017


...................................

...THE DEER_PARK WA AIRPORT CLIMATE SUMMARY FOR NOVEMBER 23 2017...

CLIMATE NORMAL PERIOD 1981 TO 2010
CLIMATE RECORD PERIOD 9999 TO 9999


WEATHER ITEM   OBSERVED TIME   RECORD YEAR NORMAL DEPARTURE LAST
                VALUE   (LST)  VALUE       VALUE  FROM      YEAR
                                                  NORMAL
..................................................................
TEMPERATURE (F)
 YESTERDAY
  MAXIMUM         58    115 PM  MM      MM  38     20       40
  MINIMUM         37   1155 PM  MM      MM  25     12       29
  AVERAGE         48                        31     17       35

PRECIPITATION (IN)
  YESTERDAY        0.28         MM      MM   0.12   0.16     0.29
  MONTH TO DATE    3.68                      2.50   1.18     1.73
  SINCE OCT 1      5.91                      4.12   1.79     9.29
  SINCE JAN 1     23.81                     18.56   5.25    23.86

SNOWFALL (IN)
  YESTERDAY       MM

DEGREE DAYS
 HEATING
  YESTERDAY       17                        34    -17       30
  MONTH TO DATE  658                       690    -32      497
  SINCE SEP 1   1562                      1614    -52     1323
  SINCE JUL 1   1599                      1758   -159     1443

 COOLING
  YESTERDAY        0                         0      0        0
  MONTH TO DATE    0                         0      0        0
  SINCE SEP 1     36                        12     24        0
  SINCE JAN 1    305                       187    118      212
..................................................................


WIND (MPH)
  HIGHEST WIND SPEED    26   HIGHEST WIND DIRECTION    SW (220)
  HIGHEST GUST SPEED    36   HIGHEST GUST DIRECTION     W (250)
  AVERAGE WIND SPEED    11.9


SKY COVER
  POSSIBLE SUNSHINE  MM
  AVERAGE SKY COVER 0.7


WEATHER CONDITIONS
 THE FOLLOWING WEATHER WAS RECORDED YESTERDAY.
  HEAVY RAIN
  RAIN
  LIGHT RAIN
  FOG


RELATIVE HUMIDITY (PERCENT)
 HIGHEST    96           800 AM
 LOWEST     61           700 PM
 AVERAGE    79

..........................................................


THE DEER_PARK WA AIRPORT CLIMATE NORMALS FOR TODAY
                         NORMAL    RECORD    YEAR
 MAXIMUM TEMPERATURE (F)   38        MM        MM
 MINIMUM TEMPERATURE (F)   24        MM        MM


SUNRISE AND SUNSET
NOVEMBER 24 2017......SUNRISE   709 AM PST   SUNSET   403 PM PST
NOVEMBER 25 2017......SUNRISE   711 AM PST   SUNSET   402 PM PST


-  INDICATES NEGATIVE NUMBERS.
R  INDICATES RECORD WAS SET OR TIED.
MM INDICATES DATA IS MISSING.
T  INDICATES TRACE AMOUNT.




$$
