000
CDUS46 KOTX 310833
CLIDEW


CLIMATE REPORT
NATIONAL WEATHER SERVICE SPOKANE, WA
133 AM PDT WED AUG 31 2016


...................................

...THE DEER_PARK WA AIRPORT CLIMATE SUMMARY FOR AUGUST 30 2016...

CLIMATE NORMAL PERIOD 1981 TO 2010
CLIMATE RECORD PERIOD 9999 TO 9999


WEATHER ITEM   OBSERVED TIME   RECORD YEAR NORMAL DEPARTURE LAST
                VALUE   (LST)  VALUE       VALUE  FROM      YEAR
                                                  NORMAL
..................................................................
TEMPERATURE (F)
 YESTERDAY
  MAXIMUM         90    312 PM  MM      MM  80     10       66
  MINIMUM         48    536 AM  MM      MM  44      4       49
  AVERAGE         69                        62      7       58

PRECIPITATION (IN)
  YESTERDAY        0.00         MM      MM   0.04  -0.04     0.27
  MONTH TO DATE    0.17                      0.80  -0.63     0.41
  SINCE OCT 1     23.24                     21.22   2.02    17.03
  SINCE JAN 1     14.25                     13.40   0.85    10.64

SNOWFALL (IN)
  YESTERDAY       MM

DEGREE DAYS
 HEATING
  YESTERDAY        0                         4     -4        7
  MONTH TO DATE   35                        71    -36       34
  SINCE JUN 1    288                       339    -51      126
  SINCE JUL 1    117                       139    -22       48

 COOLING
  YESTERDAY        4                         1      3        0
  MONTH TO DATE   91                        73     18      114
  SINCE JUN 1    212                       167     45      375
  SINCE JAN 1    212                       170     42      386
..................................................................


WIND (MPH)
  HIGHEST WIND SPEED    23   HIGHEST WIND DIRECTION    SW (220)
  HIGHEST GUST SPEED    29   HIGHEST GUST DIRECTION    SW (210)
  AVERAGE WIND SPEED     5.5


SKY COVER
  POSSIBLE SUNSHINE  MM
  AVERAGE SKY COVER 0.0


WEATHER CONDITIONS
 THE FOLLOWING WEATHER WAS RECORDED YESTERDAY.
  NO SIGNIFICANT WEATHER WAS OBSERVED.


RELATIVE HUMIDITY (PERCENT)
 HIGHEST    71           300 AM
 LOWEST     21           200 PM
 AVERAGE    46

..........................................................


THE DEER_PARK WA AIRPORT CLIMATE NORMALS FOR TODAY
                         NORMAL    RECORD    YEAR
 MAXIMUM TEMPERATURE (F)   80        MM        MM
 MINIMUM TEMPERATURE (F)   44        MM        MM


SUNRISE AND SUNSET
AUGUST 31 2016........SUNRISE   607 AM PDT   SUNSET   731 PM PDT
SEPTEMBER  1 2016.....SUNRISE   608 AM PDT   SUNSET   729 PM PDT


-  INDICATES NEGATIVE NUMBERS.
R  INDICATES RECORD WAS SET OR TIED.
MM INDICATES DATA IS MISSING.
T  INDICATES TRACE AMOUNT.




$$
