000
CDUS44 KFWD 020649
CLIDFW


CLIMATE REPORT
NATIONAL WEATHER SERVICE FORT WORTH TX
149 AM CDT TUE JUN 2 2015


...................................

...THE DALLAS FORT WORTH CLIMATE SUMMARY FOR JUNE 1 2015...

CLIMATE NORMAL PERIOD 1981 TO 2010
CLIMATE RECORD PERIOD 1898 TO 2015


WEATHER ITEM   OBSERVED TIME   RECORD YEAR NORMAL DEPARTURE LAST
                VALUE   (LST)  VALUE       VALUE  FROM      YEAR
                                                  NORMAL
..................................................................
TEMPERATURE (F)
 YESTERDAY
  MAXIMUM         84    439 PM 102    1911  88     -4       92
  MINIMUM         59    523 AM  48    1903  69    -10       71
  AVERAGE         72                        78     -6       82

PRECIPITATION (IN)
  YESTERDAY        0.00          1.94 1928   0.15  -0.15     0.00
  MONTH TO DATE    0.00                      0.15  -0.15     0.00
  SINCE JUN 1      0.00                      0.15  -0.15     0.00
  SINCE JAN 1     31.63                     16.40  15.23     7.33

DEGREE DAYS
 HEATING
  YESTERDAY        0                         0      0        0
  MONTH TO DATE    0                         0      0        0
  SINCE JUN 1      0                         0      0        0
  SINCE JUL 1   2399                      2284    115     2603

 COOLING
  YESTERDAY        7                        13     -6       17
  MONTH TO DATE    7                        13     -6       17
  SINCE JUN 1      7                        13     -6       17
  SINCE JAN 1    326                       435   -109      493
..................................................................


WIND (MPH)
  HIGHEST WIND SPEED    12   HIGHEST WIND DIRECTION    SE (140)
  HIGHEST GUST SPEED    16   HIGHEST GUST DIRECTION     N (10)
  AVERAGE WIND SPEED     3.4


SKY COVER
  POSSIBLE SUNSHINE  MM
  AVERAGE SKY COVER 0.4


WEATHER CONDITIONS
 THE FOLLOWING WEATHER WAS RECORDED YESTERDAY.
  NO SIGNIFICANT WEATHER WAS OBSERVED.


RELATIVE HUMIDITY (PERCENT)
 HIGHEST    93           700 AM
 LOWEST     40           300 PM
 AVERAGE    67

..........................................................


THE DALLAS FORT WORTH CLIMATE NORMALS FOR TODAY
                         NORMAL    RECORD    YEAR
 MAXIMUM TEMPERATURE (F)   88       104      1910
 MINIMUM TEMPERATURE (F)   69        52      1919


SUNRISE AND SUNSET
JUNE  2 2015..........SUNRISE   620 AM CDT   SUNSET   832 PM CDT
JUNE  3 2015..........SUNRISE   620 AM CDT   SUNSET   833 PM CDT


-  INDICATES NEGATIVE NUMBERS.
R  INDICATES RECORD WAS SET OR TIED.
MM INDICATES DATA IS MISSING.
T  INDICATES TRACE AMOUNT.




$$
