000
CDUS44 KFWD 210652
CLIDFW


CLIMATE REPORT
NATIONAL WEATHER SERVICE FORT WORTH TX
1251 AM CST TUE FEB 21 2017


...................................

...THE DALLAS FORT WORTH CLIMATE SUMMARY FOR FEBRUARY 20 2017...

CLIMATE NORMAL PERIOD 1981 TO 2010
CLIMATE RECORD PERIOD 1898 TO 2017


WEATHER ITEM   OBSERVED TIME   RECORD YEAR NORMAL DEPARTURE LAST
                VALUE   (LST)  VALUE       VALUE  FROM      YEAR
                                                  NORMAL
..................................................................
TEMPERATURE (F)
 YESTERDAY
  MAXIMUM         71   1213 AM  86    1980  61     10       77
  MINIMUM         56   1021 PM  19    1939  41     15       65
  AVERAGE         64                        51     13       71

PRECIPITATION (IN)
  YESTERDAY        0.51          2.42 1945   0.09   0.42     0.00
  MONTH TO DATE    2.02                      1.84   0.18      T
  SINCE DEC 1      7.01                      6.52   0.49     4.87
  SINCE JAN 1      6.41                      3.97   2.44     1.04

SNOWFALL (IN)
  YESTERDAY        0.0           1.0  1929   0.0    0.0      0.0
  MONTH TO DATE    0.0                       0.7   -0.7      0.0
  SINCE DEC 1      0.1                       1.2   -1.1       T
  SINCE JUL 1      0.1                       1.2   -1.1       T
  SNOW DEPTH       0

DEGREE DAYS
 HEATING
  YESTERDAY        1                        14    -13        0
  MONTH TO DATE  135                       323   -188      207
  SINCE DEC 1   1046                      1474   -428     1113
  SINCE JUL 1   1148                      1828   -680     1328

 COOLING
  YESTERDAY        0                         0      0        6
  MONTH TO DATE   37                         0     37       11
  SINCE DEC 1     59                         6     53       20
  SINCE JAN 1     43                         2     41       11
..................................................................


WIND (MPH)
  HIGHEST WIND SPEED    39   HIGHEST WIND DIRECTION     W (260)
  HIGHEST GUST SPEED    50   HIGHEST GUST DIRECTION    SW (220)
  AVERAGE WIND SPEED    10.6


SKY COVER
  POSSIBLE SUNSHINE  MM
  AVERAGE SKY COVER 0.7


WEATHER CONDITIONS
 THE FOLLOWING WEATHER WAS RECORDED YESTERDAY.
  THUNDERSTORM
  HEAVY RAIN
  RAIN
  LIGHT RAIN
  FOG


RELATIVE HUMIDITY (PERCENT)
 HIGHEST    93           600 AM
 LOWEST     63           500 PM
 AVERAGE    78

..........................................................


THE DALLAS FORT WORTH CLIMATE NORMALS FOR TODAY
                         NORMAL    RECORD    YEAR
 MAXIMUM TEMPERATURE (F)   62        95      1996
 MINIMUM TEMPERATURE (F)   41        18      1939


SUNRISE AND SUNSET
FEBRUARY 21 2017......SUNRISE   705 AM CST   SUNSET   619 PM CST
FEBRUARY 22 2017......SUNRISE   704 AM CST   SUNSET   620 PM CST


-  INDICATES NEGATIVE NUMBERS.
R  INDICATES RECORD WAS SET OR TIED.
MM INDICATES DATA IS MISSING.
T  INDICATES TRACE AMOUNT.




$$
