000
CDUS44 KFWD 160639
CLIDFW

CLIMATE REPORT
NATIONAL WEATHER SERVICE FORT WORTH TX
140 AM CDT WED APR 16 2014

...................................

...THE DALLAS FORT WORTH CLIMATE SUMMARY FOR APRIL 15 2014...

CLIMATE NORMAL PERIOD 1981 TO 2010
CLIMATE RECORD PERIOD 1898 TO 2014


WEATHER ITEM   OBSERVED TIME   RECORD YEAR NORMAL DEPARTURE LAST
                VALUE   (LST)  VALUE       VALUE  FROM      YEAR
                                                  NORMAL
..................................................................
TEMPERATURE (F)
 YESTERDAY
  MAXIMUM         64    413 PM  93    1940  76    -12       86
  MINIMUM         35    616 AM  33    1928  55    -20       69
  AVERAGE         50                        65    -15       78

PRECIPITATION (IN)
  YESTERDAY        0.00          1.71 1899   0.09  -0.09     0.00
  MONTH TO DATE    1.02                      1.31  -0.29     1.11
  SINCE MAR 1      2.47                      4.80  -2.33     3.38
  SINCE JAN 1      3.21                      9.59  -6.38     9.12

SNOWFALL (IN)
  YESTERDAY        0.0           0.0    MM   0.0    0.0      0.0
  MONTH TO DATE    0.0                       0.0    0.0      0.0
  SINCE MAR 1      0.1                       0.2   -0.1      0.0
  SINCE JUL 1      2.9                       1.2    1.7      0.8
  SNOW DEPTH       0

DEGREE DAYS
 HEATING
  YESTERDAY       15                         3     12        0
  MONTH TO DATE   77                        59     18       78
  SINCE MAR 1    398                       320     78      357
  SINCE JUL 1   2571                      2252    319     1947

 COOLING
  YESTERDAY        0                         3     -3       13
  MONTH TO DATE   61                        37     24       35
  SINCE MAR 1     83                        69     14       56
  SINCE JAN 1     83                        76      7       68
..................................................................


WIND (MPH)
  HIGHEST WIND SPEED    15   HIGHEST WIND DIRECTION    NW (310)
  HIGHEST GUST SPEED    19   HIGHEST GUST DIRECTION    NW (300)
  AVERAGE WIND SPEED     7.4


SKY COVER
  POSSIBLE SUNSHINE  MM
  AVERAGE SKY COVER 0.0


WEATHER CONDITIONS
 THE FOLLOWING WEATHER WAS RECORDED YESTERDAY.
  NO SIGNIFICANT WEATHER WAS OBSERVED.


RELATIVE HUMIDITY (PERCENT)
 HIGHEST    70           400 AM
 LOWEST     17           400 PM
 AVERAGE    44

..........................................................


THE DALLAS FORT WORTH CLIMATE NORMALS FOR TODAY
                         NORMAL    RECORD    YEAR
 MAXIMUM TEMPERATURE (F)   77        95      2006
 MINIMUM TEMPERATURE (F)   55        36      1961
                                             1905


SUNRISE AND SUNSET
APRIL 16 2014.........SUNRISE   657 AM CDT   SUNSET   759 PM CDT
APRIL 17 2014.........SUNRISE   656 AM CDT   SUNSET   800 PM CDT


-  INDICATES NEGATIVE NUMBERS.
R  INDICATES RECORD WAS SET OR TIED.
MM INDICATES DATA IS MISSING.
T  INDICATES TRACE AMOUNT.


$$

58
