000
CDUS44 KFWD 180642
CLIDFW


CLIMATE REPORT
NATIONAL WEATHER SERVICE FORT WORTH TX
1241 AM CST WED JAN 18 2017


...................................

...THE DALLAS FORT WORTH CLIMATE SUMMARY FOR JANUARY 17 2017...

CLIMATE NORMAL PERIOD 1981 TO 2010
CLIMATE RECORD PERIOD 1898 TO 2017


WEATHER ITEM   OBSERVED TIME   RECORD YEAR NORMAL DEPARTURE LAST
                VALUE   (LST)  VALUE       VALUE  FROM      YEAR
                                                  NORMAL
..................................................................
TEMPERATURE (F)
 YESTERDAY
  MAXIMUM         51    604 PM  79    1952  56     -5       55
  MINIMUM         43    702 AM   2    1930  35      8       29
  AVERAGE         47                        46      1       42

PRECIPITATION (IN)
  YESTERDAY        0.29          0.59 1995   0.07   0.22     0.00
  MONTH TO DATE    4.25                      1.07   3.18     0.85
  SINCE DEC 1      4.85                      3.62   1.23     4.68
  SINCE JAN 1      4.25                      1.07   3.18     0.85

SNOWFALL (IN)
  YESTERDAY        0.0           0.7  1966   0.0    0.0      0.0
  MONTH TO DATE    0.1                       0.1    0.0      0.0
  SINCE DEC 1      0.1                       0.4   -0.3       T
  SINCE JUL 1      0.1                       0.4   -0.3       T
  SNOW DEPTH       0

DEGREE DAYS
 HEATING
  YESTERDAY       18                        19     -1       23
  MONTH TO DATE  291                       334    -43      320
  SINCE DEC 1    775                       892   -117      676
  SINCE JUL 1    877                      1246   -369      891

 COOLING
  YESTERDAY        0                         0      0        0
  MONTH TO DATE    6                         0      6        0
  SINCE DEC 1     22                         4     18        9
  SINCE JAN 1      6                         0      6        0
..................................................................


WIND (MPH)
  HIGHEST WIND SPEED    17   HIGHEST WIND DIRECTION     W (250)
  HIGHEST GUST SPEED    23   HIGHEST GUST DIRECTION     W (260)
  AVERAGE WIND SPEED     7.7


SKY COVER
  POSSIBLE SUNSHINE  MM
  AVERAGE SKY COVER 0.9


WEATHER CONDITIONS
 THE FOLLOWING WEATHER WAS RECORDED YESTERDAY.
  LIGHT RAIN
  FOG


RELATIVE HUMIDITY (PERCENT)
 HIGHEST    86           700 PM
 LOWEST     59           400 PM
 AVERAGE    73

..........................................................


THE DALLAS FORT WORTH CLIMATE NORMALS FOR TODAY
                         NORMAL    RECORD    YEAR
 MAXIMUM TEMPERATURE (F)   56        80      1923
                                             1914
 MINIMUM TEMPERATURE (F)   35        -1      1930


SUNRISE AND SUNSET
JANUARY 18 2017.......SUNRISE   730 AM CST   SUNSET   548 PM CST
JANUARY 19 2017.......SUNRISE   730 AM CST   SUNSET   549 PM CST


-  INDICATES NEGATIVE NUMBERS.
R  INDICATES RECORD WAS SET OR TIED.
MM INDICATES DATA IS MISSING.
T  INDICATES TRACE AMOUNT.




$$
