000
CDUS44 KFWD 300639
CLIDFW


CLIMATE REPORT
NATIONAL WEATHER SERVICE FORT WORTH TX
139 AM CDT MON MAY 30 2016


...................................

...THE DALLAS FORT WORTH CLIMATE SUMMARY FOR MAY 29 2016...

CLIMATE NORMAL PERIOD 1981 TO 2010
CLIMATE RECORD PERIOD 1898 TO 2016


WEATHER ITEM   OBSERVED TIME   RECORD YEAR NORMAL DEPARTURE LAST
                VALUE   (LST)  VALUE       VALUE  FROM      YEAR
                                                  NORMAL
..................................................................
TEMPERATURE (F)
 YESTERDAY
  MAXIMUM         88    429 PM  99    1951  87      1       77
                                      1916
  MINIMUM         67    637 AM  46    1947  68     -1       65
  AVERAGE         78                        78      0       71

PRECIPITATION (IN)
  YESTERDAY        0.40          3.48 1946   0.15   0.25     2.20
  MONTH TO DATE    4.42                      4.58  -0.16    16.07
  SINCE MAR 1     11.69                     11.14   0.55    24.16
  SINCE JAN 1     14.93                     15.93  -1.00    30.74

DEGREE DAYS
 HEATING
  YESTERDAY        0                         0      0        0
  MONTH TO DATE   12                         6      6        6
  SINCE MAR 1    181                       350   -169      363
  SINCE JUL 1   1592                      2282   -690     2399

 COOLING
  YESTERDAY       13                        13      0        6
  MONTH TO DATE  226                       259    -33      187
  SINCE MAR 1    387                       390     -3      310
  SINCE JAN 1    398                       397      1      310
..................................................................


WIND (MPH)
  HIGHEST WIND SPEED    31   HIGHEST WIND DIRECTION     W (280)
  HIGHEST GUST SPEED    38   HIGHEST GUST DIRECTION     W (260)
  AVERAGE WIND SPEED     8.0


SKY COVER
  POSSIBLE SUNSHINE  MM
  AVERAGE SKY COVER 0.9


WEATHER CONDITIONS
 THE FOLLOWING WEATHER WAS RECORDED YESTERDAY.
  THUNDERSTORM
  HEAVY RAIN
  RAIN
  LIGHT RAIN
  FOG


RELATIVE HUMIDITY (PERCENT)
 HIGHEST    87           600 AM
 LOWEST     50           100 PM
 AVERAGE    69

..........................................................


THE DALLAS FORT WORTH CLIMATE NORMALS FOR TODAY
                         NORMAL    RECORD    YEAR
 MAXIMUM TEMPERATURE (F)   88       103      1985
 MINIMUM TEMPERATURE (F)   68        47      1947


SUNRISE AND SUNSET
MAY 30 2016...........SUNRISE   621 AM CDT   SUNSET   831 PM CDT
MAY 31 2016...........SUNRISE   621 AM CDT   SUNSET   831 PM CDT


-  INDICATES NEGATIVE NUMBERS.
R  INDICATES RECORD WAS SET OR TIED.
MM INDICATES DATA IS MISSING.
T  INDICATES TRACE AMOUNT.




$$
