000
CDUS43 KDDC 250705
CLIDGC


CLIMATE REPORT
NATIONAL WEATHER SERVICE DODGE CITY KS
205 AM CDT TUE APR 25 2017


...................................

...THE DODGE CITY KS CLIMATE SUMMARY FOR APRIL 24 2017...

CLIMATE NORMAL PERIOD 1981 TO 2010
CLIMATE RECORD PERIOD 1875 TO 2017


WEATHER ITEM   OBSERVED TIME   RECORD YEAR NORMAL DEPARTURE LAST
                VALUE   (LST)  VALUE       VALUE  FROM      YEAR
                                                  NORMAL
..................................................................
TEMPERATURE (F)
 YESTERDAY
  MAXIMUM         82    509 PM  98    1989  70     12       81
  MINIMUM         49    612 AM  23    2013  43      6       53
  AVERAGE         66                        57      9       67

PRECIPITATION (IN)
  YESTERDAY        0.00          1.13 1973   0.07  -0.07     0.00
  MONTH TO DATE    4.50                      1.40   3.10     5.81
  SINCE MAR 1      7.08                      2.99   4.09     5.85
  SINCE JAN 1      9.65                      4.25   5.40     6.44

SNOWFALL (IN)
  YESTERDAY        0.0           1.0  1947   0.0    0.0      0.0
  MONTH TO DATE    0.0                       1.1   -1.1      0.0
  SINCE MAR 1      0.0                       6.0   -6.0      0.4
  SINCE JUL 1      5.0                      21.1  -16.1     10.4
  SNOW DEPTH       0

DEGREE DAYS
 HEATING
  YESTERDAY        0                         9     -9        0
  MONTH TO DATE  197                       303   -106      235
  SINCE MAR 1    681                       943   -262      741
  SINCE JUL 1   3915                      4790   -875     4103

 COOLING
  YESTERDAY        1                         1      0        2
  MONTH TO DATE   32                         9     23        7
  SINCE MAR 1     41                        10     31        9
  SINCE JAN 1     41                        10     31       11
..................................................................


WIND (MPH)
  HIGHEST WIND SPEED    35   HIGHEST WIND DIRECTION     S (190)
  HIGHEST GUST SPEED    42   HIGHEST GUST DIRECTION     S (190)
  AVERAGE WIND SPEED    15.7


SKY COVER
  POSSIBLE SUNSHINE  MM
  AVERAGE SKY COVER 0.0


WEATHER CONDITIONS
 THE FOLLOWING WEATHER WAS RECORDED YESTERDAY.
  NO SIGNIFICANT WEATHER WAS OBSERVED.


RELATIVE HUMIDITY (PERCENT)
 HIGHEST    69          1100 PM
 LOWEST     22           500 PM
 AVERAGE    46

..........................................................


THE DODGE CITY KS CLIMATE NORMALS FOR TODAY
                         NORMAL    RECORD    YEAR
 MAXIMUM TEMPERATURE (F)   71        90      1989
 MINIMUM TEMPERATURE (F)   44        30      2006
                                             1950
                                             1918


SUNRISE AND SUNSET
APRIL 25 2017.........SUNRISE   651 AM CDT   SUNSET   825 PM CDT
APRIL 26 2017.........SUNRISE   650 AM CDT   SUNSET   826 PM CDT


-  INDICATES NEGATIVE NUMBERS.
R  INDICATES RECORD WAS SET OR TIED.
MM INDICATES DATA IS MISSING.
T  INDICATES TRACE AMOUNT.




$$
