000
CDUS43 KDDC 192326
CLIDGC


CLIMATE REPORT
NATIONAL WEATHER SERVICE DODGE CITY KS
525 PM CST THU JAN 19 2017


...................................

...THE DODGE CITY KS CLIMATE SUMMARY FOR JANUARY 19 2017...
VALID TODAY AS OF 0500 PM LOCAL TIME.

CLIMATE NORMAL PERIOD 1981 TO 2010
CLIMATE RECORD PERIOD 1875 TO 2017


WEATHER ITEM   OBSERVED TIME   RECORD YEAR NORMAL DEPARTURE LAST
                VALUE   (LST)  VALUE       VALUE  FROM      YEAR
                                                  NORMAL
..................................................................
TEMPERATURE (F)
 TODAY
  MAXIMUM         45    459 PM  75    1986  44      1       32
  MINIMUM         42   1128 AM -20    1883  20     22       20
  AVERAGE         44                        32     12       26

PRECIPITATION (IN)
  TODAY            0.00          1.30 1990   0.02  -0.02      T
  MONTH TO DATE    2.51                      0.34   2.17     0.28
  SINCE DEC 1      3.13                      1.18   1.95     2.71
  SINCE JAN 1      2.51                      0.34   2.17     0.28

SNOWFALL (IN)
  TODAY            0.0          11.3  1990   0.2   -0.2       T
  MONTH TO DATE    2.7                       2.8   -0.1      0.7
  SINCE DEC 1      5.0                       6.9   -1.9      8.8
  SINCE JUL 1      5.0                       9.1   -4.1      9.9
  SNOW DEPTH       0

DEGREE DAYS
 HEATING
  TODAY           21                        33    -12       39
  MONTH TO DATE  662                       627     35      626
  SINCE DEC 1   1739                      1627    112     1503
  SINCE JUL 1   2335                      2641   -306     2333

 COOLING
  TODAY            0                         0      0        0
  MONTH TO DATE    0                         0      0        0
  SINCE DEC 1      0                         0      0        0
  SINCE JAN 1      0                         0      0        0
..................................................................


WIND (MPH)
  HIGHEST WIND SPEED    20   HIGHEST WIND DIRECTION     S (170)
  HIGHEST GUST SPEED    23   HIGHEST GUST DIRECTION     S (160)
  AVERAGE WIND SPEED    10.4


SKY COVER
  POSSIBLE SUNSHINE  MM
  AVERAGE SKY COVER 1.0


WEATHER CONDITIONS
 THE FOLLOWING WEATHER WAS RECORDED TODAY.
  FOG


RELATIVE HUMIDITY (PERCENT)
 HIGHEST    96           700 AM
 LOWEST     76           200 PM
 AVERAGE    86

..........................................................


THE DODGE CITY KS CLIMATE NORMALS FOR TOMORROW
                         NORMAL    RECORD    YEAR
 MAXIMUM TEMPERATURE (F)   44        77      1986
 MINIMUM TEMPERATURE (F)   20       -17      1883


SUNRISE AND SUNSET
JANUARY 19 2017.......SUNRISE   752 AM CST   SUNSET   549 PM CST
JANUARY 20 2017.......SUNRISE   752 AM CST   SUNSET   551 PM CST


-  INDICATES NEGATIVE NUMBERS.
R  INDICATES RECORD WAS SET OR TIED.
MM INDICATES DATA IS MISSING.
T  INDICATES TRACE AMOUNT.




$$
