000
CDUS43 KDDC 080710
CLIDGC


CLIMATE REPORT
NATIONAL WEATHER SERVICE DODGE CITY KS
106 AM CST MON FEB 8 2016


...................................

...THE DODGE CITY KS CLIMATE SUMMARY FOR FEBRUARY 7 2016...

CLIMATE NORMAL PERIOD 1981 TO 2010
CLIMATE RECORD PERIOD 1875 TO 2016


WEATHER ITEM   OBSERVED TIME   RECORD YEAR NORMAL DEPARTURE LAST
                VALUE   (LST)  VALUE       VALUE  FROM      YEAR
                                                  NORMAL
..................................................................
TEMPERATURE (F)
 YESTERDAY
  MAXIMUM         48    133 PM  79    2015  46      2       79
  MINIMUM         26    559 AM -14    1895  22      4       32
  AVERAGE         37                        34      3       56

PRECIPITATION (IN)
  YESTERDAY        0.00          0.62 1897   0.02  -0.02     0.00
  MONTH TO DATE    0.31                      0.15   0.16     0.03
  SINCE DEC 1      3.02                      1.57   1.45     1.69
  SINCE JAN 1      0.59                      0.73  -0.14     0.69

SNOWFALL (IN)
  YESTERDAY        0.0           5.8  1980   0.2   -0.2      0.0
  MONTH TO DATE    0.1                       1.1   -1.0       T
  SINCE DEC 1      8.9                      10.1   -1.2      8.3
  SINCE JUL 1     10.0                      12.3   -2.3     10.5
  SNOW DEPTH       0

DEGREE DAYS
 HEATING
  YESTERDAY       28                        31     -3        9
  MONTH TO DATE  232                       220     12      198
  SINCE DEC 1   2079                      2238   -159     2085
  SINCE JUL 1   2909                      3252   -343     3083

 COOLING
  YESTERDAY        0                         0      0        0
  MONTH TO DATE    0                         0      0        0
  SINCE DEC 1      0                         0      0        0
  SINCE JAN 1      0                         0      0        0
..................................................................


WIND (MPH)
  HIGHEST WIND SPEED    28   HIGHEST WIND DIRECTION     N (340)
  HIGHEST GUST SPEED    40   HIGHEST GUST DIRECTION    NW (320)
  AVERAGE WIND SPEED    17.1


SKY COVER
  POSSIBLE SUNSHINE  MM
  AVERAGE SKY COVER 0.3


WEATHER CONDITIONS
 THE FOLLOWING WEATHER WAS RECORDED YESTERDAY.
  NO SIGNIFICANT WEATHER WAS OBSERVED.


RELATIVE HUMIDITY (PERCENT)
 HIGHEST    81           600 AM
 LOWEST     23           400 PM
 AVERAGE    52

..........................................................


THE DODGE CITY KS CLIMATE NORMALS FOR TODAY
                         NORMAL    RECORD    YEAR
 MAXIMUM TEMPERATURE (F)   47        78      1943
 MINIMUM TEMPERATURE (F)   22       -17      1933


SUNRISE AND SUNSET
FEBRUARY  8 2016......SUNRISE   738 AM CST   SUNSET   611 PM CST
FEBRUARY  9 2016......SUNRISE   737 AM CST   SUNSET   612 PM CST


-  INDICATES NEGATIVE NUMBERS.
R  INDICATES RECORD WAS SET OR TIED.
MM INDICATES DATA IS MISSING.
T  INDICATES TRACE AMOUNT.




$$
