320
CDUS43 KDDC 270708
CLIDGC


CLIMATE REPORT
NATIONAL WEATHER SERVICE DODGE CITY KS
208 AM CDT TUE SEP 27 2016


...................................

...THE DODGE CITY KS CLIMATE SUMMARY FOR SEPTEMBER 26 2016...

CLIMATE NORMAL PERIOD 1981 TO 2010
CLIMATE RECORD PERIOD 1875 TO 2016


WEATHER ITEM   OBSERVED TIME   RECORD YEAR NORMAL DEPARTURE LAST
                VALUE   (LST)  VALUE       VALUE  FROM      YEAR
                                                  NORMAL
..................................................................
TEMPERATURE (F)
 YESTERDAY
  MAXIMUM         79    432 PM  98    1904  78      1       80
  MINIMUM         39    644 AM  31    1942  51    -12       60
  AVERAGE         59                        65     -6       70

PRECIPITATION (IN)
  YESTERDAY        0.00          2.23 1891   0.05  -0.05     0.00
  MONTH TO DATE    0.31                      1.49  -1.18     0.88
  SINCE SEP 1      0.31                      1.49  -1.18     0.88
  SINCE JAN 1     22.32                     18.08   4.24    20.57

SNOWFALL (IN)
  YESTERDAY        0.0           0.0  2002   0.0    0.0      0.0
                                      2001
  MONTH TO DATE    0.0                       0.0    0.0      0.0
  SINCE SEP 1      0.0                       0.0    0.0      0.0
  SINCE JUL 1      0.0                       0.0    0.0      0.0
  SNOW DEPTH       0

DEGREE DAYS
 HEATING
  YESTERDAY        6                         4      2        0
  MONTH TO DATE   15                        43    -28        6
  SINCE SEP 1     15                        43    -28        6
  SINCE JUL 1     15                        47    -32        8

 COOLING
  YESTERDAY        0                         4     -4        5
  MONTH TO DATE  235                       175     60      278
  SINCE SEP 1    235                       175     60      278
  SINCE JAN 1   1489                      1421     68     1476
..................................................................


WIND (MPH)
  HIGHEST WIND SPEED    10   HIGHEST WIND DIRECTION    SW (220)
  HIGHEST GUST SPEED    14   HIGHEST GUST DIRECTION    SW (240)
  AVERAGE WIND SPEED     5.3


SKY COVER
  POSSIBLE SUNSHINE  MM
  AVERAGE SKY COVER 0.0


WEATHER CONDITIONS
 THE FOLLOWING WEATHER WAS RECORDED YESTERDAY.
  NO SIGNIFICANT WEATHER WAS OBSERVED.


RELATIVE HUMIDITY (PERCENT)
 HIGHEST    79           600 AM
 LOWEST     17           400 PM
 AVERAGE    48

..........................................................


THE DODGE CITY KS CLIMATE NORMALS FOR TODAY
                         NORMAL    RECORD    YEAR
 MAXIMUM TEMPERATURE (F)   77        96      1998
 MINIMUM TEMPERATURE (F)   51        36      1927
                                             1902


SUNRISE AND SUNSET
SEPTEMBER 27 2016.....SUNRISE   732 AM CDT   SUNSET   728 PM CDT
SEPTEMBER 28 2016.....SUNRISE   733 AM CDT   SUNSET   727 PM CDT


-  INDICATES NEGATIVE NUMBERS.
R  INDICATES RECORD WAS SET OR TIED.
MM INDICATES DATA IS MISSING.
T  INDICATES TRACE AMOUNT.




$$
