000
CDUS45 KCYS 230732
CLIDGW


CLIMATE REPORT
NATIONAL WEATHER SERVICE CHEYENNE WY
130 AM MDT SAT MAY 23 2015


...................................

...THE DOUGLAS WY AIRPORT CLIMATE SUMMARY FOR MAY 22 2015...

CLIMATE NORMAL PERIOD 1981 TO 2010
CLIMATE RECORD PERIOD 1998 TO 2015


WEATHER ITEM   OBSERVED TIME   RECORD YEAR NORMAL DEPARTURE LAST
                VALUE   (LST)  VALUE       VALUE  FROM      YEAR
                                                  NORMAL
..................................................................
TEMPERATURE (F)
 YESTERDAY
  MAXIMUM         52    453 PM  90    2012  70    -18       68
  MINIMUM         45   1159 PM  36    2013  40      5       45
                                      2004
  AVERAGE         49                        55     -6       57

PRECIPITATION (IN)
  YESTERDAY        0.03          2.52 2008   0.09  -0.06     0.00
  MONTH TO DATE    1.50                      1.77  -0.27     1.93
  SINCE JAN 1      6.13                      4.92   1.21     5.48

DEGREE DAYS
 HEATING
  YESTERDAY       16                        10      6        8
  MONTH TO DATE  374                       297     77      320
  SINCE MAR 1   1736                      1854   -118     1849
  SINCE JUL 1   6739                      7254   -515     7439

 COOLING
  YESTERDAY        0                         0      0        0
  MONTH TO DATE    0                         0      0        0
  SINCE MAR 1      1                         0      1        0
  SINCE JAN 1      1                         0      1        0
..................................................................


WIND (MPH)
  HIGHEST WIND SPEED    23   HIGHEST WIND DIRECTION    SE (140)
  HIGHEST GUST SPEED    28   HIGHEST GUST DIRECTION    SE (130)
  AVERAGE WIND SPEED    17.4


SKY COVER
  AVERAGE SKY COVER 1.0


WEATHER CONDITIONS
 THE FOLLOWING WEATHER WAS RECORDED YESTERDAY.
  LIGHT RAIN
  FOG


RELATIVE HUMIDITY (PERCENT)
 HIGHEST   100          1100 PM
 LOWEST     71           400 PM
 AVERAGE    86

..........................................................


THE DOUGLAS WY AIRPORT CLIMATE NORMALS FOR TODAY
                         NORMAL    RECORD    YEAR
 MAXIMUM TEMPERATURE (F)   70        85      2003
 MINIMUM TEMPERATURE (F)   41        31      2007


SUNRISE AND SUNSET
MAY 23 2015...........SUNRISE   532 AM MDT   SUNSET   825 PM MDT
MAY 24 2015...........SUNRISE   531 AM MDT   SUNSET   826 PM MDT


-  INDICATES NEGATIVE NUMBERS.
R  INDICATES RECORD WAS SET OR TIED.
MM INDICATES DATA IS MISSING.
T  INDICATES TRACE AMOUNT.




$$
