000
CDUS45 KCYS 300727
CLIDGW


CLIMATE REPORT
NATIONAL WEATHER SERVICE CHEYENNE WY
127 AM MDT SUN AUG 30 2015


...................................

...THE DOUGLAS WY AIRPORT CLIMATE SUMMARY FOR AUGUST 29 2015...

CLIMATE NORMAL PERIOD 1981 TO 2010
CLIMATE RECORD PERIOD 1998 TO 2015


WEATHER ITEM   OBSERVED TIME   RECORD YEAR NORMAL DEPARTURE LAST
                VALUE   (LST)  VALUE       VALUE  FROM      YEAR
                                                  NORMAL
..................................................................
TEMPERATURE (F)
 YESTERDAY
  MAXIMUM         94    344 PM 100    2012  84     10       81
  MINIMUM         47    537 AM  43    2009  49     -2       49
                                      2004
  AVERAGE         71                        66      5       65

PRECIPITATION (IN)
  YESTERDAY        0.00          0.11 2011   0.04  -0.04     0.04
  MONTH TO DATE    0.51                      1.05  -0.54     1.45
  SINCE JAN 1     11.86                      9.96   1.90    10.43

DEGREE DAYS
 HEATING
  YESTERDAY        0                         2     -2        0
  MONTH TO DATE   35                        23     12       18
  SINCE JUN 1     70                       148    -78      175
  SINCE JUL 1     48                        38     10       32

 COOLING
  YESTERDAY        6                         3      3        0
  MONTH TO DATE  172                       169      3      133
  SINCE JUN 1    410                       445    -35      366
  SINCE JAN 1    411                       451    -40      371
..................................................................


WIND (MPH)
  HIGHEST WIND SPEED    17   HIGHEST WIND DIRECTION    SE (130)
  HIGHEST GUST SPEED    21   HIGHEST GUST DIRECTION    SE (130)
  AVERAGE WIND SPEED     5.6


SKY COVER
  AVERAGE SKY COVER 0.0


WEATHER CONDITIONS
 THE FOLLOWING WEATHER WAS RECORDED YESTERDAY.
  HAZE


RELATIVE HUMIDITY (PERCENT)
 HIGHEST    66           500 AM
 LOWEST     10          1200 PM
 AVERAGE    38

..........................................................


THE DOUGLAS WY AIRPORT CLIMATE NORMALS FOR TODAY
                         NORMAL    RECORD    YEAR
 MAXIMUM TEMPERATURE (F)   83        98      2005
 MINIMUM TEMPERATURE (F)   49        43      2004


SUNRISE AND SUNSET
AUGUST 30 2015........SUNRISE   624 AM MDT   SUNSET   740 PM MDT
AUGUST 31 2015........SUNRISE   625 AM MDT   SUNSET   738 PM MDT


-  INDICATES NEGATIVE NUMBERS.
R  INDICATES RECORD WAS SET OR TIED.
MM INDICATES DATA IS MISSING.
T  INDICATES TRACE AMOUNT.




$$
