000
CDUS45 KCYS 220740
CLIDGW


CLIMATE REPORT
NATIONAL WEATHER SERVICE CHEYENNE WY
1240 AM MST SAT NOV 22 2014


...................................

...THE DOUGLAS WY AIRPORT CLIMATE SUMMARY FOR NOVEMBER 21 2014...

CLIMATE NORMAL PERIOD 1981 TO 2010
CLIMATE RECORD PERIOD 1998 TO 2014


WEATHER ITEM   OBSERVED TIME   RECORD YEAR NORMAL DEPARTURE LAST
                VALUE   (LST)  VALUE       VALUE  FROM      YEAR
                                                  NORMAL
..................................................................
TEMPERATURE (F)
 YESTERDAY
  MAXIMUM         MM        MM  63    2012  44     MM       16
                                      2006
  MINIMUM         22   1206 AM  -5    2013  17      5       -5
  AVERAGE         MM                        30     MM        6

PRECIPITATION (IN)
  YESTERDAY        0.00          0.10 2010   0.02  -0.02     0.08
  MONTH TO DATE    0.14                      0.49  -0.35     0.22
  SINCE JAN 1     12.14                     12.83  -0.69     9.48

DEGREE DAYS
 HEATING
  YESTERDAY       MM                        35     MM       59
  MONTH TO DATE  747                       625    122      597
  SINCE SEP 1   1368                      1451    -83     1415
  SINCE JUL 1   1405                      1492    -87     1415

 COOLING
  YESTERDAY       MM                         0     MM        0
  MONTH TO DATE    0                         0      0        0
  SINCE SEP 1     24                        28     -4       88
  SINCE JAN 1    401                       486    -85      739
..................................................................


WIND (MPH)
  HIGHEST WIND SPEED    25   HIGHEST WIND DIRECTION     W (290)
  HIGHEST GUST SPEED    32   HIGHEST GUST DIRECTION     W (280)
  AVERAGE WIND SPEED     7.7


SKY COVER
  AVERAGE SKY COVER 0.0


WEATHER CONDITIONS
 THE FOLLOWING WEATHER WAS RECORDED YESTERDAY.
  LIGHT RAIN


RELATIVE HUMIDITY (PERCENT)
 HIGHEST    92          1200 AM
 LOWEST     20           400 PM
 AVERAGE    56

..........................................................


THE DOUGLAS WY AIRPORT CLIMATE NORMALS FOR TODAY
                         NORMAL    RECORD    YEAR
 MAXIMUM TEMPERATURE (F)   43        65      2006
 MINIMUM TEMPERATURE (F)   17       -12      2013


SUNRISE AND SUNSET
NOVEMBER 22 2014......SUNRISE   702 AM MST   SUNSET   433 PM MST
NOVEMBER 23 2014......SUNRISE   703 AM MST   SUNSET   432 PM MST


-  INDICATES NEGATIVE NUMBERS.
R  INDICATES RECORD WAS SET OR TIED.
MM INDICATES DATA IS MISSING.
T  INDICATES TRACE AMOUNT.




$$
