000
CDUS44 KTAE 040620
CLIDHN


CLIMATE REPORT
NATIONAL WEATHER SERVICE TALLAHASSEE FL
218 AM EDT FRI SEP 4 2015

...................................

...THE DOTHAN CLIMATE SUMMARY FOR SEPTEMBER 3 2015...

CLIMATE NORMAL PERIOD 1981 TO 2010
CLIMATE RECORD PERIOD 1965 TO 2015


WEATHER ITEM   OBSERVED TIME   NORMAL DEPARTURE LAST
                VALUE   (LST)  VALUE  FROM      YEAR
                                      NORMAL
......................................................
TEMPERATURE (F)
 YESTERDAY
  MAXIMUM         92    254 PM  90      2       90
  MINIMUM         73   1159 PM  69      4       71
  AVERAGE         83            79      4       81

PRECIPITATION (IN)
  YESTERDAY        0.12          0.16  -0.04     1.27
  MONTH TO DATE    0.12          0.46  -0.34     1.28
  SINCE SEP 1      0.12          0.46  -0.34     1.28
  SINCE JAN 1     36.79         38.85  -2.06    41.22

SNOWFALL (IN)
  YESTERDAY        0.0

DEGREE DAYS
 HEATING
  YESTERDAY        0             0      0        0
  MONTH TO DATE    0             0      0        0
  SINCE SEP 1      0             0      0        0
  SINCE JUL 1      0             0      0        0

 COOLING
  YESTERDAY       18            14      4       16
  MONTH TO DATE   52            44      8       55
  SINCE SEP 1     52            44      8       55
  SINCE JAN 1   2268          1924    344     1940
......................................................


WIND (MPH)
  HIGHEST WIND SPEED     8   HIGHEST WIND DIRECTION     N (340)
  HIGHEST GUST SPEED    MM   HIGHEST GUST DIRECTION    MM
  AVERAGE WIND SPEED     3.3



-  INDICATES NEGATIVE NUMBERS.
R  INDICATES RECORD WAS SET OR TIED.
MM INDICATES DATA IS MISSING.
T  INDICATES TRACE AMOUNT.

$$
