000
CDUS44 KTAE 300653
CLIDHN


CLIMATE REPORT
NATIONAL WEATHER SERVICE TALLAHASSEE FL
249 AM EDT THU OCT 30 2014


...................................

...THE DOTHAN CLIMATE SUMMARY FOR OCTOBER 29 2014...

CLIMATE NORMAL PERIOD 1981 TO 2010
CLIMATE RECORD PERIOD 1965 TO 2014


WEATHER ITEM   OBSERVED TIME   NORMAL DEPARTURE LAST
                VALUE   (LST)  VALUE  FROM      YEAR
                                      NORMAL
......................................................
TEMPERATURE (F)
 YESTERDAY
  MAXIMUM         83   1204 PM  76      7       80
  MINIMUM         63   1159 PM  51     12       51
  AVERAGE         73            64      9       66

PRECIPITATION (IN)
  YESTERDAY        T             0.12  -0.12     0.00
  MONTH TO DATE    5.80          3.17   2.63     0.48
  SINCE SEP 1      8.44          6.76   1.68     8.85
  SINCE JAN 1     48.38         45.15   3.23    66.69

SNOWFALL (IN)
  YESTERDAY        0.0

DEGREE DAYS
 HEATING
  YESTERDAY        0             4     -4        0
  MONTH TO DATE   32            48    -16       41
  SINCE SEP 1     32            50    -18       41
  SINCE JUL 1     32            50    -18       41

 COOLING
  YESTERDAY        8             3      5        1
  MONTH TO DATE  136           131      5      141
  SINCE SEP 1    523           479     44      525
  SINCE JAN 1   2408          2359     49     2279
......................................................


WIND (MPH)
  HIGHEST WIND SPEED    15   HIGHEST WIND DIRECTION     N (10)
  HIGHEST GUST SPEED    21   HIGHEST GUST DIRECTION    SW (230)
  AVERAGE WIND SPEED     5.9








-  INDICATES NEGATIVE NUMBERS.
R  INDICATES RECORD WAS SET OR TIED.
MM INDICATES DATA IS MISSING.
T  INDICATES TRACE AMOUNT.




$$
