000
CDUS44 KTAE 280704
CLIDHN


CLIMATE REPORT
NATIONAL WEATHER SERVICE TALLAHASSEE FL
302 AM EDT SAT MAR 28 2015


...................................

...THE DOTHAN CLIMATE SUMMARY FOR MARCH 27 2015...

CLIMATE NORMAL PERIOD 1981 TO 2010
CLIMATE RECORD PERIOD 1965 TO 2015


WEATHER ITEM   OBSERVED TIME   NORMAL DEPARTURE LAST
                VALUE   (LST)  VALUE  FROM      YEAR
                                      NORMAL
......................................................
TEMPERATURE (F)
 YESTERDAY
  MAXIMUM         65    343 PM  73     -8       71
  MINIMUM         46   1147 PM  49     -3       41
  AVERAGE         56            61     -5       56

PRECIPITATION (IN)
  YESTERDAY        T             0.24  -0.24     0.00
  MONTH TO DATE    4.31          4.90  -0.59     2.70
  SINCE MAR 1      4.31          4.90  -0.59     2.70
  SINCE JAN 1     10.98         14.30  -3.32    10.43

SNOWFALL (IN)
  YESTERDAY       MM

DEGREE DAYS
 HEATING
  YESTERDAY        9             5      4        9
  MONTH TO DATE  104           192    -88      245
  SINCE MAR 1    104           192    -88      245
  SINCE JUL 1   1791          1751     40     1910

 COOLING
  YESTERDAY        0             1     -1        0
  MONTH TO DATE   74            26     48        2
  SINCE MAR 1     74            26     48        2
  SINCE JAN 1     78            36     42       11
......................................................


WIND (MPH)
  HIGHEST WIND SPEED    28   HIGHEST WIND DIRECTION    NW (300)
  HIGHEST GUST SPEED    39   HIGHEST GUST DIRECTION    NW (300)
  AVERAGE WIND SPEED    13.8








-  INDICATES NEGATIVE NUMBERS.
R  INDICATES RECORD WAS SET OR TIED.
MM INDICATES DATA IS MISSING.
T  INDICATES TRACE AMOUNT.




$$
