000
CDUS44 KTAE 310632
CLIDHN


CLIMATE REPORT
NATIONAL WEATHER SERVICE TALLAHASSEE FL
231 AM EDT FRI JUL 31 2015


...................................

...THE DOTHAN CLIMATE SUMMARY FOR JULY 30 2015...

CLIMATE NORMAL PERIOD 1981 TO 2010
CLIMATE RECORD PERIOD 1965 TO 2015


WEATHER ITEM   OBSERVED TIME   NORMAL DEPARTURE LAST
                VALUE   (LST)  VALUE  FROM      YEAR
                                      NORMAL
......................................................
TEMPERATURE (F)
 YESTERDAY
  MAXIMUM         98    210 PM  92      6       85
  MINIMUM         76    527 AM  72      4       63
  AVERAGE         87            82      5       74

PRECIPITATION (IN)
  YESTERDAY        0.02          0.20  -0.18     0.00
  MONTH TO DATE    4.10          5.76  -1.66     5.21
  SINCE JUN 1      7.30         11.36  -4.06     7.69
  SINCE JAN 1     31.55         33.72  -2.17    37.76

SNOWFALL (IN)
  YESTERDAY        0.0

DEGREE DAYS
 COOLING
  YESTERDAY       22            17      5        9
  MONTH TO DATE  565           509     56      485
  SINCE JUN 1   1038           953     85      959
  SINCE JAN 1   1626          1366    260     1344
......................................................


WIND (MPH)
  HIGHEST WIND SPEED    17   HIGHEST WIND DIRECTION     S (200)
  HIGHEST GUST SPEED    23   HIGHEST GUST DIRECTION     S (160)
  AVERAGE WIND SPEED     5.1








-  INDICATES NEGATIVE NUMBERS.
R  INDICATES RECORD WAS SET OR TIED.
MM INDICATES DATA IS MISSING.
T  INDICATES TRACE AMOUNT.




$$
