000
CDUS44 KTAE 270642
CLIDHN


CLIMATE REPORT
NATIONAL WEATHER SERVICE TALLAHASSEE FL
142 AM EST THU NOV 27 2014


...................................

...THE DOTHAN CLIMATE SUMMARY FOR NOVEMBER 26 2014...

CLIMATE NORMAL PERIOD 1981 TO 2010
CLIMATE RECORD PERIOD 1965 TO 2014


WEATHER ITEM   OBSERVED TIME   NORMAL DEPARTURE LAST
                VALUE   (LST)  VALUE  FROM      YEAR
                                      NORMAL
......................................................
TEMPERATURE (F)
 YESTERDAY
  MAXIMUM         61    316 PM  68     -7       70
  MINIMUM         40    633 AM  44     -4       47
  AVERAGE         51            56     -5       59

PRECIPITATION (IN)
  YESTERDAY        0.02          0.17  -0.15     1.66
  MONTH TO DATE    1.61          3.48  -1.87     2.42
  SINCE SEP 1     10.05         10.48  -0.43    11.41
  SINCE JAN 1     49.99         48.87   1.12    69.25

SNOWFALL (IN)
  YESTERDAY       MM

DEGREE DAYS
 HEATING
  YESTERDAY       14            10      4        6
  MONTH TO DATE  313           177    136      173
  SINCE SEP 1    356           236    120      214
  SINCE JUL 1    356           236    120      214
......................................................


WIND (MPH)
  HIGHEST WIND SPEED    17   HIGHEST WIND DIRECTION    NW (320)
  HIGHEST GUST SPEED    21   HIGHEST GUST DIRECTION     W (290)
  AVERAGE WIND SPEED     9.0








-  INDICATES NEGATIVE NUMBERS.
R  INDICATES RECORD WAS SET OR TIED.
MM INDICATES DATA IS MISSING.
T  INDICATES TRACE AMOUNT.




$$
