000
CDUS44 KTAE 210638
CLIDHN


CLIMATE REPORT
NATIONAL WEATHER SERVICE TALLAHASSEE FL
238 AM EDT THU AUG 21 2014


...................................

...THE DOTHAN CLIMATE SUMMARY FOR AUGUST 20 2014...

CLIMATE NORMAL PERIOD 1981 TO 2010
CLIMATE RECORD PERIOD 1965 TO 2014


WEATHER ITEM   OBSERVED TIME   NORMAL DEPARTURE LAST
                VALUE   (LST)  VALUE  FROM      YEAR
                                      NORMAL
......................................................
TEMPERATURE (F)
 YESTERDAY
  MAXIMUM         93    243 PM  91      2       84
  MINIMUM         72    207 AM  71      1       71
  AVERAGE         83            81      2       78

PRECIPITATION (IN)
  YESTERDAY        T             0.15  -0.15     0.22
  MONTH TO DATE    2.17          3.00  -0.83     7.24
  SINCE JUN 1      9.86         14.55  -4.69    29.40
  SINCE JAN 1     39.93         36.91   3.02    56.70

SNOWFALL (IN)
  YESTERDAY        0.0

DEGREE DAYS
 COOLING
  YESTERDAY       18            16      2       13
  MONTH TO DATE  338           330      8      321
  SINCE JUN 1   1307          1298      9     1228
  SINCE JAN 1   1692          1711    -19     1600
......................................................


WIND (MPH)
  HIGHEST WIND SPEED    23   HIGHEST WIND DIRECTION    SW (230)
  HIGHEST GUST SPEED    30   HIGHEST GUST DIRECTION    SW (220)
  AVERAGE WIND SPEED     5.2








-  INDICATES NEGATIVE NUMBERS.
R  INDICATES RECORD WAS SET OR TIED.
MM INDICATES DATA IS MISSING.
T  INDICATES TRACE AMOUNT.




$$
