000
CDUS44 KAMA 302137
CLIDHT


CLIMATE REPORT
NATIONAL WEATHER SERVICE AMARILLO TX
436 PM CDT THU MAR 30 2017


...................................

...THE DALHART CLIMATE SUMMARY FOR MARCH 30 2017...
VALID TODAY AS OF 0400 PM LOCAL TIME.

CLIMATE NORMAL PERIOD 1981 TO 2010
CLIMATE RECORD PERIOD 1948 TO 2017


WEATHER ITEM   OBSERVED TIME   RECORD YEAR NORMAL DEPARTURE LAST
                VALUE   (LST)  VALUE       VALUE  FROM      YEAR
                                                  NORMAL
..................................................................
TEMPERATURE (F)
 TODAY
  MAXIMUM         69    254 PM  87    2010  65      4       69
  MINIMUM         36    552 AM   9    1987  33      3       40
  AVERAGE         53                        49      4       55

PRECIPITATION (IN)
  TODAY            0.00          1.28 1993   0.05  -0.05     0.00
  MONTH TO DATE    1.29                      1.13   0.16     0.30
  SINCE MAR 1      1.29                      1.13   0.16     0.30
  SINCE JAN 1      2.37                      2.05   0.32     0.68

SNOWFALL (IN)
  TODAY            0.0           3.4  1973   0.2   -0.2      0.0
  MONTH TO DATE    0.0                       4.1   -4.1      6.0
  SINCE MAR 1      0.0                       4.1   -4.1      6.0
  SINCE JUL 1      1.3                      17.6  -16.3     12.7
  SNOW DEPTH       0

DEGREE DAYS
 HEATING
  TODAY           12                        16     -4       10
  MONTH TO DATE  397                       596   -199      451
  SINCE MAR 1    397                       596   -199      451
  SINCE JUL 1   3214                      4239  -1025     3396

 COOLING
  TODAY            0                         0      0        0
  MONTH TO DATE    6                         0      6        0
  SINCE MAR 1      6                         0      6        0
  SINCE JAN 1      6                         0      6        0
..................................................................


WIND (MPH)
  RESULTANT WIND SPEED   5   RESULTANT WIND DIRECTION   W (260)
  HIGHEST WIND SPEED    16   HIGHEST WIND DIRECTION     S (160)
  HIGHEST GUST SPEED    21   HIGHEST GUST DIRECTION    SE (150)
  AVERAGE WIND SPEED     8.9


SKY COVER
  AVERAGE SKY COVER 0.0


WEATHER CONDITIONS
 THE FOLLOWING WEATHER WAS RECORDED TODAY.
  NO SIGNIFICANT WEATHER WAS OBSERVED.


RELATIVE HUMIDITY (PERCENT)
 HIGHEST    92          1200 AM
 LOWEST     31           300 PM
 AVERAGE    62

..........................................................


THE DALHART CLIMATE NORMALS FOR TOMORROW
                         NORMAL    RECORD    YEAR
 MAXIMUM TEMPERATURE (F)   66        87      2012
                                             2010
 MINIMUM TEMPERATURE (F)   33        20      2009


SUNRISE AND SUNSET
MARCH 30 2017.........SUNRISE   739 AM CDT   SUNSET   811 PM CDT
MARCH 31 2017.........SUNRISE   738 AM CDT   SUNSET   812 PM CDT


-  INDICATES NEGATIVE NUMBERS.
R  INDICATES RECORD WAS SET OR TIED.
MM INDICATES DATA IS MISSING.
T  INDICATES TRACE AMOUNT.




$$
