000
CDUS44 KAMA 250641
CLIDHT


CLIMATE REPORT
NATIONAL WEATHER SERVICE AMARILLO TX
140 AM CDT SAT OCT 25 2014


...................................

...THE DALHART CLIMATE SUMMARY FOR OCTOBER 24 2014...

CLIMATE NORMAL PERIOD 1981 TO 2010
CLIMATE RECORD PERIOD 1894 TO 2014


WEATHER ITEM   OBSERVED TIME   RECORD YEAR NORMAL DEPARTURE LAST
                VALUE   (LST)  VALUE       VALUE  FROM      YEAR
                                                  NORMAL
..................................................................
TEMPERATURE (F)
 YESTERDAY
  MAXIMUM         87R   237 PM  85    2012  69     18       63
  MINIMUM         47    500 AM  23    1980  38      9       38
  AVERAGE         67                        53     14       51

PRECIPITATION (IN)
  YESTERDAY        0.00          0.49 2002   0.04  -0.04     0.00
  MONTH TO DATE    1.01                      1.16  -0.15      T
  SINCE SEP 1      2.56                      2.81  -0.25     1.64
  SINCE JAN 1     11.20                     16.16  -4.96     6.66

SNOWFALL (IN)
  YESTERDAY        0.0           0.0    MM   0.0    0.0      0.0
  MONTH TO DATE    0.0                       0.3   -0.3       T
  SINCE SEP 1      0.0                       0.3   -0.3       T
  SINCE JUL 1      0.0                       0.3   -0.3       T
  SNOW DEPTH       0

DEGREE DAYS
 HEATING
  YESTERDAY        0                        12    -12       14
  MONTH TO DATE  109                       203    -94      216
  SINCE SEP 1    130                       263   -133      230
  SINCE JUL 1    130                       266   -136      230

 COOLING
  YESTERDAY        2                         0      2        0
  MONTH TO DATE   15                         8      7       13
  SINCE SEP 1    192                       140     52      223
  SINCE JAN 1   1407                      1136    271     1576
..................................................................


WIND (MPH)
  RESULTANT WIND SPEED   4   RESULTANT WIND DIRECTION  SW (230)
  HIGHEST WIND SPEED    15   HIGHEST WIND DIRECTION    SW (210)
  HIGHEST GUST SPEED    19   HIGHEST GUST DIRECTION     S (180)
  AVERAGE WIND SPEED     7.0


SKY COVER
  AVERAGE SKY COVER 0.0


WEATHER CONDITIONS
 THE FOLLOWING WEATHER WAS RECORDED YESTERDAY.
  NO SIGNIFICANT WEATHER WAS OBSERVED.


RELATIVE HUMIDITY (PERCENT)
 HIGHEST    86           500 AM
 LOWEST     14           500 PM
 AVERAGE    50

..........................................................


THE DALHART CLIMATE NORMALS FOR TODAY
                         NORMAL    RECORD    YEAR
 MAXIMUM TEMPERATURE (F)   68        91      1959
 MINIMUM TEMPERATURE (F)   37        24      1997


SUNRISE AND SUNSET
OCTOBER 25 2014.......SUNRISE   806 AM CDT   SUNSET   702 PM CDT
OCTOBER 26 2014.......SUNRISE   807 AM CDT   SUNSET   701 PM CDT


-  INDICATES NEGATIVE NUMBERS.
R  INDICATES RECORD WAS SET OR TIED.
MM INDICATES DATA IS MISSING.
T  INDICATES TRACE AMOUNT.




$$
