000
CDUS44 KAMA 192247
CLIDHT


CLIMATE REPORT
NATIONAL WEATHER SERVICE AMARILLO TX
446 PM CST SUN NOV 19 2017


...................................

...THE DALHART CLIMATE SUMMARY FOR NOVEMBER 19 2017...
VALID TODAY AS OF 0400 PM LOCAL TIME.

CLIMATE NORMAL PERIOD 1981 TO 2010
CLIMATE RECORD PERIOD 1948 TO 2017


WEATHER ITEM   OBSERVED TIME   RECORD YEAR NORMAL DEPARTURE LAST
                VALUE   (LST)  VALUE       VALUE  FROM      YEAR
                                                  NORMAL
..................................................................
TEMPERATURE (F)
 TODAY
  MAXIMUM         62    258 PM  79    2010  58      4       59
                                      1950
  MINIMUM         21    728 AM   8    1961  27     -6       18
  AVERAGE         42                        42      0       39

PRECIPITATION (IN)
  TODAY            0.00          0.42 1975   0.02  -0.02     0.00
  MONTH TO DATE    0.13                      0.43  -0.30     1.13
  SINCE SEP 1      7.17                      3.55   3.62     4.65
  SINCE JAN 1     24.41                     16.90   7.51    18.84

SNOWFALL (IN)
  TODAY            0.0           0.2  1988   0.0    0.0      0.0
  MONTH TO DATE    2.3                       0.6    1.7      0.0
  SINCE SEP 1      2.3                       1.2    1.1      0.0
  SINCE JUL 1      2.3                       1.2    1.1      0.0
  SNOW DEPTH       0

DEGREE DAYS
 HEATING
  TODAY           23                        23      0       26
  MONTH TO DATE  236                       354   -118      233
  SINCE SEP 1    513                       711   -198      354
  SINCE JUL 1    513                       714   -201      354

 COOLING
  TODAY            0                         0      0        0
  MONTH TO DATE    5                         0      5        0
  SINCE SEP 1    201                       142     59      281
  SINCE JAN 1   1349                      1138    211     1556
..................................................................


WIND (MPH)
  RESULTANT WIND SPEED  11   RESULTANT WIND DIRECTION  SW (220)
  HIGHEST WIND SPEED    24   HIGHEST WIND DIRECTION     S (200)
  HIGHEST GUST SPEED    29   HIGHEST GUST DIRECTION     S (200)
  AVERAGE WIND SPEED    11.1


SKY COVER
  AVERAGE SKY COVER 0.0


WEATHER CONDITIONS
 THE FOLLOWING WEATHER WAS RECORDED TODAY.
  NO SIGNIFICANT WEATHER WAS OBSERVED.


RELATIVE HUMIDITY (PERCENT)
 HIGHEST    77           400 AM
 LOWEST     16           300 PM
 AVERAGE    47

..........................................................


THE DALHART CLIMATE NORMALS FOR TOMORROW
                         NORMAL    RECORD    YEAR
 MAXIMUM TEMPERATURE (F)   57        82      2007
 MINIMUM TEMPERATURE (F)   26        15      1985


SUNRISE AND SUNSET
NOVEMBER 19 2017......SUNRISE   731 AM CST   SUNSET   540 PM CST
NOVEMBER 20 2017......SUNRISE   732 AM CST   SUNSET   539 PM CST


-  INDICATES NEGATIVE NUMBERS.
R  INDICATES RECORD WAS SET OR TIED.
MM INDICATES DATA IS MISSING.
T  INDICATES TRACE AMOUNT.




$$
