000
CDUS44 KAMA 142232
CLIDHT


CLIMATE REPORT
NATIONAL WEATHER SERVICE AMARILLO TX
432 PM CST SUN FEB 14 2016


...................................

...THE DALHART CLIMATE SUMMARY FOR FEBRUARY 14 2016...
VALID TODAY AS OF 0400 PM LOCAL TIME.

CLIMATE NORMAL PERIOD 1981 TO 2010
CLIMATE RECORD PERIOD 1948 TO 2016


WEATHER ITEM   OBSERVED TIME   RECORD YEAR NORMAL DEPARTURE LAST
                VALUE   (LST)  VALUE       VALUE  FROM      YEAR
                                                  NORMAL
..................................................................
TEMPERATURE (F)
 TODAY
  MAXIMUM         57    211 PM  84    1979  53      4       76
  MINIMUM         34    814 AM   6    1978  22     12       28
  AVERAGE         46                        37      9       52

PRECIPITATION (IN)
  TODAY            0.00          0.24 1960   0.02  -0.02     0.00
  MONTH TO DATE    0.03                      0.21  -0.18     0.07
  SINCE DEC 1      0.55                      1.27  -0.72     2.12
  SINCE JAN 1      0.14                      0.73  -0.59     1.79

SNOWFALL (IN)
  TODAY            0.0           2.4  1960   0.1   -0.1      0.0
  MONTH TO DATE    0.5                       1.8   -1.3      0.5
  SINCE DEC 1      3.5                      10.4   -6.9     18.2
  SINCE JUL 1      4.0                      12.3   -8.3     19.7
  SNOW DEPTH       0

DEGREE DAYS
 HEATING
  TODAY           19                        28     -9       13
  MONTH TO DATE  336                       400    -64      246
  SINCE DEC 1   1990                      2287   -297     1981
  SINCE JUL 1   2700                      3282   -582     2834

 COOLING
  TODAY            0                         0      0        0
  MONTH TO DATE    0                         0      0        0
  SINCE DEC 1      0                         0      0        0
  SINCE JAN 1      0                         0      0        0
..................................................................


WIND (MPH)
  RESULTANT WIND SPEED   6   RESULTANT WIND DIRECTION   N (340)
  HIGHEST WIND SPEED    32   HIGHEST WIND DIRECTION     N (360)
  HIGHEST GUST SPEED    39   HIGHEST GUST DIRECTION     N (360)
  AVERAGE WIND SPEED    11.2


SKY COVER
  AVERAGE SKY COVER 0.0


WEATHER CONDITIONS
 THE FOLLOWING WEATHER WAS RECORDED TODAY.
  NO SIGNIFICANT WEATHER WAS OBSERVED.


RELATIVE HUMIDITY (PERCENT)
 HIGHEST    64           800 AM
 LOWEST     21           400 PM
 AVERAGE    43

..........................................................


THE DALHART CLIMATE NORMALS FOR TOMORROW
                         NORMAL    RECORD    YEAR
 MAXIMUM TEMPERATURE (F)   53        76      2014
                                             1971
 MINIMUM TEMPERATURE (F)   23         8      2010


SUNRISE AND SUNSET
FEBRUARY 14 2016......SUNRISE   739 AM CST   SUNSET   630 PM CST
FEBRUARY 15 2016......SUNRISE   738 AM CST   SUNSET   631 PM CST


-  INDICATES NEGATIVE NUMBERS.
R  INDICATES RECORD WAS SET OR TIED.
MM INDICATES DATA IS MISSING.
T  INDICATES TRACE AMOUNT.




$$
