000
CDUS44 KAMA 290637
CLIDHT


CLIMATE REPORT
NATIONAL WEATHER SERVICE AMARILLO TX
137 AM CDT MON MAY 29 2017


...................................

...THE DALHART CLIMATE SUMMARY FOR MAY 28 2017...

CLIMATE NORMAL PERIOD 1981 TO 2010
CLIMATE RECORD PERIOD 1948 TO 2017


WEATHER ITEM   OBSERVED TIME   RECORD YEAR NORMAL DEPARTURE LAST
                VALUE   (LST)  VALUE       VALUE  FROM      YEAR
                                                  NORMAL
..................................................................
TEMPERATURE (F)
 YESTERDAY
  MAXIMUM         78    407 PM 100    1974  82     -4       81
  MINIMUM         51    625 AM  38    1992  53     -2       44
  AVERAGE         65                        67     -2       63

PRECIPITATION (IN)
  YESTERDAY        0.00          2.14 1991   0.08  -0.08     0.00
  MONTH TO DATE    1.30                      1.98  -0.68     2.35
  SINCE MAR 1      7.97                      4.23   3.74     6.83
  SINCE JAN 1      9.05                      5.15   3.90     7.21

SNOWFALL (IN)
  YESTERDAY        0.0           T    1991   0.0    0.0      0.0
  MONTH TO DATE    0.0                       0.1   -0.1      0.0
  SINCE MAR 1     10.0                       5.5    4.5      6.0
  SINCE JUL 1     11.3                      19.0   -7.7     12.7
  SNOW DEPTH       0

DEGREE DAYS
 HEATING
  YESTERDAY        0                         2     -2        2
  MONTH TO DATE  118                       111      7      145
  SINCE MAR 1    817                      1070   -253      906
  SINCE JUL 1   3634                      4713  -1079     3851

 COOLING
  YESTERDAY        0                         4     -4        0
  MONTH TO DATE   36                        53    -17       38
  SINCE MAR 1     71                        59     12       40
  SINCE JAN 1     71                        59     12       40
..................................................................


WIND (MPH)
  RESULTANT WIND SPEED  10   RESULTANT WIND DIRECTION   N (0)
  HIGHEST WIND SPEED    23   HIGHEST WIND DIRECTION     N (10)
  HIGHEST GUST SPEED    27   HIGHEST GUST DIRECTION     N (350)
  AVERAGE WIND SPEED    10.8


SKY COVER
  AVERAGE SKY COVER 0.2


WEATHER CONDITIONS
 THE FOLLOWING WEATHER WAS RECORDED YESTERDAY.
  NO SIGNIFICANT WEATHER WAS OBSERVED.


RELATIVE HUMIDITY (PERCENT)
 HIGHEST    77          1200 AM
 LOWEST     20           400 PM
 AVERAGE    49

..........................................................


THE DALHART CLIMATE NORMALS FOR TODAY
                         NORMAL    RECORD    YEAR
 MAXIMUM TEMPERATURE (F)   82       102      2011
 MINIMUM TEMPERATURE (F)   53        38      1973


SUNRISE AND SUNSET
MAY 29 2017...........SUNRISE   636 AM CDT   SUNSET   900 PM CDT
MAY 30 2017...........SUNRISE   635 AM CDT   SUNSET   901 PM CDT


-  INDICATES NEGATIVE NUMBERS.
R  INDICATES RECORD WAS SET OR TIED.
MM INDICATES DATA IS MISSING.
T  INDICATES TRACE AMOUNT.




$$
