000
CDUS44 KAMA 270629
CLIDHT


CLIMATE REPORT
NATIONAL WEATHER SERVICE AMARILLO TX
129 AM CDT WED JUL 27 2016


...................................

...THE DALHART CLIMATE SUMMARY FOR JULY 26 2016...

CLIMATE NORMAL PERIOD 1981 TO 2010
CLIMATE RECORD PERIOD 1948 TO 2016


WEATHER ITEM   OBSERVED TIME   RECORD YEAR NORMAL DEPARTURE LAST
                VALUE   (LST)  VALUE       VALUE  FROM      YEAR
                                                  NORMAL
..................................................................
TEMPERATURE (F)
 YESTERDAY
  MAXIMUM         97    508 PM 104    2014  91      6      101
  MINIMUM         65    430 AM  54    2004  62      3       69
  AVERAGE         81                        77      4       85

PRECIPITATION (IN)
  YESTERDAY        0.00          2.05 2009   0.10  -0.10     0.00
  MONTH TO DATE    1.49                      2.30  -0.81     2.58
  SINCE JUN 1      3.50                      4.60  -1.10     3.43
  SINCE JAN 1     10.72                     10.01   0.71    10.14

SNOWFALL (IN)
  YESTERDAY        0.0           0.0    MM   0.0    0.0      0.0
  MONTH TO DATE    0.0                       0.0    0.0      0.0
  SINCE JUN 1      0.0                       0.0    0.0      0.0
  SINCE JUL 1      0.0                       0.0    0.0      0.0
  SNOW DEPTH       0

DEGREE DAYS
 HEATING
  YESTERDAY        0                         0      0        0
  MONTH TO DATE    0                         0      0        0
  SINCE JUN 1      0                        12    -12        0
  SINCE JUL 1      0                         0      0        0

 COOLING
  YESTERDAY       16                        12      4       20
  MONTH TO DATE  454                       308    146      397
  SINCE JUN 1    804                       548    256      730
  SINCE JAN 1    850                       620    230      752
..................................................................


WIND (MPH)
  RESULTANT WIND SPEED   1   RESULTANT WIND DIRECTION   E (100)
  HIGHEST WIND SPEED    15   HIGHEST WIND DIRECTION    SE (150)
  HIGHEST GUST SPEED    19   HIGHEST GUST DIRECTION    SE (140)
  AVERAGE WIND SPEED     8.7


SKY COVER
  AVERAGE SKY COVER 0.0


WEATHER CONDITIONS
 THE FOLLOWING WEATHER WAS RECORDED YESTERDAY.
  NO SIGNIFICANT WEATHER WAS OBSERVED.


RELATIVE HUMIDITY (PERCENT)
 HIGHEST    81           300 AM
 LOWEST     17           500 PM
 AVERAGE    49

..........................................................


THE DALHART CLIMATE NORMALS FOR TODAY
                         NORMAL    RECORD    YEAR
 MAXIMUM TEMPERATURE (F)   91       105      2011
 MINIMUM TEMPERATURE (F)   62        53      2005


SUNRISE AND SUNSET
JULY 27 2016..........SUNRISE   654 AM CDT   SUNSET   859 PM CDT
JULY 28 2016..........SUNRISE   655 AM CDT   SUNSET   858 PM CDT


-  INDICATES NEGATIVE NUMBERS.
R  INDICATES RECORD WAS SET OR TIED.
MM INDICATES DATA IS MISSING.
T  INDICATES TRACE AMOUNT.




$$
