000
CDUS43 KBIS 230021
CLIDIK


CLIMATE REPORT
NATIONAL WEATHER SERVICE BISMARCK ND
621 PM CST WED FEB 22 2017


...................................

...THE DICKINSON ND CLIMATE SUMMARY FOR FEBRUARY 22 2017...
VALID TODAY AS OF 0600 PM LOCAL TIME.

CLIMATE NORMAL PERIOD 1981 TO 2010
CLIMATE RECORD PERIOD 1893 TO 2017


WEATHER ITEM   OBSERVED TIME   RECORD YEAR NORMAL DEPARTURE LAST
                VALUE   (LST)  VALUE       VALUE  FROM      YEAR
                                                  NORMAL
..................................................................
TEMPERATURE (F)
 TODAY
  MAXIMUM         34    321 AM  66    2002  33      1       47
  MINIMUM         28    939 AM -34    1910  12     16       18
  AVERAGE         31                        22      9       33

PRECIPITATION (IN)
  TODAY            0.12          0.58 1961   0.02   0.10     0.00
  MONTH TO DATE    0.23                      0.24  -0.01     0.26
  SINCE DEC 1      0.43                      0.78  -0.35     0.68
  SINCE JAN 1      0.27                      0.54  -0.27     0.42

DEGREE DAYS
 HEATING
  TODAY           34                        43     -9       32
  MONTH TO DATE  911                       996    -85      795
  SINCE DEC 1   4183                      3966    217     3517
  SINCE JUL 1   5850                      6043   -193     5191

 COOLING
  TODAY            0                         0      0        0
  MONTH TO DATE    0                         0      0        0
  SINCE DEC 1      0                         0      0        0
  SINCE JAN 1      0                         0      0        0
..................................................................


WIND (MPH)
  RESULTANT WIND SPEED   7   RESULTANT WIND DIRECTION   N (0)
  HIGHEST WIND SPEED    16   HIGHEST WIND DIRECTION     N (360)
  HIGHEST GUST SPEED    21   HIGHEST GUST DIRECTION     N (10)
  AVERAGE WIND SPEED     7.8


SKY COVER
  POSSIBLE SUNSHINE  MM
  AVERAGE SKY COVER 0.9


WEATHER CONDITIONS
 THE FOLLOWING WEATHER WAS RECORDED TODAY.
  LIGHT RAIN
  HEAVY SNOW
  SNOW
  LIGHT SNOW
  FOG
  FOG W/VISIBILITY <= 1/4 MILE


RELATIVE HUMIDITY (PERCENT)
 HIGHEST    96           100 AM
 LOWEST     85          1100 AM
 AVERAGE    91

..........................................................


THE DICKINSON ND CLIMATE NORMALS FOR TOMORROW
                         NORMAL    RECORD    YEAR
 MAXIMUM TEMPERATURE (F)   33        65      1958
 MINIMUM TEMPERATURE (F)   12       -28      1910


SUNRISE AND SUNSET
FEBRUARY 22 2017......SUNRISE   643 AM MST   SUNSET   527 PM MST
FEBRUARY 23 2017......SUNRISE   641 AM MST   SUNSET   528 PM MST


-  INDICATES NEGATIVE NUMBERS.
R  INDICATES RECORD WAS SET OR TIED.
MM INDICATES DATA IS MISSING.
T  INDICATES TRACE AMOUNT.




$$
