000
CDUS43 KBIS 260741
CLIDIK


CLIMATE REPORT
NATIONAL WEATHER SERVICE BISMARCK ND
139 AM CST FRI DEC 26 2014


...................................

...THE DICKINSON ND CLIMATE SUMMARY FOR DECEMBER 25 2014...

CLIMATE NORMAL PERIOD 1981 TO 2010
CLIMATE RECORD PERIOD 1903 TO 2014


WEATHER ITEM   OBSERVED TIME   RECORD YEAR NORMAL DEPARTURE LAST
                VALUE   (LST)  VALUE       VALUE  FROM      YEAR
                                                  NORMAL
..................................................................
TEMPERATURE (F)
 YESTERDAY
  MAXIMUM         28    152 AM  51    2005  26      2       30
                                      1963
  MINIMUM         19   1159 PM -29    1996   6     13       20
  AVERAGE         24                        16      8       25

PRECIPITATION (IN)
  YESTERDAY        T             0.17 1950   0.01  -0.01      T
  MONTH TO DATE    0.07                      0.19  -0.12     0.30
  SINCE DEC 1      0.07                      0.19  -0.12     0.30
  SINCE JAN 1     21.86                     15.72   6.14    23.14

DEGREE DAYS
 HEATING
  YESTERDAY       41                        49     -8       40
  MONTH TO DATE  905                      1165   -260     1434
  SINCE DEC 1    905                      1165   -260     1434
  SINCE JUL 1   3111                      3242   -131     3378

 COOLING
  YESTERDAY        0                         0      0        0
  MONTH TO DATE    0                         0      0        0
  SINCE DEC 1      0                         0      0        0
  SINCE JAN 1    256                       419   -163      386
..................................................................


WIND (MPH)
  HIGHEST WIND SPEED    22   HIGHEST WIND DIRECTION    NW (320)
  HIGHEST GUST SPEED    29   HIGHEST GUST DIRECTION    NW (330)
  AVERAGE WIND SPEED    12.5


SKY COVER
  POSSIBLE SUNSHINE  MM
  AVERAGE SKY COVER 1.0


WEATHER CONDITIONS
 THE FOLLOWING WEATHER WAS RECORDED YESTERDAY.
  LIGHT SNOW
  FOG


RELATIVE HUMIDITY (PERCENT)
 HIGHEST    88           400 AM
 LOWEST     68           500 PM
 AVERAGE    78

..........................................................


THE DICKINSON ND CLIMATE NORMALS FOR TODAY
                         NORMAL    RECORD    YEAR
 MAXIMUM TEMPERATURE (F)   26        50      1976
 MINIMUM TEMPERATURE (F)    6       -25      1934


SUNRISE AND SUNSET
DECEMBER 26 2014......SUNRISE   735 AM MST   SUNSET   408 PM MST
DECEMBER 27 2014......SUNRISE   736 AM MST   SUNSET   409 PM MST


-  INDICATES NEGATIVE NUMBERS.
R  INDICATES RECORD WAS SET OR TIED.
MM INDICATES DATA IS MISSING.
T  INDICATES TRACE AMOUNT.




$$
