000
CDUS43 KBIS 250741
CLIDIK


CLIMATE REPORT
NATIONAL WEATHER SERVICE BISMARCK ND
240 AM CDT THU MAY 25 2017


...................................

...THE DICKINSON ND CLIMATE SUMMARY FOR MAY 24 2017...

CLIMATE NORMAL PERIOD 1981 TO 2010
CLIMATE RECORD PERIOD 1893 TO 2017


WEATHER ITEM   OBSERVED TIME   RECORD YEAR NORMAL DEPARTURE LAST
                VALUE   (LST)  VALUE       VALUE  FROM      YEAR
                                                  NORMAL
..................................................................
TEMPERATURE (F)
 YESTERDAY
  MAXIMUM         72    359 PM  92    1985  68      4       72
                                      1926
  MINIMUM         40    356 AM  23    1924  43     -3       36
  AVERAGE         56                        56      0       54

PRECIPITATION (IN)
  YESTERDAY        0.02          2.67 2014   0.08  -0.06     0.11
  MONTH TO DATE    1.21                      1.73  -0.52     0.16
  SINCE MAR 1      2.05                      3.89  -1.84     2.79
  SINCE JAN 1      2.33                      4.52  -2.19     3.21

DEGREE DAYS
 HEATING
  YESTERDAY        9                        10     -1       11
  MONTH TO DATE  277                       318    -41      302
  SINCE MAR 1   1993                      2086    -93     1848
  SINCE JUL 1   8123                      8380   -257     7257

 COOLING
  YESTERDAY        0                         0      0        0
  MONTH TO DATE   10                         0     10        3
  SINCE MAR 1     10                         1      9        3
  SINCE JAN 1     10                         1      9        3
..................................................................


WIND (MPH)
  HIGHEST WIND SPEED    36   HIGHEST WIND DIRECTION     S (170)
  HIGHEST GUST SPEED    45   HIGHEST GUST DIRECTION     S (170)
  AVERAGE WIND SPEED    20.7


SKY COVER
  POSSIBLE SUNSHINE  MM
  AVERAGE SKY COVER 0.2


WEATHER CONDITIONS
 THE FOLLOWING WEATHER WAS RECORDED YESTERDAY.
  RAIN
  LIGHT RAIN


RELATIVE HUMIDITY (PERCENT)
 HIGHEST    79           400 AM
 LOWEST     25           200 PM
 AVERAGE    52

..........................................................


THE DICKINSON ND CLIMATE NORMALS FOR TODAY
                         NORMAL    RECORD    YEAR
 MAXIMUM TEMPERATURE (F)   69        95      1931
 MINIMUM TEMPERATURE (F)   43        24      1924


SUNRISE AND SUNSET
MAY 25 2017...........SUNRISE   506 AM MDT   SUNSET   831 PM MDT
MAY 26 2017...........SUNRISE   505 AM MDT   SUNSET   832 PM MDT


-  INDICATES NEGATIVE NUMBERS.
R  INDICATES RECORD WAS SET OR TIED.
MM INDICATES DATA IS MISSING.
T  INDICATES TRACE AMOUNT.




$$
