000
CDUS43 KBIS 300743
CLIDIK


CLIMATE REPORT
NATIONAL WEATHER SERVICE BISMARCK ND
243 AM CDT THU JUL 30 2015


...................................

...THE DICKINSON ND CLIMATE SUMMARY FOR JULY 29 2015...

CLIMATE NORMAL PERIOD 1981 TO 2010
CLIMATE RECORD PERIOD 1893 TO 2015


WEATHER ITEM   OBSERVED TIME   RECORD YEAR NORMAL DEPARTURE LAST
                VALUE   (LST)  VALUE       VALUE  FROM      YEAR
                                                  NORMAL
..................................................................
TEMPERATURE (F)
 YESTERDAY
  MAXIMUM         82    138 PM 103    1999  86     -4       85
  MINIMUM         50   1136 PM  38    1899  56     -6       51
  AVERAGE         66                        71     -5       68

PRECIPITATION (IN)
  YESTERDAY        0.00          0.98 1961   0.06  -0.06     0.00
  MONTH TO DATE    2.37                      2.32   0.05     1.11
  SINCE JUN 1      5.30                      5.52  -0.22     4.94
  SINCE JAN 1      8.73                     10.63  -1.90    12.98

DEGREE DAYS
 HEATING
  YESTERDAY        0                         1     -1        0
  MONTH TO DATE   14                        35    -21       49
  SINCE JUN 1     82                       172    -90      214
  SINCE JUL 1     14                        35    -21       49

 COOLING
  YESTERDAY        1                         6     -5        3
  MONTH TO DATE  164                       150     14       86
  SINCE JUN 1    222                       204     18       98
  SINCE JAN 1    222                       214      8      128
..................................................................


WIND (MPH)
  HIGHEST WIND SPEED    28   HIGHEST WIND DIRECTION     W (280)
  HIGHEST GUST SPEED    35   HIGHEST GUST DIRECTION     W (290)
  AVERAGE WIND SPEED    13.8


SKY COVER
  POSSIBLE SUNSHINE  MM
  AVERAGE SKY COVER 0.0


WEATHER CONDITIONS
 THE FOLLOWING WEATHER WAS RECORDED YESTERDAY.
  NO SIGNIFICANT WEATHER WAS OBSERVED.


RELATIVE HUMIDITY (PERCENT)
 HIGHEST    77          1100 PM
 LOWEST     28           400 PM
 AVERAGE    53

..........................................................


THE DICKINSON ND CLIMATE NORMALS FOR TODAY
                         NORMAL    RECORD    YEAR
 MAXIMUM TEMPERATURE (F)   86       103      2006
 MINIMUM TEMPERATURE (F)   56        41      1925


SUNRISE AND SUNSET
JULY 30 2015..........SUNRISE   529 AM MDT   SUNSET   826 PM MDT
JULY 31 2015..........SUNRISE   530 AM MDT   SUNSET   825 PM MDT


-  INDICATES NEGATIVE NUMBERS.
R  INDICATES RECORD WAS SET OR TIED.
MM INDICATES DATA IS MISSING.
T  INDICATES TRACE AMOUNT.




$$
