000
CDUS43 KBIS 202233
CLIDIK


CLIMATE REPORT
NATIONAL WEATHER SERVICE BISMARCK ND
532 PM CDT SUN APR 20 2014


...................................

...THE DICKINSON ND CLIMATE SUMMARY FOR APRIL 20 2014...
VALID TODAY AS OF 0500 PM LOCAL TIME.

CLIMATE NORMAL PERIOD 1981 TO 2010
CLIMATE RECORD PERIOD 1903 TO 2014


WEATHER ITEM   OBSERVED TIME   RECORD YEAR NORMAL DEPARTURE LAST
                VALUE   (LST)  VALUE       VALUE  FROM      YEAR
                                                  NORMAL
..................................................................
TEMPERATURE (F)
 TODAY
  MAXIMUM         69    100 PM  92    1980  58     11       34
  MINIMUM         33   1200 AM  11    2011  31      2       25
  AVERAGE         51                        44      7       30

PRECIPITATION (IN)
  TODAY            0.00          1.29 1971   0.05  -0.05     0.02
  MONTH TO DATE    0.04                      0.87  -0.83     0.58
  SINCE MAR 1      0.54                      1.56  -1.02     0.93
  SINCE JAN 1      0.71                      2.19  -1.48     1.01

DEGREE DAYS
 HEATING
  TODAY           14                        21     -7       35
  MONTH TO DATE  588                       493     95      682
  SINCE MAR 1   1784                      1579    205     1888
  SINCE JUL 1   8426                      7873    553     7866

 COOLING
  TODAY            0                         0      0        0
  MONTH TO DATE    0                         0      0        0
  SINCE MAR 1      0                         0      0        0
  SINCE JAN 1      0                         0      0        0
..................................................................


WIND (MPH)
  RESULTANT WIND SPEED   9   RESULTANT WIND DIRECTION  SW (220)
  HIGHEST WIND SPEED    30   HIGHEST WIND DIRECTION    NW (310)
  HIGHEST GUST SPEED    37   HIGHEST GUST DIRECTION    NW (310)
  AVERAGE WIND SPEED    15.0


SKY COVER
  POSSIBLE SUNSHINE  MM
  AVERAGE SKY COVER 0.0


WEATHER CONDITIONS
 THE FOLLOWING WEATHER WAS RECORDED TODAY.
  NO SIGNIFICANT WEATHER WAS OBSERVED.


RELATIVE HUMIDITY (PERCENT)
 HIGHEST    64          1200 AM
 LOWEST     20           100 PM
 AVERAGE    42

..........................................................


THE DICKINSON ND CLIMATE NORMALS FOR TOMORROW
                         NORMAL    RECORD    YEAR
 MAXIMUM TEMPERATURE (F)   58        94      1980
 MINIMUM TEMPERATURE (F)   31        15      1909


SUNRISE AND SUNSET
APRIL 20 2014.........SUNRISE   555 AM MDT   SUNSET   746 PM MDT
APRIL 21 2014.........SUNRISE   553 AM MDT   SUNSET   748 PM MDT


-  INDICATES NEGATIVE NUMBERS.
R  INDICATES RECORD WAS SET OR TIED.
MM INDICATES DATA IS MISSING.
T  INDICATES TRACE AMOUNT.




$$
