000
CDUS43 KBIS 290731
CLIDIK


CLIMATE REPORT
NATIONAL WEATHER SERVICE BISMARCK ND
230 AM CDT SAT AUG 29 2015


...................................

...THE DICKINSON ND CLIMATE SUMMARY FOR AUGUST 28 2015...

CLIMATE NORMAL PERIOD 1981 TO 2010
CLIMATE RECORD PERIOD 1893 TO 2015


WEATHER ITEM   OBSERVED TIME   RECORD YEAR NORMAL DEPARTURE LAST
                VALUE   (LST)  VALUE       VALUE  FROM      YEAR
                                                  NORMAL
..................................................................
TEMPERATURE (F)
 YESTERDAY
  MAXIMUM         91    238 PM 106    1905  80     11       86
  MINIMUM         55   1112 PM  26    1911  51      4       53
  AVERAGE         73                        65      8       70

PRECIPITATION (IN)
  YESTERDAY        0.00          0.33 1965   0.05  -0.05     0.00
  MONTH TO DATE    0.76                      1.39  -0.63     6.27
  SINCE JUN 1      6.06                      7.03  -0.97    11.21
  SINCE JAN 1      9.49                     12.14  -2.65    19.25

DEGREE DAYS
 HEATING
  YESTERDAY        0                         3     -3        0
  MONTH TO DATE   44                        42      2       45
  SINCE JUN 1    126                       213    -87      259
  SINCE JUL 1     58                        76    -18       94

 COOLING
  YESTERDAY        8                         3      5        5
  MONTH TO DATE  135                       144     -9       95
  SINCE JUN 1    365                       363      2      202
  SINCE JAN 1    365                       373     -8      232
..................................................................


WIND (MPH)
  HIGHEST WIND SPEED    14   HIGHEST WIND DIRECTION     S (180)
  HIGHEST GUST SPEED    16   HIGHEST GUST DIRECTION     S (180)
  AVERAGE WIND SPEED     6.5


SKY COVER
  POSSIBLE SUNSHINE  MM
  AVERAGE SKY COVER 0.1


WEATHER CONDITIONS
 THE FOLLOWING WEATHER WAS RECORDED YESTERDAY.
  HAZE


RELATIVE HUMIDITY (PERCENT)
 HIGHEST    87           600 AM
 LOWEST     23           200 PM
 AVERAGE    55

..........................................................


THE DICKINSON ND CLIMATE NORMALS FOR TODAY
                         NORMAL    RECORD    YEAR
 MAXIMUM TEMPERATURE (F)   80       105      2012
 MINIMUM TEMPERATURE (F)   50        32      1946
                                             1915


SUNRISE AND SUNSET
AUGUST 29 2015........SUNRISE   607 AM MDT   SUNSET   737 PM MDT
AUGUST 30 2015........SUNRISE   608 AM MDT   SUNSET   735 PM MDT


-  INDICATES NEGATIVE NUMBERS.
R  INDICATES RECORD WAS SET OR TIED.
MM INDICATES DATA IS MISSING.
T  INDICATES TRACE AMOUNT.




$$
