000
CDUS43 KBIS 270731
CLIDIK


CLIMATE REPORT
NATIONAL WEATHER SERVICE BISMARCK ND
230 AM CDT WED MAY 27 2015


...................................

...THE DICKINSON ND CLIMATE SUMMARY FOR MAY 26 2015...

CLIMATE NORMAL PERIOD 1981 TO 2010
CLIMATE RECORD PERIOD 1893 TO 2015


WEATHER ITEM   OBSERVED TIME   RECORD YEAR NORMAL DEPARTURE LAST
                VALUE   (LST)  VALUE       VALUE  FROM      YEAR
                                                  NORMAL
..................................................................
TEMPERATURE (F)
 YESTERDAY
  MAXIMUM         77    312 PM  97    1934  69      8       79
  MINIMUM         41    435 AM  26    1907  44     -3       56
  AVERAGE         59                        56      3       68

PRECIPITATION (IN)
  YESTERDAY        0.00          1.61 2014   0.09  -0.09     1.61
  MONTH TO DATE    1.55                      1.90  -0.35     5.49
  SINCE MAR 1      3.05                      4.06  -1.01     7.18
  SINCE JAN 1      3.32                      4.69  -1.37     7.35

DEGREE DAYS
 HEATING
  YESTERDAY        6                         9     -3        0
  MONTH TO DATE  387                       336     51      381
  SINCE MAR 1   1854                      2104   -250     2352
  SINCE JUL 1   7969                      8398   -429     8994

 COOLING
  YESTERDAY        0                         0      0        3
  MONTH TO DATE    0                         0      0       12
  SINCE MAR 1      0                         1     -1       12
  SINCE JAN 1      0                         1     -1       12
..................................................................


WIND (MPH)
  HIGHEST WIND SPEED    15   HIGHEST WIND DIRECTION     S (200)
  HIGHEST GUST SPEED    19   HIGHEST GUST DIRECTION     S (200)
  AVERAGE WIND SPEED     7.0


SKY COVER
  POSSIBLE SUNSHINE  MM
  AVERAGE SKY COVER 0.2


WEATHER CONDITIONS
 THE FOLLOWING WEATHER WAS RECORDED YESTERDAY.
  FOG
  FOG W/VISIBILITY <= 1/4 MILE


RELATIVE HUMIDITY (PERCENT)
 HIGHEST   100           400 AM
 LOWEST     27           100 PM
 AVERAGE    64

..........................................................


THE DICKINSON ND CLIMATE NORMALS FOR TODAY
                         NORMAL    RECORD    YEAR
 MAXIMUM TEMPERATURE (F)   69        99      1934
 MINIMUM TEMPERATURE (F)   44        25      1947


SUNRISE AND SUNSET
MAY 27 2015...........SUNRISE   505 AM MDT   SUNSET   833 PM MDT
MAY 28 2015...........SUNRISE   504 AM MDT   SUNSET   834 PM MDT


-  INDICATES NEGATIVE NUMBERS.
R  INDICATES RECORD WAS SET OR TIED.
MM INDICATES DATA IS MISSING.
T  INDICATES TRACE AMOUNT.




$$
