000
CDUS43 KBIS 260726
CLIDIK


CLIMATE REPORT
NATIONAL WEATHER SERVICE BISMARCK ND
225 AM CDT TUE JUL 26 2016


...................................

...THE DICKINSON ND CLIMATE SUMMARY FOR JULY 25 2016...

CLIMATE NORMAL PERIOD 1981 TO 2010
CLIMATE RECORD PERIOD 1893 TO 2016


WEATHER ITEM   OBSERVED TIME   RECORD YEAR NORMAL DEPARTURE LAST
                VALUE   (LST)  VALUE       VALUE  FROM      YEAR
                                                  NORMAL
..................................................................
TEMPERATURE (F)
 YESTERDAY
  MAXIMUM         93    403 PM 108    1931  85      8       94
  MINIMUM         56    457 AM  37    1911  56      0       61
  AVERAGE         75                        71      4       78

PRECIPITATION (IN)
  YESTERDAY        0.00          0.93 1953   0.07  -0.07     0.05
  MONTH TO DATE    3.00                      2.08   0.92     1.02
  SINCE JUN 1      5.66                      5.28   0.38     3.95
  SINCE JAN 1     10.08                     10.39  -0.31     7.38

DEGREE DAYS
 HEATING
  YESTERDAY        0                         1     -1        0
  MONTH TO DATE   13                        31    -18        8
  SINCE JUN 1     72                       168    -96       76
  SINCE JUL 1     13                        31    -18        8

 COOLING
  YESTERDAY       10                         6      4       13
  MONTH TO DATE  115                       126    -11      140
  SINCE JUN 1    172                       180     -8      198
  SINCE JAN 1    175                       190    -15      198
..................................................................


WIND (MPH)
  HIGHEST WIND SPEED    13   HIGHEST WIND DIRECTION    NE (40)
  HIGHEST GUST SPEED    16   HIGHEST GUST DIRECTION    NE (40)
  AVERAGE WIND SPEED     6.3


SKY COVER
  POSSIBLE SUNSHINE  MM
  AVERAGE SKY COVER 0.0


WEATHER CONDITIONS
 THE FOLLOWING WEATHER WAS RECORDED YESTERDAY.
  NO SIGNIFICANT WEATHER WAS OBSERVED.


RELATIVE HUMIDITY (PERCENT)
 HIGHEST    87          1100 PM
 LOWEST     20           200 PM
 AVERAGE    54

..........................................................


THE DICKINSON ND CLIMATE NORMALS FOR TODAY
                         NORMAL    RECORD    YEAR
 MAXIMUM TEMPERATURE (F)   85       106      1929
 MINIMUM TEMPERATURE (F)   56        38      1971


SUNRISE AND SUNSET
JULY 26 2016..........SUNRISE   525 AM MDT   SUNSET   830 PM MDT
JULY 27 2016..........SUNRISE   526 AM MDT   SUNSET   829 PM MDT


-  INDICATES NEGATIVE NUMBERS.
R  INDICATES RECORD WAS SET OR TIED.
MM INDICATES DATA IS MISSING.
T  INDICATES TRACE AMOUNT.




$$
