000
CDUS43 KBIS 150740
CLIDIK


CLIMATE REPORT
NATIONAL WEATHER SERVICE BISMARCK ND
139 AM CST FRI DEC 15 2017


...................................

...THE DICKINSON ND CLIMATE SUMMARY FOR DECEMBER 14 2017...

CLIMATE NORMAL PERIOD 1981 TO 2010
CLIMATE RECORD PERIOD 1893 TO 2017


WEATHER ITEM   OBSERVED TIME   RECORD YEAR NORMAL DEPARTURE LAST
                VALUE   (LST)  VALUE       VALUE  FROM      YEAR
                                                  NORMAL
..................................................................
TEMPERATURE (F)
 YESTERDAY
  MAXIMUM         34    108 PM  62    1998  28      6        1
  MINIMUM         19    931 PM -35    1901   8     11      -12
  AVERAGE         27                        18      9       -5

PRECIPITATION (IN)
  YESTERDAY        T             0.30 1927   0.00   0.00      T
  MONTH TO DATE    0.01                      0.10  -0.09     0.05
  SINCE DEC 1      0.01                      0.10  -0.09     0.05
  SINCE JAN 1     10.23                     15.63  -5.40    16.42

DEGREE DAYS
 HEATING
  YESTERDAY       38                        47     -9       70
  MONTH TO DATE  484                       634   -150      829
  SINCE DEC 1    484                       634   -150      829
  SINCE JUL 1   2437                      2711   -274     2496

 COOLING
  YESTERDAY        0                         0      0        0
  MONTH TO DATE    0                         0      0        0
  SINCE DEC 1      0                         0      0        0
  SINCE JAN 1    487                       419     68      315
..................................................................


WIND (MPH)
  HIGHEST WIND SPEED    25   HIGHEST WIND DIRECTION    NW (330)
  HIGHEST GUST SPEED    34   HIGHEST GUST DIRECTION    NW (330)
  AVERAGE WIND SPEED    15.2


SKY COVER
  POSSIBLE SUNSHINE  MM
  AVERAGE SKY COVER 0.7


WEATHER CONDITIONS
 THE FOLLOWING WEATHER WAS RECORDED YESTERDAY.
  LIGHT SNOW
  FOG


RELATIVE HUMIDITY (PERCENT)
 HIGHEST    92           400 AM
 LOWEST     69           100 AM
 AVERAGE    81

..........................................................


THE DICKINSON ND CLIMATE NORMALS FOR TODAY
                         NORMAL    RECORD    YEAR
 MAXIMUM TEMPERATURE (F)   28        59      1912
 MINIMUM TEMPERATURE (F)    7       -30      1901


SUNRISE AND SUNSET
DECEMBER 15 2017......SUNRISE   730 AM MST   SUNSET   403 PM MST
DECEMBER 16 2017......SUNRISE   730 AM MST   SUNSET   404 PM MST


-  INDICATES NEGATIVE NUMBERS.
R  INDICATES RECORD WAS SET OR TIED.
MM INDICATES DATA IS MISSING.
T  INDICATES TRACE AMOUNT.




$$
