000
CDUS43 KDLH 200626
CLIDLH


CLIMATE REPORT
NATIONAL WEATHER SERVICE DULUTH MN
1224 AM CST FRI JAN 20 2017


...................................

...THE DULUTH MN CLIMATE SUMMARY FOR JANUARY 19 2017...

CLIMATE NORMAL PERIOD 1981 TO 2010
CLIMATE RECORD PERIOD 1870 TO 2017


WEATHER ITEM   OBSERVED TIME   RECORD YEAR NORMAL DEPARTURE LAST
                VALUE   (LST)  VALUE       VALUE  FROM      YEAR
                                                  NORMAL
..................................................................
TEMPERATURE (F)
 YESTERDAY
  MAXIMUM         45R   344 PM  44    1900  19     26       10
  MINIMUM         31   1257 AM -32    1994   1     30      -17
  AVERAGE         38                        10     28       -3

PRECIPITATION (IN)
  YESTERDAY        0.00          0.40 1917   0.03  -0.03     0.00
  MONTH TO DATE    0.60                      0.64  -0.04     0.49
  SINCE DEC 1      2.67                      1.85   0.82     4.19
  SINCE JAN 1      0.60                      0.64  -0.04     0.49

SNOWFALL (IN)
  YESTERDAY        0.0           3.0  1979   0.6   -0.6      0.0
  MONTH TO DATE   10.1                      12.7   -2.6      7.3
  SINCE DEC 1     31.4                      30.4    1.0     31.9
  SINCE JUL 1     39.5                      46.5   -7.0     36.3
  SNOW DEPTH      10

DEGREE DAYS
 HEATING
  YESTERDAY       27                        55    -28       68
  MONTH TO DATE 1050                      1042      8     1072
  SINCE DEC 1   2562                      2598    -36     2259
  SINCE JUL 1   4044                      4811   -767     3922

 COOLING
  YESTERDAY        0                         0      0        0
  MONTH TO DATE    0                         0      0        0
  SINCE DEC 1      0                         0      0        0
  SINCE JAN 1      0                         0      0        0
..................................................................


WIND (MPH)
  HIGHEST WIND SPEED    16   HIGHEST WIND DIRECTION    SW (210)
  HIGHEST GUST SPEED    20   HIGHEST GUST DIRECTION    SW (210)
  AVERAGE WIND SPEED     8.2


SKY COVER
  AVERAGE SKY COVER 0.6


WEATHER CONDITIONS
 THE FOLLOWING WEATHER WAS RECORDED YESTERDAY.
  FOG
  FOG W/VISIBILITY <= 1/4 MILE


RELATIVE HUMIDITY (PERCENT)
 HIGHEST   100           200 AM
 LOWEST     70           100 PM
 AVERAGE    85

..........................................................


THE DULUTH MN CLIMATE NORMALS FOR TODAY
                         NORMAL    RECORD    YEAR
 MAXIMUM TEMPERATURE (F)   19        46      1908
                                             1891
 MINIMUM TEMPERATURE (F)    1       -35      1996


SUNRISE AND SUNSET
JANUARY 20 2017.......SUNRISE   746 AM CST   SUNSET   455 PM CST
JANUARY 21 2017.......SUNRISE   745 AM CST   SUNSET   456 PM CST


-  INDICATES NEGATIVE NUMBERS.
R  INDICATES RECORD WAS SET OR TIED.
MM INDICATES DATA IS MISSING.
T  INDICATES TRACE AMOUNT.




$$
