000
CDUS43 KDLH 290622
CLIDLH


CLIMATE REPORT
NATIONAL WEATHER SERVICE DULUTH MN
120 AM CDT WED JUL 29 2015


...................................

...THE DULUTH MN CLIMATE SUMMARY FOR JULY 28 2015...

CLIMATE NORMAL PERIOD 1981 TO 2010
CLIMATE RECORD PERIOD 1870 TO 2015


WEATHER ITEM   OBSERVED TIME   RECORD YEAR NORMAL DEPARTURE LAST
                VALUE   (LST)  VALUE       VALUE  FROM      YEAR
                                                  NORMAL
..................................................................
TEMPERATURE (F)
 YESTERDAY
  MAXIMUM         85    305 PM  97    2006  77      8       75
  MINIMUM         68    443 AM  45    1992  56     12       56
  AVERAGE         77                        66     11       66

PRECIPITATION (IN)
  YESTERDAY        T             2.73 1991   0.11  -0.11     0.00
  MONTH TO DATE    3.01                      3.51  -0.50     3.03
  SINCE JUN 1      6.65                      7.74  -1.09     7.50
  SINCE JAN 1     13.04                     16.66  -3.62    19.93

SNOWFALL (IN)
  YESTERDAY        0.0           0.0  2002   0.0    0.0      0.0
                                      2001
  MONTH TO DATE    0.0                       0.0    0.0      0.0
  SINCE JUN 1      T                         0.0    0.0       T
  SINCE JUL 1      0.0                       0.0    0.0      0.0
  SNOW DEPTH       0

DEGREE DAYS
 HEATING
  YESTERDAY        0                         2     -2        0
  MONTH TO DATE   15                        62    -47       39
  SINCE JUN 1    136                       241   -105      201
  SINCE JUL 1     15                        62    -47       39

 COOLING
  YESTERDAY       12                         3      9        1
  MONTH TO DATE  141                        81     60       81
  SINCE JUN 1    163                       111     52      110
  SINCE JAN 1    167                       115     52      128
..................................................................


WIND (MPH)
  HIGHEST WIND SPEED    26   HIGHEST WIND DIRECTION    SW (220)
  HIGHEST GUST SPEED    32   HIGHEST GUST DIRECTION     S (190)
  AVERAGE WIND SPEED    13.1


SKY COVER
  AVERAGE SKY COVER 0.6


WEATHER CONDITIONS
 THE FOLLOWING WEATHER WAS RECORDED YESTERDAY.
  LIGHT RAIN


RELATIVE HUMIDITY (PERCENT)
 HIGHEST    84           300 AM
 LOWEST     55           400 PM
 AVERAGE    70

..........................................................


THE DULUTH MN CLIMATE NORMALS FOR TODAY
                         NORMAL    RECORD    YEAR
 MAXIMUM TEMPERATURE (F)   77        96      1916
 MINIMUM TEMPERATURE (F)   56        42      1971
                                             1925


SUNRISE AND SUNSET
JULY 29 2015..........SUNRISE   545 AM CDT   SUNSET   844 PM CDT
JULY 30 2015..........SUNRISE   546 AM CDT   SUNSET   843 PM CDT


-  INDICATES NEGATIVE NUMBERS.
R  INDICATES RECORD WAS SET OR TIED.
MM INDICATES DATA IS MISSING.
T  INDICATES TRACE AMOUNT.




$$
