000
CDUS43 KDLH 060653
CLIDLH


CLIMATE REPORT
NATIONAL WEATHER SERVICE DULUTH MN
1252 AM CST FRI MAR 6 2015


...................................

...THE DULUTH MN CLIMATE SUMMARY FOR MARCH 5 2015...

CLIMATE NORMAL PERIOD 1981 TO 2010
CLIMATE RECORD PERIOD 1870 TO 2015


WEATHER ITEM   OBSERVED TIME   RECORD YEAR NORMAL DEPARTURE LAST
                VALUE   (LST)  VALUE       VALUE  FROM      YEAR
                                                  NORMAL
..................................................................
TEMPERATURE (F)
 YESTERDAY
  MAXIMUM         14    510 PM  57    1878  30    -16       15
  MINIMUM        -14    644 AM -18    2003  13    -27      -11
  AVERAGE          0                        22    -22        2

PRECIPITATION (IN)
  YESTERDAY        0.00          0.62 1934   0.05  -0.05      T
  MONTH TO DATE    0.20                      0.22  -0.02     0.10
  SINCE MAR 1      0.20                      0.22  -0.02     0.10
  SINCE JAN 1      1.04                      1.99  -0.95     2.95

SNOWFALL (IN)
  YESTERDAY        0.0           7.6  2013   0.6   -0.6       T
  MONTH TO DATE    4.4                       2.8    1.6      1.5
  SINCE MAR 1      4.4                       2.8    1.6      1.5
  SINCE JUL 1     44.3                      68.4  -24.1     85.3
  SNOW DEPTH      12

DEGREE DAYS
 HEATING
  YESTERDAY       65                        43     22       63
  MONTH TO DATE  283                       221     62      345
  SINCE MAR 1    283                       221     62      345
  SINCE JUL 1   7122                      7088     34     7786

 COOLING
  YESTERDAY        0                         0      0        0
  MONTH TO DATE    0                         0      0        0
  SINCE MAR 1      0                         0      0        0
  SINCE JAN 1      0                         0      0        0
..................................................................


WIND (MPH)
  HIGHEST WIND SPEED    21   HIGHEST WIND DIRECTION    SW (230)
  HIGHEST GUST SPEED    24   HIGHEST GUST DIRECTION    SW (230)
  AVERAGE WIND SPEED    11.1


SKY COVER
  AVERAGE SKY COVER 0.0


WEATHER CONDITIONS
 THE FOLLOWING WEATHER WAS RECORDED YESTERDAY.
  NO SIGNIFICANT WEATHER WAS OBSERVED.


RELATIVE HUMIDITY (PERCENT)
 HIGHEST    78           200 AM
 LOWEST     40           400 PM
 AVERAGE    59

..........................................................


THE DULUTH MN CLIMATE NORMALS FOR TODAY
                         NORMAL    RECORD    YEAR
 MAXIMUM TEMPERATURE (F)   30        60      1987
 MINIMUM TEMPERATURE (F)   14       -16      1884


SUNRISE AND SUNSET
MARCH  6 2015.........SUNRISE   639 AM CST   SUNSET   601 PM CST
MARCH  7 2015.........SUNRISE   638 AM CST   SUNSET   603 PM CST


-  INDICATES NEGATIVE NUMBERS.
R  INDICATES RECORD WAS SET OR TIED.
MM INDICATES DATA IS MISSING.
T  INDICATES TRACE AMOUNT.




$$
